20.194.2.112 - - [05/Sep/2026:14:57:58 +0000] "GET /wp-content/about.php HTTP/1.1" 404 967 "-" "Mozilla/5.0 (Windows NT 10.0; Win64; x64) AppleWebKit/537.36 (KHTML, like Gecko) Chrome/120.0.0.0 Safari/537.36"
20.194.2.112 - - [05/Sep/2026:14:57:58 +0000] "GET /1.php HTTP/1.1" 404 16 "-" "Mozilla/5.0 (Windows NT 10.0; Win64; x64) AppleWebKit/537.36 (KHTML, like Gecko) Chrome/120.0.0.0 Safari/537.36"
20.194.2.112 - - [05/Sep/2026:14:57:58 +0000] "GET /admin/controller/extension/extension/ultra.php HTTP/1.1" 404 967 "-" "Mozilla/5.0 (Windows NT 10.0; Win64; x64) AppleWebKit/537.36 (KHTML, like Gecko) Chrome/120.0.0.0 Safari/537.36"
20.194.2.112 - - [05/Sep/2026:14:57:58 +0000] "GET /wp-admin/images/index.php HTTP/1.1" 404 967 "-" "Mozilla/5.0 (Windows NT 10.0; Win64; x64) AppleWebKit/537.36 (KHTML, like Gecko) Chrome/120.0.0.0 Safari/537.36"
20.194.2.112 - - [05/Sep/2026:14:57:58 +0000] "GET /wp-includes/block-supports/ HTTP/1.1" 404 967 "-" "Mozilla/5.0 (Windows NT 10.0; Win64; x64) AppleWebKit/537.36 (KHTML, like Gecko) Chrome/120.0.0.0 Safari/537.36"
20.194.2.112 - - [05/Sep/2026:14:57:58 +0000] "GET /wp-content/themes/twentytwenty/404.php HTTP/1.1" 404 967 "-" "Mozilla/5.0 (Windows NT 10.0; Win64; x64) AppleWebKit/537.36 (KHTML, like Gecko) Chrome/120.0.0.0 Safari/537.36"
20.194.2.112 - - [05/Sep/2026:14:57:59 +0000] "GET /wp-content/upgrade/ HTTP/1.1" 404 967 "-" "Mozilla/5.0 (Windows NT 10.0; Win64; x64) AppleWebKit/537.36 (KHTML, like Gecko) Chrome/120.0.0.0 Safari/537.36"
20.194.2.112 - - [05/Sep/2026:14:57:59 +0000] "GET /wp-admin/images/cloud.php HTTP/1.1" 404 967 "-" "Mozilla/5.0 (Windows NT 10.0; Win64; x64) AppleWebKit/537.36 (KHTML, like Gecko) Chrome/120.0.0.0 Safari/537.36"
216.73.216.43 - - [05/Sep/2026:14:57:59 +0000] "GET /tollster/vendor/google/apiclient-services/src/Google/Service/Spanner/TransactionOptions.php HTTP/1.1" 500 - "-" "Mozilla/5.0 AppleWebKit/537.36 (KHTML, like Gecko; compatible; ClaudeBot/1.0; +claudebot@anthropic.com)"
20.194.2.112 - - [05/Sep/2026:14:57:59 +0000] "GET /wp-admin/user/ HTTP/1.1" 404 967 "-" "Mozilla/5.0 (Windows NT 10.0; Win64; x64) AppleWebKit/537.36 (KHTML, like Gecko) Chrome/120.0.0.0 Safari/537.36"
20.194.2.112 - - [05/Sep/2026:14:57:59 +0000] "GET /wp-admin/user/chosen.php HTTP/1.1" 404 967 "-" "Mozilla/5.0 (Windows NT 10.0; Win64; x64) AppleWebKit/537.36 (KHTML, like Gecko) Chrome/120.0.0.0 Safari/537.36"
20.194.2.112 - - [05/Sep/2026:14:57:59 +0000] "GET /wp-content/admin.php HTTP/1.1" 404 967 "-" "Mozilla/5.0 (Windows NT 10.0; Win64; x64) AppleWebKit/537.36 (KHTML, like Gecko) Chrome/120.0.0.0 Safari/537.36"
20.194.2.112 - - [05/Sep/2026:14:57:59 +0000] "GET /wp-includes/file.php HTTP/1.1" 404 967 "-" "Mozilla/5.0 (Windows NT 10.0; Win64; x64) AppleWebKit/537.36 (KHTML, like Gecko) Chrome/120.0.0.0 Safari/537.36"
20.194.2.112 - - [05/Sep/2026:14:58:00 +0000] "GET /admin/admin.php HTTP/1.1" 404 967 "-" "Mozilla/5.0 (Windows NT 10.0; Win64; x64) AppleWebKit/537.36 (KHTML, like Gecko) Chrome/120.0.0.0 Safari/537.36"
20.194.2.112 - - [05/Sep/2026:14:58:00 +0000] "GET /wp-includes/assets/index.php HTTP/1.1" 404 967 "-" "Mozilla/5.0 (Windows NT 10.0; Win64; x64) AppleWebKit/537.36 (KHTML, like Gecko) Chrome/120.0.0.0 Safari/537.36"
20.194.2.112 - - [05/Sep/2026:14:58:00 +0000] "GET /wp-includes/images/smilies/about.php HTTP/1.1" 404 967 "-" "Mozilla/5.0 (Windows NT 10.0; Win64; x64) AppleWebKit/537.36 (KHTML, like Gecko) Chrome/120.0.0.0 Safari/537.36"
20.194.2.112 - - [05/Sep/2026:14:58:00 +0000] "GET /wp-includes/sitemaps/providers/ HTTP/1.1" 404 967 "-" "Mozilla/5.0 (Windows NT 10.0; Win64; x64) AppleWebKit/537.36 (KHTML, like Gecko) Chrome/120.0.0.0 Safari/537.36"
20.194.2.112 - - [05/Sep/2026:14:58:00 +0000] "GET /wp-content/themes/ HTTP/1.1" 404 967 "-" "Mozilla/5.0 (Windows NT 10.0; Win64; x64) AppleWebKit/537.36 (KHTML, like Gecko) Chrome/120.0.0.0 Safari/537.36"
20.194.2.112 - - [05/Sep/2026:14:58:01 +0000] "GET /wp-includes/block-patterns/ HTTP/1.1" 404 967 "-" "Mozilla/5.0 (Windows NT 10.0; Win64; x64) AppleWebKit/537.36 (KHTML, like Gecko) Chrome/120.0.0.0 Safari/537.36"
20.194.2.112 - - [05/Sep/2026:14:58:01 +0000] "GET /aspera/faspex/ HTTP/1.1" 404 967 "-" "Mozilla/5.0 (Windows NT 10.0; Win64; x64) AppleWebKit/537.36 (KHTML, like Gecko) Chrome/120.0.0.0 Safari/537.36"
20.194.2.112 - - [05/Sep/2026:14:58:01 +0000] "GET /cgi-bin/ HTTP/1.1" 403 966 "-" "Mozilla/5.0 (Windows NT 10.0; Win64; x64) AppleWebKit/537.36 (KHTML, like Gecko) Chrome/120.0.0.0 Safari/537.36"
20.194.2.112 - - [05/Sep/2026:14:58:01 +0000] "GET /flower.php HTTP/1.1" 404 16 "-" "Mozilla/5.0 (Windows NT 10.0; Win64; x64) AppleWebKit/537.36 (KHTML, like Gecko) Chrome/120.0.0.0 Safari/537.36"
20.194.2.112 - - [05/Sep/2026:14:58:01 +0000] "GET /wp-admin/js/ HTTP/1.1" 404 967 "-" "Mozilla/5.0 (Windows NT 10.0; Win64; x64) AppleWebKit/537.36 (KHTML, like Gecko) Chrome/120.0.0.0 Safari/537.36"
20.194.2.112 - - [05/Sep/2026:14:58:01 +0000] "GET /.well-known/gecko-litespeed.php HTTP/1.1" 404 16 "-" "Mozilla/5.0 (Windows NT 10.0; Win64; x64) AppleWebKit/537.36 (KHTML, like Gecko) Chrome/120.0.0.0 Safari/537.36"
20.194.2.112 - - [05/Sep/2026:14:58:02 +0000] "GET /admin/function.php HTTP/1.1" 404 967 "-" "Mozilla/5.0 (Windows NT 10.0; Win64; x64) AppleWebKit/537.36 (KHTML, like Gecko) Chrome/120.0.0.0 Safari/537.36"
20.194.2.112 - - [05/Sep/2026:14:58:02 +0000] "GET /wp-admin/network/chosen.php HTTP/1.1" 404 967 "-" "Mozilla/5.0 (Windows NT 10.0; Win64; x64) AppleWebKit/537.36 (KHTML, like Gecko) Chrome/120.0.0.0 Safari/537.36"
20.194.2.112 - - [05/Sep/2026:14:58:02 +0000] "GET /wp-content/plugins/hellopress/wp_filemanager.php HTTP/1.1" 404 967 "-" "Mozilla/5.0 (Windows NT 10.0; Win64; x64) AppleWebKit/537.36 (KHTML, like Gecko) Chrome/120.0.0.0 Safari/537.36"
20.194.2.112 - - [05/Sep/2026:14:58:02 +0000] "GET /wp-content/uploads/ HTTP/1.1" 404 967 "-" "Mozilla/5.0 (Windows NT 10.0; Win64; x64) AppleWebKit/537.36 (KHTML, like Gecko) Chrome/120.0.0.0 Safari/537.36"
20.194.2.112 - - [05/Sep/2026:14:58:02 +0000] "GET /wp-includes/assets/admin.php HTTP/1.1" 404 967 "-" "Mozilla/5.0 (Windows NT 10.0; Win64; x64) AppleWebKit/537.36 (KHTML, like Gecko) Chrome/120.0.0.0 Safari/537.36"
20.194.2.112 - - [05/Sep/2026:14:58:02 +0000] "GET /wp-includes/images/ HTTP/1.1" 404 967 "-" "Mozilla/5.0 (Windows NT 10.0; Win64; x64) AppleWebKit/537.36 (KHTML, like Gecko) Chrome/120.0.0.0 Safari/537.36"
74.7.227.157 - - [05/Sep/2026:14:58:03 +0000] "GET /tollster/vendor/google/apiclient-services/src/Google/Service/Spanner/TransactionOptions.php HTTP/1.1" 500 - "https://mail.desidrivers.com.au/tollster/vendor/google/apiclient-services/src/Google/Service/Spanner/" "Mozilla/5.0 AppleWebKit/537.36 (KHTML, like Gecko; compatible; GPTBot/1.4; +https://openai.com/gptbot)"
20.194.2.112 - - [05/Sep/2026:14:58:03 +0000] "GET /.well-known/classwithtostring.php HTTP/1.1" 404 16 "-" "Mozilla/5.0 (Windows NT 10.0; Win64; x64) AppleWebKit/537.36 (KHTML, like Gecko) Chrome/120.0.0.0 Safari/537.36"
20.194.2.112 - - [05/Sep/2026:14:58:03 +0000] "GET /anonse/lock360.php HTTP/1.1" 404 967 "-" "Mozilla/5.0 (Windows NT 10.0; Win64; x64) AppleWebKit/537.36 (KHTML, like Gecko) Chrome/120.0.0.0 Safari/537.36"
20.194.2.112 - - [05/Sep/2026:14:58:03 +0000] "GET /cgi-bin/wp-login.php HTTP/1.1" 404 16 "-" "Mozilla/5.0 (Windows NT 10.0; Win64; x64) AppleWebKit/537.36 (KHTML, like Gecko) Chrome/120.0.0.0 Safari/537.36"
20.194.2.112 - - [05/Sep/2026:14:58:03 +0000] "GET /wp-admin/css/colors/ectoplasm/wp-login.php HTTP/1.1" 404 967 "-" "Mozilla/5.0 (Windows NT 10.0; Win64; x64) AppleWebKit/537.36 (KHTML, like Gecko) Chrome/120.0.0.0 Safari/537.36"
20.194.2.112 - - [05/Sep/2026:14:58:03 +0000] "GET /wp-content/themes/about.php HTTP/1.1" 404 967 "-" "Mozilla/5.0 (Windows NT 10.0; Win64; x64) AppleWebKit/537.36 (KHTML, like Gecko) Chrome/120.0.0.0 Safari/537.36"
20.194.2.112 - - [05/Sep/2026:14:58:04 +0000] "GET /wp-content/uploads/2021/ HTTP/1.1" 404 967 "-" "Mozilla/5.0 (Windows NT 10.0; Win64; x64) AppleWebKit/537.36 (KHTML, like Gecko) Chrome/120.0.0.0 Safari/537.36"
20.194.2.112 - - [05/Sep/2026:14:58:04 +0000] "GET /wp-includes/html-api/ HTTP/1.1" 404 967 "-" "Mozilla/5.0 (Windows NT 10.0; Win64; x64) AppleWebKit/537.36 (KHTML, like Gecko) Chrome/120.0.0.0 Safari/537.36"
20.194.2.112 - - [05/Sep/2026:14:58:04 +0000] "GET /assets/images/doc.php HTTP/1.1" 404 967 "-" "Mozilla/5.0 (Windows NT 10.0; Win64; x64) AppleWebKit/537.36 (KHTML, like Gecko) Chrome/120.0.0.0 Safari/537.36"
216.73.216.43 - - [05/Sep/2026:14:58:04 +0000] "GET /tollster/vendor/google/apiclient-services/src/Google/Service/Classroom/Topic.php HTTP/1.1" 500 - "-" "Mozilla/5.0 AppleWebKit/537.36 (KHTML, like Gecko; compatible; ClaudeBot/1.0; +claudebot@anthropic.com)"
20.194.2.112 - - [05/Sep/2026:14:58:04 +0000] "GET /ioxi-o.php HTTP/1.1" 404 16 "-" "Mozilla/5.0 (Windows NT 10.0; Win64; x64) AppleWebKit/537.36 (KHTML, like Gecko) Chrome/120.0.0.0 Safari/537.36"
20.194.2.112 - - [05/Sep/2026:14:58:04 +0000] "GET /radio.php HTTP/1.1" 404 16 "-" "Mozilla/5.0 (Windows NT 10.0; Win64; x64) AppleWebKit/537.36 (KHTML, like Gecko) Chrome/120.0.0.0 Safari/537.36"
20.194.2.112 - - [05/Sep/2026:14:58:04 +0000] "GET /wp-admin/js/widgets/about.php HTTP/1.1" 404 967 "-" "Mozilla/5.0 (Windows NT 10.0; Win64; x64) AppleWebKit/537.36 (KHTML, like Gecko) Chrome/120.0.0.0 Safari/537.36"
20.194.2.112 - - [05/Sep/2026:14:58:05 +0000] "GET /wp-admin/includes/cloud.php HTTP/1.1" 404 967 "-" "Mozilla/5.0 (Windows NT 10.0; Win64; x64) AppleWebKit/537.36 (KHTML, like Gecko) Chrome/120.0.0.0 Safari/537.36"
20.194.2.112 - - [05/Sep/2026:14:58:05 +0000] "GET /wp-admin/includes/index.php HTTP/1.1" 404 967 "-" "Mozilla/5.0 (Windows NT 10.0; Win64; x64) AppleWebKit/537.36 (KHTML, like Gecko) Chrome/120.0.0.0 Safari/537.36"
20.194.2.112 - - [05/Sep/2026:14:58:05 +0000] "GET /wp-admin/js/widgets/ HTTP/1.1" 404 967 "-" "Mozilla/5.0 (Windows NT 10.0; Win64; x64) AppleWebKit/537.36 (KHTML, like Gecko) Chrome/120.0.0.0 Safari/537.36"
20.194.2.112 - - [05/Sep/2026:14:58:05 +0000] "GET /wp-content/ HTTP/1.1" 404 967 "-" "Mozilla/5.0 (Windows NT 10.0; Win64; x64) AppleWebKit/537.36 (KHTML, like Gecko) Chrome/120.0.0.0 Safari/537.36"
20.194.2.112 - - [05/Sep/2026:14:58:05 +0000] "GET /admin.php HTTP/1.1" 404 16 "-" "Mozilla/5.0 (Windows NT 10.0; Win64; x64) AppleWebKit/537.36 (KHTML, like Gecko) Chrome/120.0.0.0 Safari/537.36"
20.194.2.112 - - [05/Sep/2026:14:58:05 +0000] "GET /functions.php HTTP/1.1" 404 16 "-" "Mozilla/5.0 (Windows NT 10.0; Win64; x64) AppleWebKit/537.36 (KHTML, like Gecko) Chrome/120.0.0.0 Safari/537.36"
20.194.2.112 - - [05/Sep/2026:14:58:06 +0000] "GET /modules/ HTTP/1.1" 404 967 "-" "Mozilla/5.0 (Windows NT 10.0; Win64; x64) AppleWebKit/537.36 (KHTML, like Gecko) Chrome/120.0.0.0 Safari/537.36"
20.194.2.112 - - [05/Sep/2026:14:58:06 +0000] "GET /wp-admin/css/colors/ocean/ HTTP/1.1" 404 967 "-" "Mozilla/5.0 (Windows NT 10.0; Win64; x64) AppleWebKit/537.36 (KHTML, like Gecko) Chrome/120.0.0.0 Safari/537.36"
20.194.2.112 - - [05/Sep/2026:14:58:06 +0000] "GET /admin/upload/ HTTP/1.1" 404 967 "-" "Mozilla/5.0 (Windows NT 10.0; Win64; x64) AppleWebKit/537.36 (KHTML, like Gecko) Chrome/120.0.0.0 Safari/537.36"
20.194.2.112 - - [05/Sep/2026:14:58:06 +0000] "GET /ccx/index.php HTTP/1.1" 404 967 "-" "Mozilla/5.0 (Windows NT 10.0; Win64; x64) AppleWebKit/537.36 (KHTML, like Gecko) Chrome/120.0.0.0 Safari/537.36"
74.7.227.38 - - [05/Sep/2026:14:58:06 +0000] "GET /google/google-api-php-client-2.2.1/vendor/google/apiclient-services/src/Google/Service/YouTube/VideoMonetizationDetails.php HTTP/1.1" 500 - "https://desidrivers.com.au/google/google-api-php-client-2.2.1/vendor/google/apiclient-services/src/Google/Service/YouTube/?C=S;O=A" "Mozilla/5.0 AppleWebKit/537.36 (KHTML, like Gecko; compatible; GPTBot/1.4; +https://openai.com/gptbot)"
74.7.241.54 - - [05/Sep/2026:14:58:07 +0000] "GET /google/google-api-php-client-2.2.1/vendor/google/apiclient-services/src/Google/Service/Books/Volume2.php HTTP/1.1" 500 - "https://www.desidrivers.com.au/google/google-api-php-client-2.2.1/vendor/google/apiclient-services/src/Google/Service/Books/?C=S;O=A" "Mozilla/5.0 AppleWebKit/537.36 (KHTML, like Gecko; compatible; GPTBot/1.4; +https://openai.com/gptbot)"
216.73.216.43 - - [05/Sep/2026:14:58:11 +0000] "GET /tollster/vendor/google/apiclient-services/src/Google/Service/Games/TurnBasedMatchData.php HTTP/1.1" 500 - "-" "Mozilla/5.0 AppleWebKit/537.36 (KHTML, like Gecko; compatible; ClaudeBot/1.0; +claudebot@anthropic.com)"
216.73.216.43 - - [05/Sep/2026:14:58:14 +0000] "GET /tollster/vendor/google/apiclient-services/src/Google/Service/Genomics/SearchReferenceSetsResponse.php HTTP/1.1" 500 - "-" "Mozilla/5.0 AppleWebKit/537.36 (KHTML, like Gecko; compatible; ClaudeBot/1.0; +claudebot@anthropic.com)"
216.73.216.43 - - [05/Sep/2026:14:58:19 +0000] "GET /tollster/vendor/google/apiclient-services/src/Google/Service/ShoppingContent/DatafeedFormat.php HTTP/1.1" 500 - "-" "Mozilla/5.0 AppleWebKit/537.36 (KHTML, like Gecko; compatible; ClaudeBot/1.0; +claudebot@anthropic.com)"
74.7.227.157 - - [05/Sep/2026:14:58:23 +0000] "GET /tollster/vendor/google/apiclient-services/src/Google/Service/Monitoring/CollectdValue.php HTTP/1.1" 500 - "https://mail.desidrivers.com.au/tollster/vendor/google/apiclient-services/src/Google/Service/Monitoring/" "Mozilla/5.0 AppleWebKit/537.36 (KHTML, like Gecko; compatible; GPTBot/1.4; +https://openai.com/gptbot)"
216.73.216.43 - - [05/Sep/2026:14:58:24 +0000] "GET /tollster/vendor/google/apiclient-services/src/Google/Service/Slides/Request.php HTTP/1.1" 500 - "-" "Mozilla/5.0 AppleWebKit/537.36 (KHTML, like Gecko; compatible; ClaudeBot/1.0; +claudebot@anthropic.com)"
74.7.227.38 - - [05/Sep/2026:14:58:26 +0000] "GET /google/google-api-php-client-2.2.1/vendor/google/apiclient-services/src/Google/Service/YouTube/VideoCategoryListResponse.php HTTP/1.1" 500 - "https://desidrivers.com.au/google/google-api-php-client-2.2.1/vendor/google/apiclient-services/src/Google/Service/YouTube/?C=S;O=A" "Mozilla/5.0 AppleWebKit/537.36 (KHTML, like Gecko; compatible; GPTBot/1.4; +https://openai.com/gptbot)"
74.7.241.54 - - [05/Sep/2026:14:58:27 +0000] "GET /google/google-api-php-client-2.2.1/vendor/google/apiclient-services/src/Google/Service/Books/VolumeSaleInfoRetailPrice.php HTTP/1.1" 500 - "https://www.desidrivers.com.au/google/google-api-php-client-2.2.1/vendor/google/apiclient-services/src/Google/Service/Books/?C=S;O=A" "Mozilla/5.0 AppleWebKit/537.36 (KHTML, like Gecko; compatible; GPTBot/1.4; +https://openai.com/gptbot)"
216.73.216.43 - - [05/Sep/2026:14:58:29 +0000] "GET /drivers/twilio-php-master/Twilio/Rest/Sync/V1/Service/SyncList/SyncListPermissionInstance.php HTTP/1.1" 500 - "-" "Mozilla/5.0 AppleWebKit/537.36 (KHTML, like Gecko; compatible; ClaudeBot/1.0; +claudebot@anthropic.com)"
216.73.216.43 - - [05/Sep/2026:14:58:34 +0000] "GET /tollster/vendor/google/apiclient-services/src/Google/Service/Appengine/AuthorizedDomain.php HTTP/1.1" 500 - "-" "Mozilla/5.0 AppleWebKit/537.36 (KHTML, like Gecko; compatible; ClaudeBot/1.0; +claudebot@anthropic.com)"
20.205.10.93 - - [05/Sep/2026:14:58:36 +0000] "GET / HTTP/1.1" 200 28348 "-" "Mozilla/5.0 (Windows NT 10.0; Win64; x64) AppleWebKit/537.36 (KHTML, like Gecko) Chrome/120.0.0.0 Safari/537.36"
20.205.10.93 - - [05/Sep/2026:14:58:36 +0000] "GET /wp-includes/ID3/index.php HTTP/1.1" 404 967 "-" "Mozilla/5.0 (Windows NT 10.0; Win64; x64) AppleWebKit/537.36 (KHTML, like Gecko) Chrome/120.0.0.0 Safari/537.36"
20.205.10.93 - - [05/Sep/2026:14:58:37 +0000] "GET /wp-includes/fonts/ HTTP/1.1" 404 967 "-" "Mozilla/5.0 (Windows NT 10.0; Win64; x64) AppleWebKit/537.36 (KHTML, like Gecko) Chrome/120.0.0.0 Safari/537.36"
20.205.10.93 - - [05/Sep/2026:14:58:37 +0000] "GET /wp/wp-admin/includes/ HTTP/1.1" 404 967 "-" "Mozilla/5.0 (Windows NT 10.0; Win64; x64) AppleWebKit/537.36 (KHTML, like Gecko) Chrome/120.0.0.0 Safari/537.36"
20.205.10.93 - - [05/Sep/2026:14:58:37 +0000] "GET /wp-admin/admin-ajax.php HTTP/1.1" 404 967 "-" "Mozilla/5.0 (Windows NT 10.0; Win64; x64) AppleWebKit/537.36 (KHTML, like Gecko) Chrome/120.0.0.0 Safari/537.36"
20.205.10.93 - - [05/Sep/2026:14:58:37 +0000] "GET /wp-admin/css/colors/modern/ HTTP/1.1" 404 967 "-" "Mozilla/5.0 (Windows NT 10.0; Win64; x64) AppleWebKit/537.36 (KHTML, like Gecko) Chrome/120.0.0.0 Safari/537.36"
20.205.10.93 - - [05/Sep/2026:14:58:37 +0000] "GET /wp-admin/js/about.php HTTP/1.1" 404 967 "-" "Mozilla/5.0 (Windows NT 10.0; Win64; x64) AppleWebKit/537.36 (KHTML, like Gecko) Chrome/120.0.0.0 Safari/537.36"
20.205.10.93 - - [05/Sep/2026:14:58:37 +0000] "GET /wp-admin/network/ HTTP/1.1" 404 967 "-" "Mozilla/5.0 (Windows NT 10.0; Win64; x64) AppleWebKit/537.36 (KHTML, like Gecko) Chrome/120.0.0.0 Safari/537.36"
20.205.10.93 - - [05/Sep/2026:14:58:38 +0000] "GET /wp-includes/customize/ HTTP/1.1" 404 967 "-" "Mozilla/5.0 (Windows NT 10.0; Win64; x64) AppleWebKit/537.36 (KHTML, like Gecko) Chrome/120.0.0.0 Safari/537.36"
20.205.10.93 - - [05/Sep/2026:14:58:38 +0000] "GET /WSO.php HTTP/1.1" 404 16 "-" "Mozilla/5.0 (Windows NT 10.0; Win64; x64) AppleWebKit/537.36 (KHTML, like Gecko) Chrome/120.0.0.0 Safari/537.36"
20.205.10.93 - - [05/Sep/2026:14:58:38 +0000] "GET /wp-includes/css/ HTTP/1.1" 404 967 "-" "Mozilla/5.0 (Windows NT 10.0; Win64; x64) AppleWebKit/537.36 (KHTML, like Gecko) Chrome/120.0.0.0 Safari/537.36"
20.205.10.93 - - [05/Sep/2026:14:58:38 +0000] "GET /templates/beez3/error.php HTTP/1.1" 404 967 "-" "Mozilla/5.0 (Windows NT 10.0; Win64; x64) AppleWebKit/537.36 (KHTML, like Gecko) Chrome/120.0.0.0 Safari/537.36"
20.205.10.93 - - [05/Sep/2026:14:58:38 +0000] "GET /wp-admin/css/colors/blue/atomlib.php HTTP/1.1" 404 967 "-" "Mozilla/5.0 (Windows NT 10.0; Win64; x64) AppleWebKit/537.36 (KHTML, like Gecko) Chrome/120.0.0.0 Safari/537.36"
20.205.10.93 - - [05/Sep/2026:14:58:39 +0000] "GET /wp-includes/ID3/autoload_classmap.php HTTP/1.1" 404 967 "-" "Mozilla/5.0 (Windows NT 10.0; Win64; x64) AppleWebKit/537.36 (KHTML, like Gecko) Chrome/120.0.0.0 Safari/537.36"
20.205.10.93 - - [05/Sep/2026:14:58:39 +0000] "GET /wp-includes/css/dist/ HTTP/1.1" 404 967 "-" "Mozilla/5.0 (Windows NT 10.0; Win64; x64) AppleWebKit/537.36 (KHTML, like Gecko) Chrome/120.0.0.0 Safari/537.36"
216.73.216.43 - - [05/Sep/2026:14:58:39 +0000] "GET /tollster/vendor/google/apiclient-services/src/Google/Service/DLP/GooglePrivacyDlpV2beta1FileSet.php HTTP/1.1" 500 - "-" "Mozilla/5.0 AppleWebKit/537.36 (KHTML, like Gecko; compatible; ClaudeBot/1.0; +claudebot@anthropic.com)"
20.205.10.93 - - [05/Sep/2026:14:58:39 +0000] "GET /wp-includes/images/crystal/ HTTP/1.1" 404 967 "-" "Mozilla/5.0 (Windows NT 10.0; Win64; x64) AppleWebKit/537.36 (KHTML, like Gecko) Chrome/120.0.0.0 Safari/537.36"
20.205.10.93 - - [05/Sep/2026:14:58:39 +0000] "GET /wp-admin/css/ HTTP/1.1" 404 967 "-" "Mozilla/5.0 (Windows NT 10.0; Win64; x64) AppleWebKit/537.36 (KHTML, like Gecko) Chrome/120.0.0.0 Safari/537.36"
20.205.10.93 - - [05/Sep/2026:14:58:39 +0000] "GET /wp-admin/wp-conflg.php HTTP/1.1" 404 967 "-" "Mozilla/5.0 (Windows NT 10.0; Win64; x64) AppleWebKit/537.36 (KHTML, like Gecko) Chrome/120.0.0.0 Safari/537.36"
20.205.10.93 - - [05/Sep/2026:14:58:40 +0000] "GET /wp-includes/ID3/file.php HTTP/1.1" 404 967 "-" "Mozilla/5.0 (Windows NT 10.0; Win64; x64) AppleWebKit/537.36 (KHTML, like Gecko) Chrome/120.0.0.0 Safari/537.36"
20.205.10.93 - - [05/Sep/2026:14:58:40 +0000] "GET /wp-includes/autoload_classmap.php HTTP/1.1" 404 967 "-" "Mozilla/5.0 (Windows NT 10.0; Win64; x64) AppleWebKit/537.36 (KHTML, like Gecko) Chrome/120.0.0.0 Safari/537.36"
20.205.10.93 - - [05/Sep/2026:14:58:40 +0000] "GET /admin/uploads/ HTTP/1.1" 404 967 "-" "Mozilla/5.0 (Windows NT 10.0; Win64; x64) AppleWebKit/537.36 (KHTML, like Gecko) Chrome/120.0.0.0 Safari/537.36"
20.205.10.93 - - [05/Sep/2026:14:58:40 +0000] "GET /wp-content/cong.php HTTP/1.1" 404 967 "-" "Mozilla/5.0 (Windows NT 10.0; Win64; x64) AppleWebKit/537.36 (KHTML, like Gecko) Chrome/120.0.0.0 Safari/537.36"
20.205.10.93 - - [05/Sep/2026:14:58:40 +0000] "GET /wp-includes/ID3/ HTTP/1.1" 404 967 "-" "Mozilla/5.0 (Windows NT 10.0; Win64; x64) AppleWebKit/537.36 (KHTML, like Gecko) Chrome/120.0.0.0 Safari/537.36"
20.205.10.93 - - [05/Sep/2026:14:58:41 +0000] "GET /wp-includes/images/media/ HTTP/1.1" 404 967 "-" "Mozilla/5.0 (Windows NT 10.0; Win64; x64) AppleWebKit/537.36 (KHTML, like Gecko) Chrome/120.0.0.0 Safari/537.36"
20.205.10.93 - - [05/Sep/2026:14:58:41 +0000] "GET /wp-admin/admin.php HTTP/1.1" 404 967 "-" "Mozilla/5.0 (Windows NT 10.0; Win64; x64) AppleWebKit/537.36 (KHTML, like Gecko) Chrome/120.0.0.0 Safari/537.36"
20.205.10.93 - - [05/Sep/2026:14:58:41 +0000] "GET /wp-content/languages/chosen.php HTTP/1.1" 404 967 "-" "Mozilla/5.0 (Windows NT 10.0; Win64; x64) AppleWebKit/537.36 (KHTML, like Gecko) Chrome/120.0.0.0 Safari/537.36"
20.205.10.93 - - [05/Sep/2026:14:58:41 +0000] "GET /wp-content/plugins/ HTTP/1.1" 404 967 "-" "Mozilla/5.0 (Windows NT 10.0; Win64; x64) AppleWebKit/537.36 (KHTML, like Gecko) Chrome/120.0.0.0 Safari/537.36"
20.205.10.93 - - [05/Sep/2026:14:58:41 +0000] "GET /wp-content/uploads/2024/index.php HTTP/1.1" 404 967 "-" "Mozilla/5.0 (Windows NT 10.0; Win64; x64) AppleWebKit/537.36 (KHTML, like Gecko) Chrome/120.0.0.0 Safari/537.36"
20.205.10.93 - - [05/Sep/2026:14:58:42 +0000] "GET /goods.php HTTP/1.1" 404 16 "-" "Mozilla/5.0 (Windows NT 10.0; Win64; x64) AppleWebKit/537.36 (KHTML, like Gecko) Chrome/120.0.0.0 Safari/537.36"
20.205.10.93 - - [05/Sep/2026:14:58:42 +0000] "GET /plugins/ HTTP/1.1" 404 967 "-" "Mozilla/5.0 (Windows NT 10.0; Win64; x64) AppleWebKit/537.36 (KHTML, like Gecko) Chrome/120.0.0.0 Safari/537.36"
20.205.10.93 - - [05/Sep/2026:14:58:42 +0000] "GET /wp-admin/js/widgets/index.php HTTP/1.1" 404 967 "-" "Mozilla/5.0 (Windows NT 10.0; Win64; x64) AppleWebKit/537.36 (KHTML, like Gecko) Chrome/120.0.0.0 Safari/537.36"
20.205.10.93 - - [05/Sep/2026:14:58:42 +0000] "GET /wp-content/themes/wp-pridmag/init.php HTTP/1.1" 404 967 "-" "Mozilla/5.0 (Windows NT 10.0; Win64; x64) AppleWebKit/537.36 (KHTML, like Gecko) Chrome/120.0.0.0 Safari/537.36"
20.205.10.93 - - [05/Sep/2026:14:58:42 +0000] "GET /cgi-bin/wp-2019.php HTTP/1.1" 404 16 "-" "Mozilla/5.0 (Windows NT 10.0; Win64; x64) AppleWebKit/537.36 (KHTML, like Gecko) Chrome/120.0.0.0 Safari/537.36"
20.205.10.93 - - [05/Sep/2026:14:58:42 +0000] "GET /wp-admin/setup-config.php HTTP/1.1" 404 967 "-" "Mozilla/5.0 (Windows NT 10.0; Win64; x64) AppleWebKit/537.36 (KHTML, like Gecko) Chrome/120.0.0.0 Safari/537.36"
74.7.227.157 - - [05/Sep/2026:14:58:43 +0000] "GET /tollster/vendor/google/apiclient-services/src/Google/Service/Appengine/ApiConfigHandler.php HTTP/1.1" 500 - "https://mail.desidrivers.com.au/tollster/vendor/google/apiclient-services/src/Google/Service/Appengine/" "Mozilla/5.0 AppleWebKit/537.36 (KHTML, like Gecko; compatible; GPTBot/1.4; +https://openai.com/gptbot)"
20.205.10.93 - - [05/Sep/2026:14:58:43 +0000] "GET /wp-content/file.php HTTP/1.1" 404 967 "-" "Mozilla/5.0 (Windows NT 10.0; Win64; x64) AppleWebKit/537.36 (KHTML, like Gecko) Chrome/120.0.0.0 Safari/537.36"
20.205.10.93 - - [05/Sep/2026:14:58:43 +0000] "GET /edit.php HTTP/1.1" 404 16 "-" "Mozilla/5.0 (Windows NT 10.0; Win64; x64) AppleWebKit/537.36 (KHTML, like Gecko) Chrome/120.0.0.0 Safari/537.36"
20.205.10.93 - - [05/Sep/2026:14:58:43 +0000] "GET /file5.php HTTP/1.1" 404 16 "-" "Mozilla/5.0 (Windows NT 10.0; Win64; x64) AppleWebKit/537.36 (KHTML, like Gecko) Chrome/120.0.0.0 Safari/537.36"
20.205.10.93 - - [05/Sep/2026:14:58:43 +0000] "GET /wp-includes/images/smilies/index.php HTTP/1.1" 404 967 "-" "Mozilla/5.0 (Windows NT 10.0; Win64; x64) AppleWebKit/537.36 (KHTML, like Gecko) Chrome/120.0.0.0 Safari/537.36"
20.205.10.93 - - [05/Sep/2026:14:58:43 +0000] "GET /wp-admin/ HTTP/1.1" 404 967 "-" "Mozilla/5.0 (Windows NT 10.0; Win64; x64) AppleWebKit/537.36 (KHTML, like Gecko) Chrome/120.0.0.0 Safari/537.36"
20.205.10.93 - - [05/Sep/2026:14:58:44 +0000] "GET /wp-includes/ HTTP/1.1" 404 967 "-" "Mozilla/5.0 (Windows NT 10.0; Win64; x64) AppleWebKit/537.36 (KHTML, like Gecko) Chrome/120.0.0.0 Safari/537.36"
20.205.10.93 - - [05/Sep/2026:14:58:44 +0000] "GET /aa.php HTTP/1.1" 404 16 "-" "Mozilla/5.0 (Windows NT 10.0; Win64; x64) AppleWebKit/537.36 (KHTML, like Gecko) Chrome/120.0.0.0 Safari/537.36"
216.73.216.43 - - [05/Sep/2026:14:58:44 +0000] "GET /tollster/vendor/google/apiclient-services/src/Google/Service/Genomics/Resource/Datasets.php HTTP/1.1" 500 - "-" "Mozilla/5.0 AppleWebKit/537.36 (KHTML, like Gecko; compatible; ClaudeBot/1.0; +claudebot@anthropic.com)"
20.205.10.93 - - [05/Sep/2026:14:58:44 +0000] "GET /wp-admin/css/colors/blue/index.php HTTP/1.1" 404 967 "-" "Mozilla/5.0 (Windows NT 10.0; Win64; x64) AppleWebKit/537.36 (KHTML, like Gecko) Chrome/120.0.0.0 Safari/537.36"
20.205.10.93 - - [05/Sep/2026:14:58:44 +0000] "GET /wp-includes/blocks/ HTTP/1.1" 404 967 "-" "Mozilla/5.0 (Windows NT 10.0; Win64; x64) AppleWebKit/537.36 (KHTML, like Gecko) Chrome/120.0.0.0 Safari/537.36"
20.205.10.93 - - [05/Sep/2026:14:58:44 +0000] "GET /wp-content/index.php HTTP/1.1" 404 967 "-" "Mozilla/5.0 (Windows NT 10.0; Win64; x64) AppleWebKit/537.36 (KHTML, like Gecko) Chrome/120.0.0.0 Safari/537.36"
20.205.10.93 - - [05/Sep/2026:14:58:45 +0000] "GET /wp-content/plugins/seoplugins/index.php HTTP/1.1" 404 967 "-" "Mozilla/5.0 (Windows NT 10.0; Win64; x64) AppleWebKit/537.36 (KHTML, like Gecko) Chrome/120.0.0.0 Safari/537.36"
20.205.10.93 - - [05/Sep/2026:14:58:45 +0000] "GET /.well-known/ HTTP/1.1" 200 830 "-" "Mozilla/5.0 (Windows NT 10.0; Win64; x64) AppleWebKit/537.36 (KHTML, like Gecko) Chrome/120.0.0.0 Safari/537.36"
20.205.10.93 - - [05/Sep/2026:14:58:45 +0000] "GET /modules/file.php HTTP/1.1" 404 967 "-" "Mozilla/5.0 (Windows NT 10.0; Win64; x64) AppleWebKit/537.36 (KHTML, like Gecko) Chrome/120.0.0.0 Safari/537.36"
20.205.10.93 - - [05/Sep/2026:14:58:45 +0000] "GET /wp-admin/css/colors/coffee/ HTTP/1.1" 404 967 "-" "Mozilla/5.0 (Windows NT 10.0; Win64; x64) AppleWebKit/537.36 (KHTML, like Gecko) Chrome/120.0.0.0 Safari/537.36"
20.205.10.93 - - [05/Sep/2026:14:58:45 +0000] "GET /wp-admin/css/colors/sunrise/ HTTP/1.1" 404 967 "-" "Mozilla/5.0 (Windows NT 10.0; Win64; x64) AppleWebKit/537.36 (KHTML, like Gecko) Chrome/120.0.0.0 Safari/537.36"
20.205.10.93 - - [05/Sep/2026:14:58:46 +0000] "GET /autoload_classmap.php HTTP/1.1" 404 16 "-" "Mozilla/5.0 (Windows NT 10.0; Win64; x64) AppleWebKit/537.36 (KHTML, like Gecko) Chrome/120.0.0.0 Safari/537.36"
20.205.10.93 - - [05/Sep/2026:14:58:46 +0000] "GET /public/index.php HTTP/1.1" 404 967 "-" "Mozilla/5.0 (Windows NT 10.0; Win64; x64) AppleWebKit/537.36 (KHTML, like Gecko) Chrome/120.0.0.0 Safari/537.36"
20.205.10.93 - - [05/Sep/2026:14:58:46 +0000] "GET /wp-admin/network/index.php HTTP/1.1" 404 967 "-" "Mozilla/5.0 (Windows NT 10.0; Win64; x64) AppleWebKit/537.36 (KHTML, like Gecko) Chrome/120.0.0.0 Safari/537.36"
20.205.10.93 - - [05/Sep/2026:14:58:46 +0000] "GET /wp-content/uploads/2022/ HTTP/1.1" 404 967 "-" "Mozilla/5.0 (Windows NT 10.0; Win64; x64) AppleWebKit/537.36 (KHTML, like Gecko) Chrome/120.0.0.0 Safari/537.36"
74.7.227.38 - - [05/Sep/2026:14:58:46 +0000] "GET /google/google-api-php-client-2.2.1/vendor/google/apiclient-services/src/Google/Service/Pubsub/UpdateSubscriptionRequest.php HTTP/1.1" 500 - "https://desidrivers.com.au/google/google-api-php-client-2.2.1/vendor/google/apiclient-services/src/Google/Service/Pubsub/?C=N;O=D" "Mozilla/5.0 AppleWebKit/537.36 (KHTML, like Gecko; compatible; GPTBot/1.4; +https://openai.com/gptbot)"
20.205.10.93 - - [05/Sep/2026:14:58:46 +0000] "GET /wp-content/uploads/json.php HTTP/1.1" 404 967 "-" "Mozilla/5.0 (Windows NT 10.0; Win64; x64) AppleWebKit/537.36 (KHTML, like Gecko) Chrome/120.0.0.0 Safari/537.36"
20.205.10.93 - - [05/Sep/2026:14:58:47 +0000] "GET /wp-includes/SimplePie/ HTTP/1.1" 404 967 "-" "Mozilla/5.0 (Windows NT 10.0; Win64; x64) AppleWebKit/537.36 (KHTML, like Gecko) Chrome/120.0.0.0 Safari/537.36"
20.205.10.93 - - [05/Sep/2026:14:58:47 +0000] "GET /wp-includes/customize/chosen.php HTTP/1.1" 404 967 "-" "Mozilla/5.0 (Windows NT 10.0; Win64; x64) AppleWebKit/537.36 (KHTML, like Gecko) Chrome/120.0.0.0 Safari/537.36"
20.205.10.93 - - [05/Sep/2026:14:58:47 +0000] "GET /wp-includes/shell20211028.php HTTP/1.1" 404 967 "-" "Mozilla/5.0 (Windows NT 10.0; Win64; x64) AppleWebKit/537.36 (KHTML, like Gecko) Chrome/120.0.0.0 Safari/537.36"
74.7.241.54 - - [05/Sep/2026:14:58:47 +0000] "GET /google/google-api-php-client-2.2.1/vendor/google/apiclient-services/src/Google/Service/Books/VolumeUserInfoRentalPeriod.php HTTP/1.1" 500 - "https://www.desidrivers.com.au/google/google-api-php-client-2.2.1/vendor/google/apiclient-services/src/Google/Service/Books/?C=S;O=A" "Mozilla/5.0 AppleWebKit/537.36 (KHTML, like Gecko; compatible; GPTBot/1.4; +https://openai.com/gptbot)"
20.205.10.93 - - [05/Sep/2026:14:58:47 +0000] "GET /index/function.php HTTP/1.1" 404 967 "-" "Mozilla/5.0 (Windows NT 10.0; Win64; x64) AppleWebKit/537.36 (KHTML, like Gecko) Chrome/120.0.0.0 Safari/537.36"
20.205.10.93 - - [05/Sep/2026:14:58:47 +0000] "GET /wp-admin/css/colors/midnight/ HTTP/1.1" 404 967 "-" "Mozilla/5.0 (Windows NT 10.0; Win64; x64) AppleWebKit/537.36 (KHTML, like Gecko) Chrome/120.0.0.0 Safari/537.36"
20.205.10.93 - - [05/Sep/2026:14:58:47 +0000] "GET /wp-content/style-css.php HTTP/1.1" 404 967 "-" "Mozilla/5.0 (Windows NT 10.0; Win64; x64) AppleWebKit/537.36 (KHTML, like Gecko) Chrome/120.0.0.0 Safari/537.36"
20.205.10.93 - - [05/Sep/2026:14:58:48 +0000] "GET /wp-includes/Requests/ HTTP/1.1" 404 967 "-" "Mozilla/5.0 (Windows NT 10.0; Win64; x64) AppleWebKit/537.36 (KHTML, like Gecko) Chrome/120.0.0.0 Safari/537.36"
20.205.10.93 - - [05/Sep/2026:14:58:48 +0000] "GET /wp-includes/pomo/ HTTP/1.1" 404 967 "-" "Mozilla/5.0 (Windows NT 10.0; Win64; x64) AppleWebKit/537.36 (KHTML, like Gecko) Chrome/120.0.0.0 Safari/537.36"
20.205.10.93 - - [05/Sep/2026:14:58:48 +0000] "GET /file.php HTTP/1.1" 404 16 "-" "Mozilla/5.0 (Windows NT 10.0; Win64; x64) AppleWebKit/537.36 (KHTML, like Gecko) Chrome/120.0.0.0 Safari/537.36"
20.205.10.93 - - [05/Sep/2026:14:58:48 +0000] "GET /wp-admin/css/colors/light/ HTTP/1.1" 404 967 "-" "Mozilla/5.0 (Windows NT 10.0; Win64; x64) AppleWebKit/537.36 (KHTML, like Gecko) Chrome/120.0.0.0 Safari/537.36"
20.205.10.93 - - [05/Sep/2026:14:58:48 +0000] "GET /wp-includes/certificates/ HTTP/1.1" 404 967 "-" "Mozilla/5.0 (Windows NT 10.0; Win64; x64) AppleWebKit/537.36 (KHTML, like Gecko) Chrome/120.0.0.0 Safari/537.36"
20.205.10.93 - - [05/Sep/2026:14:58:49 +0000] "GET /wp-admin/css/colors/index.php HTTP/1.1" 404 967 "-" "Mozilla/5.0 (Windows NT 10.0; Win64; x64) AppleWebKit/537.36 (KHTML, like Gecko) Chrome/120.0.0.0 Safari/537.36"
20.205.10.93 - - [05/Sep/2026:14:58:49 +0000] "GET /wp-admin/css/colors/blue/about.php HTTP/1.1" 404 967 "-" "Mozilla/5.0 (Windows NT 10.0; Win64; x64) AppleWebKit/537.36 (KHTML, like Gecko) Chrome/120.0.0.0 Safari/537.36"
20.205.10.93 - - [05/Sep/2026:14:58:49 +0000] "GET /wp-content/alfa.php HTTP/1.1" 404 967 "-" "Mozilla/5.0 (Windows NT 10.0; Win64; x64) AppleWebKit/537.36 (KHTML, like Gecko) Chrome/120.0.0.0 Safari/537.36"
20.205.10.93 - - [05/Sep/2026:14:58:49 +0000] "GET /inputs.php HTTP/1.1" 404 16 "-" "Mozilla/5.0 (Windows NT 10.0; Win64; x64) AppleWebKit/537.36 (KHTML, like Gecko) Chrome/120.0.0.0 Safari/537.36"
20.205.10.93 - - [05/Sep/2026:14:58:49 +0000] "GET /wp-admin/js/widgets/cloud.php HTTP/1.1" 404 967 "-" "Mozilla/5.0 (Windows NT 10.0; Win64; x64) AppleWebKit/537.36 (KHTML, like Gecko) Chrome/120.0.0.0 Safari/537.36"
20.205.10.93 - - [05/Sep/2026:14:58:50 +0000] "GET /wp-content/about.php HTTP/1.1" 404 967 "-" "Mozilla/5.0 (Windows NT 10.0; Win64; x64) AppleWebKit/537.36 (KHTML, like Gecko) Chrome/120.0.0.0 Safari/537.36"
20.205.10.93 - - [05/Sep/2026:14:58:50 +0000] "GET /1.php HTTP/1.1" 404 16 "-" "Mozilla/5.0 (Windows NT 10.0; Win64; x64) AppleWebKit/537.36 (KHTML, like Gecko) Chrome/120.0.0.0 Safari/537.36"
20.205.10.93 - - [05/Sep/2026:14:58:50 +0000] "GET /admin/controller/extension/extension/ultra.php HTTP/1.1" 404 967 "-" "Mozilla/5.0 (Windows NT 10.0; Win64; x64) AppleWebKit/537.36 (KHTML, like Gecko) Chrome/120.0.0.0 Safari/537.36"
20.205.10.93 - - [05/Sep/2026:14:58:50 +0000] "GET /wp-admin/images/index.php HTTP/1.1" 404 967 "-" "Mozilla/5.0 (Windows NT 10.0; Win64; x64) AppleWebKit/537.36 (KHTML, like Gecko) Chrome/120.0.0.0 Safari/537.36"
20.205.10.93 - - [05/Sep/2026:14:58:50 +0000] "GET /wp-includes/block-supports/ HTTP/1.1" 404 967 "-" "Mozilla/5.0 (Windows NT 10.0; Win64; x64) AppleWebKit/537.36 (KHTML, like Gecko) Chrome/120.0.0.0 Safari/537.36"
216.73.216.43 - - [05/Sep/2026:14:58:50 +0000] "GET /tollster/vendor/google/apiclient-services/src/Google/Service/Slides/Shape.php HTTP/1.1" 500 - "-" "Mozilla/5.0 AppleWebKit/537.36 (KHTML, like Gecko; compatible; ClaudeBot/1.0; +claudebot@anthropic.com)"
20.205.10.93 - - [05/Sep/2026:14:58:51 +0000] "GET /wp-content/themes/twentytwenty/404.php HTTP/1.1" 404 967 "-" "Mozilla/5.0 (Windows NT 10.0; Win64; x64) AppleWebKit/537.36 (KHTML, like Gecko) Chrome/120.0.0.0 Safari/537.36"
20.205.10.93 - - [05/Sep/2026:14:58:51 +0000] "GET /wp-content/upgrade/ HTTP/1.1" 404 967 "-" "Mozilla/5.0 (Windows NT 10.0; Win64; x64) AppleWebKit/537.36 (KHTML, like Gecko) Chrome/120.0.0.0 Safari/537.36"
20.205.10.93 - - [05/Sep/2026:14:58:51 +0000] "GET /wp-admin/images/cloud.php HTTP/1.1" 404 967 "-" "Mozilla/5.0 (Windows NT 10.0; Win64; x64) AppleWebKit/537.36 (KHTML, like Gecko) Chrome/120.0.0.0 Safari/537.36"
20.205.10.93 - - [05/Sep/2026:14:58:51 +0000] "GET /wp-admin/user/ HTTP/1.1" 404 967 "-" "Mozilla/5.0 (Windows NT 10.0; Win64; x64) AppleWebKit/537.36 (KHTML, like Gecko) Chrome/120.0.0.0 Safari/537.36"
20.205.10.93 - - [05/Sep/2026:14:58:51 +0000] "GET /wp-admin/user/chosen.php HTTP/1.1" 404 967 "-" "Mozilla/5.0 (Windows NT 10.0; Win64; x64) AppleWebKit/537.36 (KHTML, like Gecko) Chrome/120.0.0.0 Safari/537.36"
20.205.10.93 - - [05/Sep/2026:14:58:51 +0000] "GET /wp-content/admin.php HTTP/1.1" 404 967 "-" "Mozilla/5.0 (Windows NT 10.0; Win64; x64) AppleWebKit/537.36 (KHTML, like Gecko) Chrome/120.0.0.0 Safari/537.36"
20.205.10.93 - - [05/Sep/2026:14:58:52 +0000] "GET /wp-includes/file.php HTTP/1.1" 404 967 "-" "Mozilla/5.0 (Windows NT 10.0; Win64; x64) AppleWebKit/537.36 (KHTML, like Gecko) Chrome/120.0.0.0 Safari/537.36"
20.205.10.93 - - [05/Sep/2026:14:58:52 +0000] "GET /admin/admin.php HTTP/1.1" 404 967 "-" "Mozilla/5.0 (Windows NT 10.0; Win64; x64) AppleWebKit/537.36 (KHTML, like Gecko) Chrome/120.0.0.0 Safari/537.36"
20.205.10.93 - - [05/Sep/2026:14:58:52 +0000] "GET /wp-includes/assets/index.php HTTP/1.1" 404 967 "-" "Mozilla/5.0 (Windows NT 10.0; Win64; x64) AppleWebKit/537.36 (KHTML, like Gecko) Chrome/120.0.0.0 Safari/537.36"
20.205.10.93 - - [05/Sep/2026:14:58:52 +0000] "GET /wp-includes/images/smilies/about.php HTTP/1.1" 404 967 "-" "Mozilla/5.0 (Windows NT 10.0; Win64; x64) AppleWebKit/537.36 (KHTML, like Gecko) Chrome/120.0.0.0 Safari/537.36"
20.205.10.93 - - [05/Sep/2026:14:58:52 +0000] "GET /wp-includes/sitemaps/providers/ HTTP/1.1" 404 967 "-" "Mozilla/5.0 (Windows NT 10.0; Win64; x64) AppleWebKit/537.36 (KHTML, like Gecko) Chrome/120.0.0.0 Safari/537.36"
20.205.10.93 - - [05/Sep/2026:14:58:53 +0000] "GET /wp-content/themes/ HTTP/1.1" 404 967 "-" "Mozilla/5.0 (Windows NT 10.0; Win64; x64) AppleWebKit/537.36 (KHTML, like Gecko) Chrome/120.0.0.0 Safari/537.36"
20.205.10.93 - - [05/Sep/2026:14:58:53 +0000] "GET /wp-includes/block-patterns/ HTTP/1.1" 404 967 "-" "Mozilla/5.0 (Windows NT 10.0; Win64; x64) AppleWebKit/537.36 (KHTML, like Gecko) Chrome/120.0.0.0 Safari/537.36"
20.205.10.93 - - [05/Sep/2026:14:58:53 +0000] "GET /aspera/faspex/ HTTP/1.1" 404 967 "-" "Mozilla/5.0 (Windows NT 10.0; Win64; x64) AppleWebKit/537.36 (KHTML, like Gecko) Chrome/120.0.0.0 Safari/537.36"
20.205.10.93 - - [05/Sep/2026:14:58:53 +0000] "GET /cgi-bin/ HTTP/1.1" 403 966 "-" "Mozilla/5.0 (Windows NT 10.0; Win64; x64) AppleWebKit/537.36 (KHTML, like Gecko) Chrome/120.0.0.0 Safari/537.36"
20.205.10.93 - - [05/Sep/2026:14:58:53 +0000] "GET /flower.php HTTP/1.1" 404 16 "-" "Mozilla/5.0 (Windows NT 10.0; Win64; x64) AppleWebKit/537.36 (KHTML, like Gecko) Chrome/120.0.0.0 Safari/537.36"
20.205.10.93 - - [05/Sep/2026:14:58:54 +0000] "GET /wp-admin/js/ HTTP/1.1" 404 967 "-" "Mozilla/5.0 (Windows NT 10.0; Win64; x64) AppleWebKit/537.36 (KHTML, like Gecko) Chrome/120.0.0.0 Safari/537.36"
20.205.10.93 - - [05/Sep/2026:14:58:54 +0000] "GET /.well-known/gecko-litespeed.php HTTP/1.1" 404 16 "-" "Mozilla/5.0 (Windows NT 10.0; Win64; x64) AppleWebKit/537.36 (KHTML, like Gecko) Chrome/120.0.0.0 Safari/537.36"
20.205.10.93 - - [05/Sep/2026:14:58:54 +0000] "GET /admin/function.php HTTP/1.1" 404 967 "-" "Mozilla/5.0 (Windows NT 10.0; Win64; x64) AppleWebKit/537.36 (KHTML, like Gecko) Chrome/120.0.0.0 Safari/537.36"
216.73.216.43 - - [05/Sep/2026:14:58:54 +0000] "GET /tollster/vendor/google/apiclient-services/src/Google/Service/AdSenseHost/CustomChannel.php HTTP/1.1" 500 - "-" "Mozilla/5.0 AppleWebKit/537.36 (KHTML, like Gecko; compatible; ClaudeBot/1.0; +claudebot@anthropic.com)"
20.205.10.93 - - [05/Sep/2026:14:58:54 +0000] "GET /wp-admin/network/chosen.php HTTP/1.1" 404 967 "-" "Mozilla/5.0 (Windows NT 10.0; Win64; x64) AppleWebKit/537.36 (KHTML, like Gecko) Chrome/120.0.0.0 Safari/537.36"
20.205.10.93 - - [05/Sep/2026:14:58:54 +0000] "GET /wp-content/plugins/hellopress/wp_filemanager.php HTTP/1.1" 404 967 "-" "Mozilla/5.0 (Windows NT 10.0; Win64; x64) AppleWebKit/537.36 (KHTML, like Gecko) Chrome/120.0.0.0 Safari/537.36"
20.205.10.93 - - [05/Sep/2026:14:58:55 +0000] "GET /wp-content/uploads/ HTTP/1.1" 404 967 "-" "Mozilla/5.0 (Windows NT 10.0; Win64; x64) AppleWebKit/537.36 (KHTML, like Gecko) Chrome/120.0.0.0 Safari/537.36"
20.205.10.93 - - [05/Sep/2026:14:58:55 +0000] "GET /wp-includes/assets/admin.php HTTP/1.1" 404 967 "-" "Mozilla/5.0 (Windows NT 10.0; Win64; x64) AppleWebKit/537.36 (KHTML, like Gecko) Chrome/120.0.0.0 Safari/537.36"
20.205.10.93 - - [05/Sep/2026:14:58:55 +0000] "GET /wp-includes/images/ HTTP/1.1" 404 967 "-" "Mozilla/5.0 (Windows NT 10.0; Win64; x64) AppleWebKit/537.36 (KHTML, like Gecko) Chrome/120.0.0.0 Safari/537.36"
20.205.10.93 - - [05/Sep/2026:14:58:55 +0000] "GET /.well-known/classwithtostring.php HTTP/1.1" 404 16 "-" "Mozilla/5.0 (Windows NT 10.0; Win64; x64) AppleWebKit/537.36 (KHTML, like Gecko) Chrome/120.0.0.0 Safari/537.36"
20.205.10.93 - - [05/Sep/2026:14:58:55 +0000] "GET /anonse/lock360.php HTTP/1.1" 404 967 "-" "Mozilla/5.0 (Windows NT 10.0; Win64; x64) AppleWebKit/537.36 (KHTML, like Gecko) Chrome/120.0.0.0 Safari/537.36"
20.205.10.93 - - [05/Sep/2026:14:58:55 +0000] "GET /cgi-bin/wp-login.php HTTP/1.1" 404 16 "-" "Mozilla/5.0 (Windows NT 10.0; Win64; x64) AppleWebKit/537.36 (KHTML, like Gecko) Chrome/120.0.0.0 Safari/537.36"
20.205.10.93 - - [05/Sep/2026:14:58:56 +0000] "GET /wp-admin/css/colors/ectoplasm/wp-login.php HTTP/1.1" 404 967 "-" "Mozilla/5.0 (Windows NT 10.0; Win64; x64) AppleWebKit/537.36 (KHTML, like Gecko) Chrome/120.0.0.0 Safari/537.36"
20.205.10.93 - - [05/Sep/2026:14:58:56 +0000] "GET /wp-content/themes/about.php HTTP/1.1" 404 967 "-" "Mozilla/5.0 (Windows NT 10.0; Win64; x64) AppleWebKit/537.36 (KHTML, like Gecko) Chrome/120.0.0.0 Safari/537.36"
20.205.10.93 - - [05/Sep/2026:14:58:56 +0000] "GET /wp-content/uploads/2021/ HTTP/1.1" 404 967 "-" "Mozilla/5.0 (Windows NT 10.0; Win64; x64) AppleWebKit/537.36 (KHTML, like Gecko) Chrome/120.0.0.0 Safari/537.36"
20.205.10.93 - - [05/Sep/2026:14:58:56 +0000] "GET /wp-includes/html-api/ HTTP/1.1" 404 967 "-" "Mozilla/5.0 (Windows NT 10.0; Win64; x64) AppleWebKit/537.36 (KHTML, like Gecko) Chrome/120.0.0.0 Safari/537.36"
20.205.10.93 - - [05/Sep/2026:14:58:56 +0000] "GET /assets/images/doc.php HTTP/1.1" 404 967 "-" "Mozilla/5.0 (Windows NT 10.0; Win64; x64) AppleWebKit/537.36 (KHTML, like Gecko) Chrome/120.0.0.0 Safari/537.36"
20.205.10.93 - - [05/Sep/2026:14:58:57 +0000] "GET /ioxi-o.php HTTP/1.1" 404 16 "-" "Mozilla/5.0 (Windows NT 10.0; Win64; x64) AppleWebKit/537.36 (KHTML, like Gecko) Chrome/120.0.0.0 Safari/537.36"
20.205.10.93 - - [05/Sep/2026:14:58:57 +0000] "GET /radio.php HTTP/1.1" 404 16 "-" "Mozilla/5.0 (Windows NT 10.0; Win64; x64) AppleWebKit/537.36 (KHTML, like Gecko) Chrome/120.0.0.0 Safari/537.36"
20.205.10.93 - - [05/Sep/2026:14:58:57 +0000] "GET /wp-admin/js/widgets/about.php HTTP/1.1" 404 967 "-" "Mozilla/5.0 (Windows NT 10.0; Win64; x64) AppleWebKit/537.36 (KHTML, like Gecko) Chrome/120.0.0.0 Safari/537.36"
20.205.10.93 - - [05/Sep/2026:14:58:57 +0000] "GET /wp-admin/includes/cloud.php HTTP/1.1" 404 967 "-" "Mozilla/5.0 (Windows NT 10.0; Win64; x64) AppleWebKit/537.36 (KHTML, like Gecko) Chrome/120.0.0.0 Safari/537.36"
20.205.10.93 - - [05/Sep/2026:14:58:57 +0000] "GET /wp-admin/includes/index.php HTTP/1.1" 404 967 "-" "Mozilla/5.0 (Windows NT 10.0; Win64; x64) AppleWebKit/537.36 (KHTML, like Gecko) Chrome/120.0.0.0 Safari/537.36"
20.205.10.93 - - [05/Sep/2026:14:58:58 +0000] "GET /wp-admin/js/widgets/ HTTP/1.1" 404 967 "-" "Mozilla/5.0 (Windows NT 10.0; Win64; x64) AppleWebKit/537.36 (KHTML, like Gecko) Chrome/120.0.0.0 Safari/537.36"
20.205.10.93 - - [05/Sep/2026:14:58:58 +0000] "GET /wp-content/ HTTP/1.1" 404 967 "-" "Mozilla/5.0 (Windows NT 10.0; Win64; x64) AppleWebKit/537.36 (KHTML, like Gecko) Chrome/120.0.0.0 Safari/537.36"
20.205.10.93 - - [05/Sep/2026:14:58:58 +0000] "GET /admin.php HTTP/1.1" 404 16 "-" "Mozilla/5.0 (Windows NT 10.0; Win64; x64) AppleWebKit/537.36 (KHTML, like Gecko) Chrome/120.0.0.0 Safari/537.36"
20.205.10.93 - - [05/Sep/2026:14:58:58 +0000] "GET /functions.php HTTP/1.1" 404 16 "-" "Mozilla/5.0 (Windows NT 10.0; Win64; x64) AppleWebKit/537.36 (KHTML, like Gecko) Chrome/120.0.0.0 Safari/537.36"
20.205.10.93 - - [05/Sep/2026:14:58:58 +0000] "GET /modules/ HTTP/1.1" 404 967 "-" "Mozilla/5.0 (Windows NT 10.0; Win64; x64) AppleWebKit/537.36 (KHTML, like Gecko) Chrome/120.0.0.0 Safari/537.36"
20.205.10.93 - - [05/Sep/2026:14:58:59 +0000] "GET /wp-admin/css/colors/ocean/ HTTP/1.1" 404 967 "-" "Mozilla/5.0 (Windows NT 10.0; Win64; x64) AppleWebKit/537.36 (KHTML, like Gecko) Chrome/120.0.0.0 Safari/537.36"
20.205.10.93 - - [05/Sep/2026:14:58:59 +0000] "GET /admin/upload/ HTTP/1.1" 404 967 "-" "Mozilla/5.0 (Windows NT 10.0; Win64; x64) AppleWebKit/537.36 (KHTML, like Gecko) Chrome/120.0.0.0 Safari/537.36"
216.73.216.43 - - [05/Sep/2026:14:58:59 +0000] "GET /tollster/vendor/google/apiclient-services/src/Google/Service/Appsactivity/Event.php HTTP/1.1" 500 - "-" "Mozilla/5.0 AppleWebKit/537.36 (KHTML, like Gecko; compatible; ClaudeBot/1.0; +claudebot@anthropic.com)"
20.205.10.93 - - [05/Sep/2026:14:58:59 +0000] "GET /ccx/index.php HTTP/1.1" 404 967 "-" "Mozilla/5.0 (Windows NT 10.0; Win64; x64) AppleWebKit/537.36 (KHTML, like Gecko) Chrome/120.0.0.0 Safari/537.36"
74.7.227.157 - - [05/Sep/2026:14:59:03 +0000] "GET /tollster/vendor/google/apiclient-services/src/Google/Service/Genomics/ReferenceBound.php HTTP/1.1" 500 - "https://mail.desidrivers.com.au/tollster/vendor/google/apiclient-services/src/Google/Service/Genomics/" "Mozilla/5.0 AppleWebKit/537.36 (KHTML, like Gecko; compatible; GPTBot/1.4; +https://openai.com/gptbot)"
216.73.216.43 - - [05/Sep/2026:14:59:04 +0000] "GET /tollster/vendor/google/apiclient-services/src/Google/Service/Slides/SheetsChart.php HTTP/1.1" 500 - "-" "Mozilla/5.0 AppleWebKit/537.36 (KHTML, like Gecko; compatible; ClaudeBot/1.0; +claudebot@anthropic.com)"
74.7.227.38 - - [05/Sep/2026:14:59:06 +0000] "GET /google/google-api-php-client-2.2.1/vendor/google/apiclient-services/src/Google/Service/YouTube/LiveStreamStatus.php HTTP/1.1" 500 - "https://desidrivers.com.au/google/google-api-php-client-2.2.1/vendor/google/apiclient-services/src/Google/Service/YouTube/?C=S;O=A" "Mozilla/5.0 AppleWebKit/537.36 (KHTML, like Gecko; compatible; GPTBot/1.4; +https://openai.com/gptbot)"
74.7.241.54 - - [05/Sep/2026:14:59:07 +0000] "GET /google/google-api-php-client-2.2.1/vendor/google/apiclient-services/src/Google/Service/Books/VolumeUserInfoCopy.php HTTP/1.1" 500 - "https://www.desidrivers.com.au/google/google-api-php-client-2.2.1/vendor/google/apiclient-services/src/Google/Service/Books/?C=S;O=A" "Mozilla/5.0 AppleWebKit/537.36 (KHTML, like Gecko; compatible; GPTBot/1.4; +https://openai.com/gptbot)"
216.73.216.43 - - [05/Sep/2026:14:59:09 +0000] "GET /tollster/vendor/google/apiclient-services/src/Google/Service/Dfareporting/LookbackConfiguration.php HTTP/1.1" 500 - "-" "Mozilla/5.0 AppleWebKit/537.36 (KHTML, like Gecko; compatible; ClaudeBot/1.0; +claudebot@anthropic.com)"
216.73.216.43 - - [05/Sep/2026:14:59:14 +0000] "GET /tollster/vendor/google/apiclient-services/src/Google/Service/PlusDomains/ActivityActorVerification.php HTTP/1.1" 500 - "-" "Mozilla/5.0 AppleWebKit/537.36 (KHTML, like Gecko; compatible; ClaudeBot/1.0; +claudebot@anthropic.com)"
216.73.216.43 - - [05/Sep/2026:14:59:19 +0000] "GET /tollster/vendor/google/apiclient-services/src/Google/Service/Dfareporting/TargetWindow.php HTTP/1.1" 500 - "-" "Mozilla/5.0 AppleWebKit/537.36 (KHTML, like Gecko; compatible; ClaudeBot/1.0; +claudebot@anthropic.com)"
74.7.227.157 - - [05/Sep/2026:14:59:23 +0000] "GET /tollster/vendor/google/apiclient-services/src/Google/Service/Compute/DeprecationStatus.php HTTP/1.1" 500 - "https://mail.desidrivers.com.au/tollster/vendor/google/apiclient-services/src/Google/Service/Compute/" "Mozilla/5.0 AppleWebKit/537.36 (KHTML, like Gecko; compatible; GPTBot/1.4; +https://openai.com/gptbot)"
216.73.216.43 - - [05/Sep/2026:14:59:24 +0000] "GET /tollster/vendor/google/apiclient-services/src/Google/Service/Proximitybeacon/ListNamespacesResponse.php HTTP/1.1" 500 - "-" "Mozilla/5.0 AppleWebKit/537.36 (KHTML, like Gecko; compatible; ClaudeBot/1.0; +claudebot@anthropic.com)"
74.7.227.38 - - [05/Sep/2026:14:59:26 +0000] "GET /google/google-api-php-client-2.2.1/vendor/google/apiclient-services/src/Google/Service/YouTube/LiveStreamHealthStatus.php HTTP/1.1" 500 - "https://desidrivers.com.au/google/google-api-php-client-2.2.1/vendor/google/apiclient-services/src/Google/Service/YouTube/?C=S;O=A" "Mozilla/5.0 AppleWebKit/537.36 (KHTML, like Gecko; compatible; GPTBot/1.4; +https://openai.com/gptbot)"
74.7.241.54 - - [05/Sep/2026:14:59:27 +0000] "GET /google/google-api-php-client-2.2.1/vendor/google/apiclient-services/src/Google/Service/Iam/ListServiceAccountKeysResponse.php HTTP/1.1" 500 - "https://www.desidrivers.com.au/google/google-api-php-client-2.2.1/vendor/google/apiclient-services/src/Google/Service/Iam/?C=M;O=A" "Mozilla/5.0 AppleWebKit/537.36 (KHTML, like Gecko; compatible; GPTBot/1.4; +https://openai.com/gptbot)"
216.73.216.43 - - [05/Sep/2026:14:59:29 +0000] "GET /tollster/vendor/google/apiclient-services/src/Google/Service/Clouderrorreporting/Resource/ProjectsGroupStats.php HTTP/1.1" 500 - "-" "Mozilla/5.0 AppleWebKit/537.36 (KHTML, like Gecko; compatible; ClaudeBot/1.0; +claudebot@anthropic.com)"
216.73.216.43 - - [05/Sep/2026:14:59:34 +0000] "GET /tollster/vendor/google/apiclient-services/src/Google/Service/Dfareporting/EncryptionInfo.php HTTP/1.1" 500 - "-" "Mozilla/5.0 AppleWebKit/537.36 (KHTML, like Gecko; compatible; ClaudeBot/1.0; +claudebot@anthropic.com)"
216.73.216.43 - - [05/Sep/2026:14:59:39 +0000] "GET /tollster/vendor/google/apiclient-services/src/Google/Service/AnalyticsReporting/Segment.php HTTP/1.1" 500 - "-" "Mozilla/5.0 AppleWebKit/537.36 (KHTML, like Gecko; compatible; ClaudeBot/1.0; +claudebot@anthropic.com)"
74.7.227.157 - - [05/Sep/2026:14:59:43 +0000] "GET /tollster/vendor/google/apiclient-services/src/Google/Service/Partners/ListOffersResponse.php HTTP/1.1" 500 - "https://mail.desidrivers.com.au/tollster/vendor/google/apiclient-services/src/Google/Service/Partners/" "Mozilla/5.0 AppleWebKit/537.36 (KHTML, like Gecko; compatible; GPTBot/1.4; +https://openai.com/gptbot)"
216.73.216.43 - - [05/Sep/2026:14:59:44 +0000] "GET /tollster/vendor/google/apiclient-services/src/Google/Service/Clouderrorreporting/ErrorGroupStats.php HTTP/1.1" 500 - "-" "Mozilla/5.0 AppleWebKit/537.36 (KHTML, like Gecko; compatible; ClaudeBot/1.0; +claudebot@anthropic.com)"
74.7.227.38 - - [05/Sep/2026:14:59:46 +0000] "GET /google/google-api-php-client-2.2.1/vendor/google/apiclient-services/src/Google/Service/YouTube/ChannelAuditDetails.php HTTP/1.1" 500 - "https://desidrivers.com.au/google/google-api-php-client-2.2.1/vendor/google/apiclient-services/src/Google/Service/YouTube/?C=S;O=A" "Mozilla/5.0 AppleWebKit/537.36 (KHTML, like Gecko; compatible; GPTBot/1.4; +https://openai.com/gptbot)"
74.7.241.54 - - [05/Sep/2026:14:59:47 +0000] "GET /google/google-api-php-client-2.2.1/vendor/google/apiclient-services/src/Google/Service/Games/TurnBasedMatchParticipant.php HTTP/1.1" 500 - "https://www.desidrivers.com.au/google/google-api-php-client-2.2.1/vendor/google/apiclient-services/src/Google/Service/Games/?C=M;O=A" "Mozilla/5.0 AppleWebKit/537.36 (KHTML, like Gecko; compatible; GPTBot/1.4; +https://openai.com/gptbot)"
216.73.216.43 - - [05/Sep/2026:14:59:49 +0000] "GET /tollster/vendor/google/apiclient-services/src/Google/Service/YouTube/PlaylistLocalization.php HTTP/1.1" 500 - "-" "Mozilla/5.0 AppleWebKit/537.36 (KHTML, like Gecko; compatible; ClaudeBot/1.0; +claudebot@anthropic.com)"
216.73.216.43 - - [05/Sep/2026:14:59:54 +0000] "GET /tollster/vendor/google/apiclient-services/src/Google/Service/Appsactivity.php HTTP/1.1" 500 - "-" "Mozilla/5.0 AppleWebKit/537.36 (KHTML, like Gecko; compatible; ClaudeBot/1.0; +claudebot@anthropic.com)"
216.73.216.43 - - [05/Sep/2026:14:59:59 +0000] "GET /tollster/vendor/google/apiclient-services/src/Google/Service/Vision/Vertex.php HTTP/1.1" 500 - "-" "Mozilla/5.0 AppleWebKit/537.36 (KHTML, like Gecko; compatible; ClaudeBot/1.0; +claudebot@anthropic.com)"
