54.37.86.223 - - [05/Sep/2026:12:49:09 +0000] "GET /tollster/vendor/google/apiclient-services/src/Google/Service/Blogger/Post.php HTTP/1.1" 500 - "-" "Mozilla/5.0 (compatible; MJ12bot/v1.4.8; http://mj12bot.com/)"
54.37.86.223 - - [05/Sep/2026:12:49:11 +0000] "GET /tollster/vendor/google/apiclient-services/src/Google/Service/Blogger/PostAuthor.php HTTP/1.1" 500 - "-" "Mozilla/5.0 (compatible; MJ12bot/v1.4.8; http://mj12bot.com/)"
54.37.86.223 - - [05/Sep/2026:12:49:14 +0000] "GET /tollster/vendor/google/apiclient-services/src/Google/Service/Blogger/PostAuthorImage.php HTTP/1.1" 500 - "-" "Mozilla/5.0 (compatible; MJ12bot/v1.4.8; http://mj12bot.com/)"
74.7.227.38 - - [05/Sep/2026:12:49:14 +0000] "GET /google/google-api-php-client-2.2.1/vendor/google/apiclient-services/src/Google/Service/Compute/AutoscalersScopedListWarning.php HTTP/1.1" 500 - "https://desidrivers.com.au/google/google-api-php-client-2.2.1/vendor/google/apiclient-services/src/Google/Service/Compute/?C=N;O=D" "Mozilla/5.0 AppleWebKit/537.36 (KHTML, like Gecko; compatible; GPTBot/1.4; +https://openai.com/gptbot)"
74.7.241.54 - - [05/Sep/2026:12:49:14 +0000] "GET /google/google-api-php-client-2.2.1/vendor/google/apiclient-services/src/Google/Service/Sheets/BooleanCondition.php HTTP/1.1" 500 - "https://www.desidrivers.com.au/google/google-api-php-client-2.2.1/vendor/google/apiclient-services/src/Google/Service/Sheets/?C=D;O=A" "Mozilla/5.0 AppleWebKit/537.36 (KHTML, like Gecko; compatible; GPTBot/1.4; +https://openai.com/gptbot)"
54.37.86.223 - - [05/Sep/2026:12:49:16 +0000] "GET /tollster/vendor/google/apiclient-services/src/Google/Service/Blogger/PostBlog.php HTTP/1.1" 500 - "-" "Mozilla/5.0 (compatible; MJ12bot/v1.4.8; http://mj12bot.com/)"
54.37.86.223 - - [05/Sep/2026:12:49:18 +0000] "GET /tollster/vendor/google/apiclient-services/src/Google/Service/Blogger/PostImages.php HTTP/1.1" 500 - "-" "Mozilla/5.0 (compatible; MJ12bot/v1.4.8; http://mj12bot.com/)"
54.37.86.223 - - [05/Sep/2026:12:49:20 +0000] "GET /tollster/vendor/google/apiclient-services/src/Google/Service/Blogger/PostList.php HTTP/1.1" 500 - "-" "Mozilla/5.0 (compatible; MJ12bot/v1.4.8; http://mj12bot.com/)"
54.37.86.223 - - [05/Sep/2026:12:49:22 +0000] "GET /tollster/vendor/google/apiclient-services/src/Google/Service/Blogger/PostLocation.php HTTP/1.1" 500 - "-" "Mozilla/5.0 (compatible; MJ12bot/v1.4.8; http://mj12bot.com/)"
74.7.227.157 - - [05/Sep/2026:12:49:23 +0000] "GET /tollster/vendor/google/apiclient-services/src/Google/Service/Dfareporting/CreativeField.php HTTP/1.1" 500 - "https://mail.desidrivers.com.au/tollster/vendor/google/apiclient-services/src/Google/Service/Dfareporting/" "Mozilla/5.0 AppleWebKit/537.36 (KHTML, like Gecko; compatible; GPTBot/1.4; +https://openai.com/gptbot)"
54.37.86.223 - - [05/Sep/2026:12:49:24 +0000] "GET /tollster/vendor/google/apiclient-services/src/Google/Service/Blogger/PostPerUserInfo.php HTTP/1.1" 500 - "-" "Mozilla/5.0 (compatible; MJ12bot/v1.4.8; http://mj12bot.com/)"
54.37.86.223 - - [05/Sep/2026:12:49:25 +0000] "GET /tollster/vendor/google/apiclient-services/src/Google/Service/Blogger/PostReplies.php HTTP/1.1" 500 - "-" "Mozilla/5.0 (compatible; MJ12bot/v1.4.8; http://mj12bot.com/)"
54.37.86.223 - - [05/Sep/2026:12:49:27 +0000] "GET /tollster/vendor/google/apiclient-services/src/Google/Service/Blogger/PostUserInfo.php HTTP/1.1" 500 - "-" "Mozilla/5.0 (compatible; MJ12bot/v1.4.8; http://mj12bot.com/)"
54.37.86.223 - - [05/Sep/2026:12:49:29 +0000] "GET /tollster/vendor/google/apiclient-services/src/Google/Service/Blogger/PostUserInfosList.php HTTP/1.1" 500 - "-" "Mozilla/5.0 (compatible; MJ12bot/v1.4.8; http://mj12bot.com/)"
54.37.86.223 - - [05/Sep/2026:12:49:31 +0000] "GET /tollster/vendor/google/apiclient-services/src/Google/Service/Blogger/User.php HTTP/1.1" 500 - "-" "Mozilla/5.0 (compatible; MJ12bot/v1.4.8; http://mj12bot.com/)"
54.37.86.223 - - [05/Sep/2026:12:49:33 +0000] "GET /tollster/vendor/google/apiclient-services/src/Google/Service/Blogger/UserBlogs.php HTTP/1.1" 500 - "-" "Mozilla/5.0 (compatible; MJ12bot/v1.4.8; http://mj12bot.com/)"
74.7.227.38 - - [05/Sep/2026:12:49:34 +0000] "GET /google/google-api-php-client-2.2.1/vendor/google/apiclient-services/src/Google/Service/Compute/SubnetworksExpandIpCidrRangeRequest.php HTTP/1.1" 500 - "https://desidrivers.com.au/google/google-api-php-client-2.2.1/vendor/google/apiclient-services/src/Google/Service/Compute/?C=N;O=D" "Mozilla/5.0 AppleWebKit/537.36 (KHTML, like Gecko; compatible; GPTBot/1.4; +https://openai.com/gptbot)"
74.7.241.54 - - [05/Sep/2026:12:49:34 +0000] "GET /google/google-api-php-client-2.2.1/vendor/google/apiclient-services/src/Google/Service/Sheets/FindReplaceResponse.php HTTP/1.1" 500 - "https://www.desidrivers.com.au/google/google-api-php-client-2.2.1/vendor/google/apiclient-services/src/Google/Service/Sheets/?C=D;O=A" "Mozilla/5.0 AppleWebKit/537.36 (KHTML, like Gecko; compatible; GPTBot/1.4; +https://openai.com/gptbot)"
54.37.86.223 - - [05/Sep/2026:12:49:35 +0000] "GET /tollster/vendor/google/apiclient-services/src/Google/Service/Blogger/UserLocale.php HTTP/1.1" 500 - "-" "Mozilla/5.0 (compatible; MJ12bot/v1.4.8; http://mj12bot.com/)"
54.37.86.223 - - [05/Sep/2026:12:49:37 +0000] "GET /tollster/vendor/google/apiclient-services/src/Google/Service/Books/?C=D;O=A HTTP/1.1" 200 20960 "-" "Mozilla/5.0 (compatible; MJ12bot/v1.4.8; http://mj12bot.com/)"
54.37.86.223 - - [05/Sep/2026:12:49:39 +0000] "GET /tollster/vendor/google/apiclient-services/src/Google/Service/Books/?C=M;O=A HTTP/1.1" 200 20960 "-" "Mozilla/5.0 (compatible; MJ12bot/v1.4.8; http://mj12bot.com/)"
54.37.86.223 - - [05/Sep/2026:12:49:41 +0000] "GET /tollster/vendor/google/apiclient-services/src/Google/Service/Books/?C=N;O=D HTTP/1.1" 200 20960 "-" "Mozilla/5.0 (compatible; MJ12bot/v1.4.8; http://mj12bot.com/)"
54.37.86.223 - - [05/Sep/2026:12:49:42 +0000] "GET /tollster/vendor/google/apiclient-services/src/Google/Service/Books/?C=S;O=A HTTP/1.1" 200 20960 "-" "Mozilla/5.0 (compatible; MJ12bot/v1.4.8; http://mj12bot.com/)"
74.7.227.157 - - [05/Sep/2026:12:49:43 +0000] "GET /tollster/vendor/google/apiclient-services/src/Google/Service/Compute/TargetInstance.php HTTP/1.1" 500 - "https://mail.desidrivers.com.au/tollster/vendor/google/apiclient-services/src/Google/Service/Compute/" "Mozilla/5.0 AppleWebKit/537.36 (KHTML, like Gecko; compatible; GPTBot/1.4; +https://openai.com/gptbot)"
54.37.86.223 - - [05/Sep/2026:12:49:44 +0000] "GET /tollster/vendor/google/apiclient-services/src/Google/Service/Books/Annotation.php HTTP/1.1" 500 - "-" "Mozilla/5.0 (compatible; MJ12bot/v1.4.8; http://mj12bot.com/)"
54.37.86.223 - - [05/Sep/2026:12:49:46 +0000] "GET /tollster/vendor/google/apiclient-services/src/Google/Service/Books/AnnotationClientVersionRanges.php HTTP/1.1" 500 - "-" "Mozilla/5.0 (compatible; MJ12bot/v1.4.8; http://mj12bot.com/)"
54.37.86.223 - - [05/Sep/2026:12:49:48 +0000] "GET /tollster/vendor/google/apiclient-services/src/Google/Service/Books/AnnotationCurrentVersionRanges.php HTTP/1.1" 500 - "-" "Mozilla/5.0 (compatible; MJ12bot/v1.4.8; http://mj12bot.com/)"
54.37.86.223 - - [05/Sep/2026:12:49:50 +0000] "GET /tollster/vendor/google/apiclient-services/src/Google/Service/Books/AnnotationLayerSummary.php HTTP/1.1" 500 - "-" "Mozilla/5.0 (compatible; MJ12bot/v1.4.8; http://mj12bot.com/)"
54.37.86.223 - - [05/Sep/2026:12:49:52 +0000] "GET /tollster/vendor/google/apiclient-services/src/Google/Service/Books/Annotationdata.php HTTP/1.1" 500 - "-" "Mozilla/5.0 (compatible; MJ12bot/v1.4.8; http://mj12bot.com/)"
74.7.227.38 - - [05/Sep/2026:12:49:54 +0000] "GET /google/google-api-php-client-2.2.1/vendor/google/apiclient-services/src/Google/Service/Testing/GoogleCloudStorage.php HTTP/1.1" 500 - "https://desidrivers.com.au/google/google-api-php-client-2.2.1/vendor/google/apiclient-services/src/Google/Service/Testing/?C=S;O=A" "Mozilla/5.0 AppleWebKit/537.36 (KHTML, like Gecko; compatible; GPTBot/1.4; +https://openai.com/gptbot)"
54.37.86.223 - - [05/Sep/2026:12:49:54 +0000] "GET /tollster/vendor/google/apiclient-services/src/Google/Service/Books/Annotations.php HTTP/1.1" 500 - "-" "Mozilla/5.0 (compatible; MJ12bot/v1.4.8; http://mj12bot.com/)"
74.7.241.54 - - [05/Sep/2026:12:49:54 +0000] "GET /google/google-api-php-client-2.2.1/vendor/google/apiclient-services/src/Google/Service/Sheets/DeveloperMetadata.php HTTP/1.1" 500 - "https://www.desidrivers.com.au/google/google-api-php-client-2.2.1/vendor/google/apiclient-services/src/Google/Service/Sheets/?C=D;O=A" "Mozilla/5.0 AppleWebKit/537.36 (KHTML, like Gecko; compatible; GPTBot/1.4; +https://openai.com/gptbot)"
54.37.86.223 - - [05/Sep/2026:12:49:56 +0000] "GET /tollster/vendor/google/apiclient-services/src/Google/Service/Books/AnnotationsSummary.php HTTP/1.1" 500 - "-" "Mozilla/5.0 (compatible; MJ12bot/v1.4.8; http://mj12bot.com/)"
54.37.86.223 - - [05/Sep/2026:12:49:58 +0000] "GET /tollster/vendor/google/apiclient-services/src/Google/Service/Books/AnnotationsSummaryLayers.php HTTP/1.1" 500 - "-" "Mozilla/5.0 (compatible; MJ12bot/v1.4.8; http://mj12bot.com/)"
54.37.86.223 - - [05/Sep/2026:12:49:59 +0000] "GET /tollster/vendor/google/apiclient-services/src/Google/Service/Books/Annotationsdata.php HTTP/1.1" 500 - "-" "Mozilla/5.0 (compatible; MJ12bot/v1.4.8; http://mj12bot.com/)"
54.37.86.223 - - [05/Sep/2026:12:50:01 +0000] "GET /tollster/vendor/google/apiclient-services/src/Google/Service/Books/BooksAnnotationsRange.php HTTP/1.1" 500 - "-" "Mozilla/5.0 (compatible; MJ12bot/v1.4.8; http://mj12bot.com/)"
74.7.227.157 - - [05/Sep/2026:12:50:02 +0000] "GET /tollster/vendor/google/apiclient-services/src/Google/Service/Sheets/CandlestickData.php HTTP/1.1" 500 - "https://mail.desidrivers.com.au/tollster/vendor/google/apiclient-services/src/Google/Service/Sheets/" "Mozilla/5.0 AppleWebKit/537.36 (KHTML, like Gecko; compatible; GPTBot/1.4; +https://openai.com/gptbot)"
54.37.86.223 - - [05/Sep/2026:12:50:03 +0000] "GET /tollster/vendor/google/apiclient-services/src/Google/Service/Books/BooksVolumesRecommendedRateResponse.php HTTP/1.1" 500 - "-" "Mozilla/5.0 (compatible; MJ12bot/v1.4.8; http://mj12bot.com/)"
54.37.86.223 - - [05/Sep/2026:12:50:05 +0000] "GET /tollster/vendor/google/apiclient-services/src/Google/Service/Books/Bookshelf.php HTTP/1.1" 500 - "-" "Mozilla/5.0 (compatible; MJ12bot/v1.4.8; http://mj12bot.com/)"
54.37.86.223 - - [05/Sep/2026:12:50:07 +0000] "GET /tollster/vendor/google/apiclient-services/src/Google/Service/Books/Bookshelves.php HTTP/1.1" 500 - "-" "Mozilla/5.0 (compatible; MJ12bot/v1.4.8; http://mj12bot.com/)"
54.37.86.223 - - [05/Sep/2026:12:50:09 +0000] "GET /tollster/vendor/google/apiclient-services/src/Google/Service/Books/Category.php HTTP/1.1" 500 - "-" "Mozilla/5.0 (compatible; MJ12bot/v1.4.8; http://mj12bot.com/)"
54.37.86.223 - - [05/Sep/2026:12:50:11 +0000] "GET /tollster/vendor/google/apiclient-services/src/Google/Service/Books/CategoryItems.php HTTP/1.1" 500 - "-" "Mozilla/5.0 (compatible; MJ12bot/v1.4.8; http://mj12bot.com/)"
54.37.86.223 - - [05/Sep/2026:12:50:13 +0000] "GET /tollster/vendor/google/apiclient-services/src/Google/Service/Books/ConcurrentAccessRestriction.php HTTP/1.1" 500 - "-" "Mozilla/5.0 (compatible; MJ12bot/v1.4.8; http://mj12bot.com/)"
74.7.227.38 - - [05/Sep/2026:12:50:14 +0000] "GET /google/google-api-php-client-2.2.1/vendor/google/apiclient-services/src/Google/Service/Spanner/ListOperationsResponse.php HTTP/1.1" 500 - "https://desidrivers.com.au/google/google-api-php-client-2.2.1/vendor/google/apiclient-services/src/Google/Service/Spanner/?C=N;O=D" "Mozilla/5.0 AppleWebKit/537.36 (KHTML, like Gecko; compatible; GPTBot/1.4; +https://openai.com/gptbot)"
74.7.241.54 - - [05/Sep/2026:12:50:14 +0000] "GET /google/google-api-php-client-2.2.1/vendor/google/apiclient-services/src/Google/Service/Slides/CreateSlideResponse.php HTTP/1.1" 500 - "https://www.desidrivers.com.au/google/google-api-php-client-2.2.1/vendor/google/apiclient-services/src/Google/Service/Slides/?C=N;O=D" "Mozilla/5.0 AppleWebKit/537.36 (KHTML, like Gecko; compatible; GPTBot/1.4; +https://openai.com/gptbot)"
54.37.86.223 - - [05/Sep/2026:12:50:15 +0000] "GET /tollster/vendor/google/apiclient-services/src/Google/Service/Books/Dictlayerdata.php HTTP/1.1" 500 - "-" "Mozilla/5.0 (compatible; MJ12bot/v1.4.8; http://mj12bot.com/)"
54.37.86.223 - - [05/Sep/2026:12:50:17 +0000] "GET /tollster/vendor/google/apiclient-services/src/Google/Service/Books/DictlayerdataDict.php HTTP/1.1" 500 - "-" "Mozilla/5.0 (compatible; MJ12bot/v1.4.8; http://mj12bot.com/)"
54.37.86.223 - - [05/Sep/2026:12:50:19 +0000] "GET /tollster/vendor/google/apiclient-services/src/Google/Service/Books/DictlayerdataDictSource.php HTTP/1.1" 500 - "-" "Mozilla/5.0 (compatible; MJ12bot/v1.4.8; http://mj12bot.com/)"
54.37.86.223 - - [05/Sep/2026:12:50:21 +0000] "GET /tollster/vendor/google/apiclient-services/src/Google/Service/Books/DictlayerdataDictWords.php HTTP/1.1" 500 - "-" "Mozilla/5.0 (compatible; MJ12bot/v1.4.8; http://mj12bot.com/)"
74.7.227.157 - - [05/Sep/2026:12:50:23 +0000] "GET /tollster/vendor/google/apiclient-services/src/Google/Service/ShoppingContent/Price.php HTTP/1.1" 500 - "https://mail.desidrivers.com.au/tollster/vendor/google/apiclient-services/src/Google/Service/ShoppingContent/" "Mozilla/5.0 AppleWebKit/537.36 (KHTML, like Gecko; compatible; GPTBot/1.4; +https://openai.com/gptbot)"
54.37.86.223 - - [05/Sep/2026:12:50:23 +0000] "GET /tollster/vendor/google/apiclient-services/src/Google/Service/Books/DictlayerdataDictWordsDerivatives.php HTTP/1.1" 500 - "-" "Mozilla/5.0 (compatible; MJ12bot/v1.4.8; http://mj12bot.com/)"
54.37.86.223 - - [05/Sep/2026:12:50:25 +0000] "GET /tollster/vendor/google/apiclient-services/src/Google/Service/Books/DictlayerdataDictWordsDerivativesSource.php HTTP/1.1" 500 - "-" "Mozilla/5.0 (compatible; MJ12bot/v1.4.8; http://mj12bot.com/)"
54.37.86.223 - - [05/Sep/2026:12:50:27 +0000] "GET /tollster/vendor/google/apiclient-services/src/Google/Service/Books/DictlayerdataDictWordsExamples.php HTTP/1.1" 500 - "-" "Mozilla/5.0 (compatible; MJ12bot/v1.4.8; http://mj12bot.com/)"
54.37.86.223 - - [05/Sep/2026:12:50:29 +0000] "GET /tollster/vendor/google/apiclient-services/src/Google/Service/Books/DictlayerdataDictWordsExamplesSource.php HTTP/1.1" 500 - "-" "Mozilla/5.0 (compatible; MJ12bot/v1.4.8; http://mj12bot.com/)"
54.37.86.223 - - [05/Sep/2026:12:50:31 +0000] "GET /tollster/vendor/google/apiclient-services/src/Google/Service/Books/DictlayerdataDictWordsSenses.php HTTP/1.1" 500 - "-" "Mozilla/5.0 (compatible; MJ12bot/v1.4.8; http://mj12bot.com/)"
54.37.86.223 - - [05/Sep/2026:12:50:33 +0000] "GET /tollster/vendor/google/apiclient-services/src/Google/Service/Books/DictlayerdataDictWordsSensesConjugations.php HTTP/1.1" 500 - "-" "Mozilla/5.0 (compatible; MJ12bot/v1.4.8; http://mj12bot.com/)"
74.7.227.38 - - [05/Sep/2026:12:50:34 +0000] "GET /google/google-api-php-client-2.2.1/vendor/google/apiclient-services/src/Google/Service/Testing/ToolResultsStep.php HTTP/1.1" 500 - "https://desidrivers.com.au/google/google-api-php-client-2.2.1/vendor/google/apiclient-services/src/Google/Service/Testing/?C=S;O=A" "Mozilla/5.0 AppleWebKit/537.36 (KHTML, like Gecko; compatible; GPTBot/1.4; +https://openai.com/gptbot)"
74.7.241.54 - - [05/Sep/2026:12:50:34 +0000] "GET /google/google-api-php-client-2.2.1/vendor/google/apiclient-services/src/Google/Service/Slides/MasterProperties.php HTTP/1.1" 500 - "https://www.desidrivers.com.au/google/google-api-php-client-2.2.1/vendor/google/apiclient-services/src/Google/Service/Slides/?C=N;O=D" "Mozilla/5.0 AppleWebKit/537.36 (KHTML, like Gecko; compatible; GPTBot/1.4; +https://openai.com/gptbot)"
54.37.86.223 - - [05/Sep/2026:12:50:35 +0000] "GET /tollster/vendor/google/apiclient-services/src/Google/Service/Books/DictlayerdataDictWordsSensesDefinitions.php HTTP/1.1" 500 - "-" "Mozilla/5.0 (compatible; MJ12bot/v1.4.8; http://mj12bot.com/)"
54.37.86.223 - - [05/Sep/2026:12:50:37 +0000] "GET /tollster/vendor/google/apiclient-services/src/Google/Service/Books/DictlayerdataDictWordsSensesDefinitionsExamples.php HTTP/1.1" 500 - "-" "Mozilla/5.0 (compatible; MJ12bot/v1.4.8; http://mj12bot.com/)"
54.37.86.223 - - [05/Sep/2026:12:50:39 +0000] "GET /tollster/vendor/google/apiclient-services/src/Google/Service/Books/DictlayerdataDictWordsSensesDefinitionsExamplesSource.php HTTP/1.1" 500 - "-" "Mozilla/5.0 (compatible; MJ12bot/v1.4.8; http://mj12bot.com/)"
54.37.86.223 - - [05/Sep/2026:12:50:41 +0000] "GET /tollster/vendor/google/apiclient-services/src/Google/Service/Books/DictlayerdataDictWordsSensesSource.php HTTP/1.1" 500 - "-" "Mozilla/5.0 (compatible; MJ12bot/v1.4.8; http://mj12bot.com/)"
74.7.227.157 - - [05/Sep/2026:12:50:42 +0000] "GET /tollster/vendor/google/apiclient-services/src/Google/Service/CloudTrace/TimeEvents.php HTTP/1.1" 500 - "https://mail.desidrivers.com.au/tollster/vendor/google/apiclient-services/src/Google/Service/CloudTrace/" "Mozilla/5.0 AppleWebKit/537.36 (KHTML, like Gecko; compatible; GPTBot/1.4; +https://openai.com/gptbot)"
54.37.86.223 - - [05/Sep/2026:12:50:43 +0000] "GET /tollster/vendor/google/apiclient-services/src/Google/Service/Books/DictlayerdataDictWordsSensesSynonyms.php HTTP/1.1" 500 - "-" "Mozilla/5.0 (compatible; MJ12bot/v1.4.8; http://mj12bot.com/)"
195.178.110.22 - - [05/Sep/2026:12:50:44 +0000] "GET /backup.zip HTTP/1.1" 404 5750 "-" "-"
195.178.110.22 - - [05/Sep/2026:12:50:44 +0000] "GET /backup.zip HTTP/1.1" 404 5750 "-" "-"
195.178.110.22 - - [05/Sep/2026:12:50:44 +0000] "GET /backup.tar.gz HTTP/1.1" 404 5750 "-" "-"
54.37.86.223 - - [05/Sep/2026:12:50:44 +0000] "GET /tollster/vendor/google/apiclient-services/src/Google/Service/Books/DictlayerdataDictWordsSensesSynonymsSource.php HTTP/1.1" 500 - "-" "Mozilla/5.0 (compatible; MJ12bot/v1.4.8; http://mj12bot.com/)"
195.178.110.22 - - [05/Sep/2026:12:50:45 +0000] "GET /backup.tgz HTTP/1.1" 404 5750 "-" "-"
195.178.110.22 - - [05/Sep/2026:12:50:45 +0000] "GET /backup.rar HTTP/1.1" 404 5750 "-" "-"
195.178.110.22 - - [05/Sep/2026:12:50:45 +0000] "GET /backup.7z HTTP/1.1" 404 5750 "-" "-"
195.178.110.22 - - [05/Sep/2026:12:50:45 +0000] "GET /backups.zip HTTP/1.1" 404 5750 "-" "-"
195.178.110.22 - - [05/Sep/2026:12:50:45 +0000] "GET /www.zip HTTP/1.1" 404 5750 "-" "-"
195.178.110.22 - - [05/Sep/2026:12:50:45 +0000] "GET /www.tar.gz HTTP/1.1" 404 5750 "-" "-"
195.178.110.22 - - [05/Sep/2026:12:50:45 +0000] "GET /wwwroot.zip HTTP/1.1" 404 5750 "-" "-"
195.178.110.22 - - [05/Sep/2026:12:50:45 +0000] "GET /wwwroot.tar.gz HTTP/1.1" 404 5750 "-" "-"
195.178.110.22 - - [05/Sep/2026:12:50:45 +0000] "GET /htdocs.zip HTTP/1.1" 404 5750 "-" "-"
195.178.110.22 - - [05/Sep/2026:12:50:46 +0000] "GET /htdocs.tar.gz HTTP/1.1" 404 5750 "-" "-"
195.178.110.22 - - [05/Sep/2026:12:50:46 +0000] "GET /public_html.zip HTTP/1.1" 404 5750 "-" "-"
195.178.110.22 - - [05/Sep/2026:12:50:46 +0000] "GET /public_html.tar.gz HTTP/1.1" 404 5750 "-" "-"
195.178.110.22 - - [05/Sep/2026:12:50:46 +0000] "GET /web.zip HTTP/1.1" 404 5750 "-" "-"
195.178.110.22 - - [05/Sep/2026:12:50:46 +0000] "GET /website.zip HTTP/1.1" 404 5750 "-" "-"
195.178.110.22 - - [05/Sep/2026:12:50:46 +0000] "GET /site.zip HTTP/1.1" 404 5750 "-" "-"
195.178.110.22 - - [05/Sep/2026:12:50:46 +0000] "GET /html.zip HTTP/1.1" 404 5750 "-" "-"
195.178.110.22 - - [05/Sep/2026:12:50:46 +0000] "GET /app.zip HTTP/1.1" 404 5750 "-" "-"
195.178.110.22 - - [05/Sep/2026:12:50:46 +0000] "GET /old.zip HTTP/1.1" 404 5750 "-" "-"
54.37.86.223 - - [05/Sep/2026:12:50:46 +0000] "GET /tollster/vendor/google/apiclient-services/src/Google/Service/Books/DictlayerdataDictWordsSource.php HTTP/1.1" 500 - "-" "Mozilla/5.0 (compatible; MJ12bot/v1.4.8; http://mj12bot.com/)"
195.178.110.22 - - [05/Sep/2026:12:50:46 +0000] "GET /bak.zip HTTP/1.1" 404 5750 "-" "-"
195.178.110.22 - - [05/Sep/2026:12:50:47 +0000] "GET /data.zip HTTP/1.1" 404 5750 "-" "-"
195.178.110.22 - - [05/Sep/2026:12:50:47 +0000] "GET /backup.sql HTTP/1.1" 404 5750 "-" "-"
195.178.110.22 - - [05/Sep/2026:12:50:47 +0000] "GET /db.sql HTTP/1.1" 404 5750 "-" "-"
195.178.110.22 - - [05/Sep/2026:12:50:47 +0000] "GET /database.sql HTTP/1.1" 404 5750 "-" "-"
195.178.110.22 - - [05/Sep/2026:12:50:47 +0000] "GET /dump.sql HTTP/1.1" 404 5750 "-" "-"
195.178.110.22 - - [05/Sep/2026:12:50:47 +0000] "GET /db_backup.sql HTTP/1.1" 404 5750 "-" "-"
195.178.110.22 - - [05/Sep/2026:12:50:47 +0000] "GET /dbdump.sql HTTP/1.1" 404 5750 "-" "-"
195.178.110.22 - - [05/Sep/2026:12:50:47 +0000] "GET /mysql.sql HTTP/1.1" 404 5750 "-" "-"
195.178.110.22 - - [05/Sep/2026:12:50:47 +0000] "GET /mysqldump.sql HTTP/1.1" 404 5750 "-" "-"
195.178.110.22 - - [05/Sep/2026:12:50:48 +0000] "GET /data.sql HTTP/1.1" 404 5750 "-" "-"
195.178.110.22 - - [05/Sep/2026:12:50:48 +0000] "GET /users.sql HTTP/1.1" 404 5750 "-" "-"
195.178.110.22 - - [05/Sep/2026:12:50:48 +0000] "GET /www.sql HTTP/1.1" 404 5750 "-" "-"
195.178.110.22 - - [05/Sep/2026:12:50:48 +0000] "GET /site.sql HTTP/1.1" 404 5750 "-" "-"
195.178.110.22 - - [05/Sep/2026:12:50:48 +0000] "GET /sql.sql HTTP/1.1" 404 5750 "-" "-"
195.178.110.22 - - [05/Sep/2026:12:50:48 +0000] "GET /1.sql HTTP/1.1" 404 5750 "-" "-"
195.178.110.22 - - [05/Sep/2026:12:50:48 +0000] "GET /localhost.sql HTTP/1.1" 404 5750 "-" "-"
195.178.110.22 - - [05/Sep/2026:12:50:48 +0000] "GET /backup.sql.gz HTTP/1.1" 404 5750 "-" "-"
195.178.110.22 - - [05/Sep/2026:12:50:48 +0000] "GET /db.sql.gz HTTP/1.1" 404 5750 "-" "-"
195.178.110.22 - - [05/Sep/2026:12:50:48 +0000] "GET /dump.sql.gz HTTP/1.1" 404 5750 "-" "-"
195.178.110.22 - - [05/Sep/2026:12:50:49 +0000] "GET /database.sql.gz HTTP/1.1" 404 5750 "-" "-"
195.178.110.22 - - [05/Sep/2026:12:50:49 +0000] "GET /db_backup.sql.gz HTTP/1.1" 404 5750 "-" "-"
195.178.110.22 - - [05/Sep/2026:12:50:49 +0000] "GET /mysql.sql.gz HTTP/1.1" 404 5750 "-" "-"
195.178.110.22 - - [05/Sep/2026:12:50:49 +0000] "GET /database.sqlite HTTP/1.1" 404 5750 "-" "-"
195.178.110.22 - - [05/Sep/2026:12:50:49 +0000] "GET /db.sqlite HTTP/1.1" 404 5750 "-" "-"
54.37.86.223 - - [05/Sep/2026:12:50:49 +0000] "GET /tollster/vendor/google/apiclient-services/src/Google/Service/Books/Discoveryclusters.php HTTP/1.1" 500 - "-" "Mozilla/5.0 (compatible; MJ12bot/v1.4.8; http://mj12bot.com/)"
195.178.110.22 - - [05/Sep/2026:12:50:49 +0000] "GET /backup.bak HTTP/1.1" 404 5750 "-" "-"
195.178.110.22 - - [05/Sep/2026:12:50:49 +0000] "GET /db.bak HTTP/1.1" 404 5750 "-" "-"
195.178.110.22 - - [05/Sep/2026:12:50:49 +0000] "GET /database.bak HTTP/1.1" 404 5750 "-" "-"
195.178.110.22 - - [05/Sep/2026:12:50:49 +0000] "GET /data.bak HTTP/1.1" 404 5750 "-" "-"
195.178.110.22 - - [05/Sep/2026:12:50:50 +0000] "GET /wp-content/uploads/dump.sql HTTP/1.1" 404 5750 "-" "-"
195.178.110.22 - - [05/Sep/2026:12:50:50 +0000] "GET /wp-content/uploads/backup.sql HTTP/1.1" 404 5750 "-" "-"
195.178.110.22 - - [05/Sep/2026:12:50:50 +0000] "GET /wp-content/uploads/database.sql HTTP/1.1" 404 5750 "-" "-"
195.178.110.22 - - [05/Sep/2026:12:50:50 +0000] "GET /wp-content/database.sql HTTP/1.1" 404 5750 "-" "-"
195.178.110.22 - - [05/Sep/2026:12:50:50 +0000] "GET /wp-content/mysql.sql HTTP/1.1" 404 5750 "-" "-"
195.178.110.22 - - [05/Sep/2026:12:50:50 +0000] "GET /backups/database.sql HTTP/1.1" 404 5750 "-" "-"
195.178.110.22 - - [05/Sep/2026:12:50:50 +0000] "GET /webmail.desidrivers.com.au.zip HTTP/1.1" 404 5750 "-" "-"
195.178.110.22 - - [05/Sep/2026:12:50:50 +0000] "GET /webmail.desidrivers.com.au.sql HTTP/1.1" 404 5750 "-" "-"
195.178.110.22 - - [05/Sep/2026:12:50:50 +0000] "GET /webmail.desidrivers.com.au_db.sql HTTP/1.1" 404 5750 "-" "-"
195.178.110.22 - - [05/Sep/2026:12:50:50 +0000] "GET /webmail.zip HTTP/1.1" 404 5750 "-" "-"
195.178.110.22 - - [05/Sep/2026:12:50:51 +0000] "GET /webmail.tar.gz HTTP/1.1" 404 5750 "-" "-"
195.178.110.22 - - [05/Sep/2026:12:50:51 +0000] "GET /webmail.sql HTTP/1.1" 404 5750 "-" "-"
195.178.110.22 - - [05/Sep/2026:12:50:51 +0000] "GET /2026.zip HTTP/1.1" 404 5750 "-" "-"
54.37.86.223 - - [05/Sep/2026:12:50:51 +0000] "GET /tollster/vendor/google/apiclient-services/src/Google/Service/Books/DiscoveryclustersClusters.php HTTP/1.1" 500 - "-" "Mozilla/5.0 (compatible; MJ12bot/v1.4.8; http://mj12bot.com/)"
54.37.86.223 - - [05/Sep/2026:12:50:53 +0000] "GET /tollster/vendor/google/apiclient-services/src/Google/Service/Books/DiscoveryclustersClustersBannerWithContentContainer.php HTTP/1.1" 500 - "-" "Mozilla/5.0 (compatible; MJ12bot/v1.4.8; http://mj12bot.com/)"
74.7.227.38 - - [05/Sep/2026:12:50:54 +0000] "GET /google/google-api-php-client-2.2.1/vendor/google/apiclient-services/src/Google/Service/Spanner/TransactionOptions.php HTTP/1.1" 500 - "https://desidrivers.com.au/google/google-api-php-client-2.2.1/vendor/google/apiclient-services/src/Google/Service/Spanner/?C=N;O=D" "Mozilla/5.0 AppleWebKit/537.36 (KHTML, like Gecko; compatible; GPTBot/1.4; +https://openai.com/gptbot)"
74.7.241.54 - - [05/Sep/2026:12:50:54 +0000] "GET /google/google-api-php-client-2.2.1/vendor/google/apiclient-services/src/Google/Service/Sheets/DimensionProperties.php HTTP/1.1" 500 - "https://www.desidrivers.com.au/google/google-api-php-client-2.2.1/vendor/google/apiclient-services/src/Google/Service/Sheets/?C=D;O=A" "Mozilla/5.0 AppleWebKit/537.36 (KHTML, like Gecko; compatible; GPTBot/1.4; +https://openai.com/gptbot)"
54.37.86.223 - - [05/Sep/2026:12:50:55 +0000] "GET /tollster/vendor/google/apiclient-services/src/Google/Service/Books/DownloadAccessRestriction.php HTTP/1.1" 500 - "-" "Mozilla/5.0 (compatible; MJ12bot/v1.4.8; http://mj12bot.com/)"
54.37.86.223 - - [05/Sep/2026:12:50:57 +0000] "GET /tollster/vendor/google/apiclient-services/src/Google/Service/Books/DownloadAccesses.php HTTP/1.1" 500 - "-" "Mozilla/5.0 (compatible; MJ12bot/v1.4.8; http://mj12bot.com/)"
54.37.86.223 - - [05/Sep/2026:12:50:59 +0000] "GET /tollster/vendor/google/apiclient-services/src/Google/Service/Books/Geolayerdata.php HTTP/1.1" 500 - "-" "Mozilla/5.0 (compatible; MJ12bot/v1.4.8; http://mj12bot.com/)"
54.37.86.223 - - [05/Sep/2026:12:51:01 +0000] "GET /tollster/vendor/google/apiclient-services/src/Google/Service/Books/GeolayerdataCommon.php HTTP/1.1" 500 - "-" "Mozilla/5.0 (compatible; MJ12bot/v1.4.8; http://mj12bot.com/)"
74.7.227.157 - - [05/Sep/2026:12:51:02 +0000] "GET /tollster/vendor/google/apiclient-services/src/Google/Service/Mirror/Subscription.php HTTP/1.1" 500 - "https://mail.desidrivers.com.au/tollster/vendor/google/apiclient-services/src/Google/Service/Mirror/" "Mozilla/5.0 AppleWebKit/537.36 (KHTML, like Gecko; compatible; GPTBot/1.4; +https://openai.com/gptbot)"
54.37.86.223 - - [05/Sep/2026:12:51:03 +0000] "GET /tollster/vendor/google/apiclient-services/src/Google/Service/Books/GeolayerdataGeo.php HTTP/1.1" 500 - "-" "Mozilla/5.0 (compatible; MJ12bot/v1.4.8; http://mj12bot.com/)"
54.37.86.223 - - [05/Sep/2026:12:51:05 +0000] "GET /tollster/vendor/google/apiclient-services/src/Google/Service/Books/GeolayerdataGeoBoundary.php HTTP/1.1" 500 - "-" "Mozilla/5.0 (compatible; MJ12bot/v1.4.8; http://mj12bot.com/)"
54.37.86.223 - - [05/Sep/2026:12:51:07 +0000] "GET /tollster/vendor/google/apiclient-services/src/Google/Service/Books/GeolayerdataGeoViewport.php HTTP/1.1" 500 - "-" "Mozilla/5.0 (compatible; MJ12bot/v1.4.8; http://mj12bot.com/)"
54.37.86.223 - - [05/Sep/2026:12:51:09 +0000] "GET /tollster/vendor/google/apiclient-services/src/Google/Service/Books/GeolayerdataGeoViewportHi.php HTTP/1.1" 500 - "-" "Mozilla/5.0 (compatible; MJ12bot/v1.4.8; http://mj12bot.com/)"
54.37.86.223 - - [05/Sep/2026:12:51:11 +0000] "GET /tollster/vendor/google/apiclient-services/src/Google/Service/Books/GeolayerdataGeoViewportLo.php HTTP/1.1" 500 - "-" "Mozilla/5.0 (compatible; MJ12bot/v1.4.8; http://mj12bot.com/)"
54.37.86.223 - - [05/Sep/2026:12:51:13 +0000] "GET /tollster/vendor/google/apiclient-services/src/Google/Service/Books/Layersummaries.php HTTP/1.1" 500 - "-" "Mozilla/5.0 (compatible; MJ12bot/v1.4.8; http://mj12bot.com/)"
74.7.227.38 - - [05/Sep/2026:12:51:14 +0000] "GET /google/google-api-php-client-2.2.1/vendor/google/apiclient-services/src/Google/Service/Compute/InterconnectLocationListWarning.php HTTP/1.1" 500 - "https://desidrivers.com.au/google/google-api-php-client-2.2.1/vendor/google/apiclient-services/src/Google/Service/Compute/?C=N;O=D" "Mozilla/5.0 AppleWebKit/537.36 (KHTML, like Gecko; compatible; GPTBot/1.4; +https://openai.com/gptbot)"
74.7.241.54 - - [05/Sep/2026:12:51:14 +0000] "GET /google/google-api-php-client-2.2.1/vendor/google/apiclient-services/src/Google/Service/Sheets/DeleteSheetRequest.php HTTP/1.1" 500 - "https://www.desidrivers.com.au/google/google-api-php-client-2.2.1/vendor/google/apiclient-services/src/Google/Service/Sheets/?C=D;O=A" "Mozilla/5.0 AppleWebKit/537.36 (KHTML, like Gecko; compatible; GPTBot/1.4; +https://openai.com/gptbot)"
54.37.86.223 - - [05/Sep/2026:12:51:15 +0000] "GET /tollster/vendor/google/apiclient-services/src/Google/Service/Books/Layersummary.php HTTP/1.1" 500 - "-" "Mozilla/5.0 (compatible; MJ12bot/v1.4.8; http://mj12bot.com/)"
54.37.86.223 - - [05/Sep/2026:12:51:17 +0000] "GET /tollster/vendor/google/apiclient-services/src/Google/Service/Books/Metadata.php HTTP/1.1" 500 - "-" "Mozilla/5.0 (compatible; MJ12bot/v1.4.8; http://mj12bot.com/)"
54.37.86.223 - - [05/Sep/2026:12:51:19 +0000] "GET /tollster/vendor/google/apiclient-services/src/Google/Service/Books/MetadataItems.php HTTP/1.1" 500 - "-" "Mozilla/5.0 (compatible; MJ12bot/v1.4.8; http://mj12bot.com/)"
54.37.86.223 - - [05/Sep/2026:12:51:21 +0000] "GET /tollster/vendor/google/apiclient-services/src/Google/Service/Books/Notification.php HTTP/1.1" 500 - "-" "Mozilla/5.0 (compatible; MJ12bot/v1.4.8; http://mj12bot.com/)"
74.7.227.157 - - [05/Sep/2026:12:51:22 +0000] "GET /tollster/vendor/google/apiclient-services/src/Google/Service/Spanner/RollbackRequest.php HTTP/1.1" 500 - "https://mail.desidrivers.com.au/tollster/vendor/google/apiclient-services/src/Google/Service/Spanner/" "Mozilla/5.0 AppleWebKit/537.36 (KHTML, like Gecko; compatible; GPTBot/1.4; +https://openai.com/gptbot)"
54.37.86.223 - - [05/Sep/2026:12:51:23 +0000] "GET /tollster/vendor/google/apiclient-services/src/Google/Service/Books/Offers.php HTTP/1.1" 500 - "-" "Mozilla/5.0 (compatible; MJ12bot/v1.4.8; http://mj12bot.com/)"
54.37.86.223 - - [05/Sep/2026:12:51:25 +0000] "GET /tollster/vendor/google/apiclient-services/src/Google/Service/Books/OffersItems.php HTTP/1.1" 500 - "-" "Mozilla/5.0 (compatible; MJ12bot/v1.4.8; http://mj12bot.com/)"
54.37.86.223 - - [05/Sep/2026:12:51:27 +0000] "GET /tollster/vendor/google/apiclient-services/src/Google/Service/Books/OffersItemsItems.php HTTP/1.1" 500 - "-" "Mozilla/5.0 (compatible; MJ12bot/v1.4.8; http://mj12bot.com/)"
54.37.86.223 - - [05/Sep/2026:12:51:29 +0000] "GET /tollster/vendor/google/apiclient-services/src/Google/Service/Books/ReadingPosition.php HTTP/1.1" 500 - "-" "Mozilla/5.0 (compatible; MJ12bot/v1.4.8; http://mj12bot.com/)"
54.37.86.223 - - [05/Sep/2026:12:51:31 +0000] "GET /tollster/vendor/google/apiclient-services/src/Google/Service/Books/RequestAccess.php HTTP/1.1" 500 - "-" "Mozilla/5.0 (compatible; MJ12bot/v1.4.8; http://mj12bot.com/)"
54.37.86.223 - - [05/Sep/2026:12:51:32 +0000] "GET /tollster/vendor/google/apiclient-services/src/Google/Service/Books/Review.php HTTP/1.1" 500 - "-" "Mozilla/5.0 (compatible; MJ12bot/v1.4.8; http://mj12bot.com/)"
74.7.227.38 - - [05/Sep/2026:12:51:34 +0000] "GET /google/google-api-php-client-2.2.1/vendor/google/apiclient-services/src/Google/Service/Compute/InterconnectLocationRegionInfo.php HTTP/1.1" 500 - "https://desidrivers.com.au/google/google-api-php-client-2.2.1/vendor/google/apiclient-services/src/Google/Service/Compute/?C=N;O=D" "Mozilla/5.0 AppleWebKit/537.36 (KHTML, like Gecko; compatible; GPTBot/1.4; +https://openai.com/gptbot)"
74.7.241.54 - - [05/Sep/2026:12:51:34 +0000] "GET /google/google-api-php-client-2.2.1/vendor/google/apiclient-services/src/Google/Service/Slides/CreateLineResponse.php HTTP/1.1" 500 - "https://www.desidrivers.com.au/google/google-api-php-client-2.2.1/vendor/google/apiclient-services/src/Google/Service/Slides/?C=N;O=D" "Mozilla/5.0 AppleWebKit/537.36 (KHTML, like Gecko; compatible; GPTBot/1.4; +https://openai.com/gptbot)"
54.37.86.223 - - [05/Sep/2026:12:51:34 +0000] "GET /tollster/vendor/google/apiclient-services/src/Google/Service/Books/ReviewAuthor.php HTTP/1.1" 500 - "-" "Mozilla/5.0 (compatible; MJ12bot/v1.4.8; http://mj12bot.com/)"
54.37.86.223 - - [05/Sep/2026:12:51:36 +0000] "GET /tollster/vendor/google/apiclient-services/src/Google/Service/Books/ReviewSource.php HTTP/1.1" 500 - "-" "Mozilla/5.0 (compatible; MJ12bot/v1.4.8; http://mj12bot.com/)"
54.37.86.223 - - [05/Sep/2026:12:51:38 +0000] "GET /tollster/vendor/google/apiclient-services/src/Google/Service/Books/Series.php HTTP/1.1" 500 - "-" "Mozilla/5.0 (compatible; MJ12bot/v1.4.8; http://mj12bot.com/)"
54.37.86.223 - - [05/Sep/2026:12:51:40 +0000] "GET /tollster/vendor/google/apiclient-services/src/Google/Service/Books/SeriesSeries.php HTTP/1.1" 500 - "-" "Mozilla/5.0 (compatible; MJ12bot/v1.4.8; http://mj12bot.com/)"
54.37.86.223 - - [05/Sep/2026:12:51:42 +0000] "GET /tollster/vendor/google/apiclient-services/src/Google/Service/Books/Seriesmembership.php HTTP/1.1" 500 - "-" "Mozilla/5.0 (compatible; MJ12bot/v1.4.8; http://mj12bot.com/)"
74.7.227.157 - - [05/Sep/2026:12:51:43 +0000] "GET /tollster/vendor/google/apiclient-services/src/Google/Service/Genomics/Experiment.php HTTP/1.1" 500 - "https://mail.desidrivers.com.au/tollster/vendor/google/apiclient-services/src/Google/Service/Genomics/" "Mozilla/5.0 AppleWebKit/537.36 (KHTML, like Gecko; compatible; GPTBot/1.4; +https://openai.com/gptbot)"
54.37.86.223 - - [05/Sep/2026:12:51:44 +0000] "GET /tollster/vendor/google/apiclient-services/src/Google/Service/Books/Usersettings.php HTTP/1.1" 500 - "-" "Mozilla/5.0 (compatible; MJ12bot/v1.4.8; http://mj12bot.com/)"
54.37.86.223 - - [05/Sep/2026:12:51:46 +0000] "GET /tollster/vendor/google/apiclient-services/src/Google/Service/Books/UsersettingsNotesExport.php HTTP/1.1" 500 - "-" "Mozilla/5.0 (compatible; MJ12bot/v1.4.8; http://mj12bot.com/)"
54.37.86.223 - - [05/Sep/2026:12:51:48 +0000] "GET /tollster/vendor/google/apiclient-services/src/Google/Service/Books/UsersettingsNotification.php HTTP/1.1" 500 - "-" "Mozilla/5.0 (compatible; MJ12bot/v1.4.8; http://mj12bot.com/)"
54.37.86.223 - - [05/Sep/2026:12:51:50 +0000] "GET /tollster/vendor/google/apiclient-services/src/Google/Service/Books/UsersettingsNotificationMoreFromAuthors.php HTTP/1.1" 500 - "-" "Mozilla/5.0 (compatible; MJ12bot/v1.4.8; http://mj12bot.com/)"
54.37.86.223 - - [05/Sep/2026:12:51:52 +0000] "GET /tollster/vendor/google/apiclient-services/src/Google/Service/Books/UsersettingsNotificationMoreFromSeries.php HTTP/1.1" 500 - "-" "Mozilla/5.0 (compatible; MJ12bot/v1.4.8; http://mj12bot.com/)"
74.7.227.38 - - [05/Sep/2026:12:51:54 +0000] "GET /google/google-api-php-client-2.2.1/vendor/google/apiclient-services/src/Google/Service/Compute/TargetPoolAggregatedListWarning.php HTTP/1.1" 500 - "https://desidrivers.com.au/google/google-api-php-client-2.2.1/vendor/google/apiclient-services/src/Google/Service/Compute/?C=N;O=D" "Mozilla/5.0 AppleWebKit/537.36 (KHTML, like Gecko; compatible; GPTBot/1.4; +https://openai.com/gptbot)"
54.37.86.223 - - [05/Sep/2026:12:51:54 +0000] "GET /tollster/vendor/google/apiclient-services/src/Google/Service/Books/UsersettingsNotificationRewardExpirations.php HTTP/1.1" 500 - "-" "Mozilla/5.0 (compatible; MJ12bot/v1.4.8; http://mj12bot.com/)"
74.7.241.54 - - [05/Sep/2026:12:51:54 +0000] "GET /google/google-api-php-client-2.2.1/vendor/google/apiclient-services/src/Google/Service/Sheets/DeleteDeveloperMetadataResponse.php HTTP/1.1" 500 - "https://www.desidrivers.com.au/google/google-api-php-client-2.2.1/vendor/google/apiclient-services/src/Google/Service/Sheets/?C=D;O=A" "Mozilla/5.0 AppleWebKit/537.36 (KHTML, like Gecko; compatible; GPTBot/1.4; +https://openai.com/gptbot)"
216.73.216.128 - - [05/Sep/2026:12:51:55 +0000] "GET /tollster/vendor/google/apiclient-services/src/Google/Service/ServiceManagement.php HTTP/1.1" 500 - "-" "Mozilla/5.0 AppleWebKit/537.36 (KHTML, like Gecko; compatible; ClaudeBot/1.0; +claudebot@anthropic.com)"
54.37.86.223 - - [05/Sep/2026:12:51:56 +0000] "GET /tollster/vendor/google/apiclient-services/src/Google/Service/Books/Volume.php HTTP/1.1" 500 - "-" "Mozilla/5.0 (compatible; MJ12bot/v1.4.8; http://mj12bot.com/)"
54.37.86.223 - - [05/Sep/2026:12:51:58 +0000] "GET /tollster/vendor/google/apiclient-services/src/Google/Service/Books/Volume2.php HTTP/1.1" 500 - "-" "Mozilla/5.0 (compatible; MJ12bot/v1.4.8; http://mj12bot.com/)"
216.73.216.128 - - [05/Sep/2026:12:52:00 +0000] "GET /tollster/vendor/google/apiclient-services/src/Google/Service/Slides/UpdateVideoPropertiesRequest.php HTTP/1.1" 500 - "-" "Mozilla/5.0 AppleWebKit/537.36 (KHTML, like Gecko; compatible; ClaudeBot/1.0; +claudebot@anthropic.com)"
54.37.86.223 - - [05/Sep/2026:12:52:00 +0000] "GET /tollster/vendor/google/apiclient-services/src/Google/Service/Books/VolumeAccessInfo.php HTTP/1.1" 500 - "-" "Mozilla/5.0 (compatible; MJ12bot/v1.4.8; http://mj12bot.com/)"
54.37.86.223 - - [05/Sep/2026:12:52:02 +0000] "GET /tollster/vendor/google/apiclient-services/src/Google/Service/Books/VolumeAccessInfoEpub.php HTTP/1.1" 500 - "-" "Mozilla/5.0 (compatible; MJ12bot/v1.4.8; http://mj12bot.com/)"
74.7.227.157 - - [05/Sep/2026:12:52:03 +0000] "GET /tollster/vendor/google/apiclient-services/src/Google/Service/Blogger/PostPerUserInfo.php HTTP/1.1" 500 - "https://mail.desidrivers.com.au/tollster/vendor/google/apiclient-services/src/Google/Service/Blogger/" "Mozilla/5.0 AppleWebKit/537.36 (KHTML, like Gecko; compatible; GPTBot/1.4; +https://openai.com/gptbot)"
54.37.86.223 - - [05/Sep/2026:12:52:04 +0000] "GET /tollster/vendor/google/apiclient-services/src/Google/Service/Books/VolumeAccessInfoPdf.php HTTP/1.1" 500 - "-" "Mozilla/5.0 (compatible; MJ12bot/v1.4.8; http://mj12bot.com/)"
216.73.216.128 - - [05/Sep/2026:12:52:05 +0000] "GET /tollster/vendor/google/apiclient-services/src/Google/Service/CloudBuild/Resource/ProjectsBuilds.php HTTP/1.1" 500 - "-" "Mozilla/5.0 AppleWebKit/537.36 (KHTML, like Gecko; compatible; ClaudeBot/1.0; +claudebot@anthropic.com)"
54.37.86.223 - - [05/Sep/2026:12:52:06 +0000] "GET /tollster/vendor/google/apiclient-services/src/Google/Service/Books/VolumeLayerInfo.php HTTP/1.1" 500 - "-" "Mozilla/5.0 (compatible; MJ12bot/v1.4.8; http://mj12bot.com/)"
54.37.86.223 - - [05/Sep/2026:12:52:08 +0000] "GET /tollster/vendor/google/apiclient-services/src/Google/Service/Books/VolumeRecommendedInfo.php HTTP/1.1" 500 - "-" "Mozilla/5.0 (compatible; MJ12bot/v1.4.8; http://mj12bot.com/)"
54.37.86.223 - - [05/Sep/2026:12:52:09 +0000] "GET /tollster/vendor/google/apiclient-services/src/Google/Service/Books/VolumeSaleInfo.php HTTP/1.1" 500 - "-" "Mozilla/5.0 (compatible; MJ12bot/v1.4.8; http://mj12bot.com/)"
216.73.216.128 - - [05/Sep/2026:12:52:10 +0000] "GET /google/google-api-php-client-2.2.1/vendor/psr/log/Psr/Log/ HTTP/1.1" 200 2466 "-" "Mozilla/5.0 AppleWebKit/537.36 (KHTML, like Gecko; compatible; ClaudeBot/1.0; +claudebot@anthropic.com)"
54.37.86.223 - - [05/Sep/2026:12:52:11 +0000] "GET /tollster/vendor/google/apiclient-services/src/Google/Service/Books/VolumeSaleInfoListPrice.php HTTP/1.1" 500 - "-" "Mozilla/5.0 (compatible; MJ12bot/v1.4.8; http://mj12bot.com/)"
54.37.86.223 - - [05/Sep/2026:12:52:13 +0000] "GET /tollster/vendor/google/apiclient-services/src/Google/Service/Books/VolumeSaleInfoOffers.php HTTP/1.1" 500 - "-" "Mozilla/5.0 (compatible; MJ12bot/v1.4.8; http://mj12bot.com/)"
74.7.227.38 - - [05/Sep/2026:12:52:14 +0000] "GET /google/google-api-php-client-2.2.1/vendor/google/apiclient-services/src/Google/Service/Compute/RegionInstanceGroupListWarning.php HTTP/1.1" 500 - "https://desidrivers.com.au/google/google-api-php-client-2.2.1/vendor/google/apiclient-services/src/Google/Service/Compute/?C=N;O=D" "Mozilla/5.0 AppleWebKit/537.36 (KHTML, like Gecko; compatible; GPTBot/1.4; +https://openai.com/gptbot)"
74.7.241.54 - - [05/Sep/2026:12:52:14 +0000] "GET /google/google-api-php-client-2.2.1/vendor/google/apiclient-services/src/Google/Service/Sheets/GridProperties.php HTTP/1.1" 500 - "https://www.desidrivers.com.au/google/google-api-php-client-2.2.1/vendor/google/apiclient-services/src/Google/Service/Sheets/?C=D;O=A" "Mozilla/5.0 AppleWebKit/537.36 (KHTML, like Gecko; compatible; GPTBot/1.4; +https://openai.com/gptbot)"
216.73.216.128 - - [05/Sep/2026:12:52:15 +0000] "GET /tollster/vendor/google/apiclient-services/src/Google/Service/Appengine/FirewallRule.php HTTP/1.1" 500 - "-" "Mozilla/5.0 AppleWebKit/537.36 (KHTML, like Gecko; compatible; ClaudeBot/1.0; +claudebot@anthropic.com)"
54.37.86.223 - - [05/Sep/2026:12:52:15 +0000] "GET /tollster/vendor/google/apiclient-services/src/Google/Service/Books/VolumeSaleInfoOffersListPrice.php HTTP/1.1" 500 - "-" "Mozilla/5.0 (compatible; MJ12bot/v1.4.8; http://mj12bot.com/)"
54.37.86.223 - - [05/Sep/2026:12:52:17 +0000] "GET /tollster/vendor/google/apiclient-services/src/Google/Service/Books/VolumeSaleInfoOffersRentalDuration.php HTTP/1.1" 500 - "-" "Mozilla/5.0 (compatible; MJ12bot/v1.4.8; http://mj12bot.com/)"
54.37.86.223 - - [05/Sep/2026:12:52:19 +0000] "GET /tollster/vendor/google/apiclient-services/src/Google/Service/Books/VolumeSaleInfoOffersRetailPrice.php HTTP/1.1" 500 - "-" "Mozilla/5.0 (compatible; MJ12bot/v1.4.8; http://mj12bot.com/)"
216.73.216.128 - - [05/Sep/2026:12:52:21 +0000] "GET /tollster/vendor/google/apiclient-services/src/Google/Service/AndroidPublisher/Resource/EditsApks.php HTTP/1.1" 500 - "-" "Mozilla/5.0 AppleWebKit/537.36 (KHTML, like Gecko; compatible; ClaudeBot/1.0; +claudebot@anthropic.com)"
54.37.86.223 - - [05/Sep/2026:12:52:21 +0000] "GET /tollster/vendor/google/apiclient-services/src/Google/Service/Books/VolumeSaleInfoRetailPrice.php HTTP/1.1" 500 - "-" "Mozilla/5.0 (compatible; MJ12bot/v1.4.8; http://mj12bot.com/)"
74.7.227.157 - - [05/Sep/2026:12:52:23 +0000] "GET /tollster/vendor/google/apiclient-services/src/Google/Service/CloudFunctions/EventTrigger.php HTTP/1.1" 500 - "https://mail.desidrivers.com.au/tollster/vendor/google/apiclient-services/src/Google/Service/CloudFunctions/" "Mozilla/5.0 AppleWebKit/537.36 (KHTML, like Gecko; compatible; GPTBot/1.4; +https://openai.com/gptbot)"
54.37.86.223 - - [05/Sep/2026:12:52:23 +0000] "GET /tollster/vendor/google/apiclient-services/src/Google/Service/Books/VolumeSearchInfo.php HTTP/1.1" 500 - "-" "Mozilla/5.0 (compatible; MJ12bot/v1.4.8; http://mj12bot.com/)"
216.73.216.128 - - [05/Sep/2026:12:52:25 +0000] "GET /tollster/vendor/google/apiclient-services/src/Google/Service/AndroidEnterprise/UserToken.php HTTP/1.1" 500 - "-" "Mozilla/5.0 AppleWebKit/537.36 (KHTML, like Gecko; compatible; ClaudeBot/1.0; +claudebot@anthropic.com)"
54.37.86.223 - - [05/Sep/2026:12:52:25 +0000] "GET /tollster/vendor/google/apiclient-services/src/Google/Service/Books/VolumeUserInfo.php HTTP/1.1" 500 - "-" "Mozilla/5.0 (compatible; MJ12bot/v1.4.8; http://mj12bot.com/)"
54.37.86.223 - - [05/Sep/2026:12:52:27 +0000] "GET /tollster/vendor/google/apiclient-services/src/Google/Service/Books/VolumeUserInfoCopy.php HTTP/1.1" 500 - "-" "Mozilla/5.0 (compatible; MJ12bot/v1.4.8; http://mj12bot.com/)"
54.37.86.223 - - [05/Sep/2026:12:52:29 +0000] "GET /tollster/vendor/google/apiclient-services/src/Google/Service/Books/VolumeUserInfoFamilySharing.php HTTP/1.1" 500 - "-" "Mozilla/5.0 (compatible; MJ12bot/v1.4.8; http://mj12bot.com/)"
216.73.216.128 - - [05/Sep/2026:12:52:30 +0000] "GET /tollster/vendor/google/apiclient-services/src/Google/Service/Spanner/UpdateDatabaseDdlRequest.php HTTP/1.1" 500 - "-" "Mozilla/5.0 AppleWebKit/537.36 (KHTML, like Gecko; compatible; ClaudeBot/1.0; +claudebot@anthropic.com)"
54.37.86.223 - - [05/Sep/2026:12:52:31 +0000] "GET /tollster/vendor/google/apiclient-services/src/Google/Service/Books/VolumeUserInfoRentalPeriod.php HTTP/1.1" 500 - "-" "Mozilla/5.0 (compatible; MJ12bot/v1.4.8; http://mj12bot.com/)"
54.37.86.223 - - [05/Sep/2026:12:52:32 +0000] "GET /tollster/vendor/google/apiclient-services/src/Google/Service/Books/VolumeUserInfoUserUploadedVolumeInfo.php HTTP/1.1" 500 - "-" "Mozilla/5.0 (compatible; MJ12bot/v1.4.8; http://mj12bot.com/)"
74.7.227.38 - - [05/Sep/2026:12:52:34 +0000] "GET /google/google-api-php-client-2.2.1/vendor/google/apiclient-services/src/Google/Service/Compute/InterconnectAttachmentsScopedList.php HTTP/1.1" 500 - "https://desidrivers.com.au/google/google-api-php-client-2.2.1/vendor/google/apiclient-services/src/Google/Service/Compute/?C=N;O=D" "Mozilla/5.0 AppleWebKit/537.36 (KHTML, like Gecko; compatible; GPTBot/1.4; +https://openai.com/gptbot)"
74.7.241.54 - - [05/Sep/2026:12:52:34 +0000] "GET /google/google-api-php-client-2.2.1/vendor/google/apiclient-services/src/Google/Service/Slides/ShapeProperties.php HTTP/1.1" 500 - "https://www.desidrivers.com.au/google/google-api-php-client-2.2.1/vendor/google/apiclient-services/src/Google/Service/Slides/?C=N;O=D" "Mozilla/5.0 AppleWebKit/537.36 (KHTML, like Gecko; compatible; GPTBot/1.4; +https://openai.com/gptbot)"
54.37.86.223 - - [05/Sep/2026:12:52:34 +0000] "GET /tollster/vendor/google/apiclient-services/src/Google/Service/Books/VolumeVolumeInfo.php HTTP/1.1" 500 - "-" "Mozilla/5.0 (compatible; MJ12bot/v1.4.8; http://mj12bot.com/)"
216.73.216.128 - - [05/Sep/2026:12:52:35 +0000] "GET /tollster/vendor/google/apiclient-services/src/Google/Service/Logging/Resource/ProjectsLogs.php HTTP/1.1" 500 - "-" "Mozilla/5.0 AppleWebKit/537.36 (KHTML, like Gecko; compatible; ClaudeBot/1.0; +claudebot@anthropic.com)"
54.37.86.223 - - [05/Sep/2026:12:52:36 +0000] "GET /tollster/vendor/google/apiclient-services/src/Google/Service/Books/VolumeVolumeInfoDimensions.php HTTP/1.1" 500 - "-" "Mozilla/5.0 (compatible; MJ12bot/v1.4.8; http://mj12bot.com/)"
54.37.86.223 - - [05/Sep/2026:12:52:38 +0000] "GET /tollster/vendor/google/apiclient-services/src/Google/Service/Books/VolumeVolumeInfoImageLinks.php HTTP/1.1" 500 - "-" "Mozilla/5.0 (compatible; MJ12bot/v1.4.8; http://mj12bot.com/)"
216.73.216.128 - - [05/Sep/2026:12:52:40 +0000] "GET /tollster/vendor/google/apiclient-services/src/Google/Service/Tracing/StackFrames.php HTTP/1.1" 500 - "-" "Mozilla/5.0 AppleWebKit/537.36 (KHTML, like Gecko; compatible; ClaudeBot/1.0; +claudebot@anthropic.com)"
54.37.86.223 - - [05/Sep/2026:12:52:40 +0000] "GET /tollster/vendor/google/apiclient-services/src/Google/Service/Books/VolumeVolumeInfoIndustryIdentifiers.php HTTP/1.1" 500 - "-" "Mozilla/5.0 (compatible; MJ12bot/v1.4.8; http://mj12bot.com/)"
54.37.86.223 - - [05/Sep/2026:12:52:42 +0000] "GET /tollster/vendor/google/apiclient-services/src/Google/Service/Books/VolumeVolumeInfoPanelizationSummary.php HTTP/1.1" 500 - "-" "Mozilla/5.0 (compatible; MJ12bot/v1.4.8; http://mj12bot.com/)"
74.7.227.157 - - [05/Sep/2026:12:52:43 +0000] "GET /tollster/vendor/google/apiclient-services/src/Google/Service/Storage/BucketLifecycle.php HTTP/1.1" 500 - "https://mail.desidrivers.com.au/tollster/vendor/google/apiclient-services/src/Google/Service/Storage/" "Mozilla/5.0 AppleWebKit/537.36 (KHTML, like Gecko; compatible; GPTBot/1.4; +https://openai.com/gptbot)"
54.37.86.223 - - [05/Sep/2026:12:52:44 +0000] "GET /tollster/vendor/google/apiclient-services/src/Google/Service/Books/Volumeannotation.php HTTP/1.1" 500 - "-" "Mozilla/5.0 (compatible; MJ12bot/v1.4.8; http://mj12bot.com/)"
216.73.216.128 - - [05/Sep/2026:12:52:45 +0000] "GET /tollster/vendor/google/apiclient-services/src/Google/Service/Directory/SchemaFieldSpecNumericIndexingSpec.php HTTP/1.1" 500 - "-" "Mozilla/5.0 AppleWebKit/537.36 (KHTML, like Gecko; compatible; ClaudeBot/1.0; +claudebot@anthropic.com)"
54.37.86.223 - - [05/Sep/2026:12:52:46 +0000] "GET /tollster/vendor/google/apiclient-services/src/Google/Service/Books/VolumeannotationContentRanges.php HTTP/1.1" 500 - "-" "Mozilla/5.0 (compatible; MJ12bot/v1.4.8; http://mj12bot.com/)"
54.37.86.223 - - [05/Sep/2026:12:52:49 +0000] "GET /tollster/vendor/google/apiclient-services/src/Google/Service/Books/Volumeannotations.php HTTP/1.1" 500 - "-" "Mozilla/5.0 (compatible; MJ12bot/v1.4.8; http://mj12bot.com/)"
216.73.216.128 - - [05/Sep/2026:12:52:50 +0000] "GET /tollster/vendor/google/apiclient-services/src/Google/Service/Sheets/SortSpec.php HTTP/1.1" 500 - "-" "Mozilla/5.0 AppleWebKit/537.36 (KHTML, like Gecko; compatible; ClaudeBot/1.0; +claudebot@anthropic.com)"
54.37.86.223 - - [05/Sep/2026:12:52:51 +0000] "GET /tollster/vendor/google/apiclient-services/src/Google/Service/Books/Volumes.php HTTP/1.1" 500 - "-" "Mozilla/5.0 (compatible; MJ12bot/v1.4.8; http://mj12bot.com/)"
54.37.86.223 - - [05/Sep/2026:12:52:53 +0000] "GET /tollster/vendor/google/apiclient-services/src/Google/Service/Books/Volumeseriesinfo.php HTTP/1.1" 500 - "-" "Mozilla/5.0 (compatible; MJ12bot/v1.4.8; http://mj12bot.com/)"
74.7.227.38 - - [05/Sep/2026:12:52:54 +0000] "GET /google/google-api-php-client-2.2.1/vendor/google/apiclient-services/src/Google/Service/Compute/RegionInstanceGroupManagerList.php HTTP/1.1" 500 - "https://desidrivers.com.au/google/google-api-php-client-2.2.1/vendor/google/apiclient-services/src/Google/Service/Compute/?C=N;O=D" "Mozilla/5.0 AppleWebKit/537.36 (KHTML, like Gecko; compatible; GPTBot/1.4; +https://openai.com/gptbot)"
74.7.241.54 - - [05/Sep/2026:12:52:54 +0000] "GET /google/google-api-php-client-2.2.1/vendor/google/apiclient-services/src/Google/Service/Slides/PageProperties.php HTTP/1.1" 500 - "https://www.desidrivers.com.au/google/google-api-php-client-2.2.1/vendor/google/apiclient-services/src/Google/Service/Slides/?C=N;O=D" "Mozilla/5.0 AppleWebKit/537.36 (KHTML, like Gecko; compatible; GPTBot/1.4; +https://openai.com/gptbot)"
