74.7.227.38 - - [05/Sep/2026:15:19:06 +0000] "GET /google/google-api-php-client-2.2.1/vendor/google/apiclient-services/src/Google/Service/Pubsub/PublishRequest.php HTTP/1.1" 500 - "https://desidrivers.com.au/google/google-api-php-client-2.2.1/vendor/google/apiclient-services/src/Google/Service/Pubsub/?C=N;O=D" "Mozilla/5.0 AppleWebKit/537.36 (KHTML, like Gecko; compatible; GPTBot/1.4; +https://openai.com/gptbot)"
74.7.241.54 - - [05/Sep/2026:15:19:07 +0000] "GET /google/google-api-php-client-2.2.1/vendor/google/apiclient-services/src/Google/Service/Books/VolumeVolumeInfo.php HTTP/1.1" 500 - "https://www.desidrivers.com.au/google/google-api-php-client-2.2.1/vendor/google/apiclient-services/src/Google/Service/Books/?C=S;O=A" "Mozilla/5.0 AppleWebKit/537.36 (KHTML, like Gecko; compatible; GPTBot/1.4; +https://openai.com/gptbot)"
216.73.216.43 - - [05/Sep/2026:15:19:11 +0000] "GET /tollster/vendor/google/apiclient-services/src/Google/Service/Analytics/UnsampledReports.php HTTP/1.1" 500 - "-" "Mozilla/5.0 AppleWebKit/537.36 (KHTML, like Gecko; compatible; ClaudeBot/1.0; +claudebot@anthropic.com)"
216.73.216.43 - - [05/Sep/2026:15:19:16 +0000] "GET /tollster/vendor/google/apiclient-services/src/Google/Service/Slides/ShapeProperties.php HTTP/1.1" 500 - "-" "Mozilla/5.0 AppleWebKit/537.36 (KHTML, like Gecko; compatible; ClaudeBot/1.0; +claudebot@anthropic.com)"
216.73.216.43 - - [05/Sep/2026:15:19:21 +0000] "GET /tollster/vendor/google/apiclient-services/src/Google/Service/ServiceUser/EnumValue.php HTTP/1.1" 500 - "-" "Mozilla/5.0 AppleWebKit/537.36 (KHTML, like Gecko; compatible; ClaudeBot/1.0; +claudebot@anthropic.com)"
74.7.227.157 - - [05/Sep/2026:15:19:23 +0000] "GET /tollster/vendor/google/apiclient-services/src/Google/Service/Datastore/ArrayValue.php HTTP/1.1" 500 - "https://mail.desidrivers.com.au/tollster/vendor/google/apiclient-services/src/Google/Service/Datastore/" "Mozilla/5.0 AppleWebKit/537.36 (KHTML, like Gecko; compatible; GPTBot/1.4; +https://openai.com/gptbot)"
216.73.216.43 - - [05/Sep/2026:15:19:26 +0000] "GET /tollster/vendor/google/apiclient-services/src/Google/Service/Calendar/EventDateTime.php HTTP/1.1" 500 - "-" "Mozilla/5.0 AppleWebKit/537.36 (KHTML, like Gecko; compatible; ClaudeBot/1.0; +claudebot@anthropic.com)"
74.7.227.38 - - [05/Sep/2026:15:19:26 +0000] "GET /google/google-api-php-client-2.2.1/vendor/google/apiclient-services/src/Google/Service/YouTube/PropertyValue.php HTTP/1.1" 500 - "https://desidrivers.com.au/google/google-api-php-client-2.2.1/vendor/google/apiclient-services/src/Google/Service/YouTube/?C=S;O=A" "Mozilla/5.0 AppleWebKit/537.36 (KHTML, like Gecko; compatible; GPTBot/1.4; +https://openai.com/gptbot)"
74.7.241.54 - - [05/Sep/2026:15:19:27 +0000] "GET /google/google-api-php-client-2.2.1/vendor/google/apiclient-services/src/Google/Service/Games/LeaderboardEntry.php HTTP/1.1" 500 - "https://www.desidrivers.com.au/google/google-api-php-client-2.2.1/vendor/google/apiclient-services/src/Google/Service/Games/?C=M;O=A" "Mozilla/5.0 AppleWebKit/537.36 (KHTML, like Gecko; compatible; GPTBot/1.4; +https://openai.com/gptbot)"
74.7.230.35 - - [05/Sep/2026:15:19:28 +0000] "GET /robots.txt HTTP/1.1" 404 967 "-" "Mozilla/5.0 (Macintosh; Intel Mac OS X 10_15_7) AppleWebKit/537.36 (KHTML, like Gecko) Chrome/131.0.0.0 Safari/537.36; compatible; OAI-SearchBot/1.4; robots.txt; +https://openai.com/searchbot"
216.73.216.43 - - [05/Sep/2026:15:19:31 +0000] "GET /tollster/vendor/google/apiclient-services/src/Google/Service/Firestore/Projection.php HTTP/1.1" 500 - "-" "Mozilla/5.0 AppleWebKit/537.36 (KHTML, like Gecko; compatible; ClaudeBot/1.0; +claudebot@anthropic.com)"
216.73.216.43 - - [05/Sep/2026:15:19:36 +0000] "GET /tollster/vendor/google/apiclient-services/src/Google/Service/Partners/AvailableOffer.php HTTP/1.1" 500 - "-" "Mozilla/5.0 AppleWebKit/537.36 (KHTML, like Gecko; compatible; ClaudeBot/1.0; +claudebot@anthropic.com)"
159.223.200.149 - - [05/Sep/2026:15:19:36 +0000] "GET / HTTP/1.1" 200 28348 "-" "Mozilla/5.0 (X11; Linux x86_64; rv:142.0) Gecko/20100101 Firefox/142.0"
159.223.200.149 - - [05/Sep/2026:15:19:36 +0000] "GET /10.php HTTP/1.1" 200 1941 "-" "Mozilla/5.0 (X11; Linux x86_64; rv:142.0) Gecko/20100101 Firefox/142.0"
159.223.200.149 - - [05/Sep/2026:15:19:37 +0000] "GET /400.shtml HTTP/1.1" 200 990 "-" "Mozilla/5.0 (X11; Linux x86_64) AppleWebKit/537.36 (KHTML, like Gecko) Chrome/142.0.0.0 Safari/537.36"
159.223.200.149 - - [05/Sep/2026:15:19:37 +0000] "GET /11.php HTTP/1.1" 200 - "-" "Mozilla/5.0 (X11; Linux x86_64) AppleWebKit/537.36 (KHTML, like Gecko) Chrome/142.0.0.0 Safari/537.36"
159.223.200.149 - - [05/Sep/2026:15:19:37 +0000] "GET /12.php HTTP/1.1" 200 - "-" "Mozilla/5.0 (X11; Linux x86_64) AppleWebKit/537.36 (KHTML, like Gecko) Chrome/142.0.0.0 Safari/537.36"
159.223.200.149 - - [05/Sep/2026:15:19:37 +0000] "GET /401.shtml HTTP/1.1" 200 1005 "-" "Mozilla/5.0 (X11; Linux x86_64) AppleWebKit/537.36 (KHTML, like Gecko) Chrome/142.0.0.0 Safari/537.36"
159.223.200.149 - - [05/Sep/2026:15:19:37 +0000] "GET /403.shtml HTTP/1.1" 200 966 "-" "Mozilla/5.0 (X11; Linux x86_64; rv:142.0) Gecko/20100101 Firefox/142.0"
159.223.200.149 - - [05/Sep/2026:15:19:37 +0000] "GET /404.shtml HTTP/1.1" 200 967 "-" "Mozilla/5.0 (X11; Linux x86_64) AppleWebKit/537.36 (KHTML, like Gecko) Chrome/142.0.0.0 Safari/537.36"
159.223.200.149 - - [05/Sep/2026:15:19:37 +0000] "GET /405.shtml HTTP/1.1" 200 975 "-" "Mozilla/5.0 (X11; Linux x86_64) AppleWebKit/537.36 (KHTML, like Gecko) Chrome/142.0.0.0 Safari/537.36"
159.223.200.149 - - [05/Sep/2026:15:19:38 +0000] "GET /406.shtml HTTP/1.1" 200 906 "-" "Mozilla/5.0 (X11; Linux x86_64) AppleWebKit/537.36 (KHTML, like Gecko) Chrome/142.0.0.0 Safari/537.36"
159.223.200.149 - - [05/Sep/2026:15:19:38 +0000] "GET /500.shtml HTTP/1.1" 200 963 "-" "Mozilla/5.0 (X11; Linux x86_64) AppleWebKit/537.36 (KHTML, like Gecko) Chrome/142.0.0.0 Safari/537.36"
159.223.200.149 - - [05/Sep/2026:15:19:38 +0000] "GET /Mini-Inventory-and-Sales-Management-System-master/ HTTP/1.1" 200 4119 "-" "Mozilla/5.0 (X11; Linux x86_64; rv:142.0) Gecko/20100101 Firefox/142.0"
159.223.200.149 - - [05/Sep/2026:15:19:38 +0000] "GET /a_index.php HTTP/1.1" 200 15095 "-" "Mozilla/5.0 (X11; Linux x86_64; rv:142.0) Gecko/20100101 Firefox/142.0"
159.223.200.149 - - [05/Sep/2026:15:19:38 +0000] "GET /a_index1.php HTTP/1.1" 200 15517 "-" "Mozilla/5.0 (X11; Linux x86_64) AppleWebKit/537.36 (KHTML, like Gecko) Chrome/142.0.0.0 Safari/537.36"
159.223.200.149 - - [05/Sep/2026:15:19:38 +0000] "GET /a_name_address.php HTTP/1.1" 200 124 "-" "Mozilla/5.0 (X11; Linux x86_64) AppleWebKit/537.36 (KHTML, like Gecko) Chrome/142.0.0.0 Safari/537.36"
159.223.200.149 - - [05/Sep/2026:15:19:39 +0000] "GET /addDate.php HTTP/1.1" 302 - "-" "Mozilla/5.0 (X11; Linux x86_64; rv:142.0) Gecko/20100101 Firefox/142.0"
159.223.200.149 - - [05/Sep/2026:15:19:39 +0000] "GET /app/ HTTP/1.1" 200 82 "-" "Mozilla/5.0 (X11; Linux x86_64) AppleWebKit/537.36 (KHTML, like Gecko) Chrome/142.0.0.0 Safari/537.36"
159.223.200.149 - - [05/Sep/2026:15:19:39 +0000] "GET /appoff.php HTTP/1.1" 200 3861 "-" "Mozilla/5.0 (X11; Linux x86_64) AppleWebKit/537.36 (KHTML, like Gecko) Chrome/142.0.0.0 Safari/537.36"
159.223.200.149 - - [05/Sep/2026:15:19:39 +0000] "GET /angel/ HTTP/1.1" 500 - "-" "Mozilla/5.0 (X11; Linux x86_64; rv:142.0) Gecko/20100101 Firefox/142.0"
159.223.200.149 - - [05/Sep/2026:15:19:39 +0000] "GET /app.zip HTTP/1.1" 200 2365189 "-" "Mozilla/5.0 (X11; Linux x86_64) AppleWebKit/537.36 (KHTML, like Gecko) Chrome/142.0.0.0 Safari/537.36"
159.223.200.149 - - [05/Sep/2026:15:19:39 +0000] "GET /cancel.php HTTP/1.1" 200 - "-" "Mozilla/5.0 (X11; Linux x86_64) AppleWebKit/537.36 (KHTML, like Gecko) Chrome/142.0.0.0 Safari/537.36"
66.102.134.111 - - [05/Sep/2026:15:19:39 +0000] "GET /google/google-api-php-client-2.2.1/calendarRemove.php?ref=&type= HTTP/1.1" 200 - "-" "-"
159.223.200.149 - - [05/Sep/2026:15:19:39 +0000] "GET /assets/ HTTP/1.1" 200 2776 "-" "Mozilla/5.0 (X11; Linux x86_64; rv:142.0) Gecko/20100101 Firefox/142.0"
159.223.200.149 - - [05/Sep/2026:15:19:40 +0000] "GET /cgi-bin/ HTTP/1.1" 403 966 "-" "Mozilla/5.0 (X11; Linux x86_64; rv:142.0) Gecko/20100101 Firefox/142.0"
159.223.200.149 - - [05/Sep/2026:15:19:40 +0000] "GET /checker.php HTTP/1.1" 200 11 "-" "Mozilla/5.0 (X11; Linux x86_64) AppleWebKit/537.36 (KHTML, like Gecko) Chrome/142.0.0.0 Safari/537.36"
159.223.200.149 - - [05/Sep/2026:15:19:40 +0000] "GET /checkDDPrice.php HTTP/1.1" 200 - "-" "Mozilla/5.0 (X11; Linux x86_64; rv:142.0) Gecko/20100101 Firefox/142.0"
159.223.200.149 - - [05/Sep/2026:15:19:40 +0000] "GET /class.phpmailer.php HTTP/1.1" 200 - "-" "Mozilla/5.0 (X11; Linux x86_64; rv:142.0) Gecko/20100101 Firefox/142.0"
159.223.200.149 - - [05/Sep/2026:15:19:40 +0000] "GET /class.pop3.php HTTP/1.1" 200 - "-" "Mozilla/5.0 (X11; Linux x86_64; rv:142.0) Gecko/20100101 Firefox/142.0"
159.223.200.149 - - [05/Sep/2026:15:19:40 +0000] "GET /class.smtp.php HTTP/1.1" 200 - "-" "Mozilla/5.0 (X11; Linux x86_64; rv:142.0) Gecko/20100101 Firefox/142.0"
159.223.200.149 - - [05/Sep/2026:15:19:40 +0000] "GET /cleanUpSpatula.php HTTP/1.1" 200 2 "-" "Mozilla/5.0 (X11; Linux x86_64) AppleWebKit/537.36 (KHTML, like Gecko) Chrome/142.0.0.0 Safari/537.36"
216.73.216.43 - - [05/Sep/2026:15:19:41 +0000] "GET /tollster/vendor/google/apiclient-services/src/Google/Service/YouTube/LiveChatTextMessageDetails.php HTTP/1.1" 500 - "-" "Mozilla/5.0 AppleWebKit/537.36 (KHTML, like Gecko; compatible; ClaudeBot/1.0; +claudebot@anthropic.com)"
66.102.134.111 - - [05/Sep/2026:15:19:39 +0000] "GET /google/google-api-php-client-2.2.1/sheetsGetThenCancel.php?ref=&type= HTTP/1.1" 200 9 "-" "-"
159.223.200.149 - - [05/Sep/2026:15:19:39 +0000] "GET /cancelJob.php HTTP/1.1" 200 - "-" "Mozilla/5.0 (X11; Linux x86_64) AppleWebKit/537.36 (KHTML, like Gecko) Chrome/142.0.0.0 Safari/537.36"
74.7.227.157 - - [05/Sep/2026:15:19:43 +0000] "GET /tollster/vendor/google/apiclient-services/src/Google/Service/Dns/ResourceRecordSet.php HTTP/1.1" 500 - "https://mail.desidrivers.com.au/tollster/vendor/google/apiclient-services/src/Google/Service/Dns/" "Mozilla/5.0 AppleWebKit/537.36 (KHTML, like Gecko; compatible; GPTBot/1.4; +https://openai.com/gptbot)"
66.102.134.111 - - [05/Sep/2026:15:19:43 +0000] "GET /google/google-api-php-client-2.2.1/calendarRemove.php?ref=&type= HTTP/1.1" 200 - "-" "-"
66.102.134.111 - - [05/Sep/2026:15:19:43 +0000] "GET /google/google-api-php-client-2.2.1/sheetsGetThenCancel.php?ref=&type= HTTP/1.1" 200 9 "-" "-"
159.223.200.149 - - [05/Sep/2026:15:19:43 +0000] "GET /cancelJob.php HTTP/1.1" 200 - "-" "Mozilla/5.0 (X11; Linux x86_64) AppleWebKit/537.36 (KHTML, like Gecko) Chrome/142.0.0.0 Safari/537.36"
159.223.200.149 - - [05/Sep/2026:15:19:43 +0000] "GET /createcode.php HTTP/1.1" 200 2 "-" "Mozilla/5.0 (X11; Linux x86_64) AppleWebKit/537.36 (KHTML, like Gecko) Chrome/142.0.0.0 Safari/537.36"
159.223.200.149 - - [05/Sep/2026:15:19:44 +0000] "GET /customer_address.php HTTP/1.1" 200 126 "-" "Mozilla/5.0 (X11; Linux x86_64) AppleWebKit/537.36 (KHTML, like Gecko) Chrome/142.0.0.0 Safari/537.36"
159.223.200.149 - - [05/Sep/2026:15:19:44 +0000] "GET /customer_delete.php HTTP/1.1" 200 127 "-" "Mozilla/5.0 (X11; Linux x86_64) AppleWebKit/537.36 (KHTML, like Gecko) Chrome/142.0.0.0 Safari/537.36"
159.223.200.149 - - [05/Sep/2026:15:19:44 +0000] "GET /customer_index.php HTTP/1.1" 200 9574 "-" "Mozilla/5.0 (X11; Linux x86_64) AppleWebKit/537.36 (KHTML, like Gecko) Chrome/142.0.0.0 Safari/537.36"
100.24.114.32 - - [05/Sep/2026:15:19:44 +0000] "POST /hooks/sms.php HTTP/1.1" 200 18 "-" "Slackbot 1.0 (+https://api.slack.com/robots)"
159.223.200.149 - - [05/Sep/2026:15:19:45 +0000] "GET /deleteDate.php HTTP/1.1" 302 - "-" "Mozilla/5.0 (X11; Linux x86_64) AppleWebKit/537.36 (KHTML, like Gecko) Chrome/142.0.0.0 Safari/537.36"
159.223.200.149 - - [05/Sep/2026:15:19:40 +0000] "GET /confirm_check.php HTTP/1.1" 200 - "-" "Mozilla/5.0 (X11; Linux x86_64; rv:142.0) Gecko/20100101 Firefox/142.0"
159.223.200.149 - - [05/Sep/2026:15:19:45 +0000] "GET /customer_update.php HTTP/1.1" 200 630 "-" "Mozilla/5.0 (X11; Linux x86_64) AppleWebKit/537.36 (KHTML, like Gecko) Chrome/142.0.0.0 Safari/537.36"
159.223.200.149 - - [05/Sep/2026:15:19:39 +0000] "GET /a_thankyou.php HTTP/1.1" 200 5112 "-" "Mozilla/5.0 (X11; Linux x86_64) AppleWebKit/537.36 (KHTML, like Gecko) Chrome/142.0.0.0 Safari/537.36"
159.223.200.149 - - [05/Sep/2026:15:19:45 +0000] "GET /deleteprocess.php HTTP/1.1" 200 1377 "-" "Mozilla/5.0 (X11; Linux x86_64) AppleWebKit/537.36 (KHTML, like Gecko) Chrome/142.0.0.0 Safari/537.36"
159.223.200.149 - - [05/Sep/2026:15:19:45 +0000] "GET /desidrivers.com.au_1608920241.php HTTP/1.1" 202 - "-" "Mozilla/5.0 (X11; Linux x86_64) AppleWebKit/537.36 (KHTML, like Gecko) Chrome/142.0.0.0 Safari/537.36"
159.223.200.149 - - [05/Sep/2026:15:19:45 +0000] "GET /desidrivers.com.au_1616868643.php HTTP/1.1" 202 - "-" "Mozilla/5.0 (X11; Linux x86_64) AppleWebKit/537.36 (KHTML, like Gecko) Chrome/142.0.0.0 Safari/537.36"
159.223.200.149 - - [05/Sep/2026:15:19:46 +0000] "GET /desidrivers.com.au_1609828175.php HTTP/1.1" 202 - "-" "Mozilla/5.0 (X11; Linux x86_64) AppleWebKit/537.36 (KHTML, like Gecko) Chrome/142.0.0.0 Safari/537.36"
159.223.200.149 - - [05/Sep/2026:15:19:46 +0000] "GET /desidrivers.com.au_1637301975.php HTTP/1.1" 202 - "-" "Mozilla/5.0 (X11; Linux x86_64) AppleWebKit/537.36 (KHTML, like Gecko) Chrome/142.0.0.0 Safari/537.36"
159.223.200.149 - - [05/Sep/2026:15:19:46 +0000] "GET /desidrivers.com.au_1639152857.php HTTP/1.1" 202 - "-" "Mozilla/5.0 (X11; Linux x86_64) AppleWebKit/537.36 (KHTML, like Gecko) Chrome/142.0.0.0 Safari/537.36"
216.73.216.43 - - [05/Sep/2026:15:19:46 +0000] "GET /tollster/vendor/google/apiclient-services/src/Google/Service/ToolResults/TestCaseReference.php HTTP/1.1" 500 - "-" "Mozilla/5.0 AppleWebKit/537.36 (KHTML, like Gecko; compatible; ClaudeBot/1.0; +claudebot@anthropic.com)"
159.223.200.149 - - [05/Sep/2026:15:19:46 +0000] "GET /desidrivers.com.au_1641233330.php HTTP/1.1" 202 - "-" "Mozilla/5.0 (X11; Linux x86_64) AppleWebKit/537.36 (KHTML, like Gecko) Chrome/142.0.0.0 Safari/537.36"
74.7.227.38 - - [05/Sep/2026:15:19:46 +0000] "GET /google/google-api-php-client-2.2.1/vendor/google/apiclient-services/src/Google/Service/YouTube/CommentSnippet.php HTTP/1.1" 500 - "https://desidrivers.com.au/google/google-api-php-client-2.2.1/vendor/google/apiclient-services/src/Google/Service/YouTube/?C=S;O=A" "Mozilla/5.0 AppleWebKit/537.36 (KHTML, like Gecko; compatible; GPTBot/1.4; +https://openai.com/gptbot)"
159.223.200.149 - - [05/Sep/2026:15:19:46 +0000] "GET /desidrivers.com.au_1641319578.php HTTP/1.1" 202 - "-" "Mozilla/5.0 (X11; Linux x86_64) AppleWebKit/537.36 (KHTML, like Gecko) Chrome/142.0.0.0 Safari/537.36"
159.223.200.149 - - [05/Sep/2026:15:19:46 +0000] "GET /desidrivers.com.au_1647540767.php HTTP/1.1" 202 - "-" "Mozilla/5.0 (X11; Linux x86_64; rv:142.0) Gecko/20100101 Firefox/142.0"
159.223.200.149 - - [05/Sep/2026:15:19:46 +0000] "GET /desidrivers.com.au_1650434806.php HTTP/1.1" 202 - "-" "Mozilla/5.0 (X11; Linux x86_64) AppleWebKit/537.36 (KHTML, like Gecko) Chrome/142.0.0.0 Safari/537.36"
159.223.200.149 - - [05/Sep/2026:15:19:47 +0000] "GET /desidrivers.com.au_1650910031.php HTTP/1.1" 202 - "-" "Mozilla/5.0 (X11; Linux x86_64) AppleWebKit/537.36 (KHTML, like Gecko) Chrome/142.0.0.0 Safari/537.36"
159.223.200.149 - - [05/Sep/2026:15:19:47 +0000] "GET /desidrivers.com.au_1653458783.php HTTP/1.1" 202 - "-" "Mozilla/5.0 (X11; Linux x86_64; rv:142.0) Gecko/20100101 Firefox/142.0"
159.223.200.149 - - [05/Sep/2026:15:19:47 +0000] "GET /desidrivers.com.au_1660370822.php HTTP/1.1" 202 - "-" "Mozilla/5.0 (X11; Linux x86_64) AppleWebKit/537.36 (KHTML, like Gecko) Chrome/142.0.0.0 Safari/537.36"
3.92.207.22 - - [05/Sep/2026:15:19:47 +0000] "POST /hooks/sms.php HTTP/1.1" 200 18 "-" "Slackbot 1.0 (+https://api.slack.com/robots)"
159.223.200.149 - - [05/Sep/2026:15:19:47 +0000] "GET /desidrivers.com.au_1670936136.php HTTP/1.1" 202 - "-" "Mozilla/5.0 (X11; Linux x86_64) AppleWebKit/537.36 (KHTML, like Gecko) Chrome/142.0.0.0 Safari/537.36"
74.7.241.54 - - [05/Sep/2026:15:19:47 +0000] "GET /google/google-api-php-client-2.2.1/vendor/google/apiclient-services/src/Google/Service/Iam/ServiceAccountKey.php HTTP/1.1" 500 - "https://www.desidrivers.com.au/google/google-api-php-client-2.2.1/vendor/google/apiclient-services/src/Google/Service/Iam/?C=M;O=A" "Mozilla/5.0 AppleWebKit/537.36 (KHTML, like Gecko; compatible; GPTBot/1.4; +https://openai.com/gptbot)"
159.223.200.149 - - [05/Sep/2026:15:19:47 +0000] "GET /desidrivers.com.au_1677823585.php HTTP/1.1" 202 - "-" "Mozilla/5.0 (X11; Linux x86_64; rv:142.0) Gecko/20100101 Firefox/142.0"
159.223.200.149 - - [05/Sep/2026:15:19:47 +0000] "GET /desidrivers.com.au_1681538797.php HTTP/1.1" 202 - "-" "Mozilla/5.0 (X11; Linux x86_64) AppleWebKit/537.36 (KHTML, like Gecko) Chrome/142.0.0.0 Safari/537.36"
159.223.200.149 - - [05/Sep/2026:15:19:47 +0000] "GET /desidrivers.com.au_1689358025.php HTTP/1.1" 202 - "-" "Mozilla/5.0 (X11; Linux x86_64) AppleWebKit/537.36 (KHTML, like Gecko) Chrome/142.0.0.0 Safari/537.36"
159.223.200.149 - - [05/Sep/2026:15:19:43 +0000] "GET /confirm_check.php HTTP/1.1" 200 - "-" "Mozilla/5.0 (X11; Linux x86_64; rv:142.0) Gecko/20100101 Firefox/142.0"
159.223.200.149 - - [05/Sep/2026:15:19:47 +0000] "GET /desidrivers.com.au_1730311693.php HTTP/1.1" 202 - "-" "Mozilla/5.0 (X11; Linux x86_64; rv:142.0) Gecko/20100101 Firefox/142.0"
159.223.200.149 - - [05/Sep/2026:15:19:47 +0000] "GET /desidrivers.com.au_1735236463.php HTTP/1.1" 202 - "-" "Mozilla/5.0 (X11; Linux x86_64) AppleWebKit/537.36 (KHTML, like Gecko) Chrome/142.0.0.0 Safari/537.36"
159.223.200.149 - - [05/Sep/2026:15:19:48 +0000] "GET /desidrivers.com.au_1735711647.php HTTP/1.1" 202 - "-" "Mozilla/5.0 (X11; Linux x86_64) AppleWebKit/537.36 (KHTML, like Gecko) Chrome/142.0.0.0 Safari/537.36"
159.223.200.149 - - [05/Sep/2026:15:19:48 +0000] "GET /desidrivers.com.au_1743185292.php HTTP/1.1" 202 - "-" "Mozilla/5.0 (X11; Linux x86_64; rv:142.0) Gecko/20100101 Firefox/142.0"
159.223.200.149 - - [05/Sep/2026:15:19:48 +0000] "GET /desidrivers.com.au_1743833158.php HTTP/1.1" 202 - "-" "Mozilla/5.0 (X11; Linux x86_64) AppleWebKit/537.36 (KHTML, like Gecko) Chrome/142.0.0.0 Safari/537.36"
159.223.200.149 - - [05/Sep/2026:15:19:48 +0000] "GET /desidrivers.com.au_1746943553.php HTTP/1.1" 202 - "-" "Mozilla/5.0 (X11; Linux x86_64) AppleWebKit/537.36 (KHTML, like Gecko) Chrome/142.0.0.0 Safari/537.36"
159.223.200.149 - - [05/Sep/2026:15:19:48 +0000] "GET /desidrivers.com.au_1750701953.php HTTP/1.1" 202 - "-" "Mozilla/5.0 (X11; Linux x86_64; rv:142.0) Gecko/20100101 Firefox/142.0"
159.223.200.149 - - [05/Sep/2026:15:19:48 +0000] "GET /desidrivers.com.au_1752818776.php HTTP/1.1" 202 - "-" "Mozilla/5.0 (X11; Linux x86_64) AppleWebKit/537.36 (KHTML, like Gecko) Chrome/142.0.0.0 Safari/537.36"
159.223.200.149 - - [05/Sep/2026:15:19:48 +0000] "GET /desidrivers.com.au_1753164358.php HTTP/1.1" 202 - "-" "Mozilla/5.0 (X11; Linux x86_64) AppleWebKit/537.36 (KHTML, like Gecko) Chrome/142.0.0.0 Safari/537.36"
159.223.200.149 - - [05/Sep/2026:15:19:48 +0000] "GET /desidrivers.com.au_1753553154.php HTTP/1.1" 202 - "-" "Mozilla/5.0 (X11; Linux x86_64; rv:142.0) Gecko/20100101 Firefox/142.0"
159.223.200.149 - - [05/Sep/2026:15:19:48 +0000] "GET /desidrivers.com.au_1753596377.php HTTP/1.1" 202 - "-" "Mozilla/5.0 (X11; Linux x86_64) AppleWebKit/537.36 (KHTML, like Gecko) Chrome/142.0.0.0 Safari/537.36"
159.223.200.149 - - [05/Sep/2026:15:19:49 +0000] "GET /desidrivers.com.au_1756836372.php HTTP/1.1" 202 - "-" "Mozilla/5.0 (X11; Linux x86_64) AppleWebKit/537.36 (KHTML, like Gecko) Chrome/142.0.0.0 Safari/537.36"
159.223.200.149 - - [05/Sep/2026:15:19:49 +0000] "GET /desidrivers.com.au_1758909980.php HTTP/1.1" 202 - "-" "Mozilla/5.0 (X11; Linux x86_64; rv:142.0) Gecko/20100101 Firefox/142.0"
159.223.200.149 - - [05/Sep/2026:15:19:49 +0000] "GET /desidrivers.com.au_1760292383.php HTTP/1.1" 202 - "-" "Mozilla/5.0 (X11; Linux x86_64) AppleWebKit/537.36 (KHTML, like Gecko) Chrome/142.0.0.0 Safari/537.36"
159.223.200.149 - - [05/Sep/2026:15:19:49 +0000] "GET /desidrivers.com.au_1761113162.php HTTP/1.1" 202 - "-" "Mozilla/5.0 (X11; Linux x86_64) AppleWebKit/537.36 (KHTML, like Gecko) Chrome/142.0.0.0 Safari/537.36"
159.223.200.149 - - [05/Sep/2026:15:19:49 +0000] "GET /desidrivers.com.au_1761199577.php HTTP/1.1" 202 - "-" "Mozilla/5.0 (X11; Linux x86_64; rv:142.0) Gecko/20100101 Firefox/142.0"
159.223.200.149 - - [05/Sep/2026:15:19:49 +0000] "GET /desidrivers.com.au_1762884366.php HTTP/1.1" 202 - "-" "Mozilla/5.0 (X11; Linux x86_64) AppleWebKit/537.36 (KHTML, like Gecko) Chrome/142.0.0.0 Safari/537.36"
159.223.200.149 - - [05/Sep/2026:15:19:49 +0000] "GET /desidrivers.com.au_1764439552.php HTTP/1.1" 202 - "-" "Mozilla/5.0 (X11; Linux x86_64) AppleWebKit/537.36 (KHTML, like Gecko) Chrome/142.0.0.0 Safari/537.36"
159.223.200.149 - - [05/Sep/2026:15:19:49 +0000] "GET /desidrivers.com.au_1765044452.php HTTP/1.1" 202 - "-" "Mozilla/5.0 (X11; Linux x86_64; rv:142.0) Gecko/20100101 Firefox/142.0"
159.223.200.149 - - [05/Sep/2026:15:19:49 +0000] "GET /desidrivers.com.au_1765436459.php HTTP/1.1" 202 - "-" "Mozilla/5.0 (X11; Linux x86_64) AppleWebKit/537.36 (KHTML, like Gecko) Chrome/142.0.0.0 Safari/537.36"
159.223.200.149 - - [05/Sep/2026:15:19:42 +0000] "GET /a_thankyou.php HTTP/1.1" 200 5112 "-" "Mozilla/5.0 (X11; Linux x86_64) AppleWebKit/537.36 (KHTML, like Gecko) Chrome/142.0.0.0 Safari/537.36"
159.223.200.149 - - [05/Sep/2026:15:19:49 +0000] "GET /desidrivers.com.au_1765865163.php HTTP/1.1" 202 - "-" "Mozilla/5.0 (X11; Linux x86_64) AppleWebKit/537.36 (KHTML, like Gecko) Chrome/142.0.0.0 Safari/537.36"
159.223.200.149 - - [05/Sep/2026:15:19:50 +0000] "GET /desidrivers.com.au_1769883052.php HTTP/1.1" 202 - "-" "Mozilla/5.0 (X11; Linux x86_64; rv:142.0) Gecko/20100101 Firefox/142.0"
159.223.200.149 - - [05/Sep/2026:15:19:50 +0000] "GET /desidrivers.com.au_1770357976.php HTTP/1.1" 202 - "-" "Mozilla/5.0 (X11; Linux x86_64) AppleWebKit/537.36 (KHTML, like Gecko) Chrome/142.0.0.0 Safari/537.36"
159.223.200.149 - - [05/Sep/2026:15:19:50 +0000] "GET /desidrivers.com.au_1771092507.php HTTP/1.1" 202 - "-" "Mozilla/5.0 (X11; Linux x86_64) AppleWebKit/537.36 (KHTML, like Gecko) Chrome/142.0.0.0 Safari/537.36"
159.223.200.149 - - [05/Sep/2026:15:19:50 +0000] "GET /desidrivers.com.au_1772301949.php HTTP/1.1" 202 - "-" "Mozilla/5.0 (X11; Linux x86_64; rv:142.0) Gecko/20100101 Firefox/142.0"
159.223.200.149 - - [05/Sep/2026:15:19:50 +0000] "GET /desidrivers.com.au_1773641731.php HTTP/1.1" 202 - "-" "Mozilla/5.0 (X11; Linux x86_64) AppleWebKit/537.36 (KHTML, like Gecko) Chrome/142.0.0.0 Safari/537.36"
159.223.200.149 - - [05/Sep/2026:15:19:50 +0000] "GET /desidrivers.com.au_1775066775.php HTTP/1.1" 202 - "-" "Mozilla/5.0 (X11; Linux x86_64) AppleWebKit/537.36 (KHTML, like Gecko) Chrome/142.0.0.0 Safari/537.36"
159.223.200.149 - - [05/Sep/2026:15:19:50 +0000] "GET /dispatch.php HTTP/1.1" 200 - "-" "Mozilla/5.0 (X11; Linux x86_64) AppleWebKit/537.36 (KHTML, like Gecko) Chrome/142.0.0.0 Safari/537.36"
159.223.200.149 - - [05/Sep/2026:15:19:50 +0000] "GET /drivers/ HTTP/1.1" 200 8175 "-" "Mozilla/5.0 (X11; Linux x86_64) AppleWebKit/537.36 (KHTML, like Gecko) Chrome/142.0.0.0 Safari/537.36"
216.73.216.43 - - [05/Sep/2026:15:19:51 +0000] "GET /tollster/vendor/google/apiclient-services/src/Google/Service/Sheets/ConditionValue.php HTTP/1.1" 500 - "-" "Mozilla/5.0 AppleWebKit/537.36 (KHTML, like Gecko; compatible; ClaudeBot/1.0; +claudebot@anthropic.com)"
159.223.200.149 - - [05/Sep/2026:15:19:50 +0000] "GET /error_log_251117 HTTP/1.1" 200 16736601 "-" "Mozilla/5.0 (X11; Linux x86_64) AppleWebKit/537.36 (KHTML, like Gecko) Chrome/142.0.0.0 Safari/537.36"
159.223.200.149 - - [05/Sep/2026:15:19:50 +0000] "GET /error_log_250913 HTTP/1.1" 200 29612275 "-" "Mozilla/5.0 (X11; Linux x86_64) AppleWebKit/537.36 (KHTML, like Gecko) Chrome/142.0.0.0 Safari/537.36"
159.223.200.149 - - [05/Sep/2026:15:19:50 +0000] "GET /desis.zip HTTP/1.1" 200 53287223 "-" "Mozilla/5.0 (X11; Linux x86_64; rv:142.0) Gecko/20100101 Firefox/142.0"
159.223.200.149 - - [05/Sep/2026:15:19:54 +0000] "GET /error_log_260603 HTTP/1.1" 200 37979880 "-" "Mozilla/5.0 (X11; Linux x86_64) AppleWebKit/537.36 (KHTML, like Gecko) Chrome/142.0.0.0 Safari/537.36"
159.223.200.149 - - [05/Sep/2026:15:19:56 +0000] "GET /eway/ HTTP/1.1" 200 27251 "-" "Mozilla/5.0 (X11; Linux x86_64) AppleWebKit/537.36 (KHTML, like Gecko) Chrome/142.0.0.0 Safari/537.36"
159.223.200.149 - - [05/Sep/2026:15:19:56 +0000] "GET /family/ HTTP/1.1" 200 198553 "-" "Mozilla/5.0 (X11; Linux x86_64) AppleWebKit/537.36 (KHTML, like Gecko) Chrome/142.0.0.0 Safari/537.36"
216.73.216.43 - - [05/Sep/2026:15:19:56 +0000] "GET /tollster/vendor/google/apiclient-services/src/Google/Service/Directory/UserPhone.php HTTP/1.1" 500 - "-" "Mozilla/5.0 AppleWebKit/537.36 (KHTML, like Gecko; compatible; ClaudeBot/1.0; +claudebot@anthropic.com)"
159.223.200.149 - - [05/Sep/2026:15:19:56 +0000] "GET /familyPrice.php HTTP/1.1" 500 - "-" "Mozilla/5.0 (X11; Linux x86_64) AppleWebKit/537.36 (KHTML, like Gecko) Chrome/142.0.0.0 Safari/537.36"
159.223.200.149 - - [05/Sep/2026:15:19:57 +0000] "GET /favicon.ico HTTP/1.1" 200 1150 "-" "Mozilla/5.0 (X11; Linux x86_64) AppleWebKit/537.36 (KHTML, like Gecko) Chrome/142.0.0.0 Safari/537.36"
159.223.200.149 - - [05/Sep/2026:15:19:57 +0000] "GET /fc_api/ HTTP/1.1" 200 82 "-" "Mozilla/5.0 (X11; Linux x86_64) AppleWebKit/537.36 (KHTML, like Gecko) Chrome/142.0.0.0 Safari/537.36"
159.223.200.149 - - [05/Sep/2026:15:19:57 +0000] "GET /gcdriver/ HTTP/1.1" 200 82913 "-" "Mozilla/5.0 (X11; Linux x86_64) AppleWebKit/537.36 (KHTML, like Gecko) Chrome/142.0.0.0 Safari/537.36"
159.223.200.149 - - [05/Sep/2026:15:19:58 +0000] "GET /google/ HTTP/1.1" 200 1012 "-" "Mozilla/5.0 (X11; Linux x86_64) AppleWebKit/537.36 (KHTML, like Gecko) Chrome/142.0.0.0 Safari/537.36"
159.223.200.149 - - [05/Sep/2026:15:19:58 +0000] "GET /google0826623ce41a5365.html HTTP/1.1" 200 53 "-" "Mozilla/5.0 (X11; Linux x86_64) AppleWebKit/537.36 (KHTML, like Gecko) Chrome/142.0.0.0 Safari/537.36"
159.223.200.149 - - [05/Sep/2026:15:19:58 +0000] "GET /holidays.php HTTP/1.1" 200 4448 "-" "Mozilla/5.0 (X11; Linux x86_64) AppleWebKit/537.36 (KHTML, like Gecko) Chrome/142.0.0.0 Safari/537.36"
159.223.200.149 - - [05/Sep/2026:15:19:59 +0000] "GET /hooks/ HTTP/1.1" 200 - "-" "Mozilla/5.0 (X11; Linux x86_64) AppleWebKit/537.36 (KHTML, like Gecko) Chrome/142.0.0.0 Safari/537.36"
114.119.155.69 - - [05/Sep/2026:15:20:00 +0000] "GET /tollster/vendor/monolog/monolog/tests/Monolog/Processor/ HTTP/1.1" 200 2731 "https://www.desidrivers.com.au/tollster/vendor/monolog/monolog/tests/Monolog/" "Mozilla/5.0 (Linux; Android 7.0;) AppleWebKit/537.36 (HTML, like Gecko) Mobile Safari/537.36 (compatible; PetalBot;+https://webmaster.petalsearch.com/site/petalbot)"
159.223.200.149 - - [05/Sep/2026:15:20:00 +0000] "GET /ims/ HTTP/1.1" 200 2596 "-" "Mozilla/5.0 (X11; Linux x86_64) AppleWebKit/537.36 (KHTML, like Gecko) Chrome/142.0.0.0 Safari/537.36"
159.223.200.149 - - [05/Sep/2026:15:20:00 +0000] "GET /ims2/ HTTP/1.1" 200 4167 "-" "Mozilla/5.0 (X11; Linux x86_64) AppleWebKit/537.36 (KHTML, like Gecko) Chrome/142.0.0.0 Safari/537.36"
159.223.200.149 - - [05/Sep/2026:15:20:01 +0000] "GET /ims3/ HTTP/1.1" 200 857 "-" "Mozilla/5.0 (X11; Linux x86_64) AppleWebKit/537.36 (KHTML, like Gecko) Chrome/142.0.0.0 Safari/537.36"
159.223.200.149 - - [05/Sep/2026:15:20:01 +0000] "GET /job_index_results.php HTTP/1.1" 200 - "-" "Mozilla/5.0 (X11; Linux x86_64) AppleWebKit/537.36 (KHTML, like Gecko) Chrome/142.0.0.0 Safari/537.36"
159.223.200.149 - - [05/Sep/2026:15:20:01 +0000] "GET /jobcancel.php HTTP/1.1" 200 6736 "-" "Mozilla/5.0 (X11; Linux x86_64) AppleWebKit/537.36 (KHTML, like Gecko) Chrome/142.0.0.0 Safari/537.36"
159.223.200.149 - - [05/Sep/2026:15:19:59 +0000] "GET /ims-master.zip HTTP/1.1" 200 35927391 "-" "Mozilla/5.0 (X11; Linux x86_64) AppleWebKit/537.36 (KHTML, like Gecko) Chrome/142.0.0.0 Safari/537.36"
216.73.216.43 - - [05/Sep/2026:15:20:01 +0000] "GET /tollster/vendor/google/apiclient-services/src/Google/Service/AndroidEnterprise/Policy.php HTTP/1.1" 500 - "-" "Mozilla/5.0 AppleWebKit/537.36 (KHTML, like Gecko; compatible; ClaudeBot/1.0; +claudebot@anthropic.com)"
159.223.200.149 - - [05/Sep/2026:15:20:02 +0000] "GET /json-test.php HTTP/1.1" 200 386 "-" "Mozilla/5.0 (X11; Linux x86_64) AppleWebKit/537.36 (KHTML, like Gecko) Chrome/142.0.0.0 Safari/537.36"
74.7.227.157 - - [05/Sep/2026:15:20:03 +0000] "GET /tollster/vendor/google/apiclient-services/src/Google/Service/Blogger/CommentPost.php HTTP/1.1" 500 - "https://mail.desidrivers.com.au/tollster/vendor/google/apiclient-services/src/Google/Service/Blogger/" "Mozilla/5.0 AppleWebKit/537.36 (KHTML, like Gecko; compatible; GPTBot/1.4; +https://openai.com/gptbot)"
159.223.200.149 - - [05/Sep/2026:15:20:03 +0000] "GET /listen.php HTTP/1.1" 200 - "-" "Mozilla/5.0 (X11; Linux x86_64) AppleWebKit/537.36 (KHTML, like Gecko) Chrome/142.0.0.0 Safari/537.36"
159.223.200.149 - - [05/Sep/2026:15:20:03 +0000] "GET /magic_logo.jpg HTTP/1.1" 200 80980 "-" "Mozilla/5.0 (X11; Linux x86_64) AppleWebKit/537.36 (KHTML, like Gecko) Chrome/142.0.0.0 Safari/537.36"
159.223.200.149 - - [05/Sep/2026:15:20:04 +0000] "GET /magicride.ng/ HTTP/1.1" 404 12853 "-" "Mozilla/5.0 (X11; Linux x86_64) AppleWebKit/537.36 (KHTML, like Gecko) Chrome/142.0.0.0 Safari/537.36"
159.223.200.149 - - [05/Sep/2026:15:20:04 +0000] "GET /newJob.php HTTP/1.1" 200 5 "-" "Mozilla/5.0 (X11; Linux x86_64) AppleWebKit/537.36 (KHTML, like Gecko) Chrome/142.0.0.0 Safari/537.36"
159.223.200.149 - - [05/Sep/2026:15:20:05 +0000] "GET /new_spatula_job.php HTTP/1.1" 200 - "-" "Mozilla/5.0 (X11; Linux x86_64) AppleWebKit/537.36 (KHTML, like Gecko) Chrome/142.0.0.0 Safari/537.36"
159.223.200.149 - - [05/Sep/2026:15:20:06 +0000] "GET /newcode.php HTTP/1.1" 200 5010 "-" "Mozilla/5.0 (X11; Linux x86_64) AppleWebKit/537.36 (KHTML, like Gecko) Chrome/142.0.0.0 Safari/537.36"
216.73.216.43 - - [05/Sep/2026:15:20:06 +0000] "GET /tollster/vendor/google/apiclient-services/src/Google/Service/Firestore/Target.php HTTP/1.1" 500 - "-" "Mozilla/5.0 AppleWebKit/537.36 (KHTML, like Gecko; compatible; ClaudeBot/1.0; +claudebot@anthropic.com)"
74.7.227.38 - - [05/Sep/2026:15:20:06 +0000] "GET /google/google-api-php-client-2.2.1/vendor/google/apiclient-services/src/Google/Service/YouTube/WatchSettings.php HTTP/1.1" 500 - "https://desidrivers.com.au/google/google-api-php-client-2.2.1/vendor/google/apiclient-services/src/Google/Service/YouTube/?C=S;O=A" "Mozilla/5.0 AppleWebKit/537.36 (KHTML, like Gecko; compatible; GPTBot/1.4; +https://openai.com/gptbot)"
159.223.200.149 - - [05/Sep/2026:15:19:40 +0000] "GET /cpmove-desid573.tar.gz HTTP/1.1" 200 6864557031 "-" "Mozilla/5.0 (X11; Linux x86_64) AppleWebKit/537.36 (KHTML, like Gecko) Chrome/142.0.0.0 Safari/537.36"
159.223.200.149 - - [05/Sep/2026:15:20:07 +0000] "GET /newjob_index.php HTTP/1.1" 200 6027 "-" "Mozilla/5.0 (X11; Linux x86_64) AppleWebKit/537.36 (KHTML, like Gecko) Chrome/142.0.0.0 Safari/537.36"
74.7.241.54 - - [05/Sep/2026:15:20:07 +0000] "GET /google/google-api-php-client-2.2.1/vendor/google/apiclient-services/src/Google/Service/Books/OffersItemsItems.php HTTP/1.1" 500 - "https://www.desidrivers.com.au/google/google-api-php-client-2.2.1/vendor/google/apiclient-services/src/Google/Service/Books/?C=S;O=A" "Mozilla/5.0 AppleWebKit/537.36 (KHTML, like Gecko; compatible; GPTBot/1.4; +https://openai.com/gptbot)"
159.223.200.149 - - [05/Sep/2026:15:20:07 +0000] "GET /off.php HTTP/1.1" 200 12 "-" "Mozilla/5.0 (X11; Linux x86_64; rv:142.0) Gecko/20100101 Firefox/142.0"
159.223.200.149 - - [05/Sep/2026:15:20:07 +0000] "GET /old/ HTTP/1.1" 200 32386 "-" "Mozilla/5.0 (X11; Linux x86_64) AppleWebKit/537.36 (KHTML, like Gecko) Chrome/142.0.0.0 Safari/537.36"
159.223.200.149 - - [05/Sep/2026:15:20:07 +0000] "GET /onboard.php HTTP/1.1" 200 7327 "-" "Mozilla/5.0 (X11; Linux x86_64) AppleWebKit/537.36 (KHTML, like Gecko) Chrome/142.0.0.0 Safari/537.36"
159.223.200.149 - - [05/Sep/2026:15:20:08 +0000] "GET /payment/ HTTP/1.1" 200 34998 "-" "Mozilla/5.0 (X11; Linux x86_64) AppleWebKit/537.36 (KHTML, like Gecko) Chrome/142.0.0.0 Safari/537.36"
159.223.200.149 - - [05/Sep/2026:15:20:08 +0000] "GET /postcode_array.php HTTP/1.1" 200 - "-" "Mozilla/5.0 (X11; Linux x86_64) AppleWebKit/537.36 (KHTML, like Gecko) Chrome/142.0.0.0 Safari/537.36"
159.223.200.149 - - [05/Sep/2026:15:20:09 +0000] "GET /quote.php HTTP/1.1" 200 11794 "-" "Mozilla/5.0 (X11; Linux x86_64) AppleWebKit/537.36 (KHTML, like Gecko) Chrome/142.0.0.0 Safari/537.36"
159.223.200.149 - - [05/Sep/2026:15:20:09 +0000] "GET /recall.php HTTP/1.1" 200 - "-" "Mozilla/5.0 (X11; Linux x86_64) AppleWebKit/537.36 (KHTML, like Gecko) Chrome/142.0.0.0 Safari/537.36"
159.223.200.149 - - [05/Sep/2026:15:20:09 +0000] "GET /replysms.php HTTP/1.1" 200 - "-" "Mozilla/5.0 (X11; Linux x86_64) AppleWebKit/537.36 (KHTML, like Gecko) Chrome/142.0.0.0 Safari/537.36"
159.223.200.149 - - [05/Sep/2026:15:20:09 +0000] "GET /search.php HTTP/1.1" 200 - "-" "Mozilla/5.0 (X11; Linux x86_64) AppleWebKit/537.36 (KHTML, like Gecko) Chrome/142.0.0.0 Safari/537.36"
159.223.200.149 - - [05/Sep/2026:15:20:09 +0000] "GET /sendToSlack.php HTTP/1.1" 200 - "-" "Mozilla/5.0 (X11; Linux x86_64) AppleWebKit/537.36 (KHTML, like Gecko) Chrome/142.0.0.0 Safari/537.36"
159.223.200.149 - - [05/Sep/2026:15:20:10 +0000] "GET /sendtofamily.php HTTP/1.1" 200 - "-" "Mozilla/5.0 (X11; Linux x86_64) AppleWebKit/537.36 (KHTML, like Gecko) Chrome/142.0.0.0 Safari/537.36"
159.223.200.149 - - [05/Sep/2026:15:20:10 +0000] "GET /smee-client-master/ HTTP/1.1" 200 1782 "-" "Mozilla/5.0 (X11; Linux x86_64) AppleWebKit/537.36 (KHTML, like Gecko) Chrome/142.0.0.0 Safari/537.36"
159.223.200.149 - - [05/Sep/2026:15:20:10 +0000] "GET /smsInvoice.php HTTP/1.1" 200 5984 "-" "Mozilla/5.0 (X11; Linux x86_64) AppleWebKit/537.36 (KHTML, like Gecko) Chrome/142.0.0.0 Safari/537.36"
159.223.200.149 - - [05/Sep/2026:15:20:10 +0000] "GET /smsSendInv.php HTTP/1.1" 200 - "-" "Mozilla/5.0 (X11; Linux x86_64) AppleWebKit/537.36 (KHTML, like Gecko) Chrome/142.0.0.0 Safari/537.36"
159.223.200.149 - - [05/Sep/2026:15:20:10 +0000] "GET /smscheck.php HTTP/1.1" 500 - "-" "Mozilla/5.0 (X11; Linux x86_64) AppleWebKit/537.36 (KHTML, like Gecko) Chrome/142.0.0.0 Safari/537.36"
159.223.200.149 - - [05/Sep/2026:15:20:11 +0000] "GET /smsconfirm.php HTTP/1.1" 200 3445 "-" "Mozilla/5.0 (X11; Linux x86_64) AppleWebKit/537.36 (KHTML, like Gecko) Chrome/142.0.0.0 Safari/537.36"
216.73.216.43 - - [05/Sep/2026:15:20:11 +0000] "GET /tollster/vendor/google/apiclient-services/src/Google/Service/Devprojects/SpecialRestriction.php HTTP/1.1" 500 - "-" "Mozilla/5.0 AppleWebKit/537.36 (KHTML, like Gecko; compatible; ClaudeBot/1.0; +claudebot@anthropic.com)"
18.212.115.115 - - [05/Sep/2026:15:20:10 +0000] "POST /hooks/sms.php HTTP/1.1" 200 18 "-" "Slackbot 1.0 (+https://api.slack.com/robots)"
159.223.200.149 - - [05/Sep/2026:15:20:11 +0000] "GET /smslog.php HTTP/1.1" 500 - "-" "Mozilla/5.0 (X11; Linux x86_64) AppleWebKit/537.36 (KHTML, like Gecko) Chrome/142.0.0.0 Safari/537.36"
159.223.200.149 - - [05/Sep/2026:15:20:11 +0000] "GET /smsmel.php HTTP/1.1" 200 - "-" "Mozilla/5.0 (X11; Linux x86_64) AppleWebKit/537.36 (KHTML, like Gecko) Chrome/142.0.0.0 Safari/537.36"
159.223.200.149 - - [05/Sep/2026:15:20:11 +0000] "GET /spat_test.php HTTP/1.1" 200 - "-" "Mozilla/5.0 (X11; Linux x86_64) AppleWebKit/537.36 (KHTML, like Gecko) Chrome/142.0.0.0 Safari/537.36"
159.223.200.149 - - [05/Sep/2026:15:20:12 +0000] "GET /spatula_addFC.php HTTP/1.1" 200 5030 "-" "Mozilla/5.0 (X11; Linux x86_64) AppleWebKit/537.36 (KHTML, like Gecko) Chrome/142.0.0.0 Safari/537.36"
159.223.200.149 - - [05/Sep/2026:15:20:12 +0000] "GET /smssend.php HTTP/1.1" 200 - "-" "Mozilla/5.0 (X11; Linux x86_64) AppleWebKit/537.36 (KHTML, like Gecko) Chrome/142.0.0.0 Safari/537.36"
159.223.200.149 - - [05/Sep/2026:15:20:12 +0000] "GET /test2.php HTTP/1.1" 200 - "-" "Mozilla/5.0 (X11; Linux x86_64) AppleWebKit/537.36 (KHTML, like Gecko) Chrome/142.0.0.0 Safari/537.36"
159.223.200.149 - - [05/Sep/2026:15:20:12 +0000] "GET /test123.php HTTP/1.1" 200 5 "-" "Mozilla/5.0 (X11; Linux x86_64) AppleWebKit/537.36 (KHTML, like Gecko) Chrome/142.0.0.0 Safari/537.36"
159.223.200.149 - - [05/Sep/2026:15:20:12 +0000] "GET /test.php HTTP/1.1" 200 5 "-" "Mozilla/5.0 (X11; Linux x86_64) AppleWebKit/537.36 (KHTML, like Gecko) Chrome/142.0.0.0 Safari/537.36"
159.223.200.149 - - [05/Sep/2026:15:20:13 +0000] "GET /test_api/ HTTP/1.1" 200 99 "-" "Mozilla/5.0 (X11; Linux x86_64) AppleWebKit/537.36 (KHTML, like Gecko) Chrome/142.0.0.0 Safari/537.36"
159.223.200.149 - - [05/Sep/2026:15:20:13 +0000] "GET /tester/ HTTP/1.1" 200 821 "-" "Mozilla/5.0 (X11; Linux x86_64) AppleWebKit/537.36 (KHTML, like Gecko) Chrome/142.0.0.0 Safari/537.36"
159.223.200.149 - - [05/Sep/2026:15:20:13 +0000] "GET /tollster/ HTTP/1.1" 200 4433 "-" "Mozilla/5.0 (X11; Linux x86_64) AppleWebKit/537.36 (KHTML, like Gecko) Chrome/142.0.0.0 Safari/537.36"
159.223.200.149 - - [05/Sep/2026:15:20:13 +0000] "GET /typeConfig.php HTTP/1.1" 200 - "-" "Mozilla/5.0 (X11; Linux x86_64) AppleWebKit/537.36 (KHTML, like Gecko) Chrome/142.0.0.0 Safari/537.36"
159.223.200.149 - - [05/Sep/2026:15:20:13 +0000] "GET /typeGet.php HTTP/1.1" 200 - "-" "Mozilla/5.0 (X11; Linux x86_64) AppleWebKit/537.36 (KHTML, like Gecko) Chrome/142.0.0.0 Safari/537.36"
159.223.200.149 - - [05/Sep/2026:15:20:13 +0000] "GET /update.php HTTP/1.1" 200 - "-" "Mozilla/5.0 (X11; Linux x86_64) AppleWebKit/537.36 (KHTML, like Gecko) Chrome/142.0.0.0 Safari/537.36"
159.223.200.149 - - [05/Sep/2026:15:20:13 +0000] "GET /tollster%20(1).zip HTTP/1.1" 200 9867447 "-" "Mozilla/5.0 (X11; Linux x86_64) AppleWebKit/537.36 (KHTML, like Gecko) Chrome/142.0.0.0 Safari/537.36"
159.223.200.149 - - [05/Sep/2026:15:20:13 +0000] "GET /urlShortener.php HTTP/1.1" 200 - "-" "Mozilla/5.0 (X11; Linux x86_64) AppleWebKit/537.36 (KHTML, like Gecko) Chrome/142.0.0.0 Safari/537.36"
159.223.200.149 - - [05/Sep/2026:15:20:13 +0000] "GET /verde/ HTTP/1.1" 200 808 "-" "Mozilla/5.0 (X11; Linux x86_64) AppleWebKit/537.36 (KHTML, like Gecko) Chrome/142.0.0.0 Safari/537.36"
159.223.200.149 - - [05/Sep/2026:15:20:14 +0000] "GET /vromo.php HTTP/1.1" 200 - "-" "Mozilla/5.0 (X11; Linux x86_64) AppleWebKit/537.36 (KHTML, like Gecko) Chrome/142.0.0.0 Safari/537.36"
159.223.200.149 - - [05/Sep/2026:15:20:14 +0000] "GET /webhook.php HTTP/1.1" 200 - "-" "Mozilla/5.0 (X11; Linux x86_64) AppleWebKit/537.36 (KHTML, like Gecko) Chrome/142.0.0.0 Safari/537.36"
159.223.200.149 - - [05/Sep/2026:15:20:14 +0000] "GET /x.php HTTP/1.1" 200 1146 "-" "Mozilla/5.0 (X11; Linux x86_64) AppleWebKit/537.36 (KHTML, like Gecko) Chrome/142.0.0.0 Safari/537.36"
159.223.200.149 - - [05/Sep/2026:15:20:14 +0000] "GET /assets/css.css HTTP/1.1" 200 4275 "-" "Mozilla/5.0 (X11; Linux x86_64; rv:142.0) Gecko/20100101 Firefox/142.0"
159.223.200.149 - - [05/Sep/2026:15:20:14 +0000] "GET /assets/css/ HTTP/1.1" 200 2344 "-" "Mozilla/5.0 (X11; Linux x86_64) AppleWebKit/537.36 (KHTML, like Gecko) Chrome/142.0.0.0 Safari/537.36"
159.223.200.149 - - [05/Sep/2026:15:20:14 +0000] "GET /assets/flags.png HTTP/1.1" 200 69270 "-" "Mozilla/5.0 (X11; Linux x86_64) AppleWebKit/537.36 (KHTML, like Gecko) Chrome/142.0.0.0 Safari/537.36"
159.223.200.149 - - [05/Sep/2026:15:20:15 +0000] "GET /assets/flags@2x.png HTTP/1.1" 200 173609 "-" "Mozilla/5.0 (X11; Linux x86_64; rv:142.0) Gecko/20100101 Firefox/142.0"
159.223.200.149 - - [05/Sep/2026:15:20:15 +0000] "GET /assets/fonts/ HTTP/1.1" 200 1471 "-" "Mozilla/5.0 (X11; Linux x86_64) AppleWebKit/537.36 (KHTML, like Gecko) Chrome/142.0.0.0 Safari/537.36"
159.223.200.149 - - [05/Sep/2026:15:20:15 +0000] "GET /assets/intlTelInput.css HTTP/1.1" 200 21682 "-" "Mozilla/5.0 (X11; Linux x86_64) AppleWebKit/537.36 (KHTML, like Gecko) Chrome/142.0.0.0 Safari/537.36"
159.223.200.149 - - [05/Sep/2026:15:20:16 +0000] "GET /assets/intlTelInput.js HTTP/1.1" 200 69103 "-" "Mozilla/5.0 (X11; Linux x86_64; rv:142.0) Gecko/20100101 Firefox/142.0"
216.73.216.43 - - [05/Sep/2026:15:20:16 +0000] "GET /tollster/vendor/google/apiclient-services/src/Google/Service/Pubsub/Resource/Projects.php HTTP/1.1" 500 - "-" "Mozilla/5.0 AppleWebKit/537.36 (KHTML, like Gecko; compatible; ClaudeBot/1.0; +claudebot@anthropic.com)"
159.223.200.149 - - [05/Sep/2026:15:20:16 +0000] "GET /assets/intlTelInput.min.js HTTP/1.1" 200 22831 "-" "Mozilla/5.0 (X11; Linux x86_64) AppleWebKit/537.36 (KHTML, like Gecko) Chrome/142.0.0.0 Safari/537.36"
159.223.200.149 - - [05/Sep/2026:15:20:16 +0000] "GET /assets/intlTelInput.scss HTTP/1.1" 200 10051 "-" "Mozilla/5.0 (X11; Linux x86_64) AppleWebKit/537.36 (KHTML, like Gecko) Chrome/142.0.0.0 Safari/537.36"
159.223.200.149 - - [05/Sep/2026:15:20:17 +0000] "GET /assets/js/ HTTP/1.1" 200 1768 "-" "Mozilla/5.0 (X11; Linux x86_64; rv:142.0) Gecko/20100101 Firefox/142.0"
159.223.200.149 - - [05/Sep/2026:15:20:17 +0000] "GET /assets/picker/ HTTP/1.1" 200 1928 "-" "Mozilla/5.0 (X11; Linux x86_64; rv:142.0) Gecko/20100101 Firefox/142.0"
159.223.200.149 - - [05/Sep/2026:15:20:17 +0000] "GET /assets/utils.js HTTP/1.1" 200 220604 "-" "Mozilla/5.0 (X11; Linux x86_64; rv:142.0) Gecko/20100101 Firefox/142.0"
159.223.200.149 - - [05/Sep/2026:15:20:17 +0000] "GET /drivers/avail.php HTTP/1.1" 200 18781 "-" "Mozilla/5.0 (X11; Linux x86_64) AppleWebKit/537.36 (KHTML, like Gecko) Chrome/142.0.0.0 Safari/537.36"
159.223.200.149 - - [05/Sep/2026:15:20:17 +0000] "GET /drivers/cancel_booking.php HTTP/1.1" 500 - "-" "Mozilla/5.0 (X11; Linux x86_64) AppleWebKit/537.36 (KHTML, like Gecko) Chrome/142.0.0.0 Safari/537.36"
159.223.200.149 - - [05/Sep/2026:15:20:18 +0000] "GET /drivers/checkDetails.php HTTP/1.1" 200 150 "-" "Mozilla/5.0 (X11; Linux x86_64) AppleWebKit/537.36 (KHTML, like Gecko) Chrome/142.0.0.0 Safari/537.36"
159.223.200.149 - - [05/Sep/2026:15:20:18 +0000] "GET /drivers/checkDetailsId.php HTTP/1.1" 500 - "-" "Mozilla/5.0 (X11; Linux x86_64) AppleWebKit/537.36 (KHTML, like Gecko) Chrome/142.0.0.0 Safari/537.36"
159.223.200.149 - - [05/Sep/2026:15:20:18 +0000] "GET /drivers/contractor_conduct.pdf HTTP/1.1" 200 110192 "-" "Mozilla/5.0 (X11; Linux x86_64; rv:142.0) Gecko/20100101 Firefox/142.0"
159.223.200.149 - - [05/Sep/2026:15:20:18 +0000] "GET /drivers/create.php HTTP/1.1" 200 - "-" "Mozilla/5.0 (X11; Linux x86_64) AppleWebKit/537.36 (KHTML, like Gecko) Chrome/142.0.0.0 Safari/537.36"
159.223.200.149 - - [05/Sep/2026:15:20:18 +0000] "GET /drivers/cleaning_record.pdf HTTP/1.1" 200 117117 "-" "Mozilla/5.0 (X11; Linux x86_64) AppleWebKit/537.36 (KHTML, like Gecko) Chrome/142.0.0.0 Safari/537.36"
159.223.200.149 - - [05/Sep/2026:15:20:18 +0000] "GET /drivers/createSMS.php HTTP/1.1" 500 - "-" "Mozilla/5.0 (X11; Linux x86_64) AppleWebKit/537.36 (KHTML, like Gecko) Chrome/142.0.0.0 Safari/537.36"
159.223.200.149 - - [05/Sep/2026:15:20:19 +0000] "GET /drivers/createbilling.php HTTP/1.1" 200 10862 "-" "Mozilla/5.0 (X11; Linux x86_64) AppleWebKit/537.36 (KHTML, like Gecko) Chrome/142.0.0.0 Safari/537.36"
159.223.200.149 - - [05/Sep/2026:15:20:19 +0000] "GET /drivers/createdriver.php HTTP/1.1" 200 4765 "-" "Mozilla/5.0 (X11; Linux x86_64; rv:142.0) Gecko/20100101 Firefox/142.0"
159.223.200.149 - - [05/Sep/2026:15:20:19 +0000] "GET /drivers/daily.php HTTP/1.1" 200 9907 "-" "Mozilla/5.0 (X11; Linux x86_64) AppleWebKit/537.36 (KHTML, like Gecko) Chrome/142.0.0.0 Safari/537.36"
159.223.200.149 - - [05/Sep/2026:15:20:20 +0000] "GET /drivers/default.php HTTP/1.1" 200 16343 "-" "Mozilla/5.0 (X11; Linux x86_64) AppleWebKit/537.36 (KHTML, like Gecko) Chrome/142.0.0.0 Safari/537.36"
159.223.200.149 - - [05/Sep/2026:15:20:20 +0000] "GET /drivers/delete.php HTTP/1.1" 200 - "-" "Mozilla/5.0 (X11; Linux x86_64; rv:142.0) Gecko/20100101 Firefox/142.0"
159.223.200.149 - - [05/Sep/2026:15:20:20 +0000] "GET /drivers/deletedriver.php HTTP/1.1" 200 5709 "-" "Mozilla/5.0 (X11; Linux x86_64; rv:142.0) Gecko/20100101 Firefox/142.0"
159.223.200.149 - - [05/Sep/2026:15:20:20 +0000] "GET /drivers/driverBilling.php HTTP/1.1" 200 8345 "-" "Mozilla/5.0 (X11; Linux x86_64) AppleWebKit/537.36 (KHTML, like Gecko) Chrome/142.0.0.0 Safari/537.36"
159.223.200.149 - - [05/Sep/2026:15:20:21 +0000] "GET /drivers/drugs_policy.pdf HTTP/1.1" 200 78742 "-" "Mozilla/5.0 (X11; Linux x86_64; rv:142.0) Gecko/20100101 Firefox/142.0"
159.223.200.149 - - [05/Sep/2026:15:20:21 +0000] "GET /drivers/getDailyAvailability.php HTTP/1.1" 200 435 "-" "Mozilla/5.0 (X11; Linux x86_64) AppleWebKit/537.36 (KHTML, like Gecko) Chrome/142.0.0.0 Safari/537.36"
32.198.75.13 - - [05/Sep/2026:15:20:21 +0000] "POST /hooks/sms.php HTTP/1.1" 200 18 "-" "Slackbot 1.0 (+https://api.slack.com/robots)"
54.162.213.14 - - [05/Sep/2026:15:20:21 +0000] "POST /hooks/sms.php HTTP/1.1" 200 18 "-" "Slackbot 1.0 (+https://api.slack.com/robots)"
216.73.216.43 - - [05/Sep/2026:15:20:21 +0000] "GET /tollster/vendor/google/apiclient-services/src/Google/Service/Container/Cluster.php HTTP/1.1" 500 - "-" "Mozilla/5.0 AppleWebKit/537.36 (KHTML, like Gecko; compatible; ClaudeBot/1.0; +claudebot@anthropic.com)"
159.223.200.149 - - [05/Sep/2026:15:20:21 +0000] "GET /drivers/getDefaultAvailability.php HTTP/1.1" 200 53 "-" "Mozilla/5.0 (X11; Linux x86_64; rv:142.0) Gecko/20100101 Firefox/142.0"
50.16.143.179 - - [05/Sep/2026:15:20:21 +0000] "POST /hooks/sms.php HTTP/1.1" 200 18 "-" "Slackbot 1.0 (+https://api.slack.com/robots)"
159.223.200.149 - - [05/Sep/2026:15:20:21 +0000] "GET /drivers/getDriverAvailability.php HTTP/1.1" 200 46 "-" "Mozilla/5.0 (X11; Linux x86_64) AppleWebKit/537.36 (KHTML, like Gecko) Chrome/142.0.0.0 Safari/537.36"
54.86.109.2 - - [05/Sep/2026:15:20:21 +0000] "POST /hooks/sms.php HTTP/1.1" 200 18 "-" "Slackbot 1.0 (+https://api.slack.com/robots)"
3.236.196.111 - - [05/Sep/2026:15:20:22 +0000] "POST /hooks/sms.php HTTP/1.1" 200 18 "-" "Slackbot 1.0 (+https://api.slack.com/robots)"
54.161.101.25 - - [05/Sep/2026:15:20:22 +0000] "POST /hooks/sms.php HTTP/1.1" 200 18 "-" "Slackbot 1.0 (+https://api.slack.com/robots)"
159.223.200.149 - - [05/Sep/2026:15:20:22 +0000] "GET /drivers/home.php HTTP/1.1" 200 5497 "-" "Mozilla/5.0 (X11; Linux x86_64; rv:142.0) Gecko/20100101 Firefox/142.0"
3.81.92.43 - - [05/Sep/2026:15:20:22 +0000] "POST /hooks/sms.php HTTP/1.1" 200 18 "-" "Slackbot 1.0 (+https://api.slack.com/robots)"
159.223.200.149 - - [05/Sep/2026:15:20:22 +0000] "GET /drivers/incident.php HTTP/1.1" 200 - "-" "Mozilla/5.0 (X11; Linux x86_64) AppleWebKit/537.36 (KHTML, like Gecko) Chrome/142.0.0.0 Safari/537.36"
100.48.67.68 - - [05/Sep/2026:15:20:22 +0000] "POST /hooks/sms.php HTTP/1.1" 200 18 "-" "Slackbot 1.0 (+https://api.slack.com/robots)"
159.223.200.149 - - [05/Sep/2026:15:20:22 +0000] "GET /drivers/incident_report.php HTTP/1.1" 200 6179 "-" "Mozilla/5.0 (X11; Linux x86_64) AppleWebKit/537.36 (KHTML, like Gecko) Chrome/142.0.0.0 Safari/537.36"
100.56.16.157 - - [05/Sep/2026:15:20:22 +0000] "POST /hooks/sms.php HTTP/1.1" 200 18 "-" "Slackbot 1.0 (+https://api.slack.com/robots)"
32.198.75.13 - - [05/Sep/2026:15:20:22 +0000] "POST /hooks/sms.php HTTP/1.1" 200 18 "-" "Slackbot 1.0 (+https://api.slack.com/robots)"
159.223.200.149 - - [05/Sep/2026:15:20:22 +0000] "GET /drivers/index1.php HTTP/1.1" 200 3937 "-" "Mozilla/5.0 (X11; Linux x86_64; rv:142.0) Gecko/20100101 Firefox/142.0"
3.228.0.34 - - [05/Sep/2026:15:20:22 +0000] "POST /hooks/sms.php HTTP/1.1" 200 18 "-" "Slackbot 1.0 (+https://api.slack.com/robots)"
98.92.119.232 - - [05/Sep/2026:15:20:23 +0000] "POST /hooks/sms.php HTTP/1.1" 200 18 "-" "Slackbot 1.0 (+https://api.slack.com/robots)"
3.237.39.250 - - [05/Sep/2026:15:20:23 +0000] "POST /hooks/sms.php HTTP/1.1" 200 18 "-" "Slackbot 1.0 (+https://api.slack.com/robots)"
159.223.200.149 - - [05/Sep/2026:15:20:23 +0000] "GET /drivers/licence_file_qld.php HTTP/1.1" 200 - "-" "Mozilla/5.0 (X11; Linux x86_64) AppleWebKit/537.36 (KHTML, like Gecko) Chrome/142.0.0.0 Safari/537.36"
74.7.227.157 - - [05/Sep/2026:15:20:23 +0000] "GET /tollster/vendor/google/apiclient-services/src/Google/Service/Appengine/CpuUtilization.php HTTP/1.1" 500 - "https://mail.desidrivers.com.au/tollster/vendor/google/apiclient-services/src/Google/Service/Appengine/" "Mozilla/5.0 AppleWebKit/537.36 (KHTML, like Gecko; compatible; GPTBot/1.4; +https://openai.com/gptbot)"
159.223.200.149 - - [05/Sep/2026:15:20:23 +0000] "GET /drivers/list.php HTTP/1.1" 200 5545 "-" "Mozilla/5.0 (X11; Linux x86_64) AppleWebKit/537.36 (KHTML, like Gecko) Chrome/142.0.0.0 Safari/537.36"
18.206.175.242 - - [05/Sep/2026:15:20:23 +0000] "POST /hooks/sms.php HTTP/1.1" 200 18 "-" "Slackbot 1.0 (+https://api.slack.com/robots)"
159.223.200.149 - - [05/Sep/2026:15:20:23 +0000] "GET /drivers/login.php HTTP/1.1" 200 7762 "-" "Mozilla/5.0 (X11; Linux x86_64; rv:142.0) Gecko/20100101 Firefox/142.0"
18.212.115.115 - - [05/Sep/2026:15:20:23 +0000] "POST /hooks/sms.php HTTP/1.1" 200 18 "-" "Slackbot 1.0 (+https://api.slack.com/robots)"
3.234.213.75 - - [05/Sep/2026:15:20:23 +0000] "POST /hooks/sms.php HTTP/1.1" 200 18 "-" "Slackbot 1.0 (+https://api.slack.com/robots)"
3.81.92.43 - - [05/Sep/2026:15:20:23 +0000] "POST /hooks/sms.php HTTP/1.1" 200 18 "-" "Slackbot 1.0 (+https://api.slack.com/robots)"
159.223.200.149 - - [05/Sep/2026:15:20:23 +0000] "GET /drivers/loginDriver.php HTTP/1.1" 200 46 "-" "Mozilla/5.0 (X11; Linux x86_64) AppleWebKit/537.36 (KHTML, like Gecko) Chrome/142.0.0.0 Safari/537.36"
54.85.2.10 - - [05/Sep/2026:15:20:24 +0000] "POST /hooks/sms.php HTTP/1.1" 200 18 "-" "Slackbot 1.0 (+https://api.slack.com/robots)"
100.52.216.197 - - [05/Sep/2026:15:20:24 +0000] "POST /hooks/sms.php HTTP/1.1" 200 18 "-" "Slackbot 1.0 (+https://api.slack.com/robots)"
