74.7.227.157 - - [05/Sep/2026:12:10:02 +0000] "GET /tollster/vendor/google/apiclient-services/src/Google/Service/Storage/BucketEncryption.php HTTP/1.1" 500 - "https://mail.desidrivers.com.au/tollster/vendor/google/apiclient-services/src/Google/Service/Storage/" "Mozilla/5.0 AppleWebKit/537.36 (KHTML, like Gecko; compatible; GPTBot/1.4; +https://openai.com/gptbot)"
216.73.216.128 - - [05/Sep/2026:12:10:07 +0000] "GET /drivers/twilio-php-master/Twilio/Rest/Chat/V1/Service/Channel/InviteList.php HTTP/1.1" 500 - "-" "Mozilla/5.0 AppleWebKit/537.36 (KHTML, like Gecko; compatible; ClaudeBot/1.0; +claudebot@anthropic.com)"
216.73.216.128 - - [05/Sep/2026:12:10:12 +0000] "GET /drivers/twilio-php-master/Twilio/Rest/Chat/V1/Service/Channel/InvitePage.php HTTP/1.1" 500 - "-" "Mozilla/5.0 AppleWebKit/537.36 (KHTML, like Gecko; compatible; ClaudeBot/1.0; +claudebot@anthropic.com)"
74.7.227.38 - - [05/Sep/2026:12:10:14 +0000] "GET /google/google-api-php-client-2.2.1/vendor/google/apiclient-services/src/Google/Service/Spanner/UpdateInstanceMetadata.php HTTP/1.1" 500 - "https://desidrivers.com.au/google/google-api-php-client-2.2.1/vendor/google/apiclient-services/src/Google/Service/Spanner/?C=N;O=D" "Mozilla/5.0 AppleWebKit/537.36 (KHTML, like Gecko; compatible; GPTBot/1.4; +https://openai.com/gptbot)"
74.7.241.54 - - [05/Sep/2026:12:10:14 +0000] "GET /google/google-api-php-client-2.2.1/vendor/google/apiclient-services/src/Google/Service/Sheets/CreateDeveloperMetadataRequest.php HTTP/1.1" 500 - "https://www.desidrivers.com.au/google/google-api-php-client-2.2.1/vendor/google/apiclient-services/src/Google/Service/Sheets/?C=D;O=A" "Mozilla/5.0 AppleWebKit/537.36 (KHTML, like Gecko; compatible; GPTBot/1.4; +https://openai.com/gptbot)"
216.73.216.128 - - [05/Sep/2026:12:10:17 +0000] "GET /drivers/twilio-php-master/Twilio/Rest/Chat/V1/Service/Channel/MemberContext.php HTTP/1.1" 500 - "-" "Mozilla/5.0 AppleWebKit/537.36 (KHTML, like Gecko; compatible; ClaudeBot/1.0; +claudebot@anthropic.com)"
3.216.227.216 - - [05/Sep/2026:12:10:20 +0000] "GET /drivers/twilio-php-master/Twilio/Rest/Proxy/V1/Service/Session/InteractionList.php HTTP/1.1" 500 - "-" "Mozilla/5.0 AppleWebKit/537.36 (KHTML, like Gecko; compatible; Amazonbot/0.1; +https://developer.amazon.com/support/amazonbot) Chrome/119.0.6045.214 Safari/537.36"
44.209.89.189 - - [05/Sep/2026:12:10:20 +0000] "GET /drivers/twilio-php-master/Twilio/Rest/Sync/V1/ HTTP/1.1" 200 1859 "-" "Mozilla/5.0 AppleWebKit/537.36 (KHTML, like Gecko; compatible; Amazonbot/0.1; +https://developer.amazon.com/support/amazonbot) Chrome/119.0.6045.214 Safari/537.36"
216.73.216.128 - - [05/Sep/2026:12:10:22 +0000] "GET /drivers/twilio-php-master/Twilio/Rest/Chat/V1/Service/Channel/MemberList.php HTTP/1.1" 500 - "-" "Mozilla/5.0 AppleWebKit/537.36 (KHTML, like Gecko; compatible; ClaudeBot/1.0; +claudebot@anthropic.com)"
74.7.227.157 - - [05/Sep/2026:12:10:22 +0000] "GET /tollster/vendor/google/apiclient-services/src/Google/Service/ShoppingContent/Product.php HTTP/1.1" 500 - "https://mail.desidrivers.com.au/tollster/vendor/google/apiclient-services/src/Google/Service/ShoppingContent/" "Mozilla/5.0 AppleWebKit/537.36 (KHTML, like Gecko; compatible; GPTBot/1.4; +https://openai.com/gptbot)"
52.2.58.41 - - [05/Sep/2026:12:10:24 +0000] "GET /drivers/twilio-php-master/Twilio/Rest/Proxy/V1/Service/Session/ParticipantList.php HTTP/1.1" 500 - "-" "Mozilla/5.0 AppleWebKit/537.36 (KHTML, like Gecko; compatible; Amazonbot/0.1; +https://developer.amazon.com/support/amazonbot) Chrome/119.0.6045.214 Safari/537.36"
216.73.216.128 - - [05/Sep/2026:12:10:27 +0000] "GET /tollster/vendor/google/apiclient-services/src/Google/Service/Blogger/CommentAuthor.php HTTP/1.1" 500 - "-" "Mozilla/5.0 AppleWebKit/537.36 (KHTML, like Gecko; compatible; ClaudeBot/1.0; +claudebot@anthropic.com)"
216.73.216.128 - - [05/Sep/2026:12:10:32 +0000] "GET /tollster/vendor/google/apiclient-services/src/Google/Service/Blogger/PostLocation.php HTTP/1.1" 500 - "-" "Mozilla/5.0 AppleWebKit/537.36 (KHTML, like Gecko; compatible; ClaudeBot/1.0; +claudebot@anthropic.com)"
74.7.227.38 - - [05/Sep/2026:12:10:34 +0000] "GET /google/google-api-php-client-2.2.1/vendor/google/apiclient-services/src/Google/Service/Compute/RoutersPreviewResponse.php HTTP/1.1" 500 - "https://desidrivers.com.au/google/google-api-php-client-2.2.1/vendor/google/apiclient-services/src/Google/Service/Compute/?C=N;O=D" "Mozilla/5.0 AppleWebKit/537.36 (KHTML, like Gecko; compatible; GPTBot/1.4; +https://openai.com/gptbot)"
74.7.241.54 - - [05/Sep/2026:12:10:34 +0000] "GET /google/google-api-php-client-2.2.1/vendor/google/apiclient-services/src/Google/Service/Sheets/AddFilterViewResponse.php HTTP/1.1" 500 - "https://www.desidrivers.com.au/google/google-api-php-client-2.2.1/vendor/google/apiclient-services/src/Google/Service/Sheets/?C=D;O=A" "Mozilla/5.0 AppleWebKit/537.36 (KHTML, like Gecko; compatible; GPTBot/1.4; +https://openai.com/gptbot)"
216.73.216.128 - - [05/Sep/2026:12:10:37 +0000] "GET /drivers/twilio-php-master/Twilio/Rest/Chat/V1/Service/Channel/MemberPage.php HTTP/1.1" 500 - "-" "Mozilla/5.0 AppleWebKit/537.36 (KHTML, like Gecko; compatible; ClaudeBot/1.0; +claudebot@anthropic.com)"
216.73.216.128 - - [05/Sep/2026:12:10:42 +0000] "GET /tollster/vendor/google/apiclient-services/src/Google/Service/ServiceConsumerManagement/SourceContext.php HTTP/1.1" 500 - "-" "Mozilla/5.0 AppleWebKit/537.36 (KHTML, like Gecko; compatible; ClaudeBot/1.0; +claudebot@anthropic.com)"
74.7.227.157 - - [05/Sep/2026:12:10:42 +0000] "GET /tollster/vendor/google/apiclient-services/src/Google/Service/PlusDomains/PersonEmails.php HTTP/1.1" 500 - "https://mail.desidrivers.com.au/tollster/vendor/google/apiclient-services/src/Google/Service/PlusDomains/" "Mozilla/5.0 AppleWebKit/537.36 (KHTML, like Gecko; compatible; GPTBot/1.4; +https://openai.com/gptbot)"
216.73.216.128 - - [05/Sep/2026:12:10:47 +0000] "GET /tollster/vendor/google/apiclient-services/src/Google/Service/ServiceUser/SystemParameter.php HTTP/1.1" 500 - "-" "Mozilla/5.0 AppleWebKit/537.36 (KHTML, like Gecko; compatible; ClaudeBot/1.0; +claudebot@anthropic.com)"
216.73.216.128 - - [05/Sep/2026:12:10:52 +0000] "GET /tollster/vendor/google/apiclient-services/src/Google/Service/ServiceControl/EndReconciliationResponse.php HTTP/1.1" 500 - "-" "Mozilla/5.0 AppleWebKit/537.36 (KHTML, like Gecko; compatible; ClaudeBot/1.0; +claudebot@anthropic.com)"
74.7.227.38 - - [05/Sep/2026:12:10:54 +0000] "GET /google/google-api-php-client-2.2.1/vendor/google/apiclient-services/src/Google/Service/Compute/RouterStatusResponse.php HTTP/1.1" 500 - "https://desidrivers.com.au/google/google-api-php-client-2.2.1/vendor/google/apiclient-services/src/Google/Service/Compute/?C=N;O=D" "Mozilla/5.0 AppleWebKit/537.36 (KHTML, like Gecko; compatible; GPTBot/1.4; +https://openai.com/gptbot)"
74.7.241.54 - - [05/Sep/2026:12:10:54 +0000] "GET /google/google-api-php-client-2.2.1/vendor/google/apiclient-services/src/Google/Service/Slides/DuplicateObjectResponse.php HTTP/1.1" 500 - "https://www.desidrivers.com.au/google/google-api-php-client-2.2.1/vendor/google/apiclient-services/src/Google/Service/Slides/?C=N;O=D" "Mozilla/5.0 AppleWebKit/537.36 (KHTML, like Gecko; compatible; GPTBot/1.4; +https://openai.com/gptbot)"
74.7.227.157 - - [05/Sep/2026:12:11:03 +0000] "GET /tollster/vendor/google/apiclient-services/src/Google/Service/Devprojects/ActivationLink.php HTTP/1.1" 500 - "https://mail.desidrivers.com.au/tollster/vendor/google/apiclient-services/src/Google/Service/Devprojects/" "Mozilla/5.0 AppleWebKit/537.36 (KHTML, like Gecko; compatible; GPTBot/1.4; +https://openai.com/gptbot)"
216.73.216.128 - - [05/Sep/2026:12:11:09 +0000] "GET /tollster/vendor/google/apiclient-services/src/Google/Service/YouTube/Subscription.php HTTP/1.1" 500 - "-" "Mozilla/5.0 AppleWebKit/537.36 (KHTML, like Gecko; compatible; ClaudeBot/1.0; +claudebot@anthropic.com)"
216.73.216.128 - - [05/Sep/2026:12:11:14 +0000] "GET /tollster/vendor/google/apiclient-services/src/Google/Service/YouTube/ChannelStatus.php HTTP/1.1" 500 - "-" "Mozilla/5.0 AppleWebKit/537.36 (KHTML, like Gecko; compatible; ClaudeBot/1.0; +claudebot@anthropic.com)"
74.7.227.38 - - [05/Sep/2026:12:11:14 +0000] "GET /google/google-api-php-client-2.2.1/vendor/google/apiclient-services/src/Google/Service/Compute/InstanceGroupManager.php HTTP/1.1" 500 - "https://desidrivers.com.au/google/google-api-php-client-2.2.1/vendor/google/apiclient-services/src/Google/Service/Compute/?C=N;O=D" "Mozilla/5.0 AppleWebKit/537.36 (KHTML, like Gecko; compatible; GPTBot/1.4; +https://openai.com/gptbot)"
74.7.241.54 - - [05/Sep/2026:12:11:14 +0000] "GET /google/google-api-php-client-2.2.1/vendor/google/apiclient-services/src/Google/Service/Vision/AnnotateImageResponse.php HTTP/1.1" 500 - "https://www.desidrivers.com.au/google/google-api-php-client-2.2.1/vendor/google/apiclient-services/src/Google/Service/Vision/?C=M;O=A" "Mozilla/5.0 AppleWebKit/537.36 (KHTML, like Gecko; compatible; GPTBot/1.4; +https://openai.com/gptbot)"
216.73.216.128 - - [05/Sep/2026:12:11:19 +0000] "GET /drivers/twilio-php-master/Twilio/Rest/Sync/V1/Service/SyncList/SyncListPermissionList.php HTTP/1.1" 500 - "-" "Mozilla/5.0 AppleWebKit/537.36 (KHTML, like Gecko; compatible; ClaudeBot/1.0; +claudebot@anthropic.com)"
74.7.227.157 - - [05/Sep/2026:12:11:23 +0000] "GET /tollster/vendor/google/apiclient-services/src/Google/Service/CloudUserAccounts/UserList.php HTTP/1.1" 500 - "https://mail.desidrivers.com.au/tollster/vendor/google/apiclient-services/src/Google/Service/CloudUserAccounts/" "Mozilla/5.0 AppleWebKit/537.36 (KHTML, like Gecko; compatible; GPTBot/1.4; +https://openai.com/gptbot)"
216.73.216.128 - - [05/Sep/2026:12:11:24 +0000] "GET /tollster/vendor/google/apiclient-services/src/Google/Service/Pagespeedonline/ResultRuleGroupsElement.php HTTP/1.1" 500 - "-" "Mozilla/5.0 AppleWebKit/537.36 (KHTML, like Gecko; compatible; ClaudeBot/1.0; +claudebot@anthropic.com)"
216.73.216.128 - - [05/Sep/2026:12:11:29 +0000] "GET /tollster/vendor/google/apiclient-services/src/Google/Service/Fusiontables/Resource/Table.php HTTP/1.1" 500 - "-" "Mozilla/5.0 AppleWebKit/537.36 (KHTML, like Gecko; compatible; ClaudeBot/1.0; +claudebot@anthropic.com)"
216.73.216.128 - - [05/Sep/2026:12:11:34 +0000] "GET /tollster/vendor/google/apiclient-services/src/Google/Service/ServiceConsumerManagement/Enum.php HTTP/1.1" 500 - "-" "Mozilla/5.0 AppleWebKit/537.36 (KHTML, like Gecko; compatible; ClaudeBot/1.0; +claudebot@anthropic.com)"
74.7.227.38 - - [05/Sep/2026:12:11:34 +0000] "GET /google/google-api-php-client-2.2.1/vendor/google/apiclient-services/src/Google/Service/Spanner/RollbackRequest.php HTTP/1.1" 500 - "https://desidrivers.com.au/google/google-api-php-client-2.2.1/vendor/google/apiclient-services/src/Google/Service/Spanner/?C=N;O=D" "Mozilla/5.0 AppleWebKit/537.36 (KHTML, like Gecko; compatible; GPTBot/1.4; +https://openai.com/gptbot)"
74.7.241.54 - - [05/Sep/2026:12:11:34 +0000] "GET /google/google-api-php-client-2.2.1/vendor/google/apiclient-services/src/Google/Service/Sheets/ConditionalFormatRule.php HTTP/1.1" 500 - "https://www.desidrivers.com.au/google/google-api-php-client-2.2.1/vendor/google/apiclient-services/src/Google/Service/Sheets/?C=D;O=A" "Mozilla/5.0 AppleWebKit/537.36 (KHTML, like Gecko; compatible; GPTBot/1.4; +https://openai.com/gptbot)"
74.7.227.157 - - [05/Sep/2026:12:11:43 +0000] "GET /tollster/vendor/google/apiclient-services/src/Google/Service/Dataflow/StringList.php HTTP/1.1" 500 - "https://mail.desidrivers.com.au/tollster/vendor/google/apiclient-services/src/Google/Service/Dataflow/" "Mozilla/5.0 AppleWebKit/537.36 (KHTML, like Gecko; compatible; GPTBot/1.4; +https://openai.com/gptbot)"
74.7.227.38 - - [05/Sep/2026:12:11:54 +0000] "GET /google/google-api-php-client-2.2.1/vendor/google/apiclient-services/src/Google/Service/Compute/ResourceGroupReference.php HTTP/1.1" 500 - "https://desidrivers.com.au/google/google-api-php-client-2.2.1/vendor/google/apiclient-services/src/Google/Service/Compute/?C=N;O=D" "Mozilla/5.0 AppleWebKit/537.36 (KHTML, like Gecko; compatible; GPTBot/1.4; +https://openai.com/gptbot)"
74.7.241.54 - - [05/Sep/2026:12:11:54 +0000] "GET /google/google-api-php-client-2.2.1/vendor/google/apiclient-services/src/Google/Service/Sheets/DeleteDeveloperMetadataRequest.php HTTP/1.1" 500 - "https://www.desidrivers.com.au/google/google-api-php-client-2.2.1/vendor/google/apiclient-services/src/Google/Service/Sheets/?C=D;O=A" "Mozilla/5.0 AppleWebKit/537.36 (KHTML, like Gecko; compatible; GPTBot/1.4; +https://openai.com/gptbot)"
74.7.227.157 - - [05/Sep/2026:12:12:03 +0000] "GET /tollster/vendor/google/apiclient-services/src/Google/Service/Datastore/LookupRequest.php HTTP/1.1" 500 - "https://mail.desidrivers.com.au/tollster/vendor/google/apiclient-services/src/Google/Service/Datastore/" "Mozilla/5.0 AppleWebKit/537.36 (KHTML, like Gecko; compatible; GPTBot/1.4; +https://openai.com/gptbot)"
17.166.233.117 - - [05/Sep/2026:12:12:04 +0000] "GET /vromo.php HTTP/1.1" 200 - "-" "Mozilla/5.0 (Macintosh; Intel Mac OS X 10_15_7) AppleWebKit/605.1.15 (KHTML, like Gecko) Version/17.4 Safari/605.1.15 (Applebot/0.1; +http://www.apple.com/go/applebot)"
216.73.216.128 - - [05/Sep/2026:12:12:09 +0000] "GET /tollster/vendor/google/apiclient-services/src/Google/Service/Directory/DomainAlias.php HTTP/1.1" 500 - "-" "Mozilla/5.0 AppleWebKit/537.36 (KHTML, like Gecko; compatible; ClaudeBot/1.0; +claudebot@anthropic.com)"
74.7.227.38 - - [05/Sep/2026:12:12:14 +0000] "GET /google/google-api-php-client-2.2.1/vendor/google/apiclient-services/src/Google/Service/Fitness/AggregateBucket.php HTTP/1.1" 500 - "https://desidrivers.com.au/google/google-api-php-client-2.2.1/vendor/google/apiclient-services/src/Google/Service/Fitness/?C=S;O=A" "Mozilla/5.0 AppleWebKit/537.36 (KHTML, like Gecko; compatible; GPTBot/1.4; +https://openai.com/gptbot)"
216.73.216.128 - - [05/Sep/2026:12:12:14 +0000] "GET /tollster/vendor/google/apiclient-services/src/Google/Service/Sheets/MoveDimensionRequest.php HTTP/1.1" 500 - "-" "Mozilla/5.0 AppleWebKit/537.36 (KHTML, like Gecko; compatible; ClaudeBot/1.0; +claudebot@anthropic.com)"
74.7.241.54 - - [05/Sep/2026:12:12:14 +0000] "GET /google/google-api-php-client-2.2.1/vendor/google/apiclient-services/src/Google/Service/Sheets/MatchedDeveloperMetadata.php HTTP/1.1" 500 - "https://www.desidrivers.com.au/google/google-api-php-client-2.2.1/vendor/google/apiclient-services/src/Google/Service/Sheets/?C=D;O=A" "Mozilla/5.0 AppleWebKit/537.36 (KHTML, like Gecko; compatible; GPTBot/1.4; +https://openai.com/gptbot)"
104.208.72.93 - - [05/Sep/2026:12:12:18 +0000] "GET / HTTP/1.1" 200 28348 "-" "Mozilla/5.0 (Windows NT 10.0; Win64; x64) AppleWebKit/537.36 (KHTML, like Gecko) Chrome/120.0.0.0 Safari/537.36"
104.208.72.93 - - [05/Sep/2026:12:12:18 +0000] "GET /wp-includes/ID3/index.php HTTP/1.1" 404 967 "-" "Mozilla/5.0 (Windows NT 10.0; Win64; x64) AppleWebKit/537.36 (KHTML, like Gecko) Chrome/120.0.0.0 Safari/537.36"
104.208.72.93 - - [05/Sep/2026:12:12:18 +0000] "GET /wp-includes/fonts/ HTTP/1.1" 404 967 "-" "Mozilla/5.0 (Windows NT 10.0; Win64; x64) AppleWebKit/537.36 (KHTML, like Gecko) Chrome/120.0.0.0 Safari/537.36"
104.208.72.93 - - [05/Sep/2026:12:12:19 +0000] "GET /wp/wp-admin/includes/ HTTP/1.1" 404 967 "-" "Mozilla/5.0 (Windows NT 10.0; Win64; x64) AppleWebKit/537.36 (KHTML, like Gecko) Chrome/120.0.0.0 Safari/537.36"
104.208.72.93 - - [05/Sep/2026:12:12:19 +0000] "GET /wp-admin/admin-ajax.php HTTP/1.1" 404 967 "-" "Mozilla/5.0 (Windows NT 10.0; Win64; x64) AppleWebKit/537.36 (KHTML, like Gecko) Chrome/120.0.0.0 Safari/537.36"
216.73.216.128 - - [05/Sep/2026:12:12:19 +0000] "GET /tollster/vendor/google/apiclient-services/src/Google/Service/DLP/GooglePrivacyDlpV2beta2TransientCryptoKey.php HTTP/1.1" 500 - "-" "Mozilla/5.0 AppleWebKit/537.36 (KHTML, like Gecko; compatible; ClaudeBot/1.0; +claudebot@anthropic.com)"
104.208.72.93 - - [05/Sep/2026:12:12:19 +0000] "GET /wp-admin/css/colors/modern/ HTTP/1.1" 404 967 "-" "Mozilla/5.0 (Windows NT 10.0; Win64; x64) AppleWebKit/537.36 (KHTML, like Gecko) Chrome/120.0.0.0 Safari/537.36"
104.208.72.93 - - [05/Sep/2026:12:12:19 +0000] "GET /wp-admin/js/about.php HTTP/1.1" 404 967 "-" "Mozilla/5.0 (Windows NT 10.0; Win64; x64) AppleWebKit/537.36 (KHTML, like Gecko) Chrome/120.0.0.0 Safari/537.36"
104.208.72.93 - - [05/Sep/2026:12:12:19 +0000] "GET /wp-admin/network/ HTTP/1.1" 404 967 "-" "Mozilla/5.0 (Windows NT 10.0; Win64; x64) AppleWebKit/537.36 (KHTML, like Gecko) Chrome/120.0.0.0 Safari/537.36"
104.208.72.93 - - [05/Sep/2026:12:12:20 +0000] "GET /wp-includes/customize/ HTTP/1.1" 404 967 "-" "Mozilla/5.0 (Windows NT 10.0; Win64; x64) AppleWebKit/537.36 (KHTML, like Gecko) Chrome/120.0.0.0 Safari/537.36"
104.208.72.93 - - [05/Sep/2026:12:12:20 +0000] "GET /WSO.php HTTP/1.1" 404 16 "-" "Mozilla/5.0 (Windows NT 10.0; Win64; x64) AppleWebKit/537.36 (KHTML, like Gecko) Chrome/120.0.0.0 Safari/537.36"
104.208.72.93 - - [05/Sep/2026:12:12:20 +0000] "GET /wp-includes/css/ HTTP/1.1" 404 967 "-" "Mozilla/5.0 (Windows NT 10.0; Win64; x64) AppleWebKit/537.36 (KHTML, like Gecko) Chrome/120.0.0.0 Safari/537.36"
104.208.72.93 - - [05/Sep/2026:12:12:20 +0000] "GET /templates/beez3/error.php HTTP/1.1" 404 967 "-" "Mozilla/5.0 (Windows NT 10.0; Win64; x64) AppleWebKit/537.36 (KHTML, like Gecko) Chrome/120.0.0.0 Safari/537.36"
104.208.72.93 - - [05/Sep/2026:12:12:20 +0000] "GET /wp-admin/css/colors/blue/atomlib.php HTTP/1.1" 404 967 "-" "Mozilla/5.0 (Windows NT 10.0; Win64; x64) AppleWebKit/537.36 (KHTML, like Gecko) Chrome/120.0.0.0 Safari/537.36"
104.208.72.93 - - [05/Sep/2026:12:12:21 +0000] "GET /wp-includes/ID3/autoload_classmap.php HTTP/1.1" 404 967 "-" "Mozilla/5.0 (Windows NT 10.0; Win64; x64) AppleWebKit/537.36 (KHTML, like Gecko) Chrome/120.0.0.0 Safari/537.36"
104.208.72.93 - - [05/Sep/2026:12:12:21 +0000] "GET /wp-includes/css/dist/ HTTP/1.1" 404 967 "-" "Mozilla/5.0 (Windows NT 10.0; Win64; x64) AppleWebKit/537.36 (KHTML, like Gecko) Chrome/120.0.0.0 Safari/537.36"
104.208.72.93 - - [05/Sep/2026:12:12:21 +0000] "GET /wp-includes/images/crystal/ HTTP/1.1" 404 967 "-" "Mozilla/5.0 (Windows NT 10.0; Win64; x64) AppleWebKit/537.36 (KHTML, like Gecko) Chrome/120.0.0.0 Safari/537.36"
104.208.72.93 - - [05/Sep/2026:12:12:21 +0000] "GET /wp-admin/css/ HTTP/1.1" 404 967 "-" "Mozilla/5.0 (Windows NT 10.0; Win64; x64) AppleWebKit/537.36 (KHTML, like Gecko) Chrome/120.0.0.0 Safari/537.36"
104.208.72.93 - - [05/Sep/2026:12:12:21 +0000] "GET /wp-admin/wp-conflg.php HTTP/1.1" 404 967 "-" "Mozilla/5.0 (Windows NT 10.0; Win64; x64) AppleWebKit/537.36 (KHTML, like Gecko) Chrome/120.0.0.0 Safari/537.36"
104.208.72.93 - - [05/Sep/2026:12:12:21 +0000] "GET /wp-includes/ID3/file.php HTTP/1.1" 404 967 "-" "Mozilla/5.0 (Windows NT 10.0; Win64; x64) AppleWebKit/537.36 (KHTML, like Gecko) Chrome/120.0.0.0 Safari/537.36"
104.208.72.93 - - [05/Sep/2026:12:12:22 +0000] "GET /wp-includes/autoload_classmap.php HTTP/1.1" 404 967 "-" "Mozilla/5.0 (Windows NT 10.0; Win64; x64) AppleWebKit/537.36 (KHTML, like Gecko) Chrome/120.0.0.0 Safari/537.36"
104.208.72.93 - - [05/Sep/2026:12:12:22 +0000] "GET /admin/uploads/ HTTP/1.1" 404 967 "-" "Mozilla/5.0 (Windows NT 10.0; Win64; x64) AppleWebKit/537.36 (KHTML, like Gecko) Chrome/120.0.0.0 Safari/537.36"
104.208.72.93 - - [05/Sep/2026:12:12:22 +0000] "GET /wp-content/cong.php HTTP/1.1" 404 967 "-" "Mozilla/5.0 (Windows NT 10.0; Win64; x64) AppleWebKit/537.36 (KHTML, like Gecko) Chrome/120.0.0.0 Safari/537.36"
104.208.72.93 - - [05/Sep/2026:12:12:22 +0000] "GET /wp-includes/ID3/ HTTP/1.1" 404 967 "-" "Mozilla/5.0 (Windows NT 10.0; Win64; x64) AppleWebKit/537.36 (KHTML, like Gecko) Chrome/120.0.0.0 Safari/537.36"
104.208.72.93 - - [05/Sep/2026:12:12:22 +0000] "GET /wp-includes/images/media/ HTTP/1.1" 404 967 "-" "Mozilla/5.0 (Windows NT 10.0; Win64; x64) AppleWebKit/537.36 (KHTML, like Gecko) Chrome/120.0.0.0 Safari/537.36"
104.208.72.93 - - [05/Sep/2026:12:12:23 +0000] "GET /wp-admin/admin.php HTTP/1.1" 404 967 "-" "Mozilla/5.0 (Windows NT 10.0; Win64; x64) AppleWebKit/537.36 (KHTML, like Gecko) Chrome/120.0.0.0 Safari/537.36"
74.7.227.157 - - [05/Sep/2026:12:12:23 +0000] "GET /tollster/vendor/google/apiclient-services/src/Google/Service/Resourceviews/Label.php HTTP/1.1" 500 - "https://mail.desidrivers.com.au/tollster/vendor/google/apiclient-services/src/Google/Service/Resourceviews/" "Mozilla/5.0 AppleWebKit/537.36 (KHTML, like Gecko; compatible; GPTBot/1.4; +https://openai.com/gptbot)"
104.208.72.93 - - [05/Sep/2026:12:12:23 +0000] "GET /wp-content/languages/chosen.php HTTP/1.1" 404 967 "-" "Mozilla/5.0 (Windows NT 10.0; Win64; x64) AppleWebKit/537.36 (KHTML, like Gecko) Chrome/120.0.0.0 Safari/537.36"
104.208.72.93 - - [05/Sep/2026:12:12:23 +0000] "GET /wp-content/plugins/ HTTP/1.1" 404 967 "-" "Mozilla/5.0 (Windows NT 10.0; Win64; x64) AppleWebKit/537.36 (KHTML, like Gecko) Chrome/120.0.0.0 Safari/537.36"
104.208.72.93 - - [05/Sep/2026:12:12:23 +0000] "GET /wp-content/uploads/2024/index.php HTTP/1.1" 404 967 "-" "Mozilla/5.0 (Windows NT 10.0; Win64; x64) AppleWebKit/537.36 (KHTML, like Gecko) Chrome/120.0.0.0 Safari/537.36"
104.208.72.93 - - [05/Sep/2026:12:12:23 +0000] "GET /goods.php HTTP/1.1" 404 16 "-" "Mozilla/5.0 (Windows NT 10.0; Win64; x64) AppleWebKit/537.36 (KHTML, like Gecko) Chrome/120.0.0.0 Safari/537.36"
104.208.72.93 - - [05/Sep/2026:12:12:24 +0000] "GET /plugins/ HTTP/1.1" 404 967 "-" "Mozilla/5.0 (Windows NT 10.0; Win64; x64) AppleWebKit/537.36 (KHTML, like Gecko) Chrome/120.0.0.0 Safari/537.36"
104.208.72.93 - - [05/Sep/2026:12:12:24 +0000] "GET /wp-admin/js/widgets/index.php HTTP/1.1" 404 967 "-" "Mozilla/5.0 (Windows NT 10.0; Win64; x64) AppleWebKit/537.36 (KHTML, like Gecko) Chrome/120.0.0.0 Safari/537.36"
216.73.216.128 - - [05/Sep/2026:12:12:24 +0000] "GET /tollster/vendor/google/apiclient-services/src/Google/Service/DLP/GooglePrivacyDlpV2beta1OutputStorageConfig.php HTTP/1.1" 500 - "-" "Mozilla/5.0 AppleWebKit/537.36 (KHTML, like Gecko; compatible; ClaudeBot/1.0; +claudebot@anthropic.com)"
104.208.72.93 - - [05/Sep/2026:12:12:24 +0000] "GET /wp-content/themes/wp-pridmag/init.php HTTP/1.1" 404 967 "-" "Mozilla/5.0 (Windows NT 10.0; Win64; x64) AppleWebKit/537.36 (KHTML, like Gecko) Chrome/120.0.0.0 Safari/537.36"
104.208.72.93 - - [05/Sep/2026:12:12:24 +0000] "GET /cgi-bin/wp-2019.php HTTP/1.1" 404 16 "-" "Mozilla/5.0 (Windows NT 10.0; Win64; x64) AppleWebKit/537.36 (KHTML, like Gecko) Chrome/120.0.0.0 Safari/537.36"
104.208.72.93 - - [05/Sep/2026:12:12:24 +0000] "GET /wp-admin/setup-config.php HTTP/1.1" 404 967 "-" "Mozilla/5.0 (Windows NT 10.0; Win64; x64) AppleWebKit/537.36 (KHTML, like Gecko) Chrome/120.0.0.0 Safari/537.36"
104.208.72.93 - - [05/Sep/2026:12:12:25 +0000] "GET /wp-content/file.php HTTP/1.1" 404 967 "-" "Mozilla/5.0 (Windows NT 10.0; Win64; x64) AppleWebKit/537.36 (KHTML, like Gecko) Chrome/120.0.0.0 Safari/537.36"
104.208.72.93 - - [05/Sep/2026:12:12:25 +0000] "GET /edit.php HTTP/1.1" 404 16 "-" "Mozilla/5.0 (Windows NT 10.0; Win64; x64) AppleWebKit/537.36 (KHTML, like Gecko) Chrome/120.0.0.0 Safari/537.36"
104.208.72.93 - - [05/Sep/2026:12:12:25 +0000] "GET /file5.php HTTP/1.1" 404 16 "-" "Mozilla/5.0 (Windows NT 10.0; Win64; x64) AppleWebKit/537.36 (KHTML, like Gecko) Chrome/120.0.0.0 Safari/537.36"
104.208.72.93 - - [05/Sep/2026:12:12:25 +0000] "GET /wp-includes/images/smilies/index.php HTTP/1.1" 404 967 "-" "Mozilla/5.0 (Windows NT 10.0; Win64; x64) AppleWebKit/537.36 (KHTML, like Gecko) Chrome/120.0.0.0 Safari/537.36"
104.208.72.93 - - [05/Sep/2026:12:12:25 +0000] "GET /wp-admin/ HTTP/1.1" 404 967 "-" "Mozilla/5.0 (Windows NT 10.0; Win64; x64) AppleWebKit/537.36 (KHTML, like Gecko) Chrome/120.0.0.0 Safari/537.36"
104.208.72.93 - - [05/Sep/2026:12:12:25 +0000] "GET /wp-includes/ HTTP/1.1" 404 967 "-" "Mozilla/5.0 (Windows NT 10.0; Win64; x64) AppleWebKit/537.36 (KHTML, like Gecko) Chrome/120.0.0.0 Safari/537.36"
104.208.72.93 - - [05/Sep/2026:12:12:26 +0000] "GET /aa.php HTTP/1.1" 404 16 "-" "Mozilla/5.0 (Windows NT 10.0; Win64; x64) AppleWebKit/537.36 (KHTML, like Gecko) Chrome/120.0.0.0 Safari/537.36"
104.208.72.93 - - [05/Sep/2026:12:12:26 +0000] "GET /wp-admin/css/colors/blue/index.php HTTP/1.1" 404 967 "-" "Mozilla/5.0 (Windows NT 10.0; Win64; x64) AppleWebKit/537.36 (KHTML, like Gecko) Chrome/120.0.0.0 Safari/537.36"
104.208.72.93 - - [05/Sep/2026:12:12:26 +0000] "GET /wp-includes/blocks/ HTTP/1.1" 404 967 "-" "Mozilla/5.0 (Windows NT 10.0; Win64; x64) AppleWebKit/537.36 (KHTML, like Gecko) Chrome/120.0.0.0 Safari/537.36"
104.208.72.93 - - [05/Sep/2026:12:12:26 +0000] "GET /wp-content/index.php HTTP/1.1" 404 967 "-" "Mozilla/5.0 (Windows NT 10.0; Win64; x64) AppleWebKit/537.36 (KHTML, like Gecko) Chrome/120.0.0.0 Safari/537.36"
104.208.72.93 - - [05/Sep/2026:12:12:26 +0000] "GET /wp-content/plugins/seoplugins/index.php HTTP/1.1" 404 967 "-" "Mozilla/5.0 (Windows NT 10.0; Win64; x64) AppleWebKit/537.36 (KHTML, like Gecko) Chrome/120.0.0.0 Safari/537.36"
104.208.72.93 - - [05/Sep/2026:12:12:27 +0000] "GET /.well-known/ HTTP/1.1" 200 830 "-" "Mozilla/5.0 (Windows NT 10.0; Win64; x64) AppleWebKit/537.36 (KHTML, like Gecko) Chrome/120.0.0.0 Safari/537.36"
104.208.72.93 - - [05/Sep/2026:12:12:27 +0000] "GET /modules/file.php HTTP/1.1" 404 967 "-" "Mozilla/5.0 (Windows NT 10.0; Win64; x64) AppleWebKit/537.36 (KHTML, like Gecko) Chrome/120.0.0.0 Safari/537.36"
104.208.72.93 - - [05/Sep/2026:12:12:27 +0000] "GET /wp-admin/css/colors/coffee/ HTTP/1.1" 404 967 "-" "Mozilla/5.0 (Windows NT 10.0; Win64; x64) AppleWebKit/537.36 (KHTML, like Gecko) Chrome/120.0.0.0 Safari/537.36"
104.208.72.93 - - [05/Sep/2026:12:12:27 +0000] "GET /wp-admin/css/colors/sunrise/ HTTP/1.1" 404 967 "-" "Mozilla/5.0 (Windows NT 10.0; Win64; x64) AppleWebKit/537.36 (KHTML, like Gecko) Chrome/120.0.0.0 Safari/537.36"
104.208.72.93 - - [05/Sep/2026:12:12:27 +0000] "GET /autoload_classmap.php HTTP/1.1" 404 16 "-" "Mozilla/5.0 (Windows NT 10.0; Win64; x64) AppleWebKit/537.36 (KHTML, like Gecko) Chrome/120.0.0.0 Safari/537.36"
104.208.72.93 - - [05/Sep/2026:12:12:28 +0000] "GET /public/index.php HTTP/1.1" 404 967 "-" "Mozilla/5.0 (Windows NT 10.0; Win64; x64) AppleWebKit/537.36 (KHTML, like Gecko) Chrome/120.0.0.0 Safari/537.36"
104.208.72.93 - - [05/Sep/2026:12:12:28 +0000] "GET /wp-admin/network/index.php HTTP/1.1" 404 967 "-" "Mozilla/5.0 (Windows NT 10.0; Win64; x64) AppleWebKit/537.36 (KHTML, like Gecko) Chrome/120.0.0.0 Safari/537.36"
104.208.72.93 - - [05/Sep/2026:12:12:28 +0000] "GET /wp-content/uploads/2022/ HTTP/1.1" 404 967 "-" "Mozilla/5.0 (Windows NT 10.0; Win64; x64) AppleWebKit/537.36 (KHTML, like Gecko) Chrome/120.0.0.0 Safari/537.36"
104.208.72.93 - - [05/Sep/2026:12:12:28 +0000] "GET /wp-content/uploads/json.php HTTP/1.1" 404 967 "-" "Mozilla/5.0 (Windows NT 10.0; Win64; x64) AppleWebKit/537.36 (KHTML, like Gecko) Chrome/120.0.0.0 Safari/537.36"
104.208.72.93 - - [05/Sep/2026:12:12:28 +0000] "GET /wp-includes/SimplePie/ HTTP/1.1" 404 967 "-" "Mozilla/5.0 (Windows NT 10.0; Win64; x64) AppleWebKit/537.36 (KHTML, like Gecko) Chrome/120.0.0.0 Safari/537.36"
104.208.72.93 - - [05/Sep/2026:12:12:29 +0000] "GET /wp-includes/customize/chosen.php HTTP/1.1" 404 967 "-" "Mozilla/5.0 (Windows NT 10.0; Win64; x64) AppleWebKit/537.36 (KHTML, like Gecko) Chrome/120.0.0.0 Safari/537.36"
104.208.72.93 - - [05/Sep/2026:12:12:29 +0000] "GET /wp-includes/shell20211028.php HTTP/1.1" 404 967 "-" "Mozilla/5.0 (Windows NT 10.0; Win64; x64) AppleWebKit/537.36 (KHTML, like Gecko) Chrome/120.0.0.0 Safari/537.36"
216.73.216.128 - - [05/Sep/2026:12:12:29 +0000] "GET /tollster/vendor/google/apiclient-services/src/Google/Service/YouTubeAnalytics/Group.php HTTP/1.1" 500 - "-" "Mozilla/5.0 AppleWebKit/537.36 (KHTML, like Gecko; compatible; ClaudeBot/1.0; +claudebot@anthropic.com)"
104.208.72.93 - - [05/Sep/2026:12:12:29 +0000] "GET /index/function.php HTTP/1.1" 404 967 "-" "Mozilla/5.0 (Windows NT 10.0; Win64; x64) AppleWebKit/537.36 (KHTML, like Gecko) Chrome/120.0.0.0 Safari/537.36"
104.208.72.93 - - [05/Sep/2026:12:12:29 +0000] "GET /wp-admin/css/colors/midnight/ HTTP/1.1" 404 967 "-" "Mozilla/5.0 (Windows NT 10.0; Win64; x64) AppleWebKit/537.36 (KHTML, like Gecko) Chrome/120.0.0.0 Safari/537.36"
104.208.72.93 - - [05/Sep/2026:12:12:29 +0000] "GET /wp-content/style-css.php HTTP/1.1" 404 967 "-" "Mozilla/5.0 (Windows NT 10.0; Win64; x64) AppleWebKit/537.36 (KHTML, like Gecko) Chrome/120.0.0.0 Safari/537.36"
104.208.72.93 - - [05/Sep/2026:12:12:30 +0000] "GET /wp-includes/Requests/ HTTP/1.1" 404 967 "-" "Mozilla/5.0 (Windows NT 10.0; Win64; x64) AppleWebKit/537.36 (KHTML, like Gecko) Chrome/120.0.0.0 Safari/537.36"
104.208.72.93 - - [05/Sep/2026:12:12:30 +0000] "GET /wp-includes/pomo/ HTTP/1.1" 404 967 "-" "Mozilla/5.0 (Windows NT 10.0; Win64; x64) AppleWebKit/537.36 (KHTML, like Gecko) Chrome/120.0.0.0 Safari/537.36"
104.208.72.93 - - [05/Sep/2026:12:12:30 +0000] "GET /file.php HTTP/1.1" 404 16 "-" "Mozilla/5.0 (Windows NT 10.0; Win64; x64) AppleWebKit/537.36 (KHTML, like Gecko) Chrome/120.0.0.0 Safari/537.36"
104.208.72.93 - - [05/Sep/2026:12:12:30 +0000] "GET /wp-admin/css/colors/light/ HTTP/1.1" 404 967 "-" "Mozilla/5.0 (Windows NT 10.0; Win64; x64) AppleWebKit/537.36 (KHTML, like Gecko) Chrome/120.0.0.0 Safari/537.36"
104.208.72.93 - - [05/Sep/2026:12:12:30 +0000] "GET /wp-includes/certificates/ HTTP/1.1" 404 967 "-" "Mozilla/5.0 (Windows NT 10.0; Win64; x64) AppleWebKit/537.36 (KHTML, like Gecko) Chrome/120.0.0.0 Safari/537.36"
104.208.72.93 - - [05/Sep/2026:12:12:30 +0000] "GET /wp-admin/css/colors/index.php HTTP/1.1" 404 967 "-" "Mozilla/5.0 (Windows NT 10.0; Win64; x64) AppleWebKit/537.36 (KHTML, like Gecko) Chrome/120.0.0.0 Safari/537.36"
104.208.72.93 - - [05/Sep/2026:12:12:31 +0000] "GET /wp-admin/css/colors/blue/about.php HTTP/1.1" 404 967 "-" "Mozilla/5.0 (Windows NT 10.0; Win64; x64) AppleWebKit/537.36 (KHTML, like Gecko) Chrome/120.0.0.0 Safari/537.36"
104.208.72.93 - - [05/Sep/2026:12:12:31 +0000] "GET /wp-content/alfa.php HTTP/1.1" 404 967 "-" "Mozilla/5.0 (Windows NT 10.0; Win64; x64) AppleWebKit/537.36 (KHTML, like Gecko) Chrome/120.0.0.0 Safari/537.36"
104.208.72.93 - - [05/Sep/2026:12:12:31 +0000] "GET /inputs.php HTTP/1.1" 404 16 "-" "Mozilla/5.0 (Windows NT 10.0; Win64; x64) AppleWebKit/537.36 (KHTML, like Gecko) Chrome/120.0.0.0 Safari/537.36"
104.208.72.93 - - [05/Sep/2026:12:12:31 +0000] "GET /wp-admin/js/widgets/cloud.php HTTP/1.1" 404 967 "-" "Mozilla/5.0 (Windows NT 10.0; Win64; x64) AppleWebKit/537.36 (KHTML, like Gecko) Chrome/120.0.0.0 Safari/537.36"
104.208.72.93 - - [05/Sep/2026:12:12:31 +0000] "GET /wp-content/about.php HTTP/1.1" 404 967 "-" "Mozilla/5.0 (Windows NT 10.0; Win64; x64) AppleWebKit/537.36 (KHTML, like Gecko) Chrome/120.0.0.0 Safari/537.36"
104.208.72.93 - - [05/Sep/2026:12:12:32 +0000] "GET /1.php HTTP/1.1" 404 16 "-" "Mozilla/5.0 (Windows NT 10.0; Win64; x64) AppleWebKit/537.36 (KHTML, like Gecko) Chrome/120.0.0.0 Safari/537.36"
104.208.72.93 - - [05/Sep/2026:12:12:32 +0000] "GET /admin/controller/extension/extension/ultra.php HTTP/1.1" 404 967 "-" "Mozilla/5.0 (Windows NT 10.0; Win64; x64) AppleWebKit/537.36 (KHTML, like Gecko) Chrome/120.0.0.0 Safari/537.36"
104.208.72.93 - - [05/Sep/2026:12:12:32 +0000] "GET /wp-admin/images/index.php HTTP/1.1" 404 967 "-" "Mozilla/5.0 (Windows NT 10.0; Win64; x64) AppleWebKit/537.36 (KHTML, like Gecko) Chrome/120.0.0.0 Safari/537.36"
104.208.72.93 - - [05/Sep/2026:12:12:32 +0000] "GET /wp-includes/block-supports/ HTTP/1.1" 404 967 "-" "Mozilla/5.0 (Windows NT 10.0; Win64; x64) AppleWebKit/537.36 (KHTML, like Gecko) Chrome/120.0.0.0 Safari/537.36"
104.208.72.93 - - [05/Sep/2026:12:12:32 +0000] "GET /wp-content/themes/twentytwenty/404.php HTTP/1.1" 404 967 "-" "Mozilla/5.0 (Windows NT 10.0; Win64; x64) AppleWebKit/537.36 (KHTML, like Gecko) Chrome/120.0.0.0 Safari/537.36"
104.208.72.93 - - [05/Sep/2026:12:12:33 +0000] "GET /wp-content/upgrade/ HTTP/1.1" 404 967 "-" "Mozilla/5.0 (Windows NT 10.0; Win64; x64) AppleWebKit/537.36 (KHTML, like Gecko) Chrome/120.0.0.0 Safari/537.36"
104.208.72.93 - - [05/Sep/2026:12:12:33 +0000] "GET /wp-admin/images/cloud.php HTTP/1.1" 404 967 "-" "Mozilla/5.0 (Windows NT 10.0; Win64; x64) AppleWebKit/537.36 (KHTML, like Gecko) Chrome/120.0.0.0 Safari/537.36"
104.208.72.93 - - [05/Sep/2026:12:12:33 +0000] "GET /wp-admin/user/ HTTP/1.1" 404 967 "-" "Mozilla/5.0 (Windows NT 10.0; Win64; x64) AppleWebKit/537.36 (KHTML, like Gecko) Chrome/120.0.0.0 Safari/537.36"
104.208.72.93 - - [05/Sep/2026:12:12:33 +0000] "GET /wp-admin/user/chosen.php HTTP/1.1" 404 967 "-" "Mozilla/5.0 (Windows NT 10.0; Win64; x64) AppleWebKit/537.36 (KHTML, like Gecko) Chrome/120.0.0.0 Safari/537.36"
104.208.72.93 - - [05/Sep/2026:12:12:33 +0000] "GET /wp-content/admin.php HTTP/1.1" 404 967 "-" "Mozilla/5.0 (Windows NT 10.0; Win64; x64) AppleWebKit/537.36 (KHTML, like Gecko) Chrome/120.0.0.0 Safari/537.36"
104.208.72.93 - - [05/Sep/2026:12:12:34 +0000] "GET /wp-includes/file.php HTTP/1.1" 404 967 "-" "Mozilla/5.0 (Windows NT 10.0; Win64; x64) AppleWebKit/537.36 (KHTML, like Gecko) Chrome/120.0.0.0 Safari/537.36"
74.7.227.38 - - [05/Sep/2026:12:12:34 +0000] "GET /google/google-api-php-client-2.2.1/vendor/google/apiclient-services/src/Google/Service/Compute/DeprecationStatus.php HTTP/1.1" 500 - "https://desidrivers.com.au/google/google-api-php-client-2.2.1/vendor/google/apiclient-services/src/Google/Service/Compute/?C=N;O=D" "Mozilla/5.0 AppleWebKit/537.36 (KHTML, like Gecko; compatible; GPTBot/1.4; +https://openai.com/gptbot)"
104.208.72.93 - - [05/Sep/2026:12:12:34 +0000] "GET /admin/admin.php HTTP/1.1" 404 967 "-" "Mozilla/5.0 (Windows NT 10.0; Win64; x64) AppleWebKit/537.36 (KHTML, like Gecko) Chrome/120.0.0.0 Safari/537.36"
104.208.72.93 - - [05/Sep/2026:12:12:34 +0000] "GET /wp-includes/assets/index.php HTTP/1.1" 404 967 "-" "Mozilla/5.0 (Windows NT 10.0; Win64; x64) AppleWebKit/537.36 (KHTML, like Gecko) Chrome/120.0.0.0 Safari/537.36"
216.73.216.128 - - [05/Sep/2026:12:12:34 +0000] "GET /tollster/vendor/google/apiclient-services/src/Google/Service/Calendar/CalendarNotification.php HTTP/1.1" 500 - "-" "Mozilla/5.0 AppleWebKit/537.36 (KHTML, like Gecko; compatible; ClaudeBot/1.0; +claudebot@anthropic.com)"
104.208.72.93 - - [05/Sep/2026:12:12:34 +0000] "GET /wp-includes/images/smilies/about.php HTTP/1.1" 404 967 "-" "Mozilla/5.0 (Windows NT 10.0; Win64; x64) AppleWebKit/537.36 (KHTML, like Gecko) Chrome/120.0.0.0 Safari/537.36"
74.7.241.54 - - [05/Sep/2026:12:12:34 +0000] "GET /google/google-api-php-client-2.2.1/vendor/google/apiclient-services/src/Google/Service/Sheets/DuplicateFilterViewResponse.php HTTP/1.1" 500 - "https://www.desidrivers.com.au/google/google-api-php-client-2.2.1/vendor/google/apiclient-services/src/Google/Service/Sheets/?C=D;O=A" "Mozilla/5.0 AppleWebKit/537.36 (KHTML, like Gecko; compatible; GPTBot/1.4; +https://openai.com/gptbot)"
104.208.72.93 - - [05/Sep/2026:12:12:34 +0000] "GET /wp-includes/sitemaps/providers/ HTTP/1.1" 404 967 "-" "Mozilla/5.0 (Windows NT 10.0; Win64; x64) AppleWebKit/537.36 (KHTML, like Gecko) Chrome/120.0.0.0 Safari/537.36"
104.208.72.93 - - [05/Sep/2026:12:12:35 +0000] "GET /wp-content/themes/ HTTP/1.1" 404 967 "-" "Mozilla/5.0 (Windows NT 10.0; Win64; x64) AppleWebKit/537.36 (KHTML, like Gecko) Chrome/120.0.0.0 Safari/537.36"
104.208.72.93 - - [05/Sep/2026:12:12:35 +0000] "GET /wp-includes/block-patterns/ HTTP/1.1" 404 967 "-" "Mozilla/5.0 (Windows NT 10.0; Win64; x64) AppleWebKit/537.36 (KHTML, like Gecko) Chrome/120.0.0.0 Safari/537.36"
104.208.72.93 - - [05/Sep/2026:12:12:35 +0000] "GET /aspera/faspex/ HTTP/1.1" 404 967 "-" "Mozilla/5.0 (Windows NT 10.0; Win64; x64) AppleWebKit/537.36 (KHTML, like Gecko) Chrome/120.0.0.0 Safari/537.36"
104.208.72.93 - - [05/Sep/2026:12:12:35 +0000] "GET /cgi-bin/ HTTP/1.1" 403 966 "-" "Mozilla/5.0 (Windows NT 10.0; Win64; x64) AppleWebKit/537.36 (KHTML, like Gecko) Chrome/120.0.0.0 Safari/537.36"
104.208.72.93 - - [05/Sep/2026:12:12:35 +0000] "GET /flower.php HTTP/1.1" 404 16 "-" "Mozilla/5.0 (Windows NT 10.0; Win64; x64) AppleWebKit/537.36 (KHTML, like Gecko) Chrome/120.0.0.0 Safari/537.36"
104.208.72.93 - - [05/Sep/2026:12:12:35 +0000] "GET /wp-admin/js/ HTTP/1.1" 404 967 "-" "Mozilla/5.0 (Windows NT 10.0; Win64; x64) AppleWebKit/537.36 (KHTML, like Gecko) Chrome/120.0.0.0 Safari/537.36"
104.208.72.93 - - [05/Sep/2026:12:12:36 +0000] "GET /.well-known/gecko-litespeed.php HTTP/1.1" 404 16 "-" "Mozilla/5.0 (Windows NT 10.0; Win64; x64) AppleWebKit/537.36 (KHTML, like Gecko) Chrome/120.0.0.0 Safari/537.36"
104.208.72.93 - - [05/Sep/2026:12:12:36 +0000] "GET /admin/function.php HTTP/1.1" 404 967 "-" "Mozilla/5.0 (Windows NT 10.0; Win64; x64) AppleWebKit/537.36 (KHTML, like Gecko) Chrome/120.0.0.0 Safari/537.36"
104.208.72.93 - - [05/Sep/2026:12:12:36 +0000] "GET /wp-admin/network/chosen.php HTTP/1.1" 404 967 "-" "Mozilla/5.0 (Windows NT 10.0; Win64; x64) AppleWebKit/537.36 (KHTML, like Gecko) Chrome/120.0.0.0 Safari/537.36"
104.208.72.93 - - [05/Sep/2026:12:12:36 +0000] "GET /wp-content/plugins/hellopress/wp_filemanager.php HTTP/1.1" 404 967 "-" "Mozilla/5.0 (Windows NT 10.0; Win64; x64) AppleWebKit/537.36 (KHTML, like Gecko) Chrome/120.0.0.0 Safari/537.36"
104.208.72.93 - - [05/Sep/2026:12:12:36 +0000] "GET /wp-content/uploads/ HTTP/1.1" 404 967 "-" "Mozilla/5.0 (Windows NT 10.0; Win64; x64) AppleWebKit/537.36 (KHTML, like Gecko) Chrome/120.0.0.0 Safari/537.36"
104.208.72.93 - - [05/Sep/2026:12:12:37 +0000] "GET /wp-includes/assets/admin.php HTTP/1.1" 404 967 "-" "Mozilla/5.0 (Windows NT 10.0; Win64; x64) AppleWebKit/537.36 (KHTML, like Gecko) Chrome/120.0.0.0 Safari/537.36"
104.208.72.93 - - [05/Sep/2026:12:12:37 +0000] "GET /wp-includes/images/ HTTP/1.1" 404 967 "-" "Mozilla/5.0 (Windows NT 10.0; Win64; x64) AppleWebKit/537.36 (KHTML, like Gecko) Chrome/120.0.0.0 Safari/537.36"
104.208.72.93 - - [05/Sep/2026:12:12:37 +0000] "GET /.well-known/classwithtostring.php HTTP/1.1" 404 16 "-" "Mozilla/5.0 (Windows NT 10.0; Win64; x64) AppleWebKit/537.36 (KHTML, like Gecko) Chrome/120.0.0.0 Safari/537.36"
104.208.72.93 - - [05/Sep/2026:12:12:37 +0000] "GET /anonse/lock360.php HTTP/1.1" 404 967 "-" "Mozilla/5.0 (Windows NT 10.0; Win64; x64) AppleWebKit/537.36 (KHTML, like Gecko) Chrome/120.0.0.0 Safari/537.36"
104.208.72.93 - - [05/Sep/2026:12:12:37 +0000] "GET /cgi-bin/wp-login.php HTTP/1.1" 404 16 "-" "Mozilla/5.0 (Windows NT 10.0; Win64; x64) AppleWebKit/537.36 (KHTML, like Gecko) Chrome/120.0.0.0 Safari/537.36"
104.208.72.93 - - [05/Sep/2026:12:12:38 +0000] "GET /wp-admin/css/colors/ectoplasm/wp-login.php HTTP/1.1" 404 967 "-" "Mozilla/5.0 (Windows NT 10.0; Win64; x64) AppleWebKit/537.36 (KHTML, like Gecko) Chrome/120.0.0.0 Safari/537.36"
104.208.72.93 - - [05/Sep/2026:12:12:38 +0000] "GET /wp-content/themes/about.php HTTP/1.1" 404 967 "-" "Mozilla/5.0 (Windows NT 10.0; Win64; x64) AppleWebKit/537.36 (KHTML, like Gecko) Chrome/120.0.0.0 Safari/537.36"
104.208.72.93 - - [05/Sep/2026:12:12:38 +0000] "GET /wp-content/uploads/2021/ HTTP/1.1" 404 967 "-" "Mozilla/5.0 (Windows NT 10.0; Win64; x64) AppleWebKit/537.36 (KHTML, like Gecko) Chrome/120.0.0.0 Safari/537.36"
104.208.72.93 - - [05/Sep/2026:12:12:38 +0000] "GET /wp-includes/html-api/ HTTP/1.1" 404 967 "-" "Mozilla/5.0 (Windows NT 10.0; Win64; x64) AppleWebKit/537.36 (KHTML, like Gecko) Chrome/120.0.0.0 Safari/537.36"
104.208.72.93 - - [05/Sep/2026:12:12:38 +0000] "GET /assets/images/doc.php HTTP/1.1" 404 967 "-" "Mozilla/5.0 (Windows NT 10.0; Win64; x64) AppleWebKit/537.36 (KHTML, like Gecko) Chrome/120.0.0.0 Safari/537.36"
104.208.72.93 - - [05/Sep/2026:12:12:39 +0000] "GET /ioxi-o.php HTTP/1.1" 404 16 "-" "Mozilla/5.0 (Windows NT 10.0; Win64; x64) AppleWebKit/537.36 (KHTML, like Gecko) Chrome/120.0.0.0 Safari/537.36"
104.208.72.93 - - [05/Sep/2026:12:12:39 +0000] "GET /radio.php HTTP/1.1" 404 16 "-" "Mozilla/5.0 (Windows NT 10.0; Win64; x64) AppleWebKit/537.36 (KHTML, like Gecko) Chrome/120.0.0.0 Safari/537.36"
104.208.72.93 - - [05/Sep/2026:12:12:39 +0000] "GET /wp-admin/js/widgets/about.php HTTP/1.1" 404 967 "-" "Mozilla/5.0 (Windows NT 10.0; Win64; x64) AppleWebKit/537.36 (KHTML, like Gecko) Chrome/120.0.0.0 Safari/537.36"
216.73.216.128 - - [05/Sep/2026:12:12:39 +0000] "GET /tollster/vendor/google/apiclient-services/src/Google/Service/YouTubeAnalytics/GroupItemResource.php HTTP/1.1" 500 - "-" "Mozilla/5.0 AppleWebKit/537.36 (KHTML, like Gecko; compatible; ClaudeBot/1.0; +claudebot@anthropic.com)"
104.208.72.93 - - [05/Sep/2026:12:12:39 +0000] "GET /wp-admin/includes/cloud.php HTTP/1.1" 404 967 "-" "Mozilla/5.0 (Windows NT 10.0; Win64; x64) AppleWebKit/537.36 (KHTML, like Gecko) Chrome/120.0.0.0 Safari/537.36"
104.208.72.93 - - [05/Sep/2026:12:12:39 +0000] "GET /wp-admin/includes/index.php HTTP/1.1" 404 967 "-" "Mozilla/5.0 (Windows NT 10.0; Win64; x64) AppleWebKit/537.36 (KHTML, like Gecko) Chrome/120.0.0.0 Safari/537.36"
104.208.72.93 - - [05/Sep/2026:12:12:40 +0000] "GET /wp-admin/js/widgets/ HTTP/1.1" 404 967 "-" "Mozilla/5.0 (Windows NT 10.0; Win64; x64) AppleWebKit/537.36 (KHTML, like Gecko) Chrome/120.0.0.0 Safari/537.36"
104.208.72.93 - - [05/Sep/2026:12:12:40 +0000] "GET /wp-content/ HTTP/1.1" 404 967 "-" "Mozilla/5.0 (Windows NT 10.0; Win64; x64) AppleWebKit/537.36 (KHTML, like Gecko) Chrome/120.0.0.0 Safari/537.36"
104.208.72.93 - - [05/Sep/2026:12:12:40 +0000] "GET /admin.php HTTP/1.1" 404 16 "-" "Mozilla/5.0 (Windows NT 10.0; Win64; x64) AppleWebKit/537.36 (KHTML, like Gecko) Chrome/120.0.0.0 Safari/537.36"
104.208.72.93 - - [05/Sep/2026:12:12:40 +0000] "GET /functions.php HTTP/1.1" 404 16 "-" "Mozilla/5.0 (Windows NT 10.0; Win64; x64) AppleWebKit/537.36 (KHTML, like Gecko) Chrome/120.0.0.0 Safari/537.36"
104.208.72.93 - - [05/Sep/2026:12:12:40 +0000] "GET /modules/ HTTP/1.1" 404 967 "-" "Mozilla/5.0 (Windows NT 10.0; Win64; x64) AppleWebKit/537.36 (KHTML, like Gecko) Chrome/120.0.0.0 Safari/537.36"
104.208.72.93 - - [05/Sep/2026:12:12:40 +0000] "GET /wp-admin/css/colors/ocean/ HTTP/1.1" 404 967 "-" "Mozilla/5.0 (Windows NT 10.0; Win64; x64) AppleWebKit/537.36 (KHTML, like Gecko) Chrome/120.0.0.0 Safari/537.36"
104.208.72.93 - - [05/Sep/2026:12:12:41 +0000] "GET /admin/upload/ HTTP/1.1" 404 967 "-" "Mozilla/5.0 (Windows NT 10.0; Win64; x64) AppleWebKit/537.36 (KHTML, like Gecko) Chrome/120.0.0.0 Safari/537.36"
104.208.72.93 - - [05/Sep/2026:12:12:41 +0000] "GET /ccx/index.php HTTP/1.1" 404 967 "-" "Mozilla/5.0 (Windows NT 10.0; Win64; x64) AppleWebKit/537.36 (KHTML, like Gecko) Chrome/120.0.0.0 Safari/537.36"
74.7.227.157 - - [05/Sep/2026:12:12:43 +0000] "GET /tollster/vendor/google/apiclient-services/src/Google/Service/Monitoring/HttpCheck.php HTTP/1.1" 500 - "https://mail.desidrivers.com.au/tollster/vendor/google/apiclient-services/src/Google/Service/Monitoring/" "Mozilla/5.0 AppleWebKit/537.36 (KHTML, like Gecko; compatible; GPTBot/1.4; +https://openai.com/gptbot)"
216.73.216.128 - - [05/Sep/2026:12:12:44 +0000] "GET /tollster/vendor/google/apiclient-services/src/Google/Service/Sheets/Border.php HTTP/1.1" 500 - "-" "Mozilla/5.0 AppleWebKit/537.36 (KHTML, like Gecko; compatible; ClaudeBot/1.0; +claudebot@anthropic.com)"
216.73.216.128 - - [05/Sep/2026:12:12:49 +0000] "GET /tollster/vendor/google/apiclient-services/src/Google/Service/YouTube/LiveChatMessageListResponse.php HTTP/1.1" 500 - "-" "Mozilla/5.0 AppleWebKit/537.36 (KHTML, like Gecko; compatible; ClaudeBot/1.0; +claudebot@anthropic.com)"
74.7.227.38 - - [05/Sep/2026:12:12:54 +0000] "GET /google/google-api-php-client-2.2.1/vendor/google/apiclient-services/src/Google/Service/Spanner/CreateInstanceRequest.php HTTP/1.1" 500 - "https://desidrivers.com.au/google/google-api-php-client-2.2.1/vendor/google/apiclient-services/src/Google/Service/Spanner/?C=N;O=D" "Mozilla/5.0 AppleWebKit/537.36 (KHTML, like Gecko; compatible; GPTBot/1.4; +https://openai.com/gptbot)"
216.73.216.128 - - [05/Sep/2026:12:12:54 +0000] "GET /tollster/vendor/google/apiclient-services/src/Google/Service/AdSense/AdStyleFont.php HTTP/1.1" 500 - "-" "Mozilla/5.0 AppleWebKit/537.36 (KHTML, like Gecko; compatible; ClaudeBot/1.0; +claudebot@anthropic.com)"
74.7.241.54 - - [05/Sep/2026:12:12:54 +0000] "GET /google/google-api-php-client-2.2.1/vendor/google/apiclient-services/src/Google/Service/Sheets/AppendValuesResponse.php HTTP/1.1" 500 - "https://www.desidrivers.com.au/google/google-api-php-client-2.2.1/vendor/google/apiclient-services/src/Google/Service/Sheets/?C=D;O=A" "Mozilla/5.0 AppleWebKit/537.36 (KHTML, like Gecko; compatible; GPTBot/1.4; +https://openai.com/gptbot)"
74.7.230.35 - - [05/Sep/2026:12:12:55 +0000] "GET /robots.txt HTTP/1.1" 404 967 "-" "Mozilla/5.0 (Macintosh; Intel Mac OS X 10_15_7) AppleWebKit/537.36 (KHTML, like Gecko) Chrome/131.0.0.0 Safari/537.36; compatible; OAI-SearchBot/1.4; robots.txt; +https://openai.com/searchbot"
216.73.216.128 - - [05/Sep/2026:12:12:59 +0000] "GET /tollster/vendor/google/apiclient-services/src/Google/Service/Books/Geolayerdata.php HTTP/1.1" 500 - "-" "Mozilla/5.0 AppleWebKit/537.36 (KHTML, like Gecko; compatible; ClaudeBot/1.0; +claudebot@anthropic.com)"
74.7.227.157 - - [05/Sep/2026:12:13:03 +0000] "GET /tollster/vendor/google/apiclient-services/src/Google/Service/Vision/DetectedLanguage.php HTTP/1.1" 500 - "https://mail.desidrivers.com.au/tollster/vendor/google/apiclient-services/src/Google/Service/Vision/" "Mozilla/5.0 AppleWebKit/537.36 (KHTML, like Gecko; compatible; GPTBot/1.4; +https://openai.com/gptbot)"
216.73.216.128 - - [05/Sep/2026:12:13:04 +0000] "GET /tollster/vendor/google/apiclient-services/src/Google/Service/Directory/Resource/Tokens.php HTTP/1.1" 500 - "-" "Mozilla/5.0 AppleWebKit/537.36 (KHTML, like Gecko; compatible; ClaudeBot/1.0; +claudebot@anthropic.com)"
216.73.216.128 - - [05/Sep/2026:12:13:09 +0000] "GET /tollster/vendor/google/apiclient-services/src/Google/Service/Spanner/Transaction.php HTTP/1.1" 500 - "-" "Mozilla/5.0 AppleWebKit/537.36 (KHTML, like Gecko; compatible; ClaudeBot/1.0; +claudebot@anthropic.com)"
74.7.227.38 - - [05/Sep/2026:12:13:14 +0000] "GET /google/google-api-php-client-2.2.1/vendor/google/apiclient-services/src/Google/Service/Compute/OperationErrorErrors.php HTTP/1.1" 500 - "https://desidrivers.com.au/google/google-api-php-client-2.2.1/vendor/google/apiclient-services/src/Google/Service/Compute/?C=N;O=D" "Mozilla/5.0 AppleWebKit/537.36 (KHTML, like Gecko; compatible; GPTBot/1.4; +https://openai.com/gptbot)"
216.73.216.128 - - [05/Sep/2026:12:13:14 +0000] "GET /tollster/vendor/google/apiclient-services/src/Google/Service/YouTube/ChannelStatistics.php HTTP/1.1" 500 - "-" "Mozilla/5.0 AppleWebKit/537.36 (KHTML, like Gecko; compatible; ClaudeBot/1.0; +claudebot@anthropic.com)"
74.7.241.54 - - [05/Sep/2026:12:13:14 +0000] "GET /google/google-api-php-client-2.2.1/vendor/google/apiclient-services/src/Google/Service/Sheets/DeveloperMetadataLookup.php HTTP/1.1" 500 - "https://www.desidrivers.com.au/google/google-api-php-client-2.2.1/vendor/google/apiclient-services/src/Google/Service/Sheets/?C=D;O=A" "Mozilla/5.0 AppleWebKit/537.36 (KHTML, like Gecko; compatible; GPTBot/1.4; +https://openai.com/gptbot)"
216.73.216.128 - - [05/Sep/2026:12:13:19 +0000] "GET /drivers/twilio-php-master/Twilio/Rest/Preview/BulkExports/Export/DayPage.php HTTP/1.1" 500 - "-" "Mozilla/5.0 AppleWebKit/537.36 (KHTML, like Gecko; compatible; ClaudeBot/1.0; +claudebot@anthropic.com)"
8.217.145.188 - - [05/Sep/2026:12:13:20 +0000] "GET / HTTP/1.1" 200 28348 "-" "Mozilla/5.0 (Windows NT 10.0; Win64; x64) AppleWebKit/537.36 (KHTML, like Gecko) Chrome/120.0.0.0 Safari/537.36"
74.7.227.157 - - [05/Sep/2026:12:13:23 +0000] "GET /tollster/vendor/google/apiclient-services/src/Google/Service/Classroom/DriveFile.php HTTP/1.1" 500 - "https://mail.desidrivers.com.au/tollster/vendor/google/apiclient-services/src/Google/Service/Classroom/" "Mozilla/5.0 AppleWebKit/537.36 (KHTML, like Gecko; compatible; GPTBot/1.4; +https://openai.com/gptbot)"
216.73.216.128 - - [05/Sep/2026:12:13:24 +0000] "GET /tollster/vendor/google/apiclient-services/src/Google/Service/ServiceUser/Enum.php HTTP/1.1" 500 - "-" "Mozilla/5.0 AppleWebKit/537.36 (KHTML, like Gecko; compatible; ClaudeBot/1.0; +claudebot@anthropic.com)"
216.73.216.128 - - [05/Sep/2026:12:13:29 +0000] "GET /tollster/vendor/google/apiclient-services/src/Google/Service/Iam/Resource/ProjectsServiceAccounts.php HTTP/1.1" 500 - "-" "Mozilla/5.0 AppleWebKit/537.36 (KHTML, like Gecko; compatible; ClaudeBot/1.0; +claudebot@anthropic.com)"
74.7.227.38 - - [05/Sep/2026:12:13:34 +0000] "GET /google/google-api-php-client-2.2.1/vendor/google/apiclient-services/src/Google/Service/Compute/OperationWarnings.php HTTP/1.1" 500 - "https://desidrivers.com.au/google/google-api-php-client-2.2.1/vendor/google/apiclient-services/src/Google/Service/Compute/?C=N;O=D" "Mozilla/5.0 AppleWebKit/537.36 (KHTML, like Gecko; compatible; GPTBot/1.4; +https://openai.com/gptbot)"
216.73.216.128 - - [05/Sep/2026:12:13:34 +0000] "GET /tollster/vendor/google/apiclient-services/src/Google/Service/Logging/Resource/OrganizationsLogs.php HTTP/1.1" 500 - "-" "Mozilla/5.0 AppleWebKit/537.36 (KHTML, like Gecko; compatible; ClaudeBot/1.0; +claudebot@anthropic.com)"
74.7.241.54 - - [05/Sep/2026:12:13:34 +0000] "GET /google/google-api-php-client-2.2.1/vendor/google/apiclient-services/src/Google/Service/Sheets/ClearValuesResponse.php HTTP/1.1" 500 - "https://www.desidrivers.com.au/google/google-api-php-client-2.2.1/vendor/google/apiclient-services/src/Google/Service/Sheets/?C=D;O=A" "Mozilla/5.0 AppleWebKit/537.36 (KHTML, like Gecko; compatible; GPTBot/1.4; +https://openai.com/gptbot)"
216.73.216.128 - - [05/Sep/2026:12:13:39 +0000] "GET /tollster/vendor/google/apiclient-services/src/Google/Service/DLP/GooglePrivacyDlpV2beta2PathElement.php HTTP/1.1" 500 - "-" "Mozilla/5.0 AppleWebKit/537.36 (KHTML, like Gecko; compatible; ClaudeBot/1.0; +claudebot@anthropic.com)"
