/var/log/apache2/domlogs/desid573
NameSizeModeActions
book.familycab.com.au-ssl_log316280640editdlrm
bookings.perthdesignateddrivers.com.au4470640editdlrm
bookings.perthdesignateddrivers.com.au-ssl_log4490640editdlrm
cf.desidrivers.com.au121980640editdlrm
cf.desidrivers.com.au-ssl_log00640editdlrm
desidrivers.com.au21820640editdlrm
desidrivers.com.au-ssl_log19145090640editdlrm
familycab.desidrivers.com.au178010640editdlrm
familycab.desidrivers.com.au-ssl_log1851740640editdlrm
kufc.desidrivers.com.au47303740640editdlrm
kufc.desidrivers.com.au-ssl_log49454400640editdlrm
magicride.desidrivers.com.au149950640editdlrm
magicride.desidrivers.com.au-ssl_log103500640editdlrm
new.perthdesignateddrivers.com.au37568150640editdlrm
new.perthdesignateddrivers.com.au-ssl_log766170640editdlrm
olivercann.desidrivers.com.au88460640editdlrm
olivercann.desidrivers.com.au-ssl_log526900640editdlrm
ov.desidrivers.com.au72638610640editdlrm
ov.desidrivers.com.au-ssl_log3160640editdlrm
p.desidrivers.com.au125230640editdlrm
p.desidrivers.com.au-ssl_log4100640editdlrm
perthdesignateddrivers.desidrivers.com.au317004430640editdlrm
perthdesignateddrivers.desidrivers.com.au-ssl_log580879380640editdlrm
phewl.desidrivers.com.au105544710640editdlrm
phewl.desidrivers.com.au-ssl_log00640editdlrm
svoldvine.desidrivers.com.au73196300640editdlrm
svoldvine.desidrivers.com.au-ssl_log8430640editdlrm
verde.desidrivers.com.au47740180640editdlrm
verde.desidrivers.com.au-ssl_log48476410640editdlrm
verdebotanicals.desidrivers.com.au127300640editdlrm
verdebotanicals.desidrivers.com.au-ssl_log00640editdlrm
verdenaturopathy.desidrivers.com.au163180640editdlrm
verdenaturopathy.desidrivers.com.au-ssl_log2608370640editdlrm
Edit: /var/log/apache2/domlogs/desid573/desidrivers.com.au-ssl_log (1914509B)
74.7.227.38 - - [05/Sep/2026:12:02:14 +0000] "GET /google/google-api-php-client-2.2.1/vendor/google/apiclient-services/src/Google/Service/Fitness/ListDataPointChangesResponse.php HTTP/1.1" 500 - "https://desidrivers.com.au/google/google-api-php-client-2.2.1/vendor/google/apiclient-services/src/Google/Service/Fitness/?C=S;O=A" "Mozilla/5.0 AppleWebKit/537.36 (KHTML, like Gecko; compatible; GPTBot/1.4; +https://openai.com/gptbot)"
74.7.241.54 - - [05/Sep/2026:12:02:14 +0000] "GET /google/google-api-php-client-2.2.1/vendor/google/apiclient-services/src/Google/Service/Sheets/UpdateDeveloperMetadataRequest.php HTTP/1.1" 500 - "https://www.desidrivers.com.au/google/google-api-php-client-2.2.1/vendor/google/apiclient-services/src/Google/Service/Sheets/?C=D;O=A" "Mozilla/5.0 AppleWebKit/537.36 (KHTML, like Gecko; compatible; GPTBot/1.4; +https://openai.com/gptbot)"
216.73.216.128 - - [05/Sep/2026:12:02:15 +0000] "GET /drivers/twilio-php-master/Twilio/Rest/Trunking/V1/Trunk/OriginationUrlInstance.php HTTP/1.1" 500 - "-" "Mozilla/5.0 AppleWebKit/537.36 (KHTML, like Gecko; compatible; ClaudeBot/1.0; +claudebot@anthropic.com)"
216.73.216.128 - - [05/Sep/2026:12:02:20 +0000] "GET /drivers/twilio-php-master/Twilio/Rest/Lookups/V1/PhoneNumberContext.php HTTP/1.1" 500 - "-" "Mozilla/5.0 AppleWebKit/537.36 (KHTML, like Gecko; compatible; ClaudeBot/1.0; +claudebot@anthropic.com)"
74.7.227.157 - - [05/Sep/2026:12:02:22 +0000] "GET /tollster/vendor/google/apiclient-services/src/Google/Service/ToolResults/Thumbnail.php HTTP/1.1" 500 - "https://mail.desidrivers.com.au/tollster/vendor/google/apiclient-services/src/Google/Service/ToolResults/" "Mozilla/5.0 AppleWebKit/537.36 (KHTML, like Gecko; compatible; GPTBot/1.4; +https://openai.com/gptbot)"
216.73.216.128 - - [05/Sep/2026:12:02:25 +0000] "GET /drivers/twilio-php-master/Twilio/TwiML/Voice/Conference.php HTTP/1.1" 500 - "-" "Mozilla/5.0 AppleWebKit/537.36 (KHTML, like Gecko; compatible; ClaudeBot/1.0; +claudebot@anthropic.com)"
216.73.216.128 - - [05/Sep/2026:12:02:30 +0000] "GET /drivers/twilio-php-master/Twilio/TwiML/Voice/Sip.php HTTP/1.1" 500 - "-" "Mozilla/5.0 AppleWebKit/537.36 (KHTML, like Gecko; compatible; ClaudeBot/1.0; +claudebot@anthropic.com)"
74.7.227.38 - - [05/Sep/2026:12:02:34 +0000] "GET /google/google-api-php-client-2.2.1/vendor/google/apiclient-services/src/Google/Service/Testing/ToolResultsHistory.php HTTP/1.1" 500 - "https://desidrivers.com.au/google/google-api-php-client-2.2.1/vendor/google/apiclient-services/src/Google/Service/Testing/?C=S;O=A" "Mozilla/5.0 AppleWebKit/537.36 (KHTML, like Gecko; compatible; GPTBot/1.4; +https://openai.com/gptbot)"
74.7.241.54 - - [05/Sep/2026:12:02:34 +0000] "GET /google/google-api-php-client-2.2.1/vendor/google/apiclient-services/src/Google/Service/Sheets/AddProtectedRangeResponse.php HTTP/1.1" 500 - "https://www.desidrivers.com.au/google/google-api-php-client-2.2.1/vendor/google/apiclient-services/src/Google/Service/Sheets/?C=D;O=A" "Mozilla/5.0 AppleWebKit/537.36 (KHTML, like Gecko; compatible; GPTBot/1.4; +https://openai.com/gptbot)"
216.73.216.128 - - [05/Sep/2026:12:02:36 +0000] "GET /drivers/twilio-php-master/Twilio/Jwt/Grants/VideoGrant.php HTTP/1.1" 500 - "-" "Mozilla/5.0 AppleWebKit/537.36 (KHTML, like Gecko; compatible; ClaudeBot/1.0; +claudebot@anthropic.com)"
35.153.86.200 - - [05/Sep/2026:12:02:36 +0000] "GET /tollster/21.php HTTP/1.1" 200 4 "-" "Mozilla/5.0 AppleWebKit/537.36 (KHTML, like Gecko; compatible; Amazonbot/0.1; +https://developer.amazon.com/support/amazonbot) Chrome/119.0.6045.214 Safari/537.36"
216.73.216.128 - - [05/Sep/2026:12:02:40 +0000] "GET /drivers/twilio-php-master/Twilio/TwiML/Voice/Gather.php HTTP/1.1" 500 - "-" "Mozilla/5.0 AppleWebKit/537.36 (KHTML, like Gecko; compatible; ClaudeBot/1.0; +claudebot@anthropic.com)"
74.7.227.157 - - [05/Sep/2026:12:02:42 +0000] "GET /tollster/vendor/google/apiclient-services/src/Google/Service/CloudMonitoring/Timeseries.php HTTP/1.1" 500 - "https://mail.desidrivers.com.au/tollster/vendor/google/apiclient-services/src/Google/Service/CloudMonitoring/" "Mozilla/5.0 AppleWebKit/537.36 (KHTML, like Gecko; compatible; GPTBot/1.4; +https://openai.com/gptbot)"
216.73.216.128 - - [05/Sep/2026:12:02:45 +0000] "GET /tollster/vendor/guzzlehttp/promises/src/CancellationException.php HTTP/1.1" 500 - "-" "Mozilla/5.0 AppleWebKit/537.36 (KHTML, like Gecko; compatible; ClaudeBot/1.0; +claudebot@anthropic.com)"
216.73.216.128 - - [05/Sep/2026:12:02:51 +0000] "GET /tollster/vendor/guzzlehttp/guzzle/src/Exception/SeekException.php HTTP/1.1" 500 - "-" "Mozilla/5.0 AppleWebKit/537.36 (KHTML, like Gecko; compatible; ClaudeBot/1.0; +claudebot@anthropic.com)"
74.7.227.38 - - [05/Sep/2026:12:02:54 +0000] "GET /google/google-api-php-client-2.2.1/vendor/google/apiclient-services/src/Google/Service/Testing/EnvironmentMatrix.php HTTP/1.1" 500 - "https://desidrivers.com.au/google/google-api-php-client-2.2.1/vendor/google/apiclient-services/src/Google/Service/Testing/?C=S;O=A" "Mozilla/5.0 AppleWebKit/537.36 (KHTML, like Gecko; compatible; GPTBot/1.4; +https://openai.com/gptbot)"
74.7.241.54 - - [05/Sep/2026:12:02:54 +0000] "GET /google/google-api-php-client-2.2.1/vendor/google/apiclient-services/src/Google/Service/Slides/LayoutProperties.php HTTP/1.1" 500 - "https://www.desidrivers.com.au/google/google-api-php-client-2.2.1/vendor/google/apiclient-services/src/Google/Service/Slides/?C=N;O=D" "Mozilla/5.0 AppleWebKit/537.36 (KHTML, like Gecko; compatible; GPTBot/1.4; +https://openai.com/gptbot)"
216.73.216.128 - - [05/Sep/2026:12:02:55 +0000] "GET /drivers/twilio-php-master/Twilio/Jwt/Grants/ConversationsGrant.php HTTP/1.1" 500 - "-" "Mozilla/5.0 AppleWebKit/537.36 (KHTML, like Gecko; compatible; ClaudeBot/1.0; +claudebot@anthropic.com)"
216.73.216.128 - - [05/Sep/2026:12:03:00 +0000] "GET /tollster/vendor/guzzlehttp/psr7/src/Uri.php HTTP/1.1" 500 - "-" "Mozilla/5.0 AppleWebKit/537.36 (KHTML, like Gecko; compatible; ClaudeBot/1.0; +claudebot@anthropic.com)"
74.7.227.157 - - [05/Sep/2026:12:03:02 +0000] "GET /tollster/vendor/google/apiclient-services/src/Google/Service/Analytics/AccountRef.php HTTP/1.1" 500 - "https://mail.desidrivers.com.au/tollster/vendor/google/apiclient-services/src/Google/Service/Analytics/" "Mozilla/5.0 AppleWebKit/537.36 (KHTML, like Gecko; compatible; GPTBot/1.4; +https://openai.com/gptbot)"
216.73.216.128 - - [05/Sep/2026:12:03:06 +0000] "GET /tollster/vendor/google/apiclient-services/src/Google/Service/Container/RollbackNodePoolUpgradeRequest.php HTTP/1.1" 500 - "-" "Mozilla/5.0 AppleWebKit/537.36 (KHTML, like Gecko; compatible; ClaudeBot/1.0; +claudebot@anthropic.com)"
74.7.227.38 - - [05/Sep/2026:12:03:14 +0000] "GET /google/google-api-php-client-2.2.1/vendor/google/apiclient-services/src/Google/Service/Testing/AndroidDeviceCatalog.php HTTP/1.1" 500 - "https://desidrivers.com.au/google/google-api-php-client-2.2.1/vendor/google/apiclient-services/src/Google/Service/Testing/?C=S;O=A" "Mozilla/5.0 AppleWebKit/537.36 (KHTML, like Gecko; compatible; GPTBot/1.4; +https://openai.com/gptbot)"
74.7.241.54 - - [05/Sep/2026:12:03:14 +0000] "GET /google/google-api-php-client-2.2.1/vendor/google/apiclient-services/src/Google/Service/Sheets/CopyPasteRequest.php HTTP/1.1" 500 - "https://www.desidrivers.com.au/google/google-api-php-client-2.2.1/vendor/google/apiclient-services/src/Google/Service/Sheets/?C=D;O=A" "Mozilla/5.0 AppleWebKit/537.36 (KHTML, like Gecko; compatible; GPTBot/1.4; +https://openai.com/gptbot)"
74.7.227.157 - - [05/Sep/2026:12:03:22 +0000] "GET /tollster/vendor/google/apiclient-services/src/Google/Service/Slides/DeleteObjectRequest.php HTTP/1.1" 500 - "https://mail.desidrivers.com.au/tollster/vendor/google/apiclient-services/src/Google/Service/Slides/" "Mozilla/5.0 AppleWebKit/537.36 (KHTML, like Gecko; compatible; GPTBot/1.4; +https://openai.com/gptbot)"
85.208.96.197 - - [05/Sep/2026:12:03:24 +0000] "GET /drivers/create.php HTTP/1.1" 200 - "-" "Mozilla/5.0 (compatible; SemrushBot/7~bl; +http://www.semrush.com/bot.html)"
74.7.227.38 - - [05/Sep/2026:12:03:34 +0000] "GET /google/google-api-php-client-2.2.1/vendor/google/apiclient-services/src/Google/Service/Spanner/TestIamPermissionsResponse.php HTTP/1.1" 500 - "https://desidrivers.com.au/google/google-api-php-client-2.2.1/vendor/google/apiclient-services/src/Google/Service/Spanner/?C=N;O=D" "Mozilla/5.0 AppleWebKit/537.36 (KHTML, like Gecko; compatible; GPTBot/1.4; +https://openai.com/gptbot)"
74.7.241.54 - - [05/Sep/2026:12:03:34 +0000] "GET /google/google-api-php-client-2.2.1/vendor/google/apiclient-services/src/Google/Service/Slides/UpdateSlidesPositionRequest.php HTTP/1.1" 500 - "https://www.desidrivers.com.au/google/google-api-php-client-2.2.1/vendor/google/apiclient-services/src/Google/Service/Slides/?C=N;O=D" "Mozilla/5.0 AppleWebKit/537.36 (KHTML, like Gecko; compatible; GPTBot/1.4; +https://openai.com/gptbot)"
74.7.227.157 - - [05/Sep/2026:12:03:43 +0000] "GET /tollster/vendor/google/apiclient-services/src/Google/Service/Tracing/StackFrames.php HTTP/1.1" 500 - "https://mail.desidrivers.com.au/tollster/vendor/google/apiclient-services/src/Google/Service/Tracing/" "Mozilla/5.0 AppleWebKit/537.36 (KHTML, like Gecko; compatible; GPTBot/1.4; +https://openai.com/gptbot)"
216.73.216.128 - - [05/Sep/2026:12:03:48 +0000] "GET /tollster/vendor/google/apiclient-services/src/Google/Service/CloudFunctions/Operation.php HTTP/1.1" 500 - "-" "Mozilla/5.0 AppleWebKit/537.36 (KHTML, like Gecko; compatible; ClaudeBot/1.0; +claudebot@anthropic.com)"
216.73.216.128 - - [05/Sep/2026:12:03:53 +0000] "GET /tollster/vendor/google/apiclient-services/src/Google/Service/Directory/ChromeOsDeviceRecentUsers.php HTTP/1.1" 500 - "-" "Mozilla/5.0 AppleWebKit/537.36 (KHTML, like Gecko; compatible; ClaudeBot/1.0; +claudebot@anthropic.com)"
74.7.227.38 - - [05/Sep/2026:12:03:54 +0000] "GET /google/google-api-php-client-2.2.1/vendor/google/apiclient-services/src/Google/Service/Compute/AcceleratorConfig.php HTTP/1.1" 500 - "https://desidrivers.com.au/google/google-api-php-client-2.2.1/vendor/google/apiclient-services/src/Google/Service/Compute/?C=N;O=D" "Mozilla/5.0 AppleWebKit/537.36 (KHTML, like Gecko; compatible; GPTBot/1.4; +https://openai.com/gptbot)"
74.7.241.54 - - [05/Sep/2026:12:03:54 +0000] "GET /google/google-api-php-client-2.2.1/vendor/google/apiclient-services/src/Google/Service/Slides/ShapeBackgroundFill.php HTTP/1.1" 500 - "https://www.desidrivers.com.au/google/google-api-php-client-2.2.1/vendor/google/apiclient-services/src/Google/Service/Slides/?C=N;O=D" "Mozilla/5.0 AppleWebKit/537.36 (KHTML, like Gecko; compatible; GPTBot/1.4; +https://openai.com/gptbot)"
216.73.216.128 - - [05/Sep/2026:12:03:58 +0000] "GET /tollster/vendor/google/apiclient-services/src/Google/Service/AdExchangeBuyerII/ClientUserInvitation.php HTTP/1.1" 500 - "-" "Mozilla/5.0 AppleWebKit/537.36 (KHTML, like Gecko; compatible; ClaudeBot/1.0; +claudebot@anthropic.com)"
74.7.227.157 - - [05/Sep/2026:12:04:02 +0000] "GET /tollster/vendor/google/apiclient-services/src/Google/Service/Devprojects/BucketId.php HTTP/1.1" 500 - "https://mail.desidrivers.com.au/tollster/vendor/google/apiclient-services/src/Google/Service/Devprojects/" "Mozilla/5.0 AppleWebKit/537.36 (KHTML, like Gecko; compatible; GPTBot/1.4; +https://openai.com/gptbot)"
216.73.216.128 - - [05/Sep/2026:12:04:03 +0000] "GET /drivers/twilio-php-master/Twilio/Rest/Sync/V1/Service/SyncList/SyncListPermissionContext.php HTTP/1.1" 500 - "-" "Mozilla/5.0 AppleWebKit/537.36 (KHTML, like Gecko; compatible; ClaudeBot/1.0; +claudebot@anthropic.com)"
216.73.216.128 - - [05/Sep/2026:12:04:08 +0000] "GET /tollster/vendor/google/apiclient-services/src/Google/Service/YouTube/VideoProcessingDetails.php HTTP/1.1" 500 - "-" "Mozilla/5.0 AppleWebKit/537.36 (KHTML, like Gecko; compatible; ClaudeBot/1.0; +claudebot@anthropic.com)"
216.73.216.128 - - [05/Sep/2026:12:04:13 +0000] "GET /tollster/vendor/google/apiclient-services/src/Google/Service/Webfonts.php HTTP/1.1" 500 - "-" "Mozilla/5.0 AppleWebKit/537.36 (KHTML, like Gecko; compatible; ClaudeBot/1.0; +claudebot@anthropic.com)"
74.7.227.38 - - [05/Sep/2026:12:04:14 +0000] "GET /google/google-api-php-client-2.2.1/vendor/google/apiclient-services/src/Google/Service/Compute/HttpHealthCheck.php HTTP/1.1" 500 - "https://desidrivers.com.au/google/google-api-php-client-2.2.1/vendor/google/apiclient-services/src/Google/Service/Compute/?C=N;O=D" "Mozilla/5.0 AppleWebKit/537.36 (KHTML, like Gecko; compatible; GPTBot/1.4; +https://openai.com/gptbot)"
74.7.241.54 - - [05/Sep/2026:12:04:14 +0000] "GET /google/google-api-php-client-2.2.1/vendor/google/apiclient-services/src/Google/Service/Sheets/UnmergeCellsRequest.php HTTP/1.1" 500 - "https://www.desidrivers.com.au/google/google-api-php-client-2.2.1/vendor/google/apiclient-services/src/Google/Service/Sheets/?C=D;O=A" "Mozilla/5.0 AppleWebKit/537.36 (KHTML, like Gecko; compatible; GPTBot/1.4; +https://openai.com/gptbot)"
216.73.216.128 - - [05/Sep/2026:12:04:18 +0000] "GET /tollster/vendor/google/apiclient-services/src/Google/Service/AndroidEnterprise/TokenPagination.php HTTP/1.1" 500 - "-" "Mozilla/5.0 AppleWebKit/537.36 (KHTML, like Gecko; compatible; ClaudeBot/1.0; +claudebot@anthropic.com)"
74.7.227.157 - - [05/Sep/2026:12:04:22 +0000] "GET /tollster/vendor/google/apiclient-services/src/Google/Service/Classroom/CourseWork.php HTTP/1.1" 500 - "https://mail.desidrivers.com.au/tollster/vendor/google/apiclient-services/src/Google/Service/Classroom/" "Mozilla/5.0 AppleWebKit/537.36 (KHTML, like Gecko; compatible; GPTBot/1.4; +https://openai.com/gptbot)"
216.73.216.128 - - [05/Sep/2026:12:04:23 +0000] "GET /tollster/vendor/google/apiclient-services/src/Google/Service/PlusDomains.php HTTP/1.1" 500 - "-" "Mozilla/5.0 AppleWebKit/537.36 (KHTML, like Gecko; compatible; ClaudeBot/1.0; +claudebot@anthropic.com)"
216.73.216.128 - - [05/Sep/2026:12:04:28 +0000] "GET /tollster/vendor/google/apiclient-services/src/Google/Service/CloudMachineLearning/GoogleCloudMlV1beta1PredictionOutput.php HTTP/1.1" 500 - "-" "Mozilla/5.0 AppleWebKit/537.36 (KHTML, like Gecko; compatible; ClaudeBot/1.0; +claudebot@anthropic.com)"
216.73.216.128 - - [05/Sep/2026:12:04:33 +0000] "GET /tollster/vendor/google/apiclient-services/src/Google/Service/Gmail/AutoForwarding.php HTTP/1.1" 500 - "-" "Mozilla/5.0 AppleWebKit/537.36 (KHTML, like Gecko; compatible; ClaudeBot/1.0; +claudebot@anthropic.com)"
74.7.227.38 - - [05/Sep/2026:12:04:34 +0000] "GET /google/google-api-php-client-2.2.1/vendor/google/apiclient-services/src/Google/Service/Compute/OperationAggregatedList.php HTTP/1.1" 500 - "https://desidrivers.com.au/google/google-api-php-client-2.2.1/vendor/google/apiclient-services/src/Google/Service/Compute/?C=N;O=D" "Mozilla/5.0 AppleWebKit/537.36 (KHTML, like Gecko; compatible; GPTBot/1.4; +https://openai.com/gptbot)"
74.7.241.54 - - [05/Sep/2026:12:04:34 +0000] "GET /google/google-api-php-client-2.2.1/vendor/google/apiclient-services/src/Google/Service/Slides/TableCellLocation.php HTTP/1.1" 500 - "https://www.desidrivers.com.au/google/google-api-php-client-2.2.1/vendor/google/apiclient-services/src/Google/Service/Slides/?C=N;O=D" "Mozilla/5.0 AppleWebKit/537.36 (KHTML, like Gecko; compatible; GPTBot/1.4; +https://openai.com/gptbot)"
216.73.216.128 - - [05/Sep/2026:12:04:38 +0000] "GET /tollster/vendor/google/apiclient-services/src/Google/Service/Dataflow/PubsubLocation.php HTTP/1.1" 500 - "-" "Mozilla/5.0 AppleWebKit/537.36 (KHTML, like Gecko; compatible; ClaudeBot/1.0; +claudebot@anthropic.com)"
74.7.227.157 - - [05/Sep/2026:12:04:43 +0000] "GET /tollster/vendor/google/apiclient-services/src/Google/Service/Sheets/BandingProperties.php HTTP/1.1" 500 - "https://mail.desidrivers.com.au/tollster/vendor/google/apiclient-services/src/Google/Service/Sheets/" "Mozilla/5.0 AppleWebKit/537.36 (KHTML, like Gecko; compatible; GPTBot/1.4; +https://openai.com/gptbot)"
216.73.216.128 - - [05/Sep/2026:12:04:43 +0000] "GET /tollster/vendor/google/apiclient-services/src/Google/Service/CloudFunctions/GenerateUploadUrlResponse.php HTTP/1.1" 500 - "-" "Mozilla/5.0 AppleWebKit/537.36 (KHTML, like Gecko; compatible; ClaudeBot/1.0; +claudebot@anthropic.com)"
216.73.216.128 - - [05/Sep/2026:12:04:48 +0000] "GET /tollster/vendor/google/apiclient-services/src/Google/Service/Dfareporting/ConversionStatus.php HTTP/1.1" 500 - "-" "Mozilla/5.0 AppleWebKit/537.36 (KHTML, like Gecko; compatible; ClaudeBot/1.0; +claudebot@anthropic.com)"
216.73.216.128 - - [05/Sep/2026:12:04:53 +0000] "GET /tollster/vendor/google/apiclient-services/src/Google/Service/ToolResults/ToolOutputReference.php HTTP/1.1" 500 - "-" "Mozilla/5.0 AppleWebKit/537.36 (KHTML, like Gecko; compatible; ClaudeBot/1.0; +claudebot@anthropic.com)"
74.7.227.38 - - [05/Sep/2026:12:04:54 +0000] "GET /google/google-api-php-client-2.2.1/vendor/google/apiclient-services/src/Google/Service/Compute/ManagedInstance.php HTTP/1.1" 500 - "https://desidrivers.com.au/google/google-api-php-client-2.2.1/vendor/google/apiclient-services/src/Google/Service/Compute/?C=N;O=D" "Mozilla/5.0 AppleWebKit/537.36 (KHTML, like Gecko; compatible; GPTBot/1.4; +https://openai.com/gptbot)"
74.7.241.54 - - [05/Sep/2026:12:04:54 +0000] "GET /google/google-api-php-client-2.2.1/vendor/google/apiclient-services/src/Google/Service/Sheets/DeleteBandingRequest.php HTTP/1.1" 500 - "https://www.desidrivers.com.au/google/google-api-php-client-2.2.1/vendor/google/apiclient-services/src/Google/Service/Sheets/?C=D;O=A" "Mozilla/5.0 AppleWebKit/537.36 (KHTML, like Gecko; compatible; GPTBot/1.4; +https://openai.com/gptbot)"
216.73.216.128 - - [05/Sep/2026:12:04:58 +0000] "GET /tollster/vendor/google/apiclient-services/src/Google/Service/Sheets/Response.php HTTP/1.1" 500 - "-" "Mozilla/5.0 AppleWebKit/537.36 (KHTML, like Gecko; compatible; ClaudeBot/1.0; +claudebot@anthropic.com)"
74.7.227.157 - - [05/Sep/2026:12:05:02 +0000] "GET /tollster/vendor/google/apiclient-services/src/Google/Service/Coordinate/TeamListResponse.php HTTP/1.1" 500 - "https://mail.desidrivers.com.au/tollster/vendor/google/apiclient-services/src/Google/Service/Coordinate/" "Mozilla/5.0 AppleWebKit/537.36 (KHTML, like Gecko; compatible; GPTBot/1.4; +https://openai.com/gptbot)"
216.73.216.128 - - [05/Sep/2026:12:05:04 +0000] "GET /tollster/vendor/google/apiclient-services/src/Google/Service/PeopleService/Status.php HTTP/1.1" 500 - "-" "Mozilla/5.0 AppleWebKit/537.36 (KHTML, like Gecko; compatible; ClaudeBot/1.0; +claudebot@anthropic.com)"
216.73.216.128 - - [05/Sep/2026:12:05:08 +0000] "GET /drivers/twilio-php-master/Twilio/Rest/Sync/V1/Service/SyncList/SyncListItemPage.php HTTP/1.1" 500 - "-" "Mozilla/5.0 AppleWebKit/537.36 (KHTML, like Gecko; compatible; ClaudeBot/1.0; +claudebot@anthropic.com)"
216.73.216.128 - - [05/Sep/2026:12:05:14 +0000] "GET /tollster/vendor/google/apiclient-services/src/Google/Service/Games/EventPeriodRange.php HTTP/1.1" 500 - "-" "Mozilla/5.0 AppleWebKit/537.36 (KHTML, like Gecko; compatible; ClaudeBot/1.0; +claudebot@anthropic.com)"
74.7.227.38 - - [05/Sep/2026:12:05:14 +0000] "GET /google/google-api-php-client-2.2.1/vendor/google/apiclient-services/src/Google/Service/Compute/CommitmentAggregatedList.php HTTP/1.1" 500 - "https://desidrivers.com.au/google/google-api-php-client-2.2.1/vendor/google/apiclient-services/src/Google/Service/Compute/?C=N;O=D" "Mozilla/5.0 AppleWebKit/537.36 (KHTML, like Gecko; compatible; GPTBot/1.4; +https://openai.com/gptbot)"
74.7.241.54 - - [05/Sep/2026:12:05:14 +0000] "GET /google/google-api-php-client-2.2.1/vendor/google/apiclient-services/src/Google/Service/Sheets/UpdateCellsRequest.php HTTP/1.1" 500 - "https://www.desidrivers.com.au/google/google-api-php-client-2.2.1/vendor/google/apiclient-services/src/Google/Service/Sheets/?C=D;O=A" "Mozilla/5.0 AppleWebKit/537.36 (KHTML, like Gecko; compatible; GPTBot/1.4; +https://openai.com/gptbot)"
216.73.216.128 - - [05/Sep/2026:12:05:19 +0000] "GET /tollster/vendor/psr/log/Psr/Log/LoggerAwareTrait.php HTTP/1.1" 200 - "-" "Mozilla/5.0 AppleWebKit/537.36 (KHTML, like Gecko; compatible; ClaudeBot/1.0; +claudebot@anthropic.com)"
74.7.227.157 - - [05/Sep/2026:12:05:22 +0000] "GET /tollster/vendor/google/apiclient-services/src/Google/Service/Sheets/CutPasteRequest.php HTTP/1.1" 500 - "https://mail.desidrivers.com.au/tollster/vendor/google/apiclient-services/src/Google/Service/Sheets/" "Mozilla/5.0 AppleWebKit/537.36 (KHTML, like Gecko; compatible; GPTBot/1.4; +https://openai.com/gptbot)"
216.73.216.128 - - [05/Sep/2026:12:05:23 +0000] "GET /tollster/vendor/google/apiclient-services/src/Google/Service/Storagetransfer/HttpData.php HTTP/1.1" 500 - "-" "Mozilla/5.0 AppleWebKit/537.36 (KHTML, like Gecko; compatible; ClaudeBot/1.0; +claudebot@anthropic.com)"
216.73.216.128 - - [05/Sep/2026:12:05:29 +0000] "GET /tollster/vendor/google/apiclient-services/src/Google/Service/Directory/Role.php HTTP/1.1" 500 - "-" "Mozilla/5.0 AppleWebKit/537.36 (KHTML, like Gecko; compatible; ClaudeBot/1.0; +claudebot@anthropic.com)"
216.73.216.128 - - [05/Sep/2026:12:05:34 +0000] "GET /tollster/vendor/google/apiclient-services/src/Google/Service/Translate/Resource/Detections.php HTTP/1.1" 500 - "-" "Mozilla/5.0 AppleWebKit/537.36 (KHTML, like Gecko; compatible; ClaudeBot/1.0; +claudebot@anthropic.com)"
74.7.227.38 - - [05/Sep/2026:12:05:34 +0000] "GET /google/google-api-php-client-2.2.1/vendor/google/apiclient-services/src/Google/Service/Testing/CancelTestMatrixResponse.php HTTP/1.1" 500 - "https://desidrivers.com.au/google/google-api-php-client-2.2.1/vendor/google/apiclient-services/src/Google/Service/Testing/?C=S;O=A" "Mozilla/5.0 AppleWebKit/537.36 (KHTML, like Gecko; compatible; GPTBot/1.4; +https://openai.com/gptbot)"
74.7.241.54 - - [05/Sep/2026:12:05:34 +0000] "GET /google/google-api-php-client-2.2.1/vendor/google/apiclient-services/src/Google/Service/Sheets/AppendDimensionRequest.php HTTP/1.1" 500 - "https://www.desidrivers.com.au/google/google-api-php-client-2.2.1/vendor/google/apiclient-services/src/Google/Service/Sheets/?C=D;O=A" "Mozilla/5.0 AppleWebKit/537.36 (KHTML, like Gecko; compatible; GPTBot/1.4; +https://openai.com/gptbot)"
216.73.216.128 - - [05/Sep/2026:12:05:39 +0000] "GET /tollster/vendor/google/apiclient-services/src/Google/Service/AdExchangeBuyerII/ClientUser.php HTTP/1.1" 500 - "-" "Mozilla/5.0 AppleWebKit/537.36 (KHTML, like Gecko; compatible; ClaudeBot/1.0; +claudebot@anthropic.com)"
74.7.227.157 - - [05/Sep/2026:12:05:43 +0000] "GET /tollster/vendor/google/apiclient-services/src/Google/Service/Vault/CloseMatterRequest.php HTTP/1.1" 500 - "https://mail.desidrivers.com.au/tollster/vendor/google/apiclient-services/src/Google/Service/Vault/" "Mozilla/5.0 AppleWebKit/537.36 (KHTML, like Gecko; compatible; GPTBot/1.4; +https://openai.com/gptbot)"
216.73.216.128 - - [05/Sep/2026:12:05:44 +0000] "GET /tollster/vendor/google/apiclient-services/src/Google/Service/YouTube/VideoStatus.php HTTP/1.1" 500 - "-" "Mozilla/5.0 AppleWebKit/537.36 (KHTML, like Gecko; compatible; ClaudeBot/1.0; +claudebot@anthropic.com)"
74.7.227.38 - - [05/Sep/2026:12:05:54 +0000] "GET /google/google-api-php-client-2.2.1/vendor/google/apiclient-services/src/Google/Service/Compute/InterconnectLocation.php HTTP/1.1" 500 - "https://desidrivers.com.au/google/google-api-php-client-2.2.1/vendor/google/apiclient-services/src/Google/Service/Compute/?C=N;O=D" "Mozilla/5.0 AppleWebKit/537.36 (KHTML, like Gecko; compatible; GPTBot/1.4; +https://openai.com/gptbot)"
74.7.241.54 - - [05/Sep/2026:12:05:54 +0000] "GET /google/google-api-php-client-2.2.1/vendor/google/apiclient-services/src/Google/Service/Slides/CreateTableRequest.php HTTP/1.1" 500 - "https://www.desidrivers.com.au/google/google-api-php-client-2.2.1/vendor/google/apiclient-services/src/Google/Service/Slides/?C=N;O=D" "Mozilla/5.0 AppleWebKit/537.36 (KHTML, like Gecko; compatible; GPTBot/1.4; +https://openai.com/gptbot)"
191.101.61.252 - - [05/Sep/2026:12:05:57 +0000] "GET /.env HTTP/1.1" 404 967 "-" "Mozilla/5.0 (Macintosh; Intel Mac OS X 10.15; rv:77.0) Gecko/20100101 Firefox/77.0"
74.7.227.157 - - [05/Sep/2026:12:06:03 +0000] "GET /tollster/vendor/google/apiclient-services/src/Google/Service/Fitness/Application.php HTTP/1.1" 500 - "https://mail.desidrivers.com.au/tollster/vendor/google/apiclient-services/src/Google/Service/Fitness/" "Mozilla/5.0 AppleWebKit/537.36 (KHTML, like Gecko; compatible; GPTBot/1.4; +https://openai.com/gptbot)"
216.73.216.128 - - [05/Sep/2026:12:06:03 +0000] "GET /tollster/vendor/google/apiclient-services/src/Google/Service/Fusiontables/Import.php HTTP/1.1" 500 - "-" "Mozilla/5.0 AppleWebKit/537.36 (KHTML, like Gecko; compatible; ClaudeBot/1.0; +claudebot@anthropic.com)"
216.73.216.128 - - [05/Sep/2026:12:06:03 +0000] "GET /tollster/vendor/google/apiclient-services/src/Google/Service/ToolResults/Specification.php HTTP/1.1" 500 - "-" "Mozilla/5.0 AppleWebKit/537.36 (KHTML, like Gecko; compatible; ClaudeBot/1.0; +claudebot@anthropic.com)"
216.73.216.128 - - [05/Sep/2026:12:06:04 +0000] "GET /tollster/vendor/google/apiclient-services/src/Google/Service/Analytics/ HTTP/1.1" 200 20263 "-" "Mozilla/5.0 AppleWebKit/537.36 (KHTML, like Gecko; compatible; ClaudeBot/1.0; +claudebot@anthropic.com)"
57.141.14.13 - - [05/Sep/2026:12:06:06 +0000] "GET /tollster/vendor/google/apiclient-services/src/Google/Service/AdSenseHost/Resource/?C=M;O=D HTTP/1.1" 200 2523 "-" "Mozilla/5.0 (Windows NT 10.0; Win64; x64) AppleWebKit/537.36 (KHTML, like Gecko) Chrome/145.0.0.0 Safari/537.36 (compatible; meta-externalagent/1.1 (+https://developers.facebook.com/docs/sharing/webmasters/crawler))"
43.153.10.83 - - [05/Sep/2026:12:06:09 +0000] "GET / HTTP/1.1" 200 28348 "http://desidrivers.com.au" "Mozilla/5.0 (iPhone; CPU iPhone OS 13_2_3 like Mac OS X) AppleWebKit/605.1.15 (KHTML, like Gecko) Version/13.0.3 Mobile/15E148 Safari/604.1"
216.73.216.128 - - [05/Sep/2026:12:06:09 +0000] "GET /tollster/vendor/google/apiclient-services/src/Google/Service/PeopleService/Url.php HTTP/1.1" 500 - "-" "Mozilla/5.0 AppleWebKit/537.36 (KHTML, like Gecko; compatible; ClaudeBot/1.0; +claudebot@anthropic.com)"
74.7.227.38 - - [05/Sep/2026:12:06:14 +0000] "GET /google/google-api-php-client-2.2.1/vendor/google/apiclient-services/src/Google/Service/Compute/AutoscalersScopedList.php HTTP/1.1" 500 - "https://desidrivers.com.au/google/google-api-php-client-2.2.1/vendor/google/apiclient-services/src/Google/Service/Compute/?C=N;O=D" "Mozilla/5.0 AppleWebKit/537.36 (KHTML, like Gecko; compatible; GPTBot/1.4; +https://openai.com/gptbot)"
216.73.216.128 - - [05/Sep/2026:12:06:14 +0000] "GET /tollster/vendor/google/apiclient-services/src/Google/Service/Cloudlatencytest/AggregatedStatsReply.php HTTP/1.1" 500 - "-" "Mozilla/5.0 AppleWebKit/537.36 (KHTML, like Gecko; compatible; ClaudeBot/1.0; +claudebot@anthropic.com)"
74.7.241.54 - - [05/Sep/2026:12:06:14 +0000] "GET /google/google-api-php-client-2.2.1/vendor/google/apiclient-services/src/Google/Service/Slides/CreateImageResponse.php HTTP/1.1" 500 - "https://www.desidrivers.com.au/google/google-api-php-client-2.2.1/vendor/google/apiclient-services/src/Google/Service/Slides/?C=N;O=D" "Mozilla/5.0 AppleWebKit/537.36 (KHTML, like Gecko; compatible; GPTBot/1.4; +https://openai.com/gptbot)"
74.7.227.157 - - [05/Sep/2026:12:06:22 +0000] "GET /tollster/vendor/google/apiclient-services/src/Google/Service/DeploymentManager/Type.php HTTP/1.1" 500 - "https://mail.desidrivers.com.au/tollster/vendor/google/apiclient-services/src/Google/Service/DeploymentManager/" "Mozilla/5.0 AppleWebKit/537.36 (KHTML, like Gecko; compatible; GPTBot/1.4; +https://openai.com/gptbot)"
216.73.216.128 - - [05/Sep/2026:12:06:25 +0000] "GET /tollster/vendor/google/apiclient-services/src/Google/Service/Genomics/SetIamPolicyRequest.php HTTP/1.1" 500 - "-" "Mozilla/5.0 AppleWebKit/537.36 (KHTML, like Gecko; compatible; ClaudeBot/1.0; +claudebot@anthropic.com)"
216.73.216.128 - - [05/Sep/2026:12:06:30 +0000] "GET /tollster/vendor/google/apiclient-services/src/Google/Service/Slides/Size.php HTTP/1.1" 500 - "-" "Mozilla/5.0 AppleWebKit/537.36 (KHTML, like Gecko; compatible; ClaudeBot/1.0; +claudebot@anthropic.com)"
74.7.227.38 - - [05/Sep/2026:12:06:34 +0000] "GET /google/google-api-php-client-2.2.1/vendor/google/apiclient-services/src/Google/Service/Compute/ZoneListWarning.php HTTP/1.1" 500 - "https://desidrivers.com.au/google/google-api-php-client-2.2.1/vendor/google/apiclient-services/src/Google/Service/Compute/?C=N;O=D" "Mozilla/5.0 AppleWebKit/537.36 (KHTML, like Gecko; compatible; GPTBot/1.4; +https://openai.com/gptbot)"
74.7.241.54 - - [05/Sep/2026:12:06:34 +0000] "GET /google/google-api-php-client-2.2.1/vendor/google/apiclient-services/src/Google/Service/Sheets/MergeCellsRequest.php HTTP/1.1" 500 - "https://www.desidrivers.com.au/google/google-api-php-client-2.2.1/vendor/google/apiclient-services/src/Google/Service/Sheets/?C=D;O=A" "Mozilla/5.0 AppleWebKit/537.36 (KHTML, like Gecko; compatible; GPTBot/1.4; +https://openai.com/gptbot)"
216.73.216.128 - - [05/Sep/2026:12:06:35 +0000] "GET /tollster/vendor/google/apiclient-services/src/Google/Service/Directory/Group.php HTTP/1.1" 500 - "-" "Mozilla/5.0 AppleWebKit/537.36 (KHTML, like Gecko; compatible; ClaudeBot/1.0; +claudebot@anthropic.com)"
216.73.216.128 - - [05/Sep/2026:12:06:40 +0000] "GET /tollster/vendor/google/apiclient-services/src/Google/Service/ShoppingContent/DatafeedsCustomBatchResponse.php HTTP/1.1" 500 - "-" "Mozilla/5.0 AppleWebKit/537.36 (KHTML, like Gecko; compatible; ClaudeBot/1.0; +claudebot@anthropic.com)"
74.7.227.157 - - [05/Sep/2026:12:06:43 +0000] "GET /tollster/vendor/google/apiclient-services/src/Google/Service/CloudShell/CloudshellEmpty.php HTTP/1.1" 500 - "https://mail.desidrivers.com.au/tollster/vendor/google/apiclient-services/src/Google/Service/CloudShell/" "Mozilla/5.0 AppleWebKit/537.36 (KHTML, like Gecko; compatible; GPTBot/1.4; +https://openai.com/gptbot)"
216.73.216.128 - - [05/Sep/2026:12:06:45 +0000] "GET /tollster/vendor/google/apiclient-services/src/Google/Service/YouTube/CommentSnippet.php HTTP/1.1" 500 - "-" "Mozilla/5.0 AppleWebKit/537.36 (KHTML, like Gecko; compatible; ClaudeBot/1.0; +claudebot@anthropic.com)"
216.73.216.128 - - [05/Sep/2026:12:06:50 +0000] "GET /tollster/vendor/google/apiclient-services/src/Google/Service/Container/CidrBlock.php HTTP/1.1" 500 - "-" "Mozilla/5.0 AppleWebKit/537.36 (KHTML, like Gecko; compatible; ClaudeBot/1.0; +claudebot@anthropic.com)"
74.7.227.38 - - [05/Sep/2026:12:06:54 +0000] "GET /google/google-api-php-client-2.2.1/vendor/google/apiclient-services/src/Google/Service/Testing/TestEnvironmentCatalog.php HTTP/1.1" 500 - "https://desidrivers.com.au/google/google-api-php-client-2.2.1/vendor/google/apiclient-services/src/Google/Service/Testing/?C=S;O=A" "Mozilla/5.0 AppleWebKit/537.36 (KHTML, like Gecko; compatible; GPTBot/1.4; +https://openai.com/gptbot)"
74.7.241.54 - - [05/Sep/2026:12:06:54 +0000] "GET /google/google-api-php-client-2.2.1/vendor/google/apiclient-services/src/Google/Service/Sheets/AddNamedRangeResponse.php HTTP/1.1" 500 - "https://www.desidrivers.com.au/google/google-api-php-client-2.2.1/vendor/google/apiclient-services/src/Google/Service/Sheets/?C=D;O=A" "Mozilla/5.0 AppleWebKit/537.36 (KHTML, like Gecko; compatible; GPTBot/1.4; +https://openai.com/gptbot)"
216.73.216.128 - - [05/Sep/2026:12:06:55 +0000] "GET /tollster/vendor/google/apiclient-services/src/Google/Service/AndroidEnterprise/Administrator.php HTTP/1.1" 500 - "-" "Mozilla/5.0 AppleWebKit/537.36 (KHTML, like Gecko; compatible; ClaudeBot/1.0; +claudebot@anthropic.com)"
216.73.216.128 - - [05/Sep/2026:12:07:00 +0000] "GET /tollster/vendor/google/apiclient-services/src/Google/Service/Classroom/Resource/CoursesTopics.php HTTP/1.1" 500 - "-" "Mozilla/5.0 AppleWebKit/537.36 (KHTML, like Gecko; compatible; ClaudeBot/1.0; +claudebot@anthropic.com)"
74.7.227.157 - - [05/Sep/2026:12:07:03 +0000] "GET /tollster/vendor/google/apiclient-services/src/Google/Service/Devprojects/Context.php HTTP/1.1" 500 - "https://mail.desidrivers.com.au/tollster/vendor/google/apiclient-services/src/Google/Service/Devprojects/" "Mozilla/5.0 AppleWebKit/537.36 (KHTML, like Gecko; compatible; GPTBot/1.4; +https://openai.com/gptbot)"
216.73.216.128 - - [05/Sep/2026:12:07:05 +0000] "GET /tollster/vendor/google/apiclient-services/src/Google/Service/Replicapoolupdater/Resource/ZoneOperations.php HTTP/1.1" 500 - "-" "Mozilla/5.0 AppleWebKit/537.36 (KHTML, like Gecko; compatible; ClaudeBot/1.0; +claudebot@anthropic.com)"
216.73.216.128 - - [05/Sep/2026:12:07:10 +0000] "GET /tollster/vendor/google/apiclient-services/src/Google/Service/Drive/TeamDriveList.php HTTP/1.1" 500 - "-" "Mozilla/5.0 AppleWebKit/537.36 (KHTML, like Gecko; compatible; ClaudeBot/1.0; +claudebot@anthropic.com)"
74.7.227.38 - - [05/Sep/2026:12:07:14 +0000] "GET /google/google-api-php-client-2.2.1/vendor/google/apiclient-services/src/Google/Service/Testing/ClientInfoDetail.php HTTP/1.1" 500 - "https://desidrivers.com.au/google/google-api-php-client-2.2.1/vendor/google/apiclient-services/src/Google/Service/Testing/?C=S;O=A" "Mozilla/5.0 AppleWebKit/537.36 (KHTML, like Gecko; compatible; GPTBot/1.4; +https://openai.com/gptbot)"
74.7.241.54 - - [05/Sep/2026:12:07:14 +0000] "GET /google/google-api-php-client-2.2.1/vendor/google/apiclient-services/src/Google/Service/Slides/CreateLineRequest.php HTTP/1.1" 500 - "https://www.desidrivers.com.au/google/google-api-php-client-2.2.1/vendor/google/apiclient-services/src/Google/Service/Slides/?C=N;O=D" "Mozilla/5.0 AppleWebKit/537.36 (KHTML, like Gecko; compatible; GPTBot/1.4; +https://openai.com/gptbot)"
216.73.216.128 - - [05/Sep/2026:12:07:15 +0000] "GET /tollster/vendor/google/apiclient-services/src/Google/Service/PolyService/Resource/ HTTP/1.1" 200 1586 "-" "Mozilla/5.0 AppleWebKit/537.36 (KHTML, like Gecko; compatible; ClaudeBot/1.0; +claudebot@anthropic.com)"
216.73.216.128 - - [05/Sep/2026:12:07:20 +0000] "GET /tollster/vendor/google/apiclient-services/src/Google/Service/Drive/StartPageToken.php HTTP/1.1" 500 - "-" "Mozilla/5.0 AppleWebKit/537.36 (KHTML, like Gecko; compatible; ClaudeBot/1.0; +claudebot@anthropic.com)"
74.7.227.157 - - [05/Sep/2026:12:07:23 +0000] "GET /tollster/vendor/google/apiclient-services/src/Google/Service/Testing/ResultStorage.php HTTP/1.1" 500 - "https://mail.desidrivers.com.au/tollster/vendor/google/apiclient-services/src/Google/Service/Testing/" "Mozilla/5.0 AppleWebKit/537.36 (KHTML, like Gecko; compatible; GPTBot/1.4; +https://openai.com/gptbot)"
216.73.216.128 - - [05/Sep/2026:12:07:25 +0000] "GET /tollster/vendor/google/apiclient-services/src/Google/Service/Drive/GeneratedIds.php HTTP/1.1" 500 - "-" "Mozilla/5.0 AppleWebKit/537.36 (KHTML, like Gecko; compatible; ClaudeBot/1.0; +claudebot@anthropic.com)"
216.73.216.128 - - [05/Sep/2026:12:07:30 +0000] "GET /tollster/vendor/google/apiclient-services/src/Google/Service/AndroidEnterprise/Product.php HTTP/1.1" 500 - "-" "Mozilla/5.0 AppleWebKit/537.36 (KHTML, like Gecko; compatible; ClaudeBot/1.0; +claudebot@anthropic.com)"
74.7.227.38 - - [05/Sep/2026:12:07:34 +0000] "GET /google/google-api-php-client-2.2.1/vendor/google/apiclient-services/src/Google/Service/Compute/RouterAggregatedList.php HTTP/1.1" 500 - "https://desidrivers.com.au/google/google-api-php-client-2.2.1/vendor/google/apiclient-services/src/Google/Service/Compute/?C=N;O=D" "Mozilla/5.0 AppleWebKit/537.36 (KHTML, like Gecko; compatible; GPTBot/1.4; +https://openai.com/gptbot)"
74.7.241.54 - - [05/Sep/2026:12:07:34 +0000] "GET /google/google-api-php-client-2.2.1/vendor/google/apiclient-services/src/Google/Service/Sheets/BatchUpdateSpreadsheetRequest.php HTTP/1.1" 500 - "https://www.desidrivers.com.au/google/google-api-php-client-2.2.1/vendor/google/apiclient-services/src/Google/Service/Sheets/?C=D;O=A" "Mozilla/5.0 AppleWebKit/537.36 (KHTML, like Gecko; compatible; GPTBot/1.4; +https://openai.com/gptbot)"
216.73.216.128 - - [05/Sep/2026:12:07:35 +0000] "GET /tollster/vendor/google/apiclient-services/src/Google/Service/AndroidEnterprise/ProductAvailabilityChangeEvent.php HTTP/1.1" 500 - "-" "Mozilla/5.0 AppleWebKit/537.36 (KHTML, like Gecko; compatible; ClaudeBot/1.0; +claudebot@anthropic.com)"
216.73.216.128 - - [05/Sep/2026:12:07:40 +0000] "GET /tollster/vendor/google/apiclient-services/src/Google/Service/Prediction/Analyze.php HTTP/1.1" 500 - "-" "Mozilla/5.0 AppleWebKit/537.36 (KHTML, like Gecko; compatible; ClaudeBot/1.0; +claudebot@anthropic.com)"
74.7.227.157 - - [05/Sep/2026:12:07:43 +0000] "GET /tollster/vendor/google/apiclient-services/src/Google/Service/AndroidManagement/Policy.php HTTP/1.1" 500 - "https://mail.desidrivers.com.au/tollster/vendor/google/apiclient-services/src/Google/Service/AndroidManagement/" "Mozilla/5.0 AppleWebKit/537.36 (KHTML, like Gecko; compatible; GPTBot/1.4; +https://openai.com/gptbot)"
216.73.216.128 - - [05/Sep/2026:12:07:45 +0000] "GET /tollster/vendor/google/apiclient-services/src/Google/Service/Drive/ChangeList.php HTTP/1.1" 500 - "-" "Mozilla/5.0 AppleWebKit/537.36 (KHTML, like Gecko; compatible; ClaudeBot/1.0; +claudebot@anthropic.com)"
216.73.216.128 - - [05/Sep/2026:12:07:50 +0000] "GET /tollster/vendor/google/apiclient-services/src/Google/Service/AndroidEnterprise/AppRestrictionsSchema.php HTTP/1.1" 500 - "-" "Mozilla/5.0 AppleWebKit/537.36 (KHTML, like Gecko; compatible; ClaudeBot/1.0; +claudebot@anthropic.com)"
74.7.227.38 - - [05/Sep/2026:12:07:54 +0000] "GET /google/google-api-php-client-2.2.1/vendor/google/apiclient-services/src/Google/Service/Testing/EnvironmentVariable.php HTTP/1.1" 500 - "https://desidrivers.com.au/google/google-api-php-client-2.2.1/vendor/google/apiclient-services/src/Google/Service/Testing/?C=S;O=A" "Mozilla/5.0 AppleWebKit/537.36 (KHTML, like Gecko; compatible; GPTBot/1.4; +https://openai.com/gptbot)"
74.7.241.54 - - [05/Sep/2026:12:07:54 +0000] "GET /google/google-api-php-client-2.2.1/vendor/google/apiclient-services/src/Google/Service/Sheets/SetBasicFilterRequest.php HTTP/1.1" 500 - "https://www.desidrivers.com.au/google/google-api-php-client-2.2.1/vendor/google/apiclient-services/src/Google/Service/Sheets/?C=D;O=A" "Mozilla/5.0 AppleWebKit/537.36 (KHTML, like Gecko; compatible; GPTBot/1.4; +https://openai.com/gptbot)"
216.73.216.128 - - [05/Sep/2026:12:07:55 +0000] "GET /tollster/vendor/google/apiclient-services/src/Google/Service/Oauth2/Resource/UserinfoV2.php HTTP/1.1" 500 - "-" "Mozilla/5.0 AppleWebKit/537.36 (KHTML, like Gecko; compatible; ClaudeBot/1.0; +claudebot@anthropic.com)"
216.73.216.128 - - [05/Sep/2026:12:08:00 +0000] "GET /tollster/vendor/google/apiclient-services/src/Google/Service/CloudNaturalLanguage/ClassificationCategory.php HTTP/1.1" 500 - "-" "Mozilla/5.0 AppleWebKit/537.36 (KHTML, like Gecko; compatible; ClaudeBot/1.0; +claudebot@anthropic.com)"
74.7.227.157 - - [05/Sep/2026:12:08:03 +0000] "GET /tollster/vendor/google/apiclient-services/src/Google/Service/TagManager/UserPermission.php HTTP/1.1" 500 - "https://mail.desidrivers.com.au/tollster/vendor/google/apiclient-services/src/Google/Service/TagManager/" "Mozilla/5.0 AppleWebKit/537.36 (KHTML, like Gecko; compatible; GPTBot/1.4; +https://openai.com/gptbot)"
216.73.216.128 - - [05/Sep/2026:12:08:05 +0000] "GET /tollster/vendor/google/apiclient-services/src/Google/Service/Prediction/AnalyzeDataDescriptionFeaturesCategorical.php HTTP/1.1" 500 - "-" "Mozilla/5.0 AppleWebKit/537.36 (KHTML, like Gecko; compatible; ClaudeBot/1.0; +claudebot@anthropic.com)"
216.73.216.128 - - [05/Sep/2026:12:08:10 +0000] "GET /tollster/vendor/google/apiclient-services/src/Google/Service/Appengine/ HTTP/1.1" 200 13083 "-" "Mozilla/5.0 AppleWebKit/537.36 (KHTML, like Gecko; compatible; ClaudeBot/1.0; +claudebot@anthropic.com)"
74.7.227.38 - - [05/Sep/2026:12:08:14 +0000] "GET /google/google-api-php-client-2.2.1/vendor/google/apiclient-services/src/Google/Service/Compute/RegionListWarning.php HTTP/1.1" 500 - "https://desidrivers.com.au/google/google-api-php-client-2.2.1/vendor/google/apiclient-services/src/Google/Service/Compute/?C=N;O=D" "Mozilla/5.0 AppleWebKit/537.36 (KHTML, like Gecko; compatible; GPTBot/1.4; +https://openai.com/gptbot)"
74.7.241.54 - - [05/Sep/2026:12:08:14 +0000] "GET /google/google-api-php-client-2.2.1/vendor/google/apiclient-services/src/Google/Service/Sheets/BasicChartDomain.php HTTP/1.1" 500 - "https://www.desidrivers.com.au/google/google-api-php-client-2.2.1/vendor/google/apiclient-services/src/Google/Service/Sheets/?C=D;O=A" "Mozilla/5.0 AppleWebKit/537.36 (KHTML, like Gecko; compatible; GPTBot/1.4; +https://openai.com/gptbot)"
74.7.227.157 - - [05/Sep/2026:12:08:23 +0000] "GET /tollster/vendor/google/apiclient-services/src/Google/Service/Fusiontables/TaskList.php HTTP/1.1" 500 - "https://mail.desidrivers.com.au/tollster/vendor/google/apiclient-services/src/Google/Service/Fusiontables/" "Mozilla/5.0 AppleWebKit/537.36 (KHTML, like Gecko; compatible; GPTBot/1.4; +https://openai.com/gptbot)"
74.7.227.38 - - [05/Sep/2026:12:08:34 +0000] "GET /google/google-api-php-client-2.2.1/vendor/google/apiclient-services/src/Google/Service/Tracing/TruncatableString.php HTTP/1.1" 500 - "https://desidrivers.com.au/google/google-api-php-client-2.2.1/vendor/google/apiclient-services/src/Google/Service/Tracing/?C=S;O=A" "Mozilla/5.0 AppleWebKit/537.36 (KHTML, like Gecko; compatible; GPTBot/1.4; +https://openai.com/gptbot)"
74.7.241.54 - - [05/Sep/2026:12:08:34 +0000] "GET /google/google-api-php-client-2.2.1/vendor/google/apiclient-services/src/Google/Service/Slides/PageBackgroundFill.php HTTP/1.1" 500 - "https://www.desidrivers.com.au/google/google-api-php-client-2.2.1/vendor/google/apiclient-services/src/Google/Service/Slides/?C=N;O=D" "Mozilla/5.0 AppleWebKit/537.36 (KHTML, like Gecko; compatible; GPTBot/1.4; +https://openai.com/gptbot)"
74.7.227.157 - - [05/Sep/2026:12:08:43 +0000] "GET /tollster/vendor/google/apiclient-services/src/Google/Service/FirebaseRules/Release.php HTTP/1.1" 500 - "https://mail.desidrivers.com.au/tollster/vendor/google/apiclient-services/src/Google/Service/FirebaseRules/" "Mozilla/5.0 AppleWebKit/537.36 (KHTML, like Gecko; compatible; GPTBot/1.4; +https://openai.com/gptbot)"
74.7.227.38 - - [05/Sep/2026:12:08:54 +0000] "GET /google/google-api-php-client-2.2.1/vendor/google/apiclient-services/src/Google/Service/Compute/RouterInterface.php HTTP/1.1" 500 - "https://desidrivers.com.au/google/google-api-php-client-2.2.1/vendor/google/apiclient-services/src/Google/Service/Compute/?C=N;O=D" "Mozilla/5.0 AppleWebKit/537.36 (KHTML, like Gecko; compatible; GPTBot/1.4; +https://openai.com/gptbot)"
74.7.241.54 - - [05/Sep/2026:12:08:54 +0000] "GET /google/google-api-php-client-2.2.1/vendor/google/apiclient-services/src/Google/Service/Sheets/AddBandingResponse.php HTTP/1.1" 500 - "https://www.desidrivers.com.au/google/google-api-php-client-2.2.1/vendor/google/apiclient-services/src/Google/Service/Sheets/?C=D;O=A" "Mozilla/5.0 AppleWebKit/537.36 (KHTML, like Gecko; compatible; GPTBot/1.4; +https://openai.com/gptbot)"
74.7.227.157 - - [05/Sep/2026:12:09:02 +0000] "GET /tollster/vendor/google/apiclient-services/src/Google/Service/Compute/AccessConfig.php HTTP/1.1" 500 - "https://mail.desidrivers.com.au/tollster/vendor/google/apiclient-services/src/Google/Service/Compute/" "Mozilla/5.0 AppleWebKit/537.36 (KHTML, like Gecko; compatible; GPTBot/1.4; +https://openai.com/gptbot)"
74.7.227.38 - - [05/Sep/2026:12:09:14 +0000] "GET /google/google-api-php-client-2.2.1/vendor/google/apiclient-services/src/Google/Service/Compute/InstanceReference.php HTTP/1.1" 500 - "https://desidrivers.com.au/google/google-api-php-client-2.2.1/vendor/google/apiclient-services/src/Google/Service/Compute/?C=N;O=D" "Mozilla/5.0 AppleWebKit/537.36 (KHTML, like Gecko; compatible; GPTBot/1.4; +https://openai.com/gptbot)"
74.7.241.54 - - [05/Sep/2026:12:09:14 +0000] "GET /google/google-api-php-client-2.2.1/vendor/google/apiclient-services/src/Google/Service/Sheets/RepeatCellRequest.php HTTP/1.1" 500 - "https://www.desidrivers.com.au/google/google-api-php-client-2.2.1/vendor/google/apiclient-services/src/Google/Service/Sheets/?C=D;O=A" "Mozilla/5.0 AppleWebKit/537.36 (KHTML, like Gecko; compatible; GPTBot/1.4; +https://openai.com/gptbot)"
74.7.227.157 - - [05/Sep/2026:12:09:23 +0000] "GET /tollster/vendor/google/apiclient-services/src/Google/Service/Dfareporting/Activities.php HTTP/1.1" 500 - "https://mail.desidrivers.com.au/tollster/vendor/google/apiclient-services/src/Google/Service/Dfareporting/" "Mozilla/5.0 AppleWebKit/537.36 (KHTML, like Gecko; compatible; GPTBot/1.4; +https://openai.com/gptbot)"
74.7.227.38 - - [05/Sep/2026:12:09:34 +0000] "GET /google/google-api-php-client-2.2.1/vendor/google/apiclient-services/src/Google/Service/Tracing/ListSpansResponse.php HTTP/1.1" 500 - "https://desidrivers.com.au/google/google-api-php-client-2.2.1/vendor/google/apiclient-services/src/Google/Service/Tracing/?C=S;O=A" "Mozilla/5.0 AppleWebKit/537.36 (KHTML, like Gecko; compatible; GPTBot/1.4; +https://openai.com/gptbot)"
74.7.241.54 - - [05/Sep/2026:12:09:34 +0000] "GET /google/google-api-php-client-2.2.1/vendor/google/apiclient-services/src/Google/Service/Slides/CreateTableResponse.php HTTP/1.1" 500 - "https://www.desidrivers.com.au/google/google-api-php-client-2.2.1/vendor/google/apiclient-services/src/Google/Service/Slides/?C=N;O=D" "Mozilla/5.0 AppleWebKit/537.36 (KHTML, like Gecko; compatible; GPTBot/1.4; +https://openai.com/gptbot)"
74.7.227.157 - - [05/Sep/2026:12:09:43 +0000] "GET /tollster/vendor/google/apiclient-services/src/Google/Service/Devprojects/QuotaInfo.php HTTP/1.1" 500 - "https://mail.desidrivers.com.au/tollster/vendor/google/apiclient-services/src/Google/Service/Devprojects/" "Mozilla/5.0 AppleWebKit/537.36 (KHTML, like Gecko; compatible; GPTBot/1.4; +https://openai.com/gptbot)"
216.73.216.128 - - [05/Sep/2026:12:09:47 +0000] "GET /drivers/twilio-php-master/Twilio/Rest/Chat/V1/Service/Channel/MemberInstance.php HTTP/1.1" 500 - "-" "Mozilla/5.0 AppleWebKit/537.36 (KHTML, like Gecko; compatible; ClaudeBot/1.0; +claudebot@anthropic.com)"
216.73.216.128 - - [05/Sep/2026:12:09:52 +0000] "GET /drivers/twilio-php-master/Twilio/Rest/Chat/V1/Service/Channel/InviteContext.php HTTP/1.1" 500 - "-" "Mozilla/5.0 AppleWebKit/537.36 (KHTML, like Gecko; compatible; ClaudeBot/1.0; +claudebot@anthropic.com)"
74.7.227.38 - - [05/Sep/2026:12:09:54 +0000] "GET /google/google-api-php-client-2.2.1/vendor/google/apiclient-services/src/Google/Service/Compute/CommitmentsScopedList.php HTTP/1.1" 500 - "https://desidrivers.com.au/google/google-api-php-client-2.2.1/vendor/google/apiclient-services/src/Google/Service/Compute/?C=N;O=D" "Mozilla/5.0 AppleWebKit/537.36 (KHTML, like Gecko; compatible; GPTBot/1.4; +https://openai.com/gptbot)"
74.7.241.54 - - [05/Sep/2026:12:09:54 +0000] "GET /google/google-api-php-client-2.2.1/vendor/google/apiclient-services/src/Google/Service/Sheets/BatchClearValuesResponse.php HTTP/1.1" 500 - "https://www.desidrivers.com.au/google/google-api-php-client-2.2.1/vendor/google/apiclient-services/src/Google/Service/Sheets/?C=D;O=A" "Mozilla/5.0 AppleWebKit/537.36 (KHTML, like Gecko; compatible; GPTBot/1.4; +https://openai.com/gptbot)"
74.7.175.175 - - [05/Sep/2026:12:09:54 +0000] "GET /robots.txt HTTP/1.1" 404 967 "-" "Mozilla/5.0 (Macintosh; Intel Mac OS X 10_15_7) AppleWebKit/537.36 (KHTML, like Gecko) Chrome/131.0.0.0 Safari/537.36; compatible; OAI-SearchBot/1.4; robots.txt; +https://openai.com/searchbot"
216.73.216.128 - - [05/Sep/2026:12:09:57 +0000] "GET /drivers/twilio-php-master/Twilio/Rest/Chat/V1/Service/Channel/MemberOptions.php HTTP/1.1" 500 - "-" "Mozilla/5.0 AppleWebKit/537.36 (KHTML, like Gecko; compatible; ClaudeBot/1.0; +claudebot@anthropic.com)"
216.73.216.128 - - [05/Sep/2026:12:10:02 +0000] "GET /drivers/twilio-php-master/Twilio/Rest/Chat/V1/Service/Channel/MessagePage.php HTTP/1.1" 500 - "-" "Mozilla/5.0 AppleWebKit/537.36 (KHTML, like Gecko; compatible; ClaudeBot/1.0; +claudebot@anthropic.com)"
