74.7.241.54 - - [05/Sep/2026:16:11:02 +0000] "GET /google/google-api-php-client-2.2.1/vendor/google/apiclient-services/src/Google/Service/Plus/PersonCoverCoverInfo.php HTTP/1.1" 500 - "https://www.desidrivers.com.au/google/google-api-php-client-2.2.1/vendor/google/apiclient-services/src/Google/Service/Plus/?C=S;O=A" "Mozilla/5.0 AppleWebKit/537.36 (KHTML, like Gecko; compatible; GPTBot/1.4; +https://openai.com/gptbot)"
74.7.227.38 - - [05/Sep/2026:16:11:02 +0000] "GET /google/google-api-php-client-2.2.1/vendor/google/apiclient-services/src/Google/Service/Games/LeaderboardScoreRank.php HTTP/1.1" 500 - "https://desidrivers.com.au/google/google-api-php-client-2.2.1/vendor/google/apiclient-services/src/Google/Service/Games/?C=S;O=A" "Mozilla/5.0 AppleWebKit/537.36 (KHTML, like Gecko; compatible; GPTBot/1.4; +https://openai.com/gptbot)"
74.7.227.157 - - [05/Sep/2026:16:11:03 +0000] "GET /tollster/vendor/google/apiclient-services/src/Google/Service/ShoppingContent/Account.php HTTP/1.1" 500 - "https://mail.desidrivers.com.au/tollster/vendor/google/apiclient-services/src/Google/Service/ShoppingContent/" "Mozilla/5.0 AppleWebKit/537.36 (KHTML, like Gecko; compatible; GPTBot/1.4; +https://openai.com/gptbot)"
216.73.216.43 - - [05/Sep/2026:16:11:03 +0000] "GET /tollster/vendor/google/apiclient-services/src/Google/Service/FirebaseRulesAPI/?C=M&O=A HTTP/1.1" 200 3066 "-" "Mozilla/5.0 AppleWebKit/537.36 (KHTML, like Gecko; compatible; ClaudeBot/1.0; +claudebot@anthropic.com)"
216.73.216.43 - - [05/Sep/2026:16:11:08 +0000] "GET /drivers/twilio-php-master/Twilio/Rest/Preview/Sync/Service/SyncMap/?C=M&O=A HTTP/1.1" 200 2552 "-" "Mozilla/5.0 AppleWebKit/537.36 (KHTML, like Gecko; compatible; ClaudeBot/1.0; +claudebot@anthropic.com)"
216.73.216.43 - - [05/Sep/2026:16:11:13 +0000] "GET /drivers/twilio-php-master/Twilio/Rest/Notify/V1/Service/User/?C=N&O=A HTTP/1.1" 200 2537 "-" "Mozilla/5.0 AppleWebKit/537.36 (KHTML, like Gecko; compatible; ClaudeBot/1.0; +claudebot@anthropic.com)"
17.166.23.43 - - [05/Sep/2026:16:11:17 +0000] "GET /desidrivers.com.au_1735711647.php HTTP/1.1" 202 - "-" "Mozilla/5.0 (Macintosh; Intel Mac OS X 10_15_7) AppleWebKit/605.1.15 (KHTML, like Gecko) Version/17.4 Safari/605.1.15 (Applebot/0.1; +http://www.apple.com/go/applebot)"
216.73.216.43 - - [05/Sep/2026:16:11:18 +0000] "GET /drivers/twilio-php-master/Twilio/Rest/Notify/V1/?C=D&O=A HTTP/1.1" 200 2805 "-" "Mozilla/5.0 AppleWebKit/537.36 (KHTML, like Gecko; compatible; ClaudeBot/1.0; +claudebot@anthropic.com)"
74.7.241.54 - - [05/Sep/2026:16:11:21 +0000] "GET /google/google-api-php-client-2.2.1/vendor/google/apiclient-services/src/Google/Service/Plus/PersonOrganizations.php HTTP/1.1" 500 - "https://www.desidrivers.com.au/google/google-api-php-client-2.2.1/vendor/google/apiclient-services/src/Google/Service/Plus/?C=S;O=A" "Mozilla/5.0 AppleWebKit/537.36 (KHTML, like Gecko; compatible; GPTBot/1.4; +https://openai.com/gptbot)"
74.7.227.38 - - [05/Sep/2026:16:11:22 +0000] "GET /google/google-api-php-client-2.2.1/vendor/google/apiclient-services/src/Google/Service/Games/PlayerEventListResponse.php HTTP/1.1" 500 - "https://desidrivers.com.au/google/google-api-php-client-2.2.1/vendor/google/apiclient-services/src/Google/Service/Games/?C=S;O=A" "Mozilla/5.0 AppleWebKit/537.36 (KHTML, like Gecko; compatible; GPTBot/1.4; +https://openai.com/gptbot)"
74.7.227.157 - - [05/Sep/2026:16:11:23 +0000] "GET /tollster/vendor/google/apiclient-services/src/Google/Service/CloudFunctions/Retry.php HTTP/1.1" 500 - "https://mail.desidrivers.com.au/tollster/vendor/google/apiclient-services/src/Google/Service/CloudFunctions/" "Mozilla/5.0 AppleWebKit/537.36 (KHTML, like Gecko; compatible; GPTBot/1.4; +https://openai.com/gptbot)"
216.73.216.43 - - [05/Sep/2026:16:11:23 +0000] "GET /drivers/twilio-php-master/Twilio/Rest/Taskrouter/V1/?C=N&O=A HTTP/1.1" 200 1889 "-" "Mozilla/5.0 AppleWebKit/537.36 (KHTML, like Gecko; compatible; ClaudeBot/1.0; +claudebot@anthropic.com)"
216.73.216.43 - - [05/Sep/2026:16:11:28 +0000] "GET /tollster/vendor/google/apiclient-services/src/Google/Service/FirebaseRulesAPI/?C=D&O=A HTTP/1.1" 200 3066 "-" "Mozilla/5.0 AppleWebKit/537.36 (KHTML, like Gecko; compatible; ClaudeBot/1.0; +claudebot@anthropic.com)"
74.7.241.54 - - [05/Sep/2026:16:11:42 +0000] "GET /google/google-api-php-client-2.2.1/vendor/google/apiclient-services/src/Google/Service/Plus/ActivityActorImage.php HTTP/1.1" 500 - "https://www.desidrivers.com.au/google/google-api-php-client-2.2.1/vendor/google/apiclient-services/src/Google/Service/Plus/?C=S;O=A" "Mozilla/5.0 AppleWebKit/537.36 (KHTML, like Gecko; compatible; GPTBot/1.4; +https://openai.com/gptbot)"
74.7.227.38 - - [05/Sep/2026:16:11:42 +0000] "GET /google/google-api-php-client-2.2.1/vendor/google/apiclient-services/src/Google/Service/Cih/MarketingEmailInteraction.php HTTP/1.1" 500 - "https://desidrivers.com.au/google/google-api-php-client-2.2.1/vendor/google/apiclient-services/src/Google/Service/Cih/?C=N;O=D" "Mozilla/5.0 AppleWebKit/537.36 (KHTML, like Gecko; compatible; GPTBot/1.4; +https://openai.com/gptbot)"
74.7.227.157 - - [05/Sep/2026:16:11:43 +0000] "GET /tollster/vendor/google/apiclient-services/src/Google/Service/Directory/UserRelation.php HTTP/1.1" 500 - "https://mail.desidrivers.com.au/tollster/vendor/google/apiclient-services/src/Google/Service/Directory/" "Mozilla/5.0 AppleWebKit/537.36 (KHTML, like Gecko; compatible; GPTBot/1.4; +https://openai.com/gptbot)"
74.7.241.54 - - [05/Sep/2026:16:12:02 +0000] "GET /google/google-api-php-client-2.2.1/vendor/google/apiclient-services/src/Google/Service/Plus/ActivityObjectReplies.php HTTP/1.1" 500 - "https://www.desidrivers.com.au/google/google-api-php-client-2.2.1/vendor/google/apiclient-services/src/Google/Service/Plus/?C=S;O=A" "Mozilla/5.0 AppleWebKit/537.36 (KHTML, like Gecko; compatible; GPTBot/1.4; +https://openai.com/gptbot)"
74.7.227.38 - - [05/Sep/2026:16:12:02 +0000] "GET /google/google-api-php-client-2.2.1/vendor/google/apiclient-services/src/Google/Service/Gmail/HistoryLabelAdded.php HTTP/1.1" 500 - "https://desidrivers.com.au/google/google-api-php-client-2.2.1/vendor/google/apiclient-services/src/Google/Service/Gmail/?C=S;O=A" "Mozilla/5.0 AppleWebKit/537.36 (KHTML, like Gecko; compatible; GPTBot/1.4; +https://openai.com/gptbot)"
74.7.227.157 - - [05/Sep/2026:16:12:03 +0000] "GET /tollster/vendor/google/apiclient-services/src/Google/Service/AdSenseHost/AdUnits.php HTTP/1.1" 500 - "https://mail.desidrivers.com.au/tollster/vendor/google/apiclient-services/src/Google/Service/AdSenseHost/" "Mozilla/5.0 AppleWebKit/537.36 (KHTML, like Gecko; compatible; GPTBot/1.4; +https://openai.com/gptbot)"
43.165.195.234 - - [05/Sep/2026:16:12:12 +0000] "GET /11.php HTTP/1.1" 200 - "-" "Mozilla/5.0 (iPhone; CPU iPhone OS 13_2_3 like Mac OS X) AppleWebKit/605.1.15 (KHTML, like Gecko) Version/13.0.3 Mobile/15E148 Safari/604.1"
74.7.241.54 - - [05/Sep/2026:16:12:21 +0000] "GET /google/google-api-php-client-2.2.1/vendor/google/apiclient-services/src/Google/Service/Plus/CommentActorVerification.php HTTP/1.1" 500 - "https://www.desidrivers.com.au/google/google-api-php-client-2.2.1/vendor/google/apiclient-services/src/Google/Service/Plus/?C=S;O=A" "Mozilla/5.0 AppleWebKit/537.36 (KHTML, like Gecko; compatible; GPTBot/1.4; +https://openai.com/gptbot)"
74.7.227.38 - - [05/Sep/2026:16:12:22 +0000] "GET /google/google-api-php-client-2.2.1/vendor/google/apiclient-services/src/Google/Service/Games/AchievementUpdateRequest.php HTTP/1.1" 500 - "https://desidrivers.com.au/google/google-api-php-client-2.2.1/vendor/google/apiclient-services/src/Google/Service/Games/?C=S;O=A" "Mozilla/5.0 AppleWebKit/537.36 (KHTML, like Gecko; compatible; GPTBot/1.4; +https://openai.com/gptbot)"
74.7.227.157 - - [05/Sep/2026:16:12:23 +0000] "GET /tollster/vendor/google/apiclient-services/src/Google/Service/CloudUserAccounts/GroupList.php HTTP/1.1" 500 - "https://mail.desidrivers.com.au/tollster/vendor/google/apiclient-services/src/Google/Service/CloudUserAccounts/" "Mozilla/5.0 AppleWebKit/537.36 (KHTML, like Gecko; compatible; GPTBot/1.4; +https://openai.com/gptbot)"
74.7.241.54 - - [05/Sep/2026:16:12:42 +0000] "GET /google/google-api-php-client-2.2.1/vendor/google/apiclient-services/src/Google/Service/Plus/ActivityActorVerification.php HTTP/1.1" 500 - "https://www.desidrivers.com.au/google/google-api-php-client-2.2.1/vendor/google/apiclient-services/src/Google/Service/Plus/?C=S;O=A" "Mozilla/5.0 AppleWebKit/537.36 (KHTML, like Gecko; compatible; GPTBot/1.4; +https://openai.com/gptbot)"
74.7.227.38 - - [05/Sep/2026:16:12:42 +0000] "GET /google/google-api-php-client-2.2.1/vendor/google/apiclient-services/src/Google/Service/Gmail/HistoryLabelRemoved.php HTTP/1.1" 500 - "https://desidrivers.com.au/google/google-api-php-client-2.2.1/vendor/google/apiclient-services/src/Google/Service/Gmail/?C=S;O=A" "Mozilla/5.0 AppleWebKit/537.36 (KHTML, like Gecko; compatible; GPTBot/1.4; +https://openai.com/gptbot)"
74.7.227.157 - - [05/Sep/2026:16:12:43 +0000] "GET /tollster/vendor/google/apiclient-services/src/Google/Service/Dfareporting/TagSetting.php HTTP/1.1" 500 - "https://mail.desidrivers.com.au/tollster/vendor/google/apiclient-services/src/Google/Service/Dfareporting/" "Mozilla/5.0 AppleWebKit/537.36 (KHTML, like Gecko; compatible; GPTBot/1.4; +https://openai.com/gptbot)"
74.7.241.54 - - [05/Sep/2026:16:13:02 +0000] "GET /google/google-api-php-client-2.2.1/vendor/google/apiclient-services/src/Google/Service/Vault/?C=D;O=D HTTP/1.1" 200 4853 "https://www.desidrivers.com.au/google/google-api-php-client-2.2.1/vendor/google/apiclient-services/src/Google/Service/Vault/?C=D;O=A" "Mozilla/5.0 AppleWebKit/537.36 (KHTML, like Gecko; compatible; GPTBot/1.4; +https://openai.com/gptbot)"
74.7.227.38 - - [05/Sep/2026:16:13:02 +0000] "GET /google/google-api-php-client-2.2.1/vendor/google/apiclient-services/src/Google/Service/Games/RoomAutoMatchingCriteria.php HTTP/1.1" 500 - "https://desidrivers.com.au/google/google-api-php-client-2.2.1/vendor/google/apiclient-services/src/Google/Service/Games/?C=S;O=A" "Mozilla/5.0 AppleWebKit/537.36 (KHTML, like Gecko; compatible; GPTBot/1.4; +https://openai.com/gptbot)"
74.7.227.157 - - [05/Sep/2026:16:13:03 +0000] "GET /tollster/vendor/google/apiclient-services/src/Google/Service/Tracing/ListTracesResponse.php HTTP/1.1" 500 - "https://mail.desidrivers.com.au/tollster/vendor/google/apiclient-services/src/Google/Service/Tracing/" "Mozilla/5.0 AppleWebKit/537.36 (KHTML, like Gecko; compatible; GPTBot/1.4; +https://openai.com/gptbot)"
74.7.241.54 - - [05/Sep/2026:16:13:22 +0000] "GET /google/google-api-php-client-2.2.1/vendor/google/apiclient-services/src/Google/Service/Plus/?C=S;O=D HTTP/1.1" 200 10971 "https://www.desidrivers.com.au/google/google-api-php-client-2.2.1/vendor/google/apiclient-services/src/Google/Service/Plus/?C=S;O=A" "Mozilla/5.0 AppleWebKit/537.36 (KHTML, like Gecko; compatible; GPTBot/1.4; +https://openai.com/gptbot)"
74.7.227.38 - - [05/Sep/2026:16:13:22 +0000] "GET /google/google-api-php-client-2.2.1/vendor/google/apiclient-services/src/Google/Service/Gmail/HistoryMessageAdded.php HTTP/1.1" 500 - "https://desidrivers.com.au/google/google-api-php-client-2.2.1/vendor/google/apiclient-services/src/Google/Service/Gmail/?C=S;O=A" "Mozilla/5.0 AppleWebKit/537.36 (KHTML, like Gecko; compatible; GPTBot/1.4; +https://openai.com/gptbot)"
74.7.227.157 - - [05/Sep/2026:16:13:23 +0000] "GET /tollster/vendor/google/apiclient-services/src/Google/Service/Sheets/AddChartRequest.php HTTP/1.1" 500 - "https://mail.desidrivers.com.au/tollster/vendor/google/apiclient-services/src/Google/Service/Sheets/" "Mozilla/5.0 AppleWebKit/537.36 (KHTML, like Gecko; compatible; GPTBot/1.4; +https://openai.com/gptbot)"
74.7.241.54 - - [05/Sep/2026:16:13:38 +0000] "GET /google/google-api-php-client-2.2.1/vendor/google/apiclient-services/src/Google/Service/DLP/?C=S;O=D HTTP/1.1" 200 37501 "https://www.desidrivers.com.au/google/google-api-php-client-2.2.1/vendor/google/apiclient-services/src/Google/Service/DLP/?C=S;O=A" "Mozilla/5.0 AppleWebKit/537.36 (KHTML, like Gecko; compatible; GPTBot/1.4; +https://openai.com/gptbot)"
74.7.227.38 - - [05/Sep/2026:16:13:42 +0000] "GET /google/google-api-php-client-2.2.1/vendor/google/apiclient-services/src/Google/Service/Games/PlayerExperienceInfo.php HTTP/1.1" 500 - "https://desidrivers.com.au/google/google-api-php-client-2.2.1/vendor/google/apiclient-services/src/Google/Service/Games/?C=S;O=A" "Mozilla/5.0 AppleWebKit/537.36 (KHTML, like Gecko; compatible; GPTBot/1.4; +https://openai.com/gptbot)"
74.7.227.157 - - [05/Sep/2026:16:13:43 +0000] "GET /tollster/vendor/google/apiclient-services/src/Google/Service/Directory/SchemaFieldSpec.php HTTP/1.1" 500 - "https://mail.desidrivers.com.au/tollster/vendor/google/apiclient-services/src/Google/Service/Directory/" "Mozilla/5.0 AppleWebKit/537.36 (KHTML, like Gecko; compatible; GPTBot/1.4; +https://openai.com/gptbot)"
185.19.40.63 - - [05/Sep/2026:16:13:43 +0000] "GET / HTTP/1.1" 200 28348 "-" "Mozilla/5.0 (Windows NT 10.0; Win64; x64) AppleWebKit/537.36 (KHTML, like Gecko) Chrome/78.0.3904.108 Safari/537.36"
185.19.40.63 - - [05/Sep/2026:16:13:44 +0000] "GET //wp-includes/wlwmanifest.xml HTTP/1.1" 404 967 "-" "Mozilla/5.0 (Windows NT 10.0; Win64; x64) AppleWebKit/537.36 (KHTML, like Gecko) Chrome/78.0.3904.108 Safari/537.36"
185.19.40.63 - - [05/Sep/2026:16:13:44 +0000] "GET //xmlrpc.php?rsd HTTP/1.1" 404 16 "-" "Mozilla/5.0 (Windows NT 10.0; Win64; x64) AppleWebKit/537.36 (KHTML, like Gecko) Chrome/78.0.3904.108 Safari/537.36"
185.19.40.63 - - [05/Sep/2026:16:13:44 +0000] "GET / HTTP/1.1" 200 28348 "-" "Mozilla/5.0 (Windows NT 10.0; Win64; x64) AppleWebKit/537.36 (KHTML, like Gecko) Chrome/78.0.3904.108 Safari/537.36"
185.19.40.63 - - [05/Sep/2026:16:13:44 +0000] "GET //blog/wp-includes/wlwmanifest.xml HTTP/1.1" 404 967 "-" "Mozilla/5.0 (Windows NT 10.0; Win64; x64) AppleWebKit/537.36 (KHTML, like Gecko) Chrome/78.0.3904.108 Safari/537.36"
185.19.40.63 - - [05/Sep/2026:16:13:44 +0000] "GET //web/wp-includes/wlwmanifest.xml HTTP/1.1" 404 967 "-" "Mozilla/5.0 (Windows NT 10.0; Win64; x64) AppleWebKit/537.36 (KHTML, like Gecko) Chrome/78.0.3904.108 Safari/537.36"
185.19.40.63 - - [05/Sep/2026:16:13:44 +0000] "GET //wordpress/wp-includes/wlwmanifest.xml HTTP/1.1" 404 967 "-" "Mozilla/5.0 (Windows NT 10.0; Win64; x64) AppleWebKit/537.36 (KHTML, like Gecko) Chrome/78.0.3904.108 Safari/537.36"
185.19.40.63 - - [05/Sep/2026:16:13:44 +0000] "GET //website/wp-includes/wlwmanifest.xml HTTP/1.1" 404 967 "-" "Mozilla/5.0 (Windows NT 10.0; Win64; x64) AppleWebKit/537.36 (KHTML, like Gecko) Chrome/78.0.3904.108 Safari/537.36"
185.19.40.63 - - [05/Sep/2026:16:13:45 +0000] "GET //wp/wp-includes/wlwmanifest.xml HTTP/1.1" 404 967 "-" "Mozilla/5.0 (Windows NT 10.0; Win64; x64) AppleWebKit/537.36 (KHTML, like Gecko) Chrome/78.0.3904.108 Safari/537.36"
185.19.40.63 - - [05/Sep/2026:16:13:45 +0000] "GET //news/wp-includes/wlwmanifest.xml HTTP/1.1" 404 967 "-" "Mozilla/5.0 (Windows NT 10.0; Win64; x64) AppleWebKit/537.36 (KHTML, like Gecko) Chrome/78.0.3904.108 Safari/537.36"
185.19.40.63 - - [05/Sep/2026:16:13:45 +0000] "GET //2018/wp-includes/wlwmanifest.xml HTTP/1.1" 404 967 "-" "Mozilla/5.0 (Windows NT 10.0; Win64; x64) AppleWebKit/537.36 (KHTML, like Gecko) Chrome/78.0.3904.108 Safari/537.36"
185.19.40.63 - - [05/Sep/2026:16:13:45 +0000] "GET //2019/wp-includes/wlwmanifest.xml HTTP/1.1" 404 967 "-" "Mozilla/5.0 (Windows NT 10.0; Win64; x64) AppleWebKit/537.36 (KHTML, like Gecko) Chrome/78.0.3904.108 Safari/537.36"
185.19.40.63 - - [05/Sep/2026:16:13:45 +0000] "GET //shop/wp-includes/wlwmanifest.xml HTTP/1.1" 404 967 "-" "Mozilla/5.0 (Windows NT 10.0; Win64; x64) AppleWebKit/537.36 (KHTML, like Gecko) Chrome/78.0.3904.108 Safari/537.36"
185.19.40.63 - - [05/Sep/2026:16:13:45 +0000] "GET //wp1/wp-includes/wlwmanifest.xml HTTP/1.1" 404 967 "-" "Mozilla/5.0 (Windows NT 10.0; Win64; x64) AppleWebKit/537.36 (KHTML, like Gecko) Chrome/78.0.3904.108 Safari/537.36"
185.19.40.63 - - [05/Sep/2026:16:13:45 +0000] "GET //test/wp-includes/wlwmanifest.xml HTTP/1.1" 404 967 "-" "Mozilla/5.0 (Windows NT 10.0; Win64; x64) AppleWebKit/537.36 (KHTML, like Gecko) Chrome/78.0.3904.108 Safari/537.36"
185.19.40.63 - - [05/Sep/2026:16:13:45 +0000] "GET //media/wp-includes/wlwmanifest.xml HTTP/1.1" 404 967 "-" "Mozilla/5.0 (Windows NT 10.0; Win64; x64) AppleWebKit/537.36 (KHTML, like Gecko) Chrome/78.0.3904.108 Safari/537.36"
185.19.40.63 - - [05/Sep/2026:16:13:46 +0000] "GET //wp2/wp-includes/wlwmanifest.xml HTTP/1.1" 404 967 "-" "Mozilla/5.0 (Windows NT 10.0; Win64; x64) AppleWebKit/537.36 (KHTML, like Gecko) Chrome/78.0.3904.108 Safari/537.36"
185.19.40.63 - - [05/Sep/2026:16:13:46 +0000] "GET //site/wp-includes/wlwmanifest.xml HTTP/1.1" 404 967 "-" "Mozilla/5.0 (Windows NT 10.0; Win64; x64) AppleWebKit/537.36 (KHTML, like Gecko) Chrome/78.0.3904.108 Safari/537.36"
185.19.40.63 - - [05/Sep/2026:16:13:46 +0000] "GET //cms/wp-includes/wlwmanifest.xml HTTP/1.1" 404 967 "-" "Mozilla/5.0 (Windows NT 10.0; Win64; x64) AppleWebKit/537.36 (KHTML, like Gecko) Chrome/78.0.3904.108 Safari/537.36"
185.19.40.63 - - [05/Sep/2026:16:13:46 +0000] "GET //sito/wp-includes/wlwmanifest.xml HTTP/1.1" 404 967 "-" "Mozilla/5.0 (Windows NT 10.0; Win64; x64) AppleWebKit/537.36 (KHTML, like Gecko) Chrome/78.0.3904.108 Safari/537.36"
74.7.241.54 - - [05/Sep/2026:16:13:51 +0000] "GET /google/google-api-php-client-2.2.1/vendor/google/apiclient-services/src/Google/Service/Plus/?C=N;O=A HTTP/1.1" 200 10971 "https://www.desidrivers.com.au/google/google-api-php-client-2.2.1/vendor/google/apiclient-services/src/Google/Service/Plus/?C=S;O=A" "Mozilla/5.0 AppleWebKit/537.36 (KHTML, like Gecko; compatible; GPTBot/1.4; +https://openai.com/gptbot)"
216.73.216.43 - - [05/Sep/2026:16:13:54 +0000] "GET /tollster/vendor/google/apiclient-services/src/Google/Service/IdentityToolkit/GetRecaptchaParamResponse.php HTTP/1.1" 500 - "-" "Mozilla/5.0 AppleWebKit/537.36 (KHTML, like Gecko; compatible; ClaudeBot/1.0; +claudebot@anthropic.com)"
216.73.216.43 - - [05/Sep/2026:16:13:59 +0000] "GET /tollster/vendor/google/apiclient-services/src/Google/Service/IdentityToolkit/UserInfoProviderUserInfo.php HTTP/1.1" 500 - "-" "Mozilla/5.0 AppleWebKit/537.36 (KHTML, like Gecko; compatible; ClaudeBot/1.0; +claudebot@anthropic.com)"
74.7.241.54 - - [05/Sep/2026:16:14:01 +0000] "GET /google/google-api-php-client-2.2.1/vendor/google/apiclient-services/src/Google/Service/Plus/?C=D;O=D HTTP/1.1" 200 10971 "https://www.desidrivers.com.au/google/google-api-php-client-2.2.1/vendor/google/apiclient-services/src/Google/Service/Plus/?C=D;O=A" "Mozilla/5.0 AppleWebKit/537.36 (KHTML, like Gecko; compatible; GPTBot/1.4; +https://openai.com/gptbot)"
74.7.227.38 - - [05/Sep/2026:16:14:02 +0000] "GET /google/google-api-php-client-2.2.1/vendor/google/apiclient-services/src/Google/Service/Gmail/ListSmimeInfoResponse.php HTTP/1.1" 500 - "https://desidrivers.com.au/google/google-api-php-client-2.2.1/vendor/google/apiclient-services/src/Google/Service/Gmail/?C=S;O=A" "Mozilla/5.0 AppleWebKit/537.36 (KHTML, like Gecko; compatible; GPTBot/1.4; +https://openai.com/gptbot)"
74.7.227.157 - - [05/Sep/2026:16:14:03 +0000] "GET /tollster/vendor/google/apiclient-services/src/Google/Service/Dfareporting/Report.php HTTP/1.1" 500 - "https://mail.desidrivers.com.au/tollster/vendor/google/apiclient-services/src/Google/Service/Dfareporting/" "Mozilla/5.0 AppleWebKit/537.36 (KHTML, like Gecko; compatible; GPTBot/1.4; +https://openai.com/gptbot)"
216.73.216.43 - - [05/Sep/2026:16:14:05 +0000] "GET /tollster/vendor/google/apiclient-services/src/Google/Service/IdentityToolkit/SetAccountInfoResponseProviderUserInfo.php HTTP/1.1" 500 - "-" "Mozilla/5.0 AppleWebKit/537.36 (KHTML, like Gecko; compatible; ClaudeBot/1.0; +claudebot@anthropic.com)"
74.7.241.54 - - [05/Sep/2026:16:14:09 +0000] "GET /google/google-api-php-client-2.2.1/vendor/google/apiclient-services/src/Google/Service/Cih/?C=M;O=A HTTP/1.1" 200 7255 "https://www.desidrivers.com.au/google/google-api-php-client-2.2.1/vendor/google/apiclient-services/src/Google/Service/Cih/" "Mozilla/5.0 AppleWebKit/537.36 (KHTML, like Gecko; compatible; GPTBot/1.4; +https://openai.com/gptbot)"
216.73.216.43 - - [05/Sep/2026:16:14:09 +0000] "GET /tollster/vendor/google/apiclient-services/src/Google/Service/IdentityToolkit/IdentitytoolkitRelyingpartySignOutUserResponse.php HTTP/1.1" 500 - "-" "Mozilla/5.0 AppleWebKit/537.36 (KHTML, like Gecko; compatible; ClaudeBot/1.0; +claudebot@anthropic.com)"
216.73.216.43 - - [05/Sep/2026:16:14:14 +0000] "GET /tollster/vendor/google/apiclient-services/src/Google/Service/IdentityToolkit/VerifyPasswordResponse.php HTTP/1.1" 500 - "-" "Mozilla/5.0 AppleWebKit/537.36 (KHTML, like Gecko; compatible; ClaudeBot/1.0; +claudebot@anthropic.com)"
74.7.241.54 - - [05/Sep/2026:16:14:15 +0000] "GET /google/google-api-php-client-2.2.1/vendor/google/apiclient-services/src/Google/Service/Cih/?C=D;O=A HTTP/1.1" 200 7255 "https://www.desidrivers.com.au/google/google-api-php-client-2.2.1/vendor/google/apiclient-services/src/Google/Service/Cih/" "Mozilla/5.0 AppleWebKit/537.36 (KHTML, like Gecko; compatible; GPTBot/1.4; +https://openai.com/gptbot)"
216.73.216.43 - - [05/Sep/2026:16:14:19 +0000] "GET /tollster/vendor/google/apiclient-services/src/Google/Service/Drive/Comment.php HTTP/1.1" 500 - "-" "Mozilla/5.0 AppleWebKit/537.36 (KHTML, like Gecko; compatible; ClaudeBot/1.0; +claudebot@anthropic.com)"
74.7.241.54 - - [05/Sep/2026:16:14:21 +0000] "GET /google/google-api-php-client-2.2.1/vendor/google/apiclient-services/src/Google/Service/Games/?C=D;O=A HTTP/1.1" 200 20223 "https://www.desidrivers.com.au/google/google-api-php-client-2.2.1/vendor/google/apiclient-services/src/Google/Service/Games/" "Mozilla/5.0 AppleWebKit/537.36 (KHTML, like Gecko; compatible; GPTBot/1.4; +https://openai.com/gptbot)"
74.7.227.38 - - [05/Sep/2026:16:14:22 +0000] "GET /google/google-api-php-client-2.2.1/vendor/google/apiclient-services/src/Google/Service/Games/QuestContribution.php HTTP/1.1" 500 - "https://desidrivers.com.au/google/google-api-php-client-2.2.1/vendor/google/apiclient-services/src/Google/Service/Games/?C=S;O=A" "Mozilla/5.0 AppleWebKit/537.36 (KHTML, like Gecko; compatible; GPTBot/1.4; +https://openai.com/gptbot)"
74.7.227.157 - - [05/Sep/2026:16:14:23 +0000] "GET /tollster/vendor/google/apiclient-services/src/Google/Service/CloudShell/Environment.php HTTP/1.1" 500 - "https://mail.desidrivers.com.au/tollster/vendor/google/apiclient-services/src/Google/Service/CloudShell/" "Mozilla/5.0 AppleWebKit/537.36 (KHTML, like Gecko; compatible; GPTBot/1.4; +https://openai.com/gptbot)"
216.73.216.43 - - [05/Sep/2026:16:14:24 +0000] "GET /tollster/vendor/google/apiclient-services/src/Google/Service/IdentityToolkit/IdentitytoolkitRelyingpartyCreateAuthUriRequest.php HTTP/1.1" 500 - "-" "Mozilla/5.0 AppleWebKit/537.36 (KHTML, like Gecko; compatible; ClaudeBot/1.0; +claudebot@anthropic.com)"
74.7.241.54 - - [05/Sep/2026:16:14:25 +0000] "GET /google/google-api-php-client-2.2.1/vendor/google/apiclient-services/src/Google/Service/Tasks/?C=N;O=D HTTP/1.1" 200 1968 "https://www.desidrivers.com.au/google/google-api-php-client-2.2.1/vendor/google/apiclient-services/src/Google/Service/Tasks/" "Mozilla/5.0 AppleWebKit/537.36 (KHTML, like Gecko; compatible; GPTBot/1.4; +https://openai.com/gptbot)"
74.7.241.54 - - [05/Sep/2026:16:14:28 +0000] "GET /google/google-api-php-client-2.2.1/vendor/google/apiclient-services/src/Google/Service/Games/?C=S;O=A HTTP/1.1" 200 20223 "https://www.desidrivers.com.au/google/google-api-php-client-2.2.1/vendor/google/apiclient-services/src/Google/Service/Games/" "Mozilla/5.0 AppleWebKit/537.36 (KHTML, like Gecko; compatible; GPTBot/1.4; +https://openai.com/gptbot)"
216.73.216.43 - - [05/Sep/2026:16:14:31 +0000] "GET /tollster/vendor/google/apiclient-services/src/Google/Service/ServiceRegistry/OperationError.php HTTP/1.1" 500 - "-" "Mozilla/5.0 AppleWebKit/537.36 (KHTML, like Gecko; compatible; ClaudeBot/1.0; +claudebot@anthropic.com)"
74.7.241.54 - - [05/Sep/2026:16:14:31 +0000] "GET /google/google-api-php-client-2.2.1/vendor/google/apiclient-services/src/Google/Service/Plus/?C=M;O=A HTTP/1.1" 200 10971 "https://www.desidrivers.com.au/google/google-api-php-client-2.2.1/vendor/google/apiclient-services/src/Google/Service/Plus/" "Mozilla/5.0 AppleWebKit/537.36 (KHTML, like Gecko; compatible; GPTBot/1.4; +https://openai.com/gptbot)"
74.7.241.54 - - [05/Sep/2026:16:14:33 +0000] "GET /google/google-api-php-client-2.2.1/vendor/google/apiclient-services/src/Google/Service/Dns/?C=S;O=A HTTP/1.1" 200 2570 "https://www.desidrivers.com.au/google/google-api-php-client-2.2.1/vendor/google/apiclient-services/src/Google/Service/Dns/" "Mozilla/5.0 AppleWebKit/537.36 (KHTML, like Gecko; compatible; GPTBot/1.4; +https://openai.com/gptbot)"
216.73.216.43 - - [05/Sep/2026:16:14:34 +0000] "GET /tollster/vendor/google/apiclient-services/src/Google/Service/Plus/ActivityActor.php HTTP/1.1" 500 - "-" "Mozilla/5.0 AppleWebKit/537.36 (KHTML, like Gecko; compatible; ClaudeBot/1.0; +claudebot@anthropic.com)"
74.7.241.54 - - [05/Sep/2026:16:14:35 +0000] "GET /google/google-api-php-client-2.2.1/vendor/google/apiclient-services/src/Google/Service/Dns/?C=M;O=A HTTP/1.1" 200 2570 "https://www.desidrivers.com.au/google/google-api-php-client-2.2.1/vendor/google/apiclient-services/src/Google/Service/Dns/" "Mozilla/5.0 AppleWebKit/537.36 (KHTML, like Gecko; compatible; GPTBot/1.4; +https://openai.com/gptbot)"
74.7.241.54 - - [05/Sep/2026:16:14:36 +0000] "GET /google/google-api-php-client-2.2.1/vendor/google/apiclient-services/src/Google/Service/Gmail/?C=N;O=A HTTP/1.1" 200 8381 "https://www.desidrivers.com.au/google/google-api-php-client-2.2.1/vendor/google/apiclient-services/src/Google/Service/Gmail/?C=M;O=A" "Mozilla/5.0 AppleWebKit/537.36 (KHTML, like Gecko; compatible; GPTBot/1.4; +https://openai.com/gptbot)"
74.7.241.54 - - [05/Sep/2026:16:14:37 +0000] "GET /google/google-api-php-client-2.2.1/vendor/google/apiclient-services/src/Google/Service/Books/?C=S;O=D HTTP/1.1" 200 21038 "https://www.desidrivers.com.au/google/google-api-php-client-2.2.1/vendor/google/apiclient-services/src/Google/Service/Books/?C=S;O=A" "Mozilla/5.0 AppleWebKit/537.36 (KHTML, like Gecko; compatible; GPTBot/1.4; +https://openai.com/gptbot)"
74.7.241.54 - - [05/Sep/2026:16:14:38 +0000] "GET /google/google-api-php-client-2.2.1/vendor/google/apiclient-services/src/Google/Service/Iam/?C=N;O=A HTTP/1.1" 200 6602 "https://www.desidrivers.com.au/google/google-api-php-client-2.2.1/vendor/google/apiclient-services/src/Google/Service/Iam/?C=D;O=A" "Mozilla/5.0 AppleWebKit/537.36 (KHTML, like Gecko; compatible; GPTBot/1.4; +https://openai.com/gptbot)"
74.7.241.54 - - [05/Sep/2026:16:14:39 +0000] "GET /google/google-api-php-client-2.2.1/vendor/google/apiclient-services/src/Google/Service/Cih/GrmData.php HTTP/1.1" 500 - "https://www.desidrivers.com.au/google/google-api-php-client-2.2.1/vendor/google/apiclient-services/src/Google/Service/Cih/?C=M;O=A" "Mozilla/5.0 AppleWebKit/537.36 (KHTML, like Gecko; compatible; GPTBot/1.4; +https://openai.com/gptbot)"
74.7.241.54 - - [05/Sep/2026:16:14:39 +0000] "GET /google/google-api-php-client-2.2.1/vendor/google/apiclient-services/src/Google/Service/Cih/HangoutInteraction.php HTTP/1.1" 500 - "https://www.desidrivers.com.au/google/google-api-php-client-2.2.1/vendor/google/apiclient-services/src/Google/Service/Cih/?C=M;O=A" "Mozilla/5.0 AppleWebKit/537.36 (KHTML, like Gecko; compatible; GPTBot/1.4; +https://openai.com/gptbot)"
216.73.216.43 - - [05/Sep/2026:16:14:39 +0000] "GET /tollster/vendor/google/apiclient-services/src/Google/Service/Plus/ActivityActorClientSpecificActorInfoYoutubeActorInfo.php HTTP/1.1" 500 - "-" "Mozilla/5.0 AppleWebKit/537.36 (KHTML, like Gecko; compatible; ClaudeBot/1.0; +claudebot@anthropic.com)"
74.7.241.54 - - [05/Sep/2026:16:14:40 +0000] "GET /google/google-api-php-client-2.2.1/vendor/google/apiclient-services/src/Google/Service/Cih/PartnerSearchData.php HTTP/1.1" 500 - "https://www.desidrivers.com.au/google/google-api-php-client-2.2.1/vendor/google/apiclient-services/src/Google/Service/Cih/?C=M;O=A" "Mozilla/5.0 AppleWebKit/537.36 (KHTML, like Gecko; compatible; GPTBot/1.4; +https://openai.com/gptbot)"
74.7.241.54 - - [05/Sep/2026:16:14:41 +0000] "GET /google/google-api-php-client-2.2.1/vendor/google/apiclient-services/src/Google/Service/Cih/UserInteractionsListResponse.php HTTP/1.1" 500 - "https://www.desidrivers.com.au/google/google-api-php-client-2.2.1/vendor/google/apiclient-services/src/Google/Service/Cih/?C=M;O=A" "Mozilla/5.0 AppleWebKit/537.36 (KHTML, like Gecko; compatible; GPTBot/1.4; +https://openai.com/gptbot)"
74.7.227.38 - - [05/Sep/2026:16:14:42 +0000] "GET /google/google-api-php-client-2.2.1/vendor/google/apiclient-services/src/Google/Service/Games/EventUpdateRequest.php HTTP/1.1" 500 - "https://desidrivers.com.au/google/google-api-php-client-2.2.1/vendor/google/apiclient-services/src/Google/Service/Games/?C=S;O=A" "Mozilla/5.0 AppleWebKit/537.36 (KHTML, like Gecko; compatible; GPTBot/1.4; +https://openai.com/gptbot)"
74.7.227.157 - - [05/Sep/2026:16:14:43 +0000] "GET /tollster/vendor/google/apiclient-services/src/Google/Service/Spectrum/DeviceDescriptor.php HTTP/1.1" 500 - "https://mail.desidrivers.com.au/tollster/vendor/google/apiclient-services/src/Google/Service/Spectrum/" "Mozilla/5.0 AppleWebKit/537.36 (KHTML, like Gecko; compatible; GPTBot/1.4; +https://openai.com/gptbot)"
74.7.241.54 - - [05/Sep/2026:16:14:43 +0000] "GET /google/google-api-php-client-2.2.1/vendor/google/apiclient-services/src/Google/Service/Cih/CasesInteractionSource.php HTTP/1.1" 500 - "https://www.desidrivers.com.au/google/google-api-php-client-2.2.1/vendor/google/apiclient-services/src/Google/Service/Cih/?C=M;O=A" "Mozilla/5.0 AppleWebKit/537.36 (KHTML, like Gecko; compatible; GPTBot/1.4; +https://openai.com/gptbot)"
216.73.216.43 - - [05/Sep/2026:16:14:46 +0000] "GET /tollster/vendor/google/apiclient-services/src/Google/Service/Prediction/Insert2ModelInfo.php HTTP/1.1" 500 - "-" "Mozilla/5.0 AppleWebKit/537.36 (KHTML, like Gecko; compatible; ClaudeBot/1.0; +claudebot@anthropic.com)"
74.7.241.54 - - [05/Sep/2026:16:14:46 +0000] "GET /google/google-api-php-client-2.2.1/vendor/google/apiclient-services/src/Google/Service/Cih/AdvertiserExperienceData.php HTTP/1.1" 500 - "https://www.desidrivers.com.au/google/google-api-php-client-2.2.1/vendor/google/apiclient-services/src/Google/Service/Cih/?C=M;O=A" "Mozilla/5.0 AppleWebKit/537.36 (KHTML, like Gecko; compatible; GPTBot/1.4; +https://openai.com/gptbot)"
216.73.216.43 - - [05/Sep/2026:16:14:50 +0000] "GET /tollster/vendor/google/apiclient-services/src/Google/Service/IdentityToolkit/EmailLinkSigninResponse.php HTTP/1.1" 500 - "-" "Mozilla/5.0 AppleWebKit/537.36 (KHTML, like Gecko; compatible; ClaudeBot/1.0; +claudebot@anthropic.com)"
74.7.241.54 - - [05/Sep/2026:16:14:51 +0000] "GET /google/google-api-php-client-2.2.1/vendor/google/apiclient-services/src/Google/Service/Cih/AdoptionInteraction.php HTTP/1.1" 500 - "https://www.desidrivers.com.au/google/google-api-php-client-2.2.1/vendor/google/apiclient-services/src/Google/Service/Cih/?C=M;O=A" "Mozilla/5.0 AppleWebKit/537.36 (KHTML, like Gecko; compatible; GPTBot/1.4; +https://openai.com/gptbot)"
216.73.216.43 - - [05/Sep/2026:16:14:55 +0000] "GET /tollster/vendor/google/apiclient-services/src/Google/Service/CloudRuntimeConfig/ListOperationsResponse.php HTTP/1.1" 500 - "-" "Mozilla/5.0 AppleWebKit/537.36 (KHTML, like Gecko; compatible; ClaudeBot/1.0; +claudebot@anthropic.com)"
74.7.241.54 - - [05/Sep/2026:16:14:57 +0000] "GET /google/google-api-php-client-2.2.1/vendor/google/apiclient-services/src/Google/Service/Cih/MarketingEmailInteraction.php HTTP/1.1" 500 - "https://www.desidrivers.com.au/google/google-api-php-client-2.2.1/vendor/google/apiclient-services/src/Google/Service/Cih/?C=M;O=A" "Mozilla/5.0 AppleWebKit/537.36 (KHTML, like Gecko; compatible; GPTBot/1.4; +https://openai.com/gptbot)"
216.73.216.43 - - [05/Sep/2026:16:15:00 +0000] "GET /tollster/vendor/google/apiclient-services/src/Google/Service/DoubleClickBidManager/ReportMetadata.php HTTP/1.1" 500 - "-" "Mozilla/5.0 AppleWebKit/537.36 (KHTML, like Gecko; compatible; ClaudeBot/1.0; +claudebot@anthropic.com)"
74.7.227.38 - - [05/Sep/2026:16:15:02 +0000] "GET /google/google-api-php-client-2.2.1/vendor/google/apiclient-services/src/Google/Service/Games/EventRecordRequest.php HTTP/1.1" 500 - "https://desidrivers.com.au/google/google-api-php-client-2.2.1/vendor/google/apiclient-services/src/Google/Service/Games/?C=S;O=A" "Mozilla/5.0 AppleWebKit/537.36 (KHTML, like Gecko; compatible; GPTBot/1.4; +https://openai.com/gptbot)"
74.7.227.157 - - [05/Sep/2026:16:15:03 +0000] "GET /tollster/vendor/google/apiclient-services/src/Google/Service/Storage/BucketLogging.php HTTP/1.1" 500 - "https://mail.desidrivers.com.au/tollster/vendor/google/apiclient-services/src/Google/Service/Storage/" "Mozilla/5.0 AppleWebKit/537.36 (KHTML, like Gecko; compatible; GPTBot/1.4; +https://openai.com/gptbot)"
216.73.216.43 - - [05/Sep/2026:16:15:05 +0000] "GET /tollster/vendor/google/apiclient-services/src/Google/Service/SQLAdmin/SslCertsListResponse.php HTTP/1.1" 500 - "-" "Mozilla/5.0 AppleWebKit/537.36 (KHTML, like Gecko; compatible; ClaudeBot/1.0; +claudebot@anthropic.com)"
74.7.241.54 - - [05/Sep/2026:16:15:07 +0000] "GET /google/google-api-php-client-2.2.1/vendor/google/apiclient-services/src/Google/Service/Cih/MeetingInteraction.php HTTP/1.1" 500 - "https://www.desidrivers.com.au/google/google-api-php-client-2.2.1/vendor/google/apiclient-services/src/Google/Service/Cih/?C=M;O=A" "Mozilla/5.0 AppleWebKit/537.36 (KHTML, like Gecko; compatible; GPTBot/1.4; +https://openai.com/gptbot)"
216.73.216.43 - - [05/Sep/2026:16:15:10 +0000] "GET /tollster/vendor/google/apiclient-services/src/Google/Service/Proximitybeacon/Resource/Namespaces.php HTTP/1.1" 500 - "-" "Mozilla/5.0 AppleWebKit/537.36 (KHTML, like Gecko; compatible; ClaudeBot/1.0; +claudebot@anthropic.com)"
216.73.216.43 - - [05/Sep/2026:16:15:16 +0000] "GET /tollster/vendor/google/apiclient-services/src/Google/Service/Plus/ActivityObjectAttachmentsThumbnails.php HTTP/1.1" 500 - "-" "Mozilla/5.0 AppleWebKit/537.36 (KHTML, like Gecko; compatible; ClaudeBot/1.0; +claudebot@anthropic.com)"
216.73.216.43 - - [05/Sep/2026:16:15:20 +0000] "GET /tollster/vendor/google/apiclient-services/src/Google/Service/CloudSourceRepositories/Repo.php HTTP/1.1" 500 - "-" "Mozilla/5.0 AppleWebKit/537.36 (KHTML, like Gecko; compatible; ClaudeBot/1.0; +claudebot@anthropic.com)"
74.7.241.54 - - [05/Sep/2026:16:15:21 +0000] "GET /google/google-api-php-client-2.2.1/vendor/google/apiclient-services/src/Google/Service/Cih/IncentiveInteractionMonetaryReward.php HTTP/1.1" 500 - "https://www.desidrivers.com.au/google/google-api-php-client-2.2.1/vendor/google/apiclient-services/src/Google/Service/Cih/?C=M;O=A" "Mozilla/5.0 AppleWebKit/537.36 (KHTML, like Gecko; compatible; GPTBot/1.4; +https://openai.com/gptbot)"
74.7.227.38 - - [05/Sep/2026:16:15:22 +0000] "GET /google/google-api-php-client-2.2.1/vendor/google/apiclient-services/src/Google/Service/Reseller/SubscriptionTransferInfo.php HTTP/1.1" 500 - "https://desidrivers.com.au/google/google-api-php-client-2.2.1/vendor/google/apiclient-services/src/Google/Service/Reseller/?C=S;O=A" "Mozilla/5.0 AppleWebKit/537.36 (KHTML, like Gecko; compatible; GPTBot/1.4; +https://openai.com/gptbot)"
74.7.227.157 - - [05/Sep/2026:16:15:23 +0000] "GET /tollster/vendor/google/apiclient-services/src/Google/Service/Fusiontables/Column.php HTTP/1.1" 500 - "https://mail.desidrivers.com.au/tollster/vendor/google/apiclient-services/src/Google/Service/Fusiontables/" "Mozilla/5.0 AppleWebKit/537.36 (KHTML, like Gecko; compatible; GPTBot/1.4; +https://openai.com/gptbot)"
216.73.216.43 - - [05/Sep/2026:16:15:25 +0000] "GET /tollster/vendor/google/apiclient-services/src/Google/Service/IdentityToolkit/IdentitytoolkitRelyingpartyVerifyPasswordRequest.php HTTP/1.1" 500 - "-" "Mozilla/5.0 AppleWebKit/537.36 (KHTML, like Gecko; compatible; ClaudeBot/1.0; +claudebot@anthropic.com)"
216.73.216.43 - - [05/Sep/2026:16:15:30 +0000] "GET /tollster/vendor/google/apiclient-services/src/Google/Service/FirebaseDynamicLinks/DynamicLinkInfo.php HTTP/1.1" 500 - "-" "Mozilla/5.0 AppleWebKit/537.36 (KHTML, like Gecko; compatible; ClaudeBot/1.0; +claudebot@anthropic.com)"
216.73.216.43 - - [05/Sep/2026:16:15:35 +0000] "GET /tollster/vendor/google/apiclient-services/src/Google/Service/Analytics/EntityUserLinks.php HTTP/1.1" 500 - "-" "Mozilla/5.0 AppleWebKit/537.36 (KHTML, like Gecko; compatible; ClaudeBot/1.0; +claudebot@anthropic.com)"
216.73.216.43 - - [05/Sep/2026:16:15:41 +0000] "GET /tollster/vendor/google/apiclient-services/src/Google/Service/CloudSourceRepositories/MirrorConfig.php HTTP/1.1" 500 - "-" "Mozilla/5.0 AppleWebKit/537.36 (KHTML, like Gecko; compatible; ClaudeBot/1.0; +claudebot@anthropic.com)"
74.7.241.54 - - [05/Sep/2026:16:15:41 +0000] "GET /google/google-api-php-client-2.2.1/vendor/google/apiclient-services/src/Google/Service/Cih/IncentiveInteraction.php HTTP/1.1" 500 - "https://www.desidrivers.com.au/google/google-api-php-client-2.2.1/vendor/google/apiclient-services/src/Google/Service/Cih/?C=M;O=A" "Mozilla/5.0 AppleWebKit/537.36 (KHTML, like Gecko; compatible; GPTBot/1.4; +https://openai.com/gptbot)"
74.7.227.38 - - [05/Sep/2026:16:15:42 +0000] "GET /google/google-api-php-client-2.2.1/vendor/google/apiclient-services/src/Google/Service/Games/EventBatchRecordFailure.php HTTP/1.1" 500 - "https://desidrivers.com.au/google/google-api-php-client-2.2.1/vendor/google/apiclient-services/src/Google/Service/Games/?C=S;O=A" "Mozilla/5.0 AppleWebKit/537.36 (KHTML, like Gecko; compatible; GPTBot/1.4; +https://openai.com/gptbot)"
74.7.227.157 - - [05/Sep/2026:16:15:43 +0000] "GET /tollster/vendor/google/apiclient-services/src/Google/Service/Cih/MeetingInteraction.php HTTP/1.1" 500 - "https://mail.desidrivers.com.au/tollster/vendor/google/apiclient-services/src/Google/Service/Cih/" "Mozilla/5.0 AppleWebKit/537.36 (KHTML, like Gecko; compatible; GPTBot/1.4; +https://openai.com/gptbot)"
216.73.216.43 - - [05/Sep/2026:16:15:45 +0000] "GET /tollster/vendor/google/apiclient-services/src/Google/Service/Prediction/AnalyzeDataDescriptionFeatures.php HTTP/1.1" 500 - "-" "Mozilla/5.0 AppleWebKit/537.36 (KHTML, like Gecko; compatible; ClaudeBot/1.0; +claudebot@anthropic.com)"
216.73.216.43 - - [05/Sep/2026:16:15:50 +0000] "GET /tollster/vendor/google/apiclient-services/src/Google/Service/AndroidManagement/Resource/SignupUrls.php HTTP/1.1" 500 - "-" "Mozilla/5.0 AppleWebKit/537.36 (KHTML, like Gecko; compatible; ClaudeBot/1.0; +claudebot@anthropic.com)"
216.73.216.43 - - [05/Sep/2026:16:15:55 +0000] "GET /tollster/vendor/google/apiclient-services/src/Google/Service/Prediction/AnalyzeModelDescription.php HTTP/1.1" 500 - "-" "Mozilla/5.0 AppleWebKit/537.36 (KHTML, like Gecko; compatible; ClaudeBot/1.0; +claudebot@anthropic.com)"
216.73.216.43 - - [05/Sep/2026:16:16:00 +0000] "GET /drivers/twilio-php-master/Twilio/Rest/Pricing/V1/PhoneNumber/CountryContext.php HTTP/1.1" 500 - "-" "Mozilla/5.0 AppleWebKit/537.36 (KHTML, like Gecko; compatible; ClaudeBot/1.0; +claudebot@anthropic.com)"
74.7.241.54 - - [05/Sep/2026:16:16:01 +0000] "GET /google/google-api-php-client-2.2.1/vendor/google/apiclient-services/src/Google/Service/Games/?C=D;O=D HTTP/1.1" 200 20223 "https://www.desidrivers.com.au/google/google-api-php-client-2.2.1/vendor/google/apiclient-services/src/Google/Service/Games/?C=D;O=A" "Mozilla/5.0 AppleWebKit/537.36 (KHTML, like Gecko; compatible; GPTBot/1.4; +https://openai.com/gptbot)"
74.7.227.38 - - [05/Sep/2026:16:16:02 +0000] "GET /google/google-api-php-client-2.2.1/vendor/google/apiclient-services/src/Google/Service/Cih/MeetingInteraction.php HTTP/1.1" 500 - "https://desidrivers.com.au/google/google-api-php-client-2.2.1/vendor/google/apiclient-services/src/Google/Service/Cih/?C=N;O=D" "Mozilla/5.0 AppleWebKit/537.36 (KHTML, like Gecko; compatible; GPTBot/1.4; +https://openai.com/gptbot)"
74.7.227.157 - - [05/Sep/2026:16:16:03 +0000] "GET /tollster/vendor/google/apiclient-services/src/Google/Service/Reports/ActivityEvents.php HTTP/1.1" 500 - "https://mail.desidrivers.com.au/tollster/vendor/google/apiclient-services/src/Google/Service/Reports/" "Mozilla/5.0 AppleWebKit/537.36 (KHTML, like Gecko; compatible; GPTBot/1.4; +https://openai.com/gptbot)"
216.73.216.43 - - [05/Sep/2026:16:16:05 +0000] "GET /tollster/vendor/google/apiclient-services/src/Google/Service/Analytics/RealtimeDataProfileInfo.php HTTP/1.1" 500 - "-" "Mozilla/5.0 AppleWebKit/537.36 (KHTML, like Gecko; compatible; ClaudeBot/1.0; +claudebot@anthropic.com)"
216.73.216.43 - - [05/Sep/2026:16:16:10 +0000] "GET /tollster/vendor/google/apiclient-services/src/Google/Service/CloudSourceRepositories/AuditConfig.php HTTP/1.1" 500 - "-" "Mozilla/5.0 AppleWebKit/537.36 (KHTML, like Gecko; compatible; ClaudeBot/1.0; +claudebot@anthropic.com)"
216.73.216.43 - - [05/Sep/2026:16:16:15 +0000] "GET /tollster/vendor/google/apiclient-services/src/Google/Service/IdentityToolkit/UserInfo.php HTTP/1.1" 500 - "-" "Mozilla/5.0 AppleWebKit/537.36 (KHTML, like Gecko; compatible; ClaudeBot/1.0; +claudebot@anthropic.com)"
216.73.216.43 - - [05/Sep/2026:16:16:20 +0000] "GET /drivers/twilio-php-master/Twilio/Rest/Video/V1/ HTTP/1.1" 200 3724 "-" "Mozilla/5.0 AppleWebKit/537.36 (KHTML, like Gecko; compatible; ClaudeBot/1.0; +claudebot@anthropic.com)"
74.7.241.54 - - [05/Sep/2026:16:16:21 +0000] "GET /google/google-api-php-client-2.2.1/vendor/google/apiclient-services/src/Google/Service/Cih/?C=M;O=D HTTP/1.1" 200 7255 "https://www.desidrivers.com.au/google/google-api-php-client-2.2.1/vendor/google/apiclient-services/src/Google/Service/Cih/?C=M;O=A" "Mozilla/5.0 AppleWebKit/537.36 (KHTML, like Gecko; compatible; GPTBot/1.4; +https://openai.com/gptbot)"
74.7.227.38 - - [05/Sep/2026:16:16:22 +0000] "GET /google/google-api-php-client-2.2.1/vendor/google/apiclient-services/src/Google/Service/Games/PlayerAchievementListResponse.php HTTP/1.1" 500 - "https://desidrivers.com.au/google/google-api-php-client-2.2.1/vendor/google/apiclient-services/src/Google/Service/Games/?C=S;O=A" "Mozilla/5.0 AppleWebKit/537.36 (KHTML, like Gecko; compatible; GPTBot/1.4; +https://openai.com/gptbot)"
74.7.227.157 - - [05/Sep/2026:16:16:23 +0000] "GET /tollster/vendor/google/apiclient-services/src/Google/Service/CloudIot/HttpConfig.php HTTP/1.1" 500 - "https://mail.desidrivers.com.au/tollster/vendor/google/apiclient-services/src/Google/Service/CloudIot/" "Mozilla/5.0 AppleWebKit/537.36 (KHTML, like Gecko; compatible; GPTBot/1.4; +https://openai.com/gptbot)"
216.73.216.43 - - [05/Sep/2026:16:16:25 +0000] "GET /tollster/vendor/google/apiclient-services/src/Google/Service/CloudSourceRepositories/ListReposResponse.php HTTP/1.1" 500 - "-" "Mozilla/5.0 AppleWebKit/537.36 (KHTML, like Gecko; compatible; ClaudeBot/1.0; +claudebot@anthropic.com)"
216.73.216.43 - - [05/Sep/2026:16:16:30 +0000] "GET /tollster/vendor/google/apiclient-services/src/Google/Service/FirebaseDynamicLinks/GetIosPostInstallAttributionRequest.php HTTP/1.1" 500 - "-" "Mozilla/5.0 AppleWebKit/537.36 (KHTML, like Gecko; compatible; ClaudeBot/1.0; +claudebot@anthropic.com)"
216.73.216.43 - - [05/Sep/2026:16:16:35 +0000] "GET /tollster/vendor/google/apiclient-services/src/Google/Service/IdentityToolkit/IdentitytoolkitRelyingpartyEmailLinkSigninRequest.php HTTP/1.1" 500 - "-" "Mozilla/5.0 AppleWebKit/537.36 (KHTML, like Gecko; compatible; ClaudeBot/1.0; +claudebot@anthropic.com)"
74.7.241.54 - - [05/Sep/2026:16:16:37 +0000] "GET /google/google-api-php-client-2.2.1/vendor/google/apiclient-services/src/Google/Service/Cih/?C=N;O=A HTTP/1.1" 200 7255 "https://www.desidrivers.com.au/google/google-api-php-client-2.2.1/vendor/google/apiclient-services/src/Google/Service/Cih/?C=M;O=A" "Mozilla/5.0 AppleWebKit/537.36 (KHTML, like Gecko; compatible; GPTBot/1.4; +https://openai.com/gptbot)"
216.73.216.43 - - [05/Sep/2026:16:16:40 +0000] "GET /tollster/vendor/google/apiclient-services/src/Google/Service/SQLAdmin/SslCertDetail.php HTTP/1.1" 500 - "-" "Mozilla/5.0 AppleWebKit/537.36 (KHTML, like Gecko; compatible; ClaudeBot/1.0; +claudebot@anthropic.com)"
74.7.227.38 - - [05/Sep/2026:16:16:42 +0000] "GET /google/google-api-php-client-2.2.1/vendor/google/apiclient-services/src/Google/Service/Gmail/ListForwardingAddressesResponse.php HTTP/1.1" 500 - "https://desidrivers.com.au/google/google-api-php-client-2.2.1/vendor/google/apiclient-services/src/Google/Service/Gmail/?C=S;O=A" "Mozilla/5.0 AppleWebKit/537.36 (KHTML, like Gecko; compatible; GPTBot/1.4; +https://openai.com/gptbot)"
74.7.227.157 - - [05/Sep/2026:16:16:43 +0000] "GET /tollster/vendor/google/apiclient-services/src/Google/Service/Devprojects/StatsSection.php HTTP/1.1" 500 - "https://mail.desidrivers.com.au/tollster/vendor/google/apiclient-services/src/Google/Service/Devprojects/" "Mozilla/5.0 AppleWebKit/537.36 (KHTML, like Gecko; compatible; GPTBot/1.4; +https://openai.com/gptbot)"
216.73.216.43 - - [05/Sep/2026:16:16:45 +0000] "GET /tollster/vendor/google/apiclient-services/src/Google/Service/Analytics/Columns.php HTTP/1.1" 500 - "-" "Mozilla/5.0 AppleWebKit/537.36 (KHTML, like Gecko; compatible; ClaudeBot/1.0; +claudebot@anthropic.com)"
216.73.216.43 - - [05/Sep/2026:16:16:50 +0000] "GET /tollster/vendor/google/apiclient-services/src/Google/Service/Plus/ActivityActorName.php HTTP/1.1" 500 - "-" "Mozilla/5.0 AppleWebKit/537.36 (KHTML, like Gecko; compatible; ClaudeBot/1.0; +claudebot@anthropic.com)"
74.7.241.54 - - [05/Sep/2026:16:16:50 +0000] "GET /google/google-api-php-client-2.2.1/vendor/google/apiclient-services/src/Google/Service/Games/?C=S;O=D HTTP/1.1" 200 20223 "https://www.desidrivers.com.au/google/google-api-php-client-2.2.1/vendor/google/apiclient-services/src/Google/Service/Games/?C=S;O=A" "Mozilla/5.0 AppleWebKit/537.36 (KHTML, like Gecko; compatible; GPTBot/1.4; +https://openai.com/gptbot)"
216.73.216.43 - - [05/Sep/2026:16:16:55 +0000] "GET /tollster/vendor/google/apiclient-services/src/Google/Service/Plus/PlacePosition.php HTTP/1.1" 500 - "-" "Mozilla/5.0 AppleWebKit/537.36 (KHTML, like Gecko; compatible; ClaudeBot/1.0; +claudebot@anthropic.com)"
74.7.241.54 - - [05/Sep/2026:16:17:00 +0000] "GET /google/google-api-php-client-2.2.1/vendor/google/apiclient-services/src/Google/Service/Cih/?C=D;O=D HTTP/1.1" 200 7255 "https://www.desidrivers.com.au/google/google-api-php-client-2.2.1/vendor/google/apiclient-services/src/Google/Service/Cih/?C=D;O=A" "Mozilla/5.0 AppleWebKit/537.36 (KHTML, like Gecko; compatible; GPTBot/1.4; +https://openai.com/gptbot)"
74.7.227.38 - - [05/Sep/2026:16:17:02 +0000] "GET /google/google-api-php-client-2.2.1/vendor/google/apiclient-services/src/Google/Service/Games/AchievementSetStepsAtLeastResponse.php HTTP/1.1" 500 - "https://desidrivers.com.au/google/google-api-php-client-2.2.1/vendor/google/apiclient-services/src/Google/Service/Games/?C=S;O=A" "Mozilla/5.0 AppleWebKit/537.36 (KHTML, like Gecko; compatible; GPTBot/1.4; +https://openai.com/gptbot)"
74.7.227.157 - - [05/Sep/2026:16:17:03 +0000] "GET /tollster/vendor/google/apiclient-services/src/Google/Service/Dfareporting/Region.php HTTP/1.1" 500 - "https://mail.desidrivers.com.au/tollster/vendor/google/apiclient-services/src/Google/Service/Dfareporting/" "Mozilla/5.0 AppleWebKit/537.36 (KHTML, like Gecko; compatible; GPTBot/1.4; +https://openai.com/gptbot)"
74.7.241.54 - - [05/Sep/2026:16:17:08 +0000] "GET /google/google-api-php-client-2.2.1/vendor/google/apiclient-services/src/Google/Service/DLP/?C=D;O=A HTTP/1.1" 200 37501 "https://www.desidrivers.com.au/google/google-api-php-client-2.2.1/vendor/google/apiclient-services/src/Google/Service/DLP/" "Mozilla/5.0 AppleWebKit/537.36 (KHTML, like Gecko; compatible; GPTBot/1.4; +https://openai.com/gptbot)"
74.7.241.54 - - [05/Sep/2026:16:17:15 +0000] "GET /google/google-api-php-client-2.2.1/vendor/google/apiclient-services/src/Google/Service/Cih/?C=S;O=A HTTP/1.1" 200 7255 "https://www.desidrivers.com.au/google/google-api-php-client-2.2.1/vendor/google/apiclient-services/src/Google/Service/Cih/" "Mozilla/5.0 AppleWebKit/537.36 (KHTML, like Gecko; compatible; GPTBot/1.4; +https://openai.com/gptbot)"
74.7.241.54 - - [05/Sep/2026:16:17:20 +0000] "GET /google/google-api-php-client-2.2.1/vendor/google/apiclient-services/src/Google/Service/Dns/?C=M;O=D HTTP/1.1" 200 2570 "https://www.desidrivers.com.au/google/google-api-php-client-2.2.1/vendor/google/apiclient-services/src/Google/Service/Dns/?C=M;O=A" "Mozilla/5.0 AppleWebKit/537.36 (KHTML, like Gecko; compatible; GPTBot/1.4; +https://openai.com/gptbot)"
74.7.227.38 - - [05/Sep/2026:16:17:22 +0000] "GET /google/google-api-php-client-2.2.1/vendor/google/apiclient-services/src/Google/Service/Games/AchievementDefinitionsListResponse.php HTTP/1.1" 500 - "https://desidrivers.com.au/google/google-api-php-client-2.2.1/vendor/google/apiclient-services/src/Google/Service/Games/?C=S;O=A" "Mozilla/5.0 AppleWebKit/537.36 (KHTML, like Gecko; compatible; GPTBot/1.4; +https://openai.com/gptbot)"
74.7.227.157 - - [05/Sep/2026:16:17:23 +0000] "GET /tollster/vendor/google/apiclient-services/src/Google/Service/Compute/InstanceGroup.php HTTP/1.1" 500 - "https://mail.desidrivers.com.au/tollster/vendor/google/apiclient-services/src/Google/Service/Compute/" "Mozilla/5.0 AppleWebKit/537.36 (KHTML, like Gecko; compatible; GPTBot/1.4; +https://openai.com/gptbot)"
