/var/log/apache2/domlogs/desid573
Edit: /var/log/apache2/domlogs/desid573/new.perthdesignateddrivers.com.au-ssl_log (606395B)
93.185.162.116 - - [04/Sep/2026:12:16:00 +0000] "GET /10-minimum-deposit-casino-australia-2026/ HTTP/1.1" 301 - "https://new.perthdesignateddrivers.com.au/" "Mozilla/5.0 (Macintosh; Intel Mac OS X 10_15_7) AppleWebKit/537.36 (KHTML, like Gecko) obsidian/1.8.10 Chrome/132.0.6834.196 Electron/34.2.0 Safari/537.36"
93.185.162.116 - - [04/Sep/2026:12:16:02 +0000] "GET /2020/06/29/10-minimum-deposit-casino-australia-2026/ HTTP/1.1" 200 77436 "https://new.perthdesignateddrivers.com.au/10-minimum-deposit-casino-australia-2026/" "Mozilla/5.0 (Macintosh; Intel Mac OS X 10_15_7) AppleWebKit/537.36 (KHTML, like Gecko) obsidian/1.8.10 Chrome/132.0.6834.196 Electron/34.2.0 Safari/537.36"
93.185.162.116 - - [04/Sep/2026:12:16:05 +0000] "GET /2020/06/29/1-dollar-minimum-deposit-pokies-australia-2026/ HTTP/1.1" 200 81784 "https://new.perthdesignateddrivers.com.au/2020/06/29/10-minimum-deposit-casino-australia-2026/" "Mozilla/5.0 (Macintosh; Intel Mac OS X 10_15_7) AppleWebKit/537.36 (KHTML, like Gecko) obsidian/1.8.10 Chrome/132.0.6834.196 Electron/34.2.0 Safari/537.36"
216.73.216.184 - - [04/Sep/2026:12:26:13 +0000] "GET /img/gallery.png HTTP/1.1" 404 60033 "http://new.perthdesignateddrivers.com.au/img/gallery.png" "Mozilla/5.0 AppleWebKit/537.36 (KHTML, like Gecko; compatible; ClaudeBot/1.0; +claudebot@anthropic.com)"
216.73.216.184 - - [04/Sep/2026:12:28:31 +0000] "GET /img/icon-weddings.png HTTP/1.1" 404 60033 "http://new.perthdesignateddrivers.com.au/img/icon-weddings.png" "Mozilla/5.0 AppleWebKit/537.36 (KHTML, like Gecko; compatible; ClaudeBot/1.0; +claudebot@anthropic.com)"
216.73.216.184 - - [04/Sep/2026:12:29:13 +0000] "GET /%20.%20get_month_link(%20previous-%3Eyear,%20previous-%3Emonth%20)%20.%20 HTTP/1.1" 301 - "http://new.perthdesignateddrivers.com.au/'%20.%20get_month_link(%20$previous-%3Eyear,%20$previous-%3Emonth%20)%20.%20'" "Mozilla/5.0 AppleWebKit/537.36 (KHTML, like Gecko; compatible; ClaudeBot/1.0; +claudebot@anthropic.com)"
216.73.216.184 - - [04/Sep/2026:12:29:14 +0000] "GET /%20.%20get_month_link(%20previous-%3Eyear,%20previous-%3Emonth HTTP/1.1" 404 60033 "https://new.perthdesignateddrivers.com.au/%20.%20get_month_link(%20previous-%3Eyear,%20previous-%3Emonth%20)%20.%20" "Mozilla/5.0 AppleWebKit/537.36 (KHTML, like Gecko; compatible; ClaudeBot/1.0; +claudebot@anthropic.com)"
66.102.134.111 - - [04/Sep/2026:12:29:20 +0000] "POST /wp-cron.php?doing_wp_cron=1788524960.3696858882904052734375 HTTP/1.1" 200 - "-" "WordPress/7.0.4; https://new.perthdesignateddrivers.com.au"
216.244.66.242 - - [04/Sep/2026:12:29:19 +0000] "GET /2020/06/29/10-minimum-deposit-casino-australia-2026/ HTTP/1.1" 200 77436 "-" "Mozilla/5.0 (compatible; DotBot/1.2; +https://opensiteexplorer.org/dotbot; help@moz.com)"
216.73.216.184 - - [04/Sep/2026:12:36:47 +0000] "GET /%22%20.%20esc_url(%20get_home_url(%20details-%3Euserblog_id%20)%20)%20.%20%22 HTTP/1.1" 301 - "http://new.perthdesignateddrivers.com.au/%22%20.%20esc_url(%20get_home_url(%20$details-%3Euserblog_id%20)%20)%20.%20%22" "Mozilla/5.0 AppleWebKit/537.36 (KHTML, like Gecko; compatible; ClaudeBot/1.0; +claudebot@anthropic.com)"
216.73.216.184 - - [04/Sep/2026:12:36:47 +0000] "GET /%22%20.%20esc_url(%20get_home_url(%20details-%3Euserblog_id HTTP/1.1" 404 60033 "https://new.perthdesignateddrivers.com.au/%22%20.%20esc_url(%20get_home_url(%20details-%3Euserblog_id%20)%20)%20.%20%22" "Mozilla/5.0 AppleWebKit/537.36 (KHTML, like Gecko; compatible; ClaudeBot/1.0; +claudebot@anthropic.com)"
158.173.241.147 - - [04/Sep/2026:12:37:58 +0000] "GET /2020/06/29/1-minimum-deposit-casino-australia-2026/ HTTP/1.1" 200 85642 "https://new.perthdesignateddrivers.com.au/" "Mozilla/5.0 (Windows NT 10.0; Win64; x64) AppleWebKit/537.36 (KHTML, like Gecko) Chrome/135.0.0.0 Safari/537.36 Edg/135.0.0.0"
216.73.216.184 - - [04/Sep/2026:12:38:19 +0000] "GET /robots.txt HTTP/1.1" 200 134 "http://new.perthdesignateddrivers.com.au/robots.txt" "Mozilla/5.0 AppleWebKit/537.36 (KHTML, like Gecko; compatible; ClaudeBot/1.0; +claudebot@anthropic.com)"
216.73.216.184 - - [04/Sep/2026:12:41:47 +0000] "GET //%22javas/cript:void(0)/%22 HTTP/1.1" 301 - "http://new.perthdesignateddrivers.com.au//%22javas/cript:void(0)/%22" "Mozilla/5.0 AppleWebKit/537.36 (KHTML, like Gecko; compatible; ClaudeBot/1.0; +claudebot@anthropic.com)"
216.73.216.184 - - [04/Sep/2026:12:41:47 +0000] "GET /%22javas/cript:void(0)/ HTTP/1.1" 404 60033 "https://new.perthdesignateddrivers.com.au//%22javas/cript:void(0)/%22" "Mozilla/5.0 AppleWebKit/537.36 (KHTML, like Gecko; compatible; ClaudeBot/1.0; +claudebot@anthropic.com)"
158.173.241.147 - - [04/Sep/2026:12:43:03 +0000] "GET /20-minimum-deposit-pokies-australia-2026/ HTTP/1.1" 301 - "https://new.perthdesignateddrivers.com.au/" "Mozilla/5.0 (Windows NT 10.0; Win64; x64) AppleWebKit/537.36 (KHTML, like Gecko) Chrome/117.0.5938.132 Safari/537.36"
158.173.241.147 - - [04/Sep/2026:12:43:04 +0000] "GET /2020/06/29/20-minimum-deposit-pokies-australia-2026/ HTTP/1.1" 200 88957 "https://new.perthdesignateddrivers.com.au/20-minimum-deposit-pokies-australia-2026/" "Mozilla/5.0 (Windows NT 10.0; Win64; x64) AppleWebKit/537.36 (KHTML, like Gecko) Chrome/117.0.5938.132 Safari/537.36"
216.73.216.184 - - [04/Sep/2026:12:43:39 +0000] "GET //%22row- HTTP/1.1" 301 - "http://new.perthdesignateddrivers.com.au//%22$row-" "Mozilla/5.0 AppleWebKit/537.36 (KHTML, like Gecko; compatible; ClaudeBot/1.0; +claudebot@anthropic.com)"
216.73.216.184 - - [04/Sep/2026:12:43:39 +0000] "GET /%22row- HTTP/1.1" 404 60033 "https://new.perthdesignateddrivers.com.au//%22row-" "Mozilla/5.0 AppleWebKit/537.36 (KHTML, like Gecko; compatible; ClaudeBot/1.0; +claudebot@anthropic.com)"
85.106.135.242 - - [04/Sep/2026:12:44:48 +0000] "GET /2020/06/27/hello-world/ HTTP/1.1" 200 72423 "-" "Mozilla/5.0 (Macintosh; U; PPC Mac OS X; en) AppleWebKit/125.5.5 (KHTML, like Gecko) Safari/125.11"
170.199.224.93 - - [04/Sep/2026:12:45:29 +0000] "GET /10-minimum-deposit-casino-australia-2026/ HTTP/1.1" 301 - "https://new.perthdesignateddrivers.com.au/" "Mozilla/5.0 (Macintosh; Intel Mac OS X 10_15_7) AppleWebKit/537.36 (KHTML, like Gecko) Chrome/148.0.0.0 Safari/537.36"
170.199.224.93 - - [04/Sep/2026:12:45:31 +0000] "GET /2020/06/29/10-minimum-deposit-casino-australia-2026/ HTTP/1.1" 200 77436 "https://new.perthdesignateddrivers.com.au/10-minimum-deposit-casino-australia-2026/" "Mozilla/5.0 (Macintosh; Intel Mac OS X 10_15_7) AppleWebKit/537.36 (KHTML, like Gecko) Chrome/148.0.0.0 Safari/537.36"
170.199.224.93 - - [04/Sep/2026:12:45:33 +0000] "GET /wp-login.php?action=register HTTP/1.1" 302 - "https://new.perthdesignateddrivers.com.au/2020/06/29/10-minimum-deposit-casino-australia-2026/" "Mozilla/5.0 (Windows NT 6.3; Win64; x64) AppleWebKit/537.36 (KHTML, like Gecko) Chrome/103.0.0.0 Safari/537.36"
170.199.224.93 - - [04/Sep/2026:12:45:35 +0000] "GET /wp-login.php?registration=disabled HTTP/1.1" 200 6633 "https://new.perthdesignateddrivers.com.au/wp-login.php?action=register" "Mozilla/5.0 (Windows NT 6.3; Win64; x64) AppleWebKit/537.36 (KHTML, like Gecko) Chrome/103.0.0.0 Safari/537.36"
204.217.136.91 - - [04/Sep/2026:12:54:20 +0000] "GET /100-no-deposit-bonus-casino-australia-2026/ HTTP/1.1" 301 - "https://new.perthdesignateddrivers.com.au/" "Mozilla/5.0 (Macintosh; Intel Mac OS X 10_15_7) AppleWebKit/537.36 (KHTML, like Gecko) Chrome/145.0.0.0 Safari/537.36 OPR/129.0.0.0"
204.217.136.91 - - [04/Sep/2026:12:54:20 +0000] "GET /2020/06/29/100-no-deposit-bonus-casino-australia-2026/ HTTP/1.1" 200 84081 "https://new.perthdesignateddrivers.com.au/100-no-deposit-bonus-casino-australia-2026/" "Mozilla/5.0 (Macintosh; Intel Mac OS X 10_15_7) AppleWebKit/537.36 (KHTML, like Gecko) Chrome/145.0.0.0 Safari/537.36 OPR/129.0.0.0"
77.127.27.35 - - [04/Sep/2026:12:55:24 +0000] "GET /10-minimum-deposit-casino-australia-2026/ HTTP/1.1" 301 - "https://new.perthdesignateddrivers.com.au/" "Mozilla/5.0 (Windows NT 10.0; Win64; x64) AppleWebKit/537.36 (KHTML, like Gecko) Chrome/124.0.0.0 Safari/537.36"
77.127.27.35 - - [04/Sep/2026:12:55:26 +0000] "GET /2020/06/29/10-minimum-deposit-casino-australia-2026/ HTTP/1.1" 200 77436 "https://new.perthdesignateddrivers.com.au/10-minimum-deposit-casino-australia-2026/" "Mozilla/5.0 (Windows NT 10.0; Win64; x64) AppleWebKit/537.36 (KHTML, like Gecko) Chrome/124.0.0.0 Safari/537.36"
77.127.27.35 - - [04/Sep/2026:12:55:27 +0000] "GET /2020/06/29/1-dollar-minimum-deposit-pokies-australia-2026/ HTTP/1.1" 200 81784 "https://new.perthdesignateddrivers.com.au/2020/06/29/10-minimum-deposit-casino-australia-2026/" "Mozilla/5.0 (Windows NT 10.0; Win64; x64) AppleWebKit/537.36 (KHTML, like Gecko) Chrome/124.0.0.0 Safari/537.36"
216.73.216.184 - - [04/Sep/2026:12:57:57 +0000] "GET /%20+%20s.iframeSrc%20+%20 HTTP/1.1" 301 - "http://new.perthdesignateddrivers.com.au/'%20+%20s.iframeSrc%20+%20'" "Mozilla/5.0 AppleWebKit/537.36 (KHTML, like Gecko; compatible; ClaudeBot/1.0; +claudebot@anthropic.com)"
216.73.216.184 - - [04/Sep/2026:12:57:58 +0000] "GET /%20+%20s.iframeSrc%20+ HTTP/1.1" 404 60033 "https://new.perthdesignateddrivers.com.au/%20+%20s.iframeSrc%20+%20" "Mozilla/5.0 AppleWebKit/537.36 (KHTML, like Gecko; compatible; ClaudeBot/1.0; +claudebot@anthropic.com)"
216.73.216.184 - - [04/Sep/2026:13:05:26 +0000] "GET /gcsedan.png HTTP/1.1" 404 60033 "http://new.perthdesignateddrivers.com.au/gcsedan.png" "Mozilla/5.0 AppleWebKit/537.36 (KHTML, like Gecko; compatible; ClaudeBot/1.0; +claudebot@anthropic.com)"
216.73.216.184 - - [04/Sep/2026:13:07:22 +0000] "GET /+n.source1+ HTTP/1.1" 404 60033 "http://new.perthdesignateddrivers.com.au/'+n.source1+'" "Mozilla/5.0 AppleWebKit/537.36 (KHTML, like Gecko; compatible; ClaudeBot/1.0; +claudebot@anthropic.com)"
216.73.216.184 - - [04/Sep/2026:13:12:02 +0000] "GET /robots.txt HTTP/1.1" 200 134 "-" "Mozilla/5.0 AppleWebKit/537.36 (KHTML, like Gecko; compatible; ClaudeBot/1.0; +claudebot@anthropic.com)"
82.108.212.250 - - [04/Sep/2026:13:15:42 +0000] "GET /10-minimum-deposit-casino-australia-2026/ HTTP/1.1" 301 - "https://new.perthdesignateddrivers.com.au/" "Mozilla/5.0 (Windows NT 10.0; Win64; x64) AppleWebKit/537.36 (KHTML, like Gecko) Chrome/134.0.0.0 Safari/537.36 Edg/134.0.0.0"
82.108.212.250 - - [04/Sep/2026:13:15:43 +0000] "GET /2020/06/29/10-minimum-deposit-casino-australia-2026/ HTTP/1.1" 200 77436 "https://new.perthdesignateddrivers.com.au/10-minimum-deposit-casino-australia-2026/" "Mozilla/5.0 (Windows NT 10.0; Win64; x64) AppleWebKit/537.36 (KHTML, like Gecko) Chrome/134.0.0.0 Safari/537.36 Edg/134.0.0.0"
82.108.212.250 - - [04/Sep/2026:13:15:45 +0000] "GET /2020/06/29/1-dollar-minimum-deposit-pokies-australia-2026/ HTTP/1.1" 200 81784 "https://new.perthdesignateddrivers.com.au/2020/06/29/10-minimum-deposit-casino-australia-2026/" "Mozilla/5.0 (Windows NT 10.0; Win64; x64) AppleWebKit/537.36 (KHTML, like Gecko) Chrome/134.0.0.0 Safari/537.36 Edg/134.0.0.0"
129.208.105.220 - - [04/Sep/2026:13:17:16 +0000] "GET /2011/01/13/drive-safe-this-weekend-d23/ HTTP/1.1" 200 70509 "-" "Mozilla/5.0 (Macintosh; Intel Mac OS X 15_1_0) AppleWebKit/537.36 (KHTML, like Gecko) Chrome/131.0.6778.265 Safari/537.36"
216.73.216.184 - - [04/Sep/2026:13:18:52 +0000] "GET /%%7Blink%7D HTTP/1.1" 301 - "http://new.perthdesignateddrivers.com.au/%%7Blink%7D" "Mozilla/5.0 AppleWebKit/537.36 (KHTML, like Gecko; compatible; ClaudeBot/1.0; +claudebot@anthropic.com)"
216.73.216.184 - - [04/Sep/2026:13:18:52 +0000] "GET /%%7Blink HTTP/1.1" 404 60033 "https://new.perthdesignateddrivers.com.au/%%7Blink%7D" "Mozilla/5.0 AppleWebKit/537.36 (KHTML, like Gecko; compatible; ClaudeBot/1.0; +claudebot@anthropic.com)"
173.252.95.10 - - [04/Sep/2026:13:28:26 +0000] "GET /robots.txt HTTP/1.1" 200 134 "-" "facebookexternalhit/1.1 (+http://www.facebook.com/externalhit_uatext.php)"
216.73.216.184 - - [04/Sep/2026:13:30:03 +0000] "GET /%20.%20esc_url(%20get_admin_url(%20blog-%3Euserblog_id%20)%20)%20.%20 HTTP/1.1" 301 - "http://new.perthdesignateddrivers.com.au/'%20.%20esc_url(%20get_admin_url(%20$blog-%3Euserblog_id%20)%20)%20.%20'" "Mozilla/5.0 AppleWebKit/537.36 (KHTML, like Gecko; compatible; ClaudeBot/1.0; +claudebot@anthropic.com)"
216.73.216.184 - - [04/Sep/2026:13:30:04 +0000] "GET /%20.%20esc_url(%20get_admin_url(%20blog-%3Euserblog_id HTTP/1.1" 404 60033 "https://new.perthdesignateddrivers.com.au/%20.%20esc_url(%20get_admin_url(%20blog-%3Euserblog_id%20)%20)%20.%20" "Mozilla/5.0 AppleWebKit/537.36 (KHTML, like Gecko; compatible; ClaudeBot/1.0; +claudebot@anthropic.com)"
216.73.216.184 - - [04/Sep/2026:13:30:23 +0000] "GET /%22%20.%20wp_nonce_url(%20%22post.php?action=delete&post=%24attachment_id%22%2C+ HTTP/1.1" 404 60033 "http://new.perthdesignateddrivers.com.au/%22%20.%20wp_nonce_url(%20%22post.php?action=delete&post=%24attachment_id%22%2C+" "Mozilla/5.0 AppleWebKit/537.36 (KHTML, like Gecko; compatible; ClaudeBot/1.0; +claudebot@anthropic.com)"
107.172.181.134 - - [04/Sep/2026:13:30:45 +0000] "GET /1-dollar-minimum-deposit-pokies-australia-2026/ HTTP/1.1" 301 - "https://new.perthdesignateddrivers.com.au/" "Mozilla/5.0 (Windows NT 10.0; Win64; x64) AppleWebKit/537.36 (KHTML, like Gecko) Chrome/120.0.0.0 Safari/537.36"
107.172.181.134 - - [04/Sep/2026:13:30:46 +0000] "GET /2020/06/29/1-dollar-minimum-deposit-pokies-australia-2026/ HTTP/1.1" 200 81784 "https://new.perthdesignateddrivers.com.au/1-dollar-minimum-deposit-pokies-australia-2026/" "Mozilla/5.0 (Windows NT 10.0; Win64; x64) AppleWebKit/537.36 (KHTML, like Gecko) Chrome/120.0.0.0 Safari/537.36"
107.172.181.134 - - [04/Sep/2026:13:30:54 +0000] "GET /wp-login.php?action=register HTTP/1.1" 302 - "https://new.perthdesignateddrivers.com.au/2020/06/29/1-dollar-minimum-deposit-pokies-australia-2026/" "Mozilla/5.0 (Windows NT 6.3; Win64; x64) AppleWebKit/537.36 (KHTML, like Gecko) Chrome/103.0.0.0 Safari/537.36"
107.172.181.134 - - [04/Sep/2026:13:30:56 +0000] "GET /wp-login.php?registration=disabled HTTP/1.1" 200 6633 "https://new.perthdesignateddrivers.com.au/wp-login.php?action=register" "Mozilla/5.0 (Windows NT 6.3; Win64; x64) AppleWebKit/537.36 (KHTML, like Gecko) Chrome/103.0.0.0 Safari/537.36"
216.73.216.184 - - [04/Sep/2026:13:34:35 +0000] "GET /%20.%20get_month_link(%20next-%3Eyear,%20next-%3Emonth%20)%20.%20 HTTP/1.1" 301 - "http://new.perthdesignateddrivers.com.au/'%20.%20get_month_link(%20$next-%3Eyear,%20$next-%3Emonth%20)%20.%20'" "Mozilla/5.0 AppleWebKit/537.36 (KHTML, like Gecko; compatible; ClaudeBot/1.0; +claudebot@anthropic.com)"
216.73.216.184 - - [04/Sep/2026:13:34:36 +0000] "GET /%20.%20get_month_link(%20next-%3Eyear,%20next-%3Emonth HTTP/1.1" 404 60033 "https://new.perthdesignateddrivers.com.au/%20.%20get_month_link(%20next-%3Eyear,%20next-%3Emonth%20)%20.%20" "Mozilla/5.0 AppleWebKit/537.36 (KHTML, like Gecko; compatible; ClaudeBot/1.0; +claudebot@anthropic.com)"
130.51.23.239 - - [04/Sep/2026:13:37:40 +0000] "GET /10-minimum-deposit-casino-australia-2026/ HTTP/1.1" 301 - "https://new.perthdesignateddrivers.com.au/" "Mozilla/5.0 (Windows NT 10.0; Win64; x64) AppleWebKit/537.36 (KHTML, like Gecko) Chrome/133.0.0.0 Safari/537.36 OPR/118.0.0.0"
130.51.23.239 - - [04/Sep/2026:13:37:41 +0000] "GET /2020/06/29/10-minimum-deposit-casino-australia-2026/ HTTP/1.1" 200 77436 "https://new.perthdesignateddrivers.com.au/10-minimum-deposit-casino-australia-2026/" "Mozilla/5.0 (Windows NT 10.0; Win64; x64) AppleWebKit/537.36 (KHTML, like Gecko) Chrome/133.0.0.0 Safari/537.36 OPR/118.0.0.0"
216.73.216.184 - - [04/Sep/2026:13:38:23 +0000] "GET /robots.txt HTTP/1.1" 200 134 "http://new.perthdesignateddrivers.com.au/robots.txt" "Mozilla/5.0 AppleWebKit/537.36 (KHTML, like Gecko; compatible; ClaudeBot/1.0; +claudebot@anthropic.com)"
82.77.72.173 - - [04/Sep/2026:13:44:01 +0000] "GET /10-minimum-deposit-casino-australia-2026/ HTTP/1.1" 301 - "https://new.perthdesignateddrivers.com.au/" "Mozilla/5.0 (Macintosh; Intel Mac OS X 10_15_7) AppleWebKit/537.36 (KHTML, like Gecko) Chrome/147.0.0.0 Safari/537.36"
82.77.72.173 - - [04/Sep/2026:13:44:02 +0000] "GET /2020/06/29/10-minimum-deposit-casino-australia-2026/ HTTP/1.1" 200 77436 "https://new.perthdesignateddrivers.com.au/10-minimum-deposit-casino-australia-2026/" "Mozilla/5.0 (Macintosh; Intel Mac OS X 10_15_7) AppleWebKit/537.36 (KHTML, like Gecko) Chrome/147.0.0.0 Safari/537.36"
216.73.216.184 - - [04/Sep/2026:13:44:40 +0000] "GET /%7Bsite[url]%7Dinstall/general.css HTTP/1.1" 404 60033 "http://new.perthdesignateddrivers.com.au/%7B$site['url']%7Dinstall/general.css" "Mozilla/5.0 AppleWebKit/537.36 (KHTML, like Gecko; compatible; ClaudeBot/1.0; +claudebot@anthropic.com)"
176.229.183.225 - - [04/Sep/2026:13:50:23 +0000] "GET /?p=9 HTTP/1.1" 301 - "https://new.perthdesignateddrivers.com.au/" "Mozilla/5.0 (Windows NT 6.1; Win64; x64) AppleWebKit/537.36 (KHTML, like Gecko) Chrome/72.0.3399.37 Safari/537.36"
176.229.183.225 - - [04/Sep/2026:13:50:25 +0000] "GET /2011/04/10/perths-atrocious-attitudes-towards-drink-driving-d48/ HTTP/1.1" 200 73884 "https://new.perthdesignateddrivers.com.au/" "Mozilla/5.0 (Windows NT 6.1; Win64; x64) AppleWebKit/537.36 (KHTML, like Gecko) Chrome/72.0.3399.37 Safari/537.36"
216.244.66.242 - - [04/Sep/2026:13:51:48 +0000] "GET /2020/06/29/10-minimum-deposit-pokies-australia-2026/ HTTP/1.1" 200 82756 "-" "Mozilla/5.0 (compatible; DotBot/1.2; +https://opensiteexplorer.org/dotbot; help@moz.com)"
216.73.216.184 - - [04/Sep/2026:13:52:06 +0000] "GET /%22%20.%20wp_nonce_url(%20%22post.php?action=untrash&post=%24attachment_id%22%2C+ HTTP/1.1" 404 60033 "http://new.perthdesignateddrivers.com.au/%22%20.%20wp_nonce_url(%20%22post.php?action=untrash&post=%24attachment_id%22%2C+" "Mozilla/5.0 AppleWebKit/537.36 (KHTML, like Gecko; compatible; ClaudeBot/1.0; +claudebot@anthropic.com)"
57.141.14.73 - - [04/Sep/2026:14:04:23 +0000] "GET /2020/06/29/100-no-deposit-bonus-casino-australia-2026/?xcod=%7B%22u%22%3A%22510e9d1e-dd9f-4bb2-a8aa-4fc09b0fc08e%22%2C%22url%22%3A%22algodaocru.com.br%2Fcomo-modelar-um-decote-drapeado%2F%22%2C%22r%22%3A%22%22%2C%22v%22%3A1%7D&utm_content=%7B%22url%22%3A%22algodaocru.com.br%2Fcomo-modelar-um-decote-drapeado%2F%22%2C%22v%22%3A1%7D&utm_source=organic&utm_campaign&utm_medium&utm_term&sck HTTP/1.1" 200 84081 "-" "Mozilla/5.0 (Macintosh; Intel Mac OS X 10_15_7) AppleWebKit/537.36 (KHTML, like Gecko) Chrome/145.0.0.0 Safari/537.36 (compatible; meta-externalagent/1.1 (+https://developers.facebook.com/docs/sharing/webmasters/crawler))"
57.141.14.73 - - [04/Sep/2026:14:04:24 +0000] "GET /wp-content/plugins/visualcomposer/public/dist/front.bundle.css?ver=28.0 HTTP/1.1" 200 12790 "https://new.perthdesignateddrivers.com.au/2020/06/29/100-no-deposit-bonus-casino-australia-2026/?xcod=%7B%22u%22%3A%22510e9d1e-dd9f-4bb2-a8aa-4fc09b0fc08e%22%2C%22url%22%3A%22algodaocru.com.br%2Fcomo-modelar-um-decote-drapeado%2F%22%2C%22r%22%3A%22%22%2C%22v%22%3A1%7D&utm_content=%7B%22url%22%3A%22algodaocru.com.br%2Fcomo-modelar-um-decote-drapeado%2F%22%2C%22v%22%3A1%7D&utm_source=organic&utm_campaign&utm_medium&utm_term&sck" "Mozilla/5.0 (Macintosh; Intel Mac OS X 10_15_7) AppleWebKit/537.36 (KHTML, like Gecko) Chrome/145.0.0.0 Safari/537.36 (compatible; meta-externalagent/1.1 (+https://developers.facebook.com/docs/sharing/webmasters/crawler))"
57.141.14.59 - - [04/Sep/2026:14:04:24 +0000] "GET /wp-content/themes/twentytwenty/print.css?ver=2.0 HTTP/1.1" 200 2702 "https://new.perthdesignateddrivers.com.au/2020/06/29/100-no-deposit-bonus-casino-australia-2026/?xcod=%7B%22u%22%3A%22510e9d1e-dd9f-4bb2-a8aa-4fc09b0fc08e%22%2C%22url%22%3A%22algodaocru.com.br%2Fcomo-modelar-um-decote-drapeado%2F%22%2C%22r%22%3A%22%22%2C%22v%22%3A1%7D&utm_content=%7B%22url%22%3A%22algodaocru.com.br%2Fcomo-modelar-um-decote-drapeado%2F%22%2C%22v%22%3A1%7D&utm_source=organic&utm_campaign&utm_medium&utm_term&sck" "Mozilla/5.0 (Macintosh; Intel Mac OS X 10_15_7) AppleWebKit/537.36 (KHTML, like Gecko) Chrome/145.0.0.0 Safari/537.36 (compatible; meta-externalagent/1.1 (+https://developers.facebook.com/docs/sharing/webmasters/crawler))"
57.141.14.73 - - [04/Sep/2026:14:04:24 +0000] "GET /wp-content/plugins/visualcomposer/public/dist/runtime.bundle.js?ver=28.0 HTTP/1.1" 200 7858 "https://new.perthdesignateddrivers.com.au/2020/06/29/100-no-deposit-bonus-casino-australia-2026/?xcod=%7B%22u%22%3A%22510e9d1e-dd9f-4bb2-a8aa-4fc09b0fc08e%22%2C%22url%22%3A%22algodaocru.com.br%2Fcomo-modelar-um-decote-drapeado%2F%22%2C%22r%22%3A%22%22%2C%22v%22%3A1%7D&utm_content=%7B%22url%22%3A%22algodaocru.com.br%2Fcomo-modelar-um-decote-drapeado%2F%22%2C%22v%22%3A1%7D&utm_source=organic&utm_campaign&utm_medium&utm_term&sck" "Mozilla/5.0 (Macintosh; Intel Mac OS X 10_15_7) AppleWebKit/537.36 (KHTML, like Gecko) Chrome/145.0.0.0 Safari/537.36 (compatible; meta-externalagent/1.1 (+https://developers.facebook.com/docs/sharing/webmasters/crawler))"
57.141.14.82 - - [04/Sep/2026:14:04:24 +0000] "GET /wp-includes/js/jquery/jquery.min.js?ver=3.7.1 HTTP/1.1" 200 87553 "https://new.perthdesignateddrivers.com.au/2020/06/29/100-no-deposit-bonus-casino-australia-2026/?xcod=%7B%22u%22%3A%22510e9d1e-dd9f-4bb2-a8aa-4fc09b0fc08e%22%2C%22url%22%3A%22algodaocru.com.br%2Fcomo-modelar-um-decote-drapeado%2F%22%2C%22r%22%3A%22%22%2C%22v%22%3A1%7D&utm_content=%7B%22url%22%3A%22algodaocru.com.br%2Fcomo-modelar-um-decote-drapeado%2F%22%2C%22v%22%3A1%7D&utm_source=organic&utm_campaign&utm_medium&utm_term&sck" "Mozilla/5.0 (Macintosh; Intel Mac OS X 10_15_7) AppleWebKit/537.36 (KHTML, like Gecko) Chrome/145.0.0.0 Safari/537.36 (compatible; meta-externalagent/1.1 (+https://developers.facebook.com/docs/sharing/webmasters/crawler))"
57.141.14.9 - - [04/Sep/2026:14:04:24 +0000] "GET /wp-content/themes/twentytwenty/style.css?ver=2.0 HTTP/1.1" 200 121535 "https://new.perthdesignateddrivers.com.au/2020/06/29/100-no-deposit-bonus-casino-australia-2026/?xcod=%7B%22u%22%3A%22510e9d1e-dd9f-4bb2-a8aa-4fc09b0fc08e%22%2C%22url%22%3A%22algodaocru.com.br%2Fcomo-modelar-um-decote-drapeado%2F%22%2C%22r%22%3A%22%22%2C%22v%22%3A1%7D&utm_content=%7B%22url%22%3A%22algodaocru.com.br%2Fcomo-modelar-um-decote-drapeado%2F%22%2C%22v%22%3A1%7D&utm_source=organic&utm_campaign&utm_medium&utm_term&sck" "Mozilla/5.0 (Macintosh; Intel Mac OS X 10_15_7) AppleWebKit/537.36 (KHTML, like Gecko) Chrome/145.0.0.0 Safari/537.36 (compatible; meta-externalagent/1.1 (+https://developers.facebook.com/docs/sharing/webmasters/crawler))"
57.141.14.21 - - [04/Sep/2026:14:04:24 +0000] "GET /wp-content/plugins/visualcomposer/public/dist/front.bundle.js?ver=28.0 HTTP/1.1" 200 8121 "https://new.perthdesignateddrivers.com.au/2020/06/29/100-no-deposit-bonus-casino-australia-2026/?xcod=%7B%22u%22%3A%22510e9d1e-dd9f-4bb2-a8aa-4fc09b0fc08e%22%2C%22url%22%3A%22algodaocru.com.br%2Fcomo-modelar-um-decote-drapeado%2F%22%2C%22r%22%3A%22%22%2C%22v%22%3A1%7D&utm_content=%7B%22url%22%3A%22algodaocru.com.br%2Fcomo-modelar-um-decote-drapeado%2F%22%2C%22v%22%3A1%7D&utm_source=organic&utm_campaign&utm_medium&utm_term&sck" "Mozilla/5.0 (Macintosh; Intel Mac OS X 10_15_7) AppleWebKit/537.36 (KHTML, like Gecko) Chrome/145.0.0.0 Safari/537.36 (compatible; meta-externalagent/1.1 (+https://developers.facebook.com/docs/sharing/webmasters/crawler))"
57.141.14.106 - - [04/Sep/2026:14:04:25 +0000] "GET /wp-includes/js/jquery/jquery-migrate.min.js?ver=3.4.1 HTTP/1.1" 200 13577 "https://new.perthdesignateddrivers.com.au/2020/06/29/100-no-deposit-bonus-casino-australia-2026/?xcod=%7B%22u%22%3A%22510e9d1e-dd9f-4bb2-a8aa-4fc09b0fc08e%22%2C%22url%22%3A%22algodaocru.com.br%2Fcomo-modelar-um-decote-drapeado%2F%22%2C%22r%22%3A%22%22%2C%22v%22%3A1%7D&utm_content=%7B%22url%22%3A%22algodaocru.com.br%2Fcomo-modelar-um-decote-drapeado%2F%22%2C%22v%22%3A1%7D&utm_source=organic&utm_campaign&utm_medium&utm_term&sck" "Mozilla/5.0 (Macintosh; Intel Mac OS X 10_15_7) AppleWebKit/537.36 (KHTML, like Gecko) Chrome/145.0.0.0 Safari/537.36 (compatible; meta-externalagent/1.1 (+https://developers.facebook.com/docs/sharing/webmasters/crawler))"
57.141.14.9 - - [04/Sep/2026:14:04:25 +0000] "GET /wp-content/themes/twentytwenty/assets/js/index.js?ver=2.0 HTTP/1.1" 200 26111 "https://new.perthdesignateddrivers.com.au/2020/06/29/100-no-deposit-bonus-casino-australia-2026/?xcod=%7B%22u%22%3A%22510e9d1e-dd9f-4bb2-a8aa-4fc09b0fc08e%22%2C%22url%22%3A%22algodaocru.com.br%2Fcomo-modelar-um-decote-drapeado%2F%22%2C%22r%22%3A%22%22%2C%22v%22%3A1%7D&utm_content=%7B%22url%22%3A%22algodaocru.com.br%2Fcomo-modelar-um-decote-drapeado%2F%22%2C%22v%22%3A1%7D&utm_source=organic&utm_campaign&utm_medium&utm_term&sck" "Mozilla/5.0 (Macintosh; Intel Mac OS X 10_15_7) AppleWebKit/537.36 (KHTML, like Gecko) Chrome/145.0.0.0 Safari/537.36 (compatible; meta-externalagent/1.1 (+https://developers.facebook.com/docs/sharing/webmasters/crawler))"
57.141.14.39 - - [04/Sep/2026:14:04:25 +0000] "GET /wp-includes/js/wp-emoji-release.min.js?ver=7.0.4 HTTP/1.1" 200 22752 "https://new.perthdesignateddrivers.com.au/2020/06/29/100-no-deposit-bonus-casino-australia-2026/?xcod=%7B%22u%22%3A%22510e9d1e-dd9f-4bb2-a8aa-4fc09b0fc08e%22%2C%22url%22%3A%22algodaocru.com.br%2Fcomo-modelar-um-decote-drapeado%2F%22%2C%22r%22%3A%22%22%2C%22v%22%3A1%7D&utm_content=%7B%22url%22%3A%22algodaocru.com.br%2Fcomo-modelar-um-decote-drapeado%2F%22%2C%22v%22%3A1%7D&utm_source=organic&utm_campaign&utm_medium&utm_term&sck" "Mozilla/5.0 (Macintosh; Intel Mac OS X 10_15_7) AppleWebKit/537.36 (KHTML, like Gecko) Chrome/145.0.0.0 Safari/537.36 (compatible; meta-externalagent/1.1 (+https://developers.facebook.com/docs/sharing/webmasters/crawler))"
57.141.14.24 - - [04/Sep/2026:14:04:25 +0000] "GET /wp-content/themes/twentytwenty/assets/fonts/inter/Inter-upright-var.woff2 HTTP/1.1" 200 223892 "https://new.perthdesignateddrivers.com.au/wp-content/themes/twentytwenty/style.css?ver=2.0" "Mozilla/5.0 (Macintosh; Intel Mac OS X 10_15_7) AppleWebKit/537.36 (KHTML, like Gecko) Chrome/145.0.0.0 Safari/537.36 (compatible; meta-externalagent/1.1 (+https://developers.facebook.com/docs/sharing/webmasters/crawler))"
57.141.14.99 - - [04/Sep/2026:14:04:36 +0000] "GET /2020/06/29/100-no-deposit-bonus-casino-australia-2026/null HTTP/1.1" 404 60033 "https://new.perthdesignateddrivers.com.au/2020/06/29/100-no-deposit-bonus-casino-australia-2026/?xcod=%7B%22u%22%3A%22510e9d1e-dd9f-4bb2-a8aa-4fc09b0fc08e%22%2C%22url%22%3A%22algodaocru.com.br%2Fcomo-modelar-um-decote-drapeado%2F%22%2C%22r%22%3A%22%22%2C%22v%22%3A1%7D&utm_content=%7B%22url%22%3A%22algodaocru.com.br%2Fcomo-modelar-um-decote-drapeado%2F%22%2C%22v%22%3A1%7D&utm_source=organic&utm_campaign&utm_medium&utm_term&sck" "Mozilla/5.0 (Macintosh; Intel Mac OS X 10_15_7) AppleWebKit/537.36 (KHTML, like Gecko) Chrome/145.0.0.0 Safari/537.36 (compatible; meta-externalagent/1.1 (+https://developers.facebook.com/docs/sharing/webmasters/crawler))"
216.73.216.184 - - [04/Sep/2026:14:06:50 +0000] "GET /wp-sitemap.xml HTTP/1.1" 200 627 "-" "Mozilla/5.0 AppleWebKit/537.36 (KHTML, like Gecko; compatible; ClaudeBot/1.0; +claudebot@anthropic.com)"
93.185.162.116 - - [04/Sep/2026:14:07:41 +0000] "GET /20-minimum-deposit-pokies-australia-2026/ HTTP/1.1" 301 - "https://new.perthdesignateddrivers.com.au/" "Mozilla/5.0 (Windows NT 10.0; Win64; x64) AppleWebKit/537.36 (KHTML, like Gecko) Chrome/133.0.0.0 Safari/537.36"
93.185.162.116 - - [04/Sep/2026:14:07:43 +0000] "GET /2020/06/29/20-minimum-deposit-pokies-australia-2026/ HTTP/1.1" 200 88957 "https://new.perthdesignateddrivers.com.au/20-minimum-deposit-pokies-australia-2026/" "Mozilla/5.0 (Windows NT 10.0; Win64; x64) AppleWebKit/537.36 (KHTML, like Gecko) Chrome/133.0.0.0 Safari/537.36"
93.185.162.116 - - [04/Sep/2026:14:07:46 +0000] "GET /2020/06/29/10-payid-casino-no-deposit-bonus-australia-2026/ HTTP/1.1" 200 84180 "https://new.perthdesignateddrivers.com.au/2020/06/29/20-minimum-deposit-pokies-australia-2026/" "Mozilla/5.0 (Windows NT 10.0; Win64; x64) AppleWebKit/537.36 (KHTML, like Gecko) Chrome/133.0.0.0 Safari/537.36"
216.73.216.184 - - [04/Sep/2026:14:16:28 +0000] "GET /%20.%20get_author_feed_link(%20user-%3EID,%20parsed_args[feed_type]%20)%20.%20 HTTP/1.1" 301 - "http://new.perthdesignateddrivers.com.au/'%20.%20get_author_feed_link(%20$user-%3EID,%20$parsed_args['feed_type']%20)%20.%20'" "Mozilla/5.0 AppleWebKit/537.36 (KHTML, like Gecko; compatible; ClaudeBot/1.0; +claudebot@anthropic.com)"
216.73.216.184 - - [04/Sep/2026:14:16:28 +0000] "GET /%20.%20get_author_feed_link(%20user-%3EID,%20parsed_args[feed_type] HTTP/1.1" 404 60033 "https://new.perthdesignateddrivers.com.au/%20.%20get_author_feed_link(%20user-%3EID,%20parsed_args[feed_type]%20)%20.%20" "Mozilla/5.0 AppleWebKit/537.36 (KHTML, like Gecko; compatible; ClaudeBot/1.0; +claudebot@anthropic.com)"
81.243.70.150 - - [04/Sep/2026:14:23:06 +0000] "GET /wp-json/oembed/1.0/%5C%22https:%5C/%5C/new.perthdesignateddrivers.com.au%5C/2020%5C/06%5C/29%5C/top-rated-online-casinos-australia-2026%5C/%5C%22 HTTP/1.1" 404 114 "https://new.perthdesignateddrivers.com.au/" "Mozilla/5.0 (Windows NT 6.1; Win64; x64) AppleWebKit/537.36 (KHTML, like Gecko) Chrome/75.0.3767.193 Safari/537.36"
216.73.216.184 - - [04/Sep/2026:14:26:52 +0000] "GET /deleteDate.php?id=%22.%24row%5B%22id%22%5D.%22 HTTP/1.1" 404 60033 "http://new.perthdesignateddrivers.com.au/deleteDate.php?id=%22.%24row%5B%22id%22%5D.%22" "Mozilla/5.0 AppleWebKit/537.36 (KHTML, like Gecko; compatible; ClaudeBot/1.0; +claudebot@anthropic.com)"
80.94.250.11 - - [04/Sep/2026:14:28:43 +0000] "GET /?p=6 HTTP/1.1" 301 - "https://new.perthdesignateddrivers.com.au/" "Mozilla/5.0 (Windows NT 6.2; Win64; x64) AppleWebKit/537.36 (KHTML, like Gecko) Chrome/73.0.2612.132 Safari/537.36"
80.94.250.11 - - [04/Sep/2026:14:28:46 +0000] "GET /2014/06/30/driving-the-rolls-royce-phantom-d3/ HTTP/1.1" 200 71386 "https://new.perthdesignateddrivers.com.au/" "Mozilla/5.0 (Windows NT 6.2; Win64; x64) AppleWebKit/537.36 (KHTML, like Gecko) Chrome/73.0.2612.132 Safari/537.36"
216.73.216.184 - - [04/Sep/2026:14:31:16 +0000] "GET /img/weddings.png HTTP/1.1" 404 60033 "http://new.perthdesignateddrivers.com.au/img/weddings.png" "Mozilla/5.0 AppleWebKit/537.36 (KHTML, like Gecko; compatible; ClaudeBot/1.0; +claudebot@anthropic.com)"
216.73.216.184 - - [04/Sep/2026:14:35:02 +0000] "GET /robots.txt HTTP/1.1" 200 134 "-" "Mozilla/5.0 AppleWebKit/537.36 (KHTML, like Gecko; compatible; ClaudeBot/1.0; +claudebot@anthropic.com)"
216.73.216.184 - - [04/Sep/2026:14:35:36 +0000] "GET /wp-sitemap.xml HTTP/1.1" 200 627 "-" "Mozilla/5.0 AppleWebKit/537.36 (KHTML, like Gecko; compatible; ClaudeBot/1.0; +claudebot@anthropic.com)"
216.73.216.184 - - [04/Sep/2026:14:38:48 +0000] "GET /robots.txt HTTP/1.1" 200 134 "http://new.perthdesignateddrivers.com.au/robots.txt" "Mozilla/5.0 AppleWebKit/537.36 (KHTML, like Gecko; compatible; ClaudeBot/1.0; +claudebot@anthropic.com)"
216.73.216.184 - - [04/Sep/2026:14:40:19 +0000] "GET //%22http:/new.perthdesignateddrivers.com.au/wp-content/uploads/2020/06/265514_076fd253953743bfbe7e101b0814bd4e-mv2.png/%22 HTTP/1.1" 301 - "http://new.perthdesignateddrivers.com.au//%22http:/new.perthdesignateddrivers.com.au/wp-content/uploads/2020/06/265514_076fd253953743bfbe7e101b0814bd4e-mv2.png/%22" "Mozilla/5.0 AppleWebKit/537.36 (KHTML, like Gecko; compatible; ClaudeBot/1.0; +claudebot@anthropic.com)"
216.73.216.184 - - [04/Sep/2026:14:40:19 +0000] "GET /%22http:/new.perthdesignateddrivers.com.au/wp-content/uploads/2020/06/265514_076fd253953743bfbe7e101b0814bd4e-mv2.png/ HTTP/1.1" 404 60033 "https://new.perthdesignateddrivers.com.au//%22http:/new.perthdesignateddrivers.com.au/wp-content/uploads/2020/06/265514_076fd253953743bfbe7e101b0814bd4e-mv2.png/%22" "Mozilla/5.0 AppleWebKit/537.36 (KHTML, like Gecko; compatible; ClaudeBot/1.0; +claudebot@anthropic.com)"
125.253.57.24 - - [04/Sep/2026:14:57:46 +0000] "GET / HTTP/1.1" 200 102871 "https://www.google.com/" "Mozilla/5.0 (iPhone; CPU iPhone OS 26_6_0 like Mac OS X) AppleWebKit/605.1.15 (KHTML, like Gecko) CriOS/152.0.7977.64 Mobile/15E148 Safari/604.1"
125.253.57.24 - - [04/Sep/2026:14:57:47 +0000] "GET /wp-content/themes/twentytwenty/style.css?ver=2.0 HTTP/1.1" 200 121535 "https://new.perthdesignateddrivers.com.au/" "Mozilla/5.0 (iPhone; CPU iPhone OS 26_6_0 like Mac OS X) AppleWebKit/605.1.15 (KHTML, like Gecko) CriOS/152.0.7977.64 Mobile/15E148 Safari/604.1"
125.253.57.24 - - [04/Sep/2026:14:57:47 +0000] "GET /wp-includes/js/jquery/jquery-migrate.min.js?ver=3.4.1 HTTP/1.1" 200 13577 "https://new.perthdesignateddrivers.com.au/" "Mozilla/5.0 (iPhone; CPU iPhone OS 26_6_0 like Mac OS X) AppleWebKit/605.1.15 (KHTML, like Gecko) CriOS/152.0.7977.64 Mobile/15E148 Safari/604.1"
125.253.57.24 - - [04/Sep/2026:14:57:48 +0000] "GET /wp-content/uploads/2020/06/2020-landscape-1.png HTTP/1.1" 200 1211 "https://new.perthdesignateddrivers.com.au/" "Mozilla/5.0 (iPhone; CPU iPhone OS 26_6_0 like Mac OS X) AppleWebKit/605.1.15 (KHTML, like Gecko) CriOS/152.0.7977.64 Mobile/15E148 Safari/604.1"
125.253.57.24 - - [04/Sep/2026:14:57:48 +0000] "GET /wp-content/plugins/visualcomposer/public/dist/front.bundle.js?ver=28.0 HTTP/1.1" 200 8121 "https://new.perthdesignateddrivers.com.au/" "Mozilla/5.0 (iPhone; CPU iPhone OS 26_6_0 like Mac OS X) AppleWebKit/605.1.15 (KHTML, like Gecko) CriOS/152.0.7977.64 Mobile/15E148 Safari/604.1"
125.253.57.24 - - [04/Sep/2026:14:57:48 +0000] "GET /wp-includes/js/jquery/jquery.min.js?ver=3.7.1 HTTP/1.1" 200 87553 "https://new.perthdesignateddrivers.com.au/" "Mozilla/5.0 (iPhone; CPU iPhone OS 26_6_0 like Mac OS X) AppleWebKit/605.1.15 (KHTML, like Gecko) CriOS/152.0.7977.64 Mobile/15E148 Safari/604.1"
125.253.57.24 - - [04/Sep/2026:14:57:48 +0000] "GET /wp-content/themes/twentytwenty/assets/js/index.js?ver=2.0 HTTP/1.1" 200 26111 "https://new.perthdesignateddrivers.com.au/" "Mozilla/5.0 (iPhone; CPU iPhone OS 26_6_0 like Mac OS X) AppleWebKit/605.1.15 (KHTML, like Gecko) CriOS/152.0.7977.64 Mobile/15E148 Safari/604.1"
125.253.57.24 - - [04/Sep/2026:14:57:48 +0000] "GET /wp-content/themes/twentytwenty/print.css?ver=2.0 HTTP/1.1" 200 2702 "https://new.perthdesignateddrivers.com.au/" "Mozilla/5.0 (iPhone; CPU iPhone OS 26_6_0 like Mac OS X) AppleWebKit/605.1.15 (KHTML, like Gecko) CriOS/152.0.7977.64 Mobile/15E148 Safari/604.1"
125.253.57.24 - - [04/Sep/2026:14:57:48 +0000] "GET /wp-content/plugins/visualcomposer/public/dist/front.bundle.css?ver=28.0 HTTP/1.1" 200 12790 "https://new.perthdesignateddrivers.com.au/" "Mozilla/5.0 (iPhone; CPU iPhone OS 26_6_0 like Mac OS X) AppleWebKit/605.1.15 (KHTML, like Gecko) CriOS/152.0.7977.64 Mobile/15E148 Safari/604.1"
125.253.57.24 - - [04/Sep/2026:14:57:48 +0000] "GET /wp-content/plugins/visualcomposer/public/dist/runtime.bundle.js?ver=28.0 HTTP/1.1" 200 7858 "https://new.perthdesignateddrivers.com.au/" "Mozilla/5.0 (iPhone; CPU iPhone OS 26_6_0 like Mac OS X) AppleWebKit/605.1.15 (KHTML, like Gecko) CriOS/152.0.7977.64 Mobile/15E148 Safari/604.1"
125.253.57.24 - - [04/Sep/2026:14:57:49 +0000] "GET /wp-content/themes/twentytwenty/assets/images/2020-three-quarters-1.png HTTP/1.1" 200 2333 "https://new.perthdesignateddrivers.com.au/" "Mozilla/5.0 (iPhone; CPU iPhone OS 26_6_0 like Mac OS X) AppleWebKit/605.1.15 (KHTML, like Gecko) CriOS/152.0.7977.64 Mobile/15E148 Safari/604.1"
125.253.57.24 - - [04/Sep/2026:14:57:49 +0000] "GET /wp-content/themes/twentytwenty/assets/images/2020-three-quarters-2.png HTTP/1.1" 200 2708 "https://new.perthdesignateddrivers.com.au/" "Mozilla/5.0 (iPhone; CPU iPhone OS 26_6_0 like Mac OS X) AppleWebKit/605.1.15 (KHTML, like Gecko) CriOS/152.0.7977.64 Mobile/15E148 Safari/604.1"
125.253.57.24 - - [04/Sep/2026:14:57:49 +0000] "GET /wp-content/themes/twentytwenty/assets/images/2020-three-quarters-3.png HTTP/1.1" 200 26106 "https://new.perthdesignateddrivers.com.au/" "Mozilla/5.0 (iPhone; CPU iPhone OS 26_6_0 like Mac OS X) AppleWebKit/605.1.15 (KHTML, like Gecko) CriOS/152.0.7977.64 Mobile/15E148 Safari/604.1"
125.253.57.24 - - [04/Sep/2026:14:57:49 +0000] "GET /wp-content/themes/twentytwenty/assets/images/2020-landscape-2.png HTTP/1.1" 200 6248 "https://new.perthdesignateddrivers.com.au/" "Mozilla/5.0 (iPhone; CPU iPhone OS 26_6_0 like Mac OS X) AppleWebKit/605.1.15 (KHTML, like Gecko) CriOS/152.0.7977.64 Mobile/15E148 Safari/604.1"
125.253.57.24 - - [04/Sep/2026:14:57:49 +0000] "GET /wp-content/themes/twentytwenty/assets/images/2020-three-quarters-4.png HTTP/1.1" 200 2185 "https://new.perthdesignateddrivers.com.au/" "Mozilla/5.0 (iPhone; CPU iPhone OS 26_6_0 like Mac OS X) AppleWebKit/605.1.15 (KHTML, like Gecko) CriOS/152.0.7977.64 Mobile/15E148 Safari/604.1"
125.253.57.24 - - [04/Sep/2026:14:57:49 +0000] "GET /wp-includes/js/wp-emoji-release.min.js?ver=7.0.4 HTTP/1.1" 200 22752 "https://new.perthdesignateddrivers.com.au/" "Mozilla/5.0 (iPhone; CPU iPhone OS 26_6_0 like Mac OS X) AppleWebKit/605.1.15 (KHTML, like Gecko) CriOS/152.0.7977.64 Mobile/15E148 Safari/604.1"
125.253.57.24 - - [04/Sep/2026:14:57:49 +0000] "GET /wp-content/themes/twentytwenty/assets/fonts/inter/Inter-upright-var.woff2 HTTP/1.1" 200 223892 "https://new.perthdesignateddrivers.com.au/" "Mozilla/5.0 (iPhone; CPU iPhone OS 26_6_0 like Mac OS X) AppleWebKit/605.1.15 (KHTML, like Gecko) CriOS/152.0.7977.64 Mobile/15E148 Safari/604.1"
125.253.57.24 - - [04/Sep/2026:14:57:50 +0000] "GET /wp-content/themes/twentytwenty/assets/images/2020-square-2.png HTTP/1.1" 200 3366 "https://new.perthdesignateddrivers.com.au/" "Mozilla/5.0 (iPhone; CPU iPhone OS 26_6_0 like Mac OS X) AppleWebKit/605.1.15 (KHTML, like Gecko) CriOS/152.0.7977.64 Mobile/15E148 Safari/604.1"
125.253.57.24 - - [04/Sep/2026:14:57:50 +0000] "GET /wp-content/themes/twentytwenty/assets/images/2020-square-1.png HTTP/1.1" 200 4201 "https://new.perthdesignateddrivers.com.au/" "Mozilla/5.0 (iPhone; CPU iPhone OS 26_6_0 like Mac OS X) AppleWebKit/605.1.15 (KHTML, like Gecko) CriOS/152.0.7977.64 Mobile/15E148 Safari/604.1"
125.253.57.24 - - [04/Sep/2026:14:57:50 +0000] "GET /favicon.ico HTTP/1.1" 302 - "-" "Mozilla/5.0 (iPhone; CPU iPhone OS 26_6_0 like Mac OS X) AppleWebKit/605.1.15 (KHTML, like Gecko) CriOS/152.0.7977.64 Mobile/15E148 Safari/604.1"
125.253.57.24 - - [04/Sep/2026:14:57:50 +0000] "GET /wp-includes/images/w-logo-blue-white-bg.png HTTP/1.1" 200 4119 "-" "Mozilla/5.0 (iPhone; CPU iPhone OS 26_6_0 like Mac OS X) AppleWebKit/605.1.15 (KHTML, like Gecko) CriOS/152.0.7977.64 Mobile/15E148 Safari/604.1"
216.73.216.184 - - [04/Sep/2026:15:05:22 +0000] "GET /%20.%20esc_attr(%20img_src%20)%20.%20 HTTP/1.1" 301 - "http://new.perthdesignateddrivers.com.au/'%20.%20esc_attr(%20$img_src%20)%20.%20'" "Mozilla/5.0 AppleWebKit/537.36 (KHTML, like Gecko; compatible; ClaudeBot/1.0; +claudebot@anthropic.com)"
216.73.216.184 - - [04/Sep/2026:15:05:22 +0000] "GET /%20.%20esc_attr(%20img_src HTTP/1.1" 404 60033 "https://new.perthdesignateddrivers.com.au/%20.%20esc_attr(%20img_src%20)%20.%20" "Mozilla/5.0 AppleWebKit/537.36 (KHTML, like Gecko; compatible; ClaudeBot/1.0; +claudebot@anthropic.com)"
216.73.216.184 - - [04/Sep/2026:15:07:12 +0000] "GET /%20.%20step_1%20.%20 HTTP/1.1" 301 - "http://new.perthdesignateddrivers.com.au/'%20.%20$step_1%20.%20'" "Mozilla/5.0 AppleWebKit/537.36 (KHTML, like Gecko; compatible; ClaudeBot/1.0; +claudebot@anthropic.com)"
216.73.216.184 - - [04/Sep/2026:15:07:12 +0000] "GET /%20.%20step_1 HTTP/1.1" 404 60033 "https://new.perthdesignateddrivers.com.au/%20.%20step_1%20.%20" "Mozilla/5.0 AppleWebKit/537.36 (KHTML, like Gecko; compatible; ClaudeBot/1.0; +claudebot@anthropic.com)"
216.73.216.184 - - [04/Sep/2026:15:10:40 +0000] "GET /scripts/shCore.js HTTP/1.1" 404 60033 "http://new.perthdesignateddrivers.com.au/scripts/shCore.js" "Mozilla/5.0 AppleWebKit/537.36 (KHTML, like Gecko; compatible; ClaudeBot/1.0; +claudebot@anthropic.com)"
216.73.216.184 - - [04/Sep/2026:15:10:40 +0000] "GET /styles/shCore.css HTTP/1.1" 404 60033 "http://new.perthdesignateddrivers.com.au/styles/shCore.css" "Mozilla/5.0 AppleWebKit/537.36 (KHTML, like Gecko; compatible; ClaudeBot/1.0; +claudebot@anthropic.com)"
149.118.158.8 - - [04/Sep/2026:15:11:14 +0000] "GET / HTTP/1.1" 200 102871 "http://new.perthdesignateddrivers.com.au/" "Go-http-client/1.1"
216.73.216.184 - - [04/Sep/2026:15:12:58 +0000] "GET /styles/shThemeDefault.css HTTP/1.1" 404 60033 "http://new.perthdesignateddrivers.com.au/styles/shThemeDefault.css" "Mozilla/5.0 AppleWebKit/537.36 (KHTML, like Gecko; compatible; ClaudeBot/1.0; +claudebot@anthropic.com)"
216.73.216.184 - - [04/Sep/2026:15:18:24 +0000] "GET /%7Bsitemap:loc%7D HTTP/1.1" 301 - "http://new.perthdesignateddrivers.com.au/%7Bsitemap:loc%7D" "Mozilla/5.0 AppleWebKit/537.36 (KHTML, like Gecko; compatible; ClaudeBot/1.0; +claudebot@anthropic.com)"
216.73.216.184 - - [04/Sep/2026:15:18:24 +0000] "GET /%7Bsitemap:loc HTTP/1.1" 404 60033 "https://new.perthdesignateddrivers.com.au/%7Bsitemap:loc%7D" "Mozilla/5.0 AppleWebKit/537.36 (KHTML, like Gecko; compatible; ClaudeBot/1.0; +claudebot@anthropic.com)"
118.166.106.63 - - [04/Sep/2026:15:19:23 +0000] "GET /20-minimum-deposit-pokies-australia-2026/ HTTP/1.1" 301 - "https://new.perthdesignateddrivers.com.au/20-minimum-deposit-pokies-australia-2026/" "Mozilla/5.0 (Windows NT 6.1; WOW64) AppleWebKit/537.36 (KHTML, like Gecko) Chrome/32.0.4113.226 Safari/537.36"
118.166.106.63 - - [04/Sep/2026:15:19:24 +0000] "GET /2020/06/29/20-minimum-deposit-pokies-australia-2026/ HTTP/1.1" 200 88957 "https://new.perthdesignateddrivers.com.au/20-minimum-deposit-pokies-australia-2026/" "Mozilla/5.0 (Windows NT 6.1; WOW64) AppleWebKit/537.36 (KHTML, like Gecko) Chrome/32.0.4113.226 Safari/537.36"
216.73.216.184 - - [04/Sep/2026:15:21:07 +0000] "GET /%20.%20esc_url(%20item[url]%20)%20.%20 HTTP/1.1" 301 - "http://new.perthdesignateddrivers.com.au/'%20.%20esc_url(%20$item['url']%20)%20.%20'" "Mozilla/5.0 AppleWebKit/537.36 (KHTML, like Gecko; compatible; ClaudeBot/1.0; +claudebot@anthropic.com)"
216.73.216.184 - - [04/Sep/2026:15:21:07 +0000] "GET /%20.%20esc_url(%20item[url] HTTP/1.1" 404 60033 "https://new.perthdesignateddrivers.com.au/%20.%20esc_url(%20item[url]%20)%20.%20" "Mozilla/5.0 AppleWebKit/537.36 (KHTML, like Gecko; compatible; ClaudeBot/1.0; +claudebot@anthropic.com)"
91.132.20.119 - - [04/Sep/2026:15:23:18 +0000] "GET /author/lewis/ HTTP/1.1" 200 66588 "-" "Mozilla/5.0 (Macintosh; Intel Mac OS X 12.7; rv:131.0) Gecko/20100101 Firefox/131.0"
1.169.227.13 - - [04/Sep/2026:15:24:55 +0000] "GET /10-minimum-deposit-pokies-australia-2026/ HTTP/1.1" 301 - "https://new.perthdesignateddrivers.com.au/10-minimum-deposit-pokies-australia-2026/" "Mozilla/5.0 (Windows NT 6.1; WOW64) AppleWebKit/537.36 (KHTML, like Gecko) Chrome/34.0.1318.738 Safari/537.36"
1.169.227.13 - - [04/Sep/2026:15:24:56 +0000] "GET /2020/06/29/10-minimum-deposit-pokies-australia-2026/ HTTP/1.1" 200 82756 "https://new.perthdesignateddrivers.com.au/10-minimum-deposit-pokies-australia-2026/" "Mozilla/5.0 (Windows NT 6.1; WOW64) AppleWebKit/537.36 (KHTML, like Gecko) Chrome/34.0.1318.738 Safari/537.36"
44.203.85.79 - - [04/Sep/2026:15:26:49 +0000] "POST / HTTP/1.1" 200 102828 "https://www.new.perthdesignateddrivers.com.au/" "Mozilla/5.0 (Windows NT 10.0; Win64; x64) AppleWebKit/537.36 (KHTML, like Gecko) Chrome/145.0.0.0 Safari/537.36"
154.196.88.58 - - [04/Sep/2026:15:27:33 +0000] "GET /10-minimum-deposit-casino-australia-2026/ HTTP/1.1" 301 - "https://new.perthdesignateddrivers.com.au/" "Mozilla/5.0 (Windows NT 10.0; Win64; x64) AppleWebKit/537.36 (KHTML, like Gecko) Chrome/117.0.5938.132 Safari/537.36"
154.196.88.58 - - [04/Sep/2026:15:27:34 +0000] "GET /2020/06/29/10-minimum-deposit-casino-australia-2026/ HTTP/1.1" 200 77436 "https://new.perthdesignateddrivers.com.au/10-minimum-deposit-casino-australia-2026/" "Mozilla/5.0 (Windows NT 10.0; Win64; x64) AppleWebKit/537.36 (KHTML, like Gecko) Chrome/117.0.5938.132 Safari/537.36"
154.196.88.58 - - [04/Sep/2026:15:27:40 +0000] "GET /wp-login.php?action=register HTTP/1.1" 302 - "https://new.perthdesignateddrivers.com.au/2020/06/29/10-minimum-deposit-casino-australia-2026/" "Mozilla/5.0 (Windows NT 6.3; Win64; x64) AppleWebKit/537.36 (KHTML, like Gecko) Chrome/103.0.0.0 Safari/537.36"
154.196.88.58 - - [04/Sep/2026:15:27:41 +0000] "GET /wp-login.php?registration=disabled HTTP/1.1" 200 6633 "https://new.perthdesignateddrivers.com.au/wp-login.php?action=register" "Mozilla/5.0 (Windows NT 6.3; Win64; x64) AppleWebKit/537.36 (KHTML, like Gecko) Chrome/103.0.0.0 Safari/537.36"
98.81.33.208 - - [04/Sep/2026:15:28:35 +0000] "POST / HTTP/1.1" 200 102828 "https://www.new.perthdesignateddrivers.com.au/" "Mozilla/5.0 (Windows NT 10.0; Win64; x64) AppleWebKit/537.36 (KHTML, like Gecko) Chrome/146.0.0.0 Safari/537.36"
66.102.134.111 - - [04/Sep/2026:15:31:25 +0000] "POST /wp-cron.php?doing_wp_cron=1788535885.2986619472503662109375 HTTP/1.1" 200 - "-" "WordPress/7.0.4; https://new.perthdesignateddrivers.com.au"
124.29.253.240 - - [04/Sep/2026:15:31:24 +0000] "GET /wp-json/wp/v2/posts/9 HTTP/1.1" 200 6879 "https://new.perthdesignateddrivers.com.au/" "Mozilla/5.0 (Windows NT 6.0; Win64; x64) AppleWebKit/537.36 (KHTML, like Gecko) Chrome/78.0.3566.169 Safari/537.36"
161.248.205.146 - - [04/Sep/2026:15:39:55 +0000] "GET /2020/06/29/1-minimum-deposit-casino-australia-2026/ HTTP/1.1" 200 85642 "-" "Mozilla/5.0 (Windows NT 10.0; Win64; x64) AppleWebKit/537.36 (KHTML, like Gecko) Chrome/149.0.0.0 Safari/537.36"
94.9.126.121 - - [04/Sep/2026:15:39:58 +0000] "GET /wp-includes/js/jquery/jquery.min.js?ver=3.7.1 HTTP/1.1" 200 87553 "https://new.perthdesignateddrivers.com.au/2020/06/29/1-minimum-deposit-casino-australia-2026/" "Mozilla/5.0 (Windows NT 10.0; Win64; x64) AppleWebKit/537.36 (KHTML, like Gecko) Chrome/149.0.0.0 Safari/537.36"
185.187.206.139 - - [04/Sep/2026:15:39:58 +0000] "GET /wp-includes/js/jquery/jquery-migrate.min.js?ver=3.4.1 HTTP/1.1" 200 13577 "https://new.perthdesignateddrivers.com.au/2020/06/29/1-minimum-deposit-casino-australia-2026/" "Mozilla/5.0 (Windows NT 10.0; Win64; x64) AppleWebKit/537.36 (KHTML, like Gecko) Chrome/149.0.0.0 Safari/537.36"
94.9.126.121 - - [04/Sep/2026:15:39:58 +0000] "GET /wp-content/themes/twentytwenty/assets/js/index.js?ver=2.0 HTTP/1.1" 200 26111 "https://new.perthdesignateddrivers.com.au/2020/06/29/1-minimum-deposit-casino-australia-2026/" "Mozilla/5.0 (Windows NT 10.0; Win64; x64) AppleWebKit/537.36 (KHTML, like Gecko) Chrome/149.0.0.0 Safari/537.36"
94.9.126.121 - - [04/Sep/2026:15:40:01 +0000] "GET /wp-content/plugins/visualcomposer/public/dist/runtime.bundle.js?ver=28.0 HTTP/1.1" 200 7858 "https://new.perthdesignateddrivers.com.au/2020/06/29/1-minimum-deposit-casino-australia-2026/" "Mozilla/5.0 (Windows NT 10.0; Win64; x64) AppleWebKit/537.36 (KHTML, like Gecko) Chrome/149.0.0.0 Safari/537.36"
185.187.206.139 - - [04/Sep/2026:15:40:01 +0000] "GET /wp-content/plugins/visualcomposer/public/dist/front.bundle.js?ver=28.0 HTTP/1.1" 200 8121 "https://new.perthdesignateddrivers.com.au/2020/06/29/1-minimum-deposit-casino-australia-2026/" "Mozilla/5.0 (Windows NT 10.0; Win64; x64) AppleWebKit/537.36 (KHTML, like Gecko) Chrome/149.0.0.0 Safari/537.36"
185.187.206.139 - - [04/Sep/2026:15:40:02 +0000] "GET /wp-includes/js/wp-emoji-release.min.js?ver=7.0.4 HTTP/1.1" 200 22752 "https://new.perthdesignateddrivers.com.au/2020/06/29/1-minimum-deposit-casino-australia-2026/" "Mozilla/5.0 (Windows NT 10.0; Win64; x64) AppleWebKit/537.36 (KHTML, like Gecko) Chrome/149.0.0.0 Safari/537.36"
185.163.26.8 - - [04/Sep/2026:15:40:02 +0000] "GET /2020/06/29/20-minimum-deposit-pokies-australia-2026/ HTTP/1.1" 200 88957 "-" "Mozilla/5.0 (Macintosh; Intel Mac OS X 10_15_7) AppleWebKit/537.36 (KHTML, like Gecko) Chrome/143.0.0.0 Safari/537.36"
185.163.26.8 - - [04/Sep/2026:15:40:04 +0000] "GET /wp-includes/js/wp-emoji-release.min.js?ver=7.0.4 HTTP/1.1" 200 22752 "https://new.perthdesignateddrivers.com.au/2020/06/29/20-minimum-deposit-pokies-australia-2026/" "Mozilla/5.0 (Macintosh; Intel Mac OS X 10_15_7) AppleWebKit/537.36 (KHTML, like Gecko) Chrome/143.0.0.0 Safari/537.36"
216.73.216.184 - - [04/Sep/2026:15:40:53 +0000] "GET /robots.txt HTTP/1.1" 200 134 "http://new.perthdesignateddrivers.com.au/robots.txt" "Mozilla/5.0 AppleWebKit/537.36 (KHTML, like Gecko; compatible; ClaudeBot/1.0; +claudebot@anthropic.com)"
216.73.216.184 - - [04/Sep/2026:15:42:39 +0000] "GET //%22http:/new.perthdesignateddrivers.com.au/wp-content/uploads/2020/06/c26fa49c4629ba4ebb3632d422e46932.jpg/%22 HTTP/1.1" 301 - "http://new.perthdesignateddrivers.com.au//%22http:/new.perthdesignateddrivers.com.au/wp-content/uploads/2020/06/c26fa49c4629ba4ebb3632d422e46932.jpg/%22" "Mozilla/5.0 AppleWebKit/537.36 (KHTML, like Gecko; compatible; ClaudeBot/1.0; +claudebot@anthropic.com)"
216.73.216.184 - - [04/Sep/2026:15:42:40 +0000] "GET /%22http:/new.perthdesignateddrivers.com.au/wp-content/uploads/2020/06/c26fa49c4629ba4ebb3632d422e46932.jpg/ HTTP/1.1" 404 60033 "https://new.perthdesignateddrivers.com.au//%22http:/new.perthdesignateddrivers.com.au/wp-content/uploads/2020/06/c26fa49c4629ba4ebb3632d422e46932.jpg/%22" "Mozilla/5.0 AppleWebKit/537.36 (KHTML, like Gecko; compatible; ClaudeBot/1.0; +claudebot@anthropic.com)"
185.70.13.148 - - [04/Sep/2026:15:42:54 +0000] "GET /2020/06/29/100-no-deposit-bonus-casino-australia-2026/ HTTP/1.1" 200 84081 "-" "Mozilla/5.0 (Macintosh; Intel Mac OS X 10_15_7) AppleWebKit/537.36 (KHTML, like Gecko) Chrome/124.0.0.0 Safari/537.36"
216.73.216.184 - - [04/Sep/2026:15:42:56 +0000] "GET //%22http:/new.perthdesignateddrivers.com.au/wp-content/uploads/2020/06/265514_9b63818f9aa74b8ba925b19aeaebf5ae-mv2_d_6016_4016_s_4_2.jpeg/%22 HTTP/1.1" 301 - "http://new.perthdesignateddrivers.com.au//%22http:/new.perthdesignateddrivers.com.au/wp-content/uploads/2020/06/265514_9b63818f9aa74b8ba925b19aeaebf5ae-mv2_d_6016_4016_s_4_2.jpeg/%22" "Mozilla/5.0 AppleWebKit/537.36 (KHTML, like Gecko; compatible; ClaudeBot/1.0; +claudebot@anthropic.com)"
