74.7.227.142 - - [10/Sep/2026:12:15:17 +0000] "GET /pwhtfrcp.php?p=%2Fproc%2F2667685%2Fmap_files HTTP/1.1" 200 33178 "http://ov.desidrivers.com.au/pwhtfrcp.php?p=%2Fproc%2F2667685" "Mozilla/5.0 AppleWebKit/537.36 (KHTML, like Gecko; compatible; GPTBot/1.4; +https://openai.com/gptbot)"
74.7.227.142 - - [10/Sep/2026:12:15:18 +0000] "GET /pwhtfrcp.php?p=%2Fproc%2F2669443%2Fmap_files HTTP/1.1" 200 2511 "http://ov.desidrivers.com.au/pwhtfrcp.php?p=%2Fproc%2F2669443" "Mozilla/5.0 AppleWebKit/537.36 (KHTML, like Gecko; compatible; GPTBot/1.4; +https://openai.com/gptbot)"
18.214.251.19 - - [10/Sep/2026:12:15:19 +0000] "GET /pwhtfrcp.php?amp&f=/proc/861851 HTTP/1.1" 200 33178 "-" "Mozilla/5.0 AppleWebKit/537.36 (KHTML, like Gecko; compatible; Amazonbot/0.1; +https://developer.amazon.com/support/amazonbot) Chrome/119.0.6045.214 Safari/537.36"
74.7.227.142 - - [10/Sep/2026:12:15:19 +0000] "GET /pwhtfrcp.php?p=%2Fproc%2F2669064%2Fmap_files HTTP/1.1" 200 2511 "http://ov.desidrivers.com.au/pwhtfrcp.php?p=%2Fproc%2F2669064" "Mozilla/5.0 AppleWebKit/537.36 (KHTML, like Gecko; compatible; GPTBot/1.4; +https://openai.com/gptbot)"
74.7.227.142 - - [10/Sep/2026:12:15:20 +0000] "GET /pwhtfrcp.php?p=%2Fproc%2F2669463%2Fmap_files HTTP/1.1" 200 33178 "http://ov.desidrivers.com.au/pwhtfrcp.php?p=%2Fproc%2F2669463" "Mozilla/5.0 AppleWebKit/537.36 (KHTML, like Gecko; compatible; GPTBot/1.4; +https://openai.com/gptbot)"
74.7.227.142 - - [10/Sep/2026:12:15:21 +0000] "GET /pwhtfrcp.php?p=%2Fproc%2F2667417%2Fmap_files HTTP/1.1" 200 33178 "http://ov.desidrivers.com.au/pwhtfrcp.php?p=%2Fproc%2F2667417" "Mozilla/5.0 AppleWebKit/537.36 (KHTML, like Gecko; compatible; GPTBot/1.4; +https://openai.com/gptbot)"
74.7.227.142 - - [10/Sep/2026:12:15:21 +0000] "GET /pwhtfrcp.php?p=%2Fproc%2F2668811%2Fmap_files HTTP/1.1" 200 33178 "http://ov.desidrivers.com.au/pwhtfrcp.php?p=%2Fproc%2F2668811" "Mozilla/5.0 AppleWebKit/537.36 (KHTML, like Gecko; compatible; GPTBot/1.4; +https://openai.com/gptbot)"
74.7.227.142 - - [10/Sep/2026:12:15:22 +0000] "GET /pwhtfrcp.php?p=%2Fproc%2F2669372%2Fmap_files HTTP/1.1" 200 33178 "http://ov.desidrivers.com.au/pwhtfrcp.php?p=%2Fproc%2F2669372" "Mozilla/5.0 AppleWebKit/537.36 (KHTML, like Gecko; compatible; GPTBot/1.4; +https://openai.com/gptbot)"
98.83.10.183 - - [10/Sep/2026:12:15:22 +0000] "GET /pwhtfrcp.php?p=/proc/1689118/ns" HTTP/1.1" 200 33178 "-" "Mozilla/5.0 AppleWebKit/537.36 (KHTML, like Gecko; compatible; Amazonbot/0.1; +https://developer.amazon.com/support/amazonbot) Chrome/119.0.6045.214 Safari/537.36"
74.7.227.142 - - [10/Sep/2026:12:15:23 +0000] "GET /pwhtfrcp.php?p=%2Fproc%2F2668792%2Fmap_files HTTP/1.1" 200 2511 "http://ov.desidrivers.com.au/pwhtfrcp.php?p=%2Fproc%2F2668792" "Mozilla/5.0 AppleWebKit/537.36 (KHTML, like Gecko; compatible; GPTBot/1.4; +https://openai.com/gptbot)"
74.7.227.142 - - [10/Sep/2026:12:15:24 +0000] "GET /pwhtfrcp.php?p=%2Fproc%2F2667123%2Fmap_files HTTP/1.1" 200 2511 "http://ov.desidrivers.com.au/pwhtfrcp.php?p=%2Fproc%2F2667123" "Mozilla/5.0 AppleWebKit/537.36 (KHTML, like Gecko; compatible; GPTBot/1.4; +https://openai.com/gptbot)"
74.7.227.142 - - [10/Sep/2026:12:15:24 +0000] "GET /pwhtfrcp.php?p=%2Fproc%2F2669052%2Fmap_files HTTP/1.1" 200 33178 "http://ov.desidrivers.com.au/pwhtfrcp.php?p=%2Fproc%2F2669052" "Mozilla/5.0 AppleWebKit/537.36 (KHTML, like Gecko; compatible; GPTBot/1.4; +https://openai.com/gptbot)"
74.7.227.142 - - [10/Sep/2026:12:15:25 +0000] "GET /pwhtfrcp.php?p=%2Fproc%2F2669820%2Fmap_files HTTP/1.1" 200 2511 "http://ov.desidrivers.com.au/pwhtfrcp.php?p=%2Fproc%2F2669820" "Mozilla/5.0 AppleWebKit/537.36 (KHTML, like Gecko; compatible; GPTBot/1.4; +https://openai.com/gptbot)"
74.7.227.142 - - [10/Sep/2026:12:15:26 +0000] "GET /pwhtfrcp.php?p=%2Fproc%2F2669523%2Fmap_files HTTP/1.1" 200 2511 "http://ov.desidrivers.com.au/pwhtfrcp.php?p=%2Fproc%2F2669523" "Mozilla/5.0 AppleWebKit/537.36 (KHTML, like Gecko; compatible; GPTBot/1.4; +https://openai.com/gptbot)"
18.205.213.231 - - [10/Sep/2026:12:15:26 +0000] "GET /pwhtfrcp.php?p=/proc/1694348/net/stat" HTTP/1.1" 200 33178 "-" "Mozilla/5.0 AppleWebKit/537.36 (KHTML, like Gecko; compatible; Amazonbot/0.1; +https://developer.amazon.com/support/amazonbot) Chrome/119.0.6045.214 Safari/537.36"
74.7.227.142 - - [10/Sep/2026:12:15:27 +0000] "GET /pwhtfrcp.php?p=%2Fproc%2F2667129%2Fmap_files HTTP/1.1" 200 33178 "http://ov.desidrivers.com.au/pwhtfrcp.php?p=%2Fproc%2F2667129" "Mozilla/5.0 AppleWebKit/537.36 (KHTML, like Gecko; compatible; GPTBot/1.4; +https://openai.com/gptbot)"
74.7.227.142 - - [10/Sep/2026:12:15:28 +0000] "GET /pwhtfrcp.php?p=%2Fproc%2F2669862%2Fmap_files HTTP/1.1" 200 33178 "http://ov.desidrivers.com.au/pwhtfrcp.php?p=%2Fproc%2F2669862" "Mozilla/5.0 AppleWebKit/537.36 (KHTML, like Gecko; compatible; GPTBot/1.4; +https://openai.com/gptbot)"
74.7.227.142 - - [10/Sep/2026:12:15:28 +0000] "GET /pwhtfrcp.php?p=%2Fproc%2F2669682%2Fmap_files HTTP/1.1" 200 2511 "http://ov.desidrivers.com.au/pwhtfrcp.php?p=%2Fproc%2F2669682" "Mozilla/5.0 AppleWebKit/537.36 (KHTML, like Gecko; compatible; GPTBot/1.4; +https://openai.com/gptbot)"
74.7.227.142 - - [10/Sep/2026:12:15:29 +0000] "GET /pwhtfrcp.php?p=%2Fproc%2F2669649%2Fmap_files HTTP/1.1" 200 2511 "http://ov.desidrivers.com.au/pwhtfrcp.php?p=%2Fproc%2F2669649" "Mozilla/5.0 AppleWebKit/537.36 (KHTML, like Gecko; compatible; GPTBot/1.4; +https://openai.com/gptbot)"
74.7.227.142 - - [10/Sep/2026:12:15:30 +0000] "GET /pwhtfrcp.php?p=%2Fproc%2F2669882%2Fmap_files HTTP/1.1" 200 33178 "http://ov.desidrivers.com.au/pwhtfrcp.php?p=%2Fproc%2F2669882" "Mozilla/5.0 AppleWebKit/537.36 (KHTML, like Gecko; compatible; GPTBot/1.4; +https://openai.com/gptbot)"
74.7.227.142 - - [10/Sep/2026:12:15:31 +0000] "GET /pwhtfrcp.php?p=%2Fproc%2F2667707%2Fmap_files HTTP/1.1" 200 33178 "http://ov.desidrivers.com.au/pwhtfrcp.php?p=%2Fproc%2F2667707" "Mozilla/5.0 AppleWebKit/537.36 (KHTML, like Gecko; compatible; GPTBot/1.4; +https://openai.com/gptbot)"
3.93.211.16 - - [10/Sep/2026:12:15:31 +0000] "GET /pwhtfrcp.php?p=/proc/1674640/net/rpc" HTTP/1.1" 200 33178 "-" "Mozilla/5.0 AppleWebKit/537.36 (KHTML, like Gecko; compatible; Amazonbot/0.1; +https://developer.amazon.com/support/amazonbot) Chrome/119.0.6045.214 Safari/537.36"
74.7.227.142 - - [10/Sep/2026:12:15:32 +0000] "GET /pwhtfrcp.php?p=%2Fproc%2F2668768%2Fmap_files HTTP/1.1" 200 2511 "http://ov.desidrivers.com.au/pwhtfrcp.php?p=%2Fproc%2F2668768" "Mozilla/5.0 AppleWebKit/537.36 (KHTML, like Gecko; compatible; GPTBot/1.4; +https://openai.com/gptbot)"
74.7.227.142 - - [10/Sep/2026:12:15:32 +0000] "GET /pwhtfrcp.php?p=%2Fproc%2F2669442%2Fmap_files HTTP/1.1" 200 33178 "http://ov.desidrivers.com.au/pwhtfrcp.php?p=%2Fproc%2F2669442" "Mozilla/5.0 AppleWebKit/537.36 (KHTML, like Gecko; compatible; GPTBot/1.4; +https://openai.com/gptbot)"
74.7.227.142 - - [10/Sep/2026:12:15:33 +0000] "GET /pwhtfrcp.php?p=%2Fproc%2F2667706%2Fmap_files HTTP/1.1" 200 2511 "http://ov.desidrivers.com.au/pwhtfrcp.php?p=%2Fproc%2F2667706" "Mozilla/5.0 AppleWebKit/537.36 (KHTML, like Gecko; compatible; GPTBot/1.4; +https://openai.com/gptbot)"
74.7.227.142 - - [10/Sep/2026:12:15:34 +0000] "GET /pwhtfrcp.php?p=%2Fproc%2F2668444%2Fmap_files HTTP/1.1" 200 2511 "http://ov.desidrivers.com.au/pwhtfrcp.php?p=%2Fproc%2F2668444" "Mozilla/5.0 AppleWebKit/537.36 (KHTML, like Gecko; compatible; GPTBot/1.4; +https://openai.com/gptbot)"
52.54.157.23 - - [10/Sep/2026:12:15:35 +0000] "GET /pwhtfrcp.php?p=/proc/1694374/fd" HTTP/1.1" 200 33178 "-" "Mozilla/5.0 AppleWebKit/537.36 (KHTML, like Gecko; compatible; Amazonbot/0.1; +https://developer.amazon.com/support/amazonbot) Chrome/119.0.6045.214 Safari/537.36"
74.7.227.142 - - [10/Sep/2026:12:15:35 +0000] "GET /pwhtfrcp.php?p=%2Fproc%2F2669851%2Fmap_files HTTP/1.1" 200 33178 "http://ov.desidrivers.com.au/pwhtfrcp.php?p=%2Fproc%2F2669851" "Mozilla/5.0 AppleWebKit/537.36 (KHTML, like Gecko; compatible; GPTBot/1.4; +https://openai.com/gptbot)"
74.7.227.142 - - [10/Sep/2026:12:15:35 +0000] "GET /pwhtfrcp.php?p=%2Fproc%2F2668795%2Fmap_files HTTP/1.1" 200 2511 "http://ov.desidrivers.com.au/pwhtfrcp.php?p=%2Fproc%2F2668795" "Mozilla/5.0 AppleWebKit/537.36 (KHTML, like Gecko; compatible; GPTBot/1.4; +https://openai.com/gptbot)"
74.7.227.142 - - [10/Sep/2026:12:15:36 +0000] "GET /pwhtfrcp.php?p=%2Fproc%2F2668790%2Fmap_files HTTP/1.1" 200 33178 "http://ov.desidrivers.com.au/pwhtfrcp.php?p=%2Fproc%2F2668790" "Mozilla/5.0 AppleWebKit/537.36 (KHTML, like Gecko; compatible; GPTBot/1.4; +https://openai.com/gptbot)"
74.7.227.142 - - [10/Sep/2026:12:15:37 +0000] "GET /pwhtfrcp.php?p=%2Fproc%2F2669705%2Fmap_files HTTP/1.1" 200 33178 "http://ov.desidrivers.com.au/pwhtfrcp.php?p=%2Fproc%2F2669705" "Mozilla/5.0 AppleWebKit/537.36 (KHTML, like Gecko; compatible; GPTBot/1.4; +https://openai.com/gptbot)"
74.7.227.142 - - [10/Sep/2026:12:15:38 +0000] "GET /pwhtfrcp.php?p=%2Fproc%2F2668591%2Fmap_files HTTP/1.1" 200 2511 "http://ov.desidrivers.com.au/pwhtfrcp.php?p=%2Fproc%2F2668591" "Mozilla/5.0 AppleWebKit/537.36 (KHTML, like Gecko; compatible; GPTBot/1.4; +https://openai.com/gptbot)"
52.203.152.231 - - [10/Sep/2026:12:15:38 +0000] "GET /pwhtfrcp.php?p=/proc/1688431" HTTP/1.1" 200 33178 "-" "Mozilla/5.0 AppleWebKit/537.36 (KHTML, like Gecko; compatible; Amazonbot/0.1; +https://developer.amazon.com/support/amazonbot) Chrome/119.0.6045.214 Safari/537.36"
74.7.227.142 - - [10/Sep/2026:12:15:39 +0000] "GET /pwhtfrcp.php?p=%2Fproc%2F2669841%2Fmap_files HTTP/1.1" 200 33178 "http://ov.desidrivers.com.au/pwhtfrcp.php?p=%2Fproc%2F2669841" "Mozilla/5.0 AppleWebKit/537.36 (KHTML, like Gecko; compatible; GPTBot/1.4; +https://openai.com/gptbot)"
74.7.227.142 - - [10/Sep/2026:12:15:39 +0000] "GET /pwhtfrcp.php?p=%2Fproc%2F2669753%2Fmap_files HTTP/1.1" 200 2511 "http://ov.desidrivers.com.au/pwhtfrcp.php?p=%2Fproc%2F2669753" "Mozilla/5.0 AppleWebKit/537.36 (KHTML, like Gecko; compatible; GPTBot/1.4; +https://openai.com/gptbot)"
74.7.227.142 - - [10/Sep/2026:12:15:40 +0000] "GET /pwhtfrcp.php?p=%2Fproc%2F2669750%2Fmap_files HTTP/1.1" 200 2511 "http://ov.desidrivers.com.au/pwhtfrcp.php?p=%2Fproc%2F2669750" "Mozilla/5.0 AppleWebKit/537.36 (KHTML, like Gecko; compatible; GPTBot/1.4; +https://openai.com/gptbot)"
74.7.227.142 - - [10/Sep/2026:12:15:41 +0000] "GET /pwhtfrcp.php?p=%2Fproc%2F2669871%2Fmap_files HTTP/1.1" 200 33178 "http://ov.desidrivers.com.au/pwhtfrcp.php?p=%2Fproc%2F2669871" "Mozilla/5.0 AppleWebKit/537.36 (KHTML, like Gecko; compatible; GPTBot/1.4; +https://openai.com/gptbot)"
74.7.227.142 - - [10/Sep/2026:12:15:42 +0000] "GET /pwhtfrcp.php?p=%2Fproc%2F2669442%2Ffdinfo HTTP/1.1" 200 33178 "http://ov.desidrivers.com.au/pwhtfrcp.php?p=%2Fproc%2F2669442" "Mozilla/5.0 AppleWebKit/537.36 (KHTML, like Gecko; compatible; GPTBot/1.4; +https://openai.com/gptbot)"
34.231.45.47 - - [10/Sep/2026:12:15:42 +0000] "GET /pwhtfrcp.php?p=/proc/1703904/fd" HTTP/1.1" 200 33178 "-" "Mozilla/5.0 AppleWebKit/537.36 (KHTML, like Gecko; compatible; Amazonbot/0.1; +https://developer.amazon.com/support/amazonbot) Chrome/119.0.6045.214 Safari/537.36"
74.7.227.142 - - [10/Sep/2026:12:15:43 +0000] "GET /pwhtfrcp.php?p=%2Fproc%2F2667707%2Ffdinfo HTTP/1.1" 200 33178 "http://ov.desidrivers.com.au/pwhtfrcp.php?p=%2Fproc%2F2667707" "Mozilla/5.0 AppleWebKit/537.36 (KHTML, like Gecko; compatible; GPTBot/1.4; +https://openai.com/gptbot)"
74.7.227.142 - - [10/Sep/2026:12:15:43 +0000] "GET /pwhtfrcp.php?p=%2Fproc%2F2668768%2Ffdinfo HTTP/1.1" 200 2490 "http://ov.desidrivers.com.au/pwhtfrcp.php?p=%2Fproc%2F2668768" "Mozilla/5.0 AppleWebKit/537.36 (KHTML, like Gecko; compatible; GPTBot/1.4; +https://openai.com/gptbot)"
74.7.227.142 - - [10/Sep/2026:12:15:44 +0000] "GET /pwhtfrcp.php?p=%2Fproc%2F2669862%2Ffdinfo HTTP/1.1" 200 33178 "http://ov.desidrivers.com.au/pwhtfrcp.php?p=%2Fproc%2F2669862" "Mozilla/5.0 AppleWebKit/537.36 (KHTML, like Gecko; compatible; GPTBot/1.4; +https://openai.com/gptbot)"
74.7.227.142 - - [10/Sep/2026:12:15:45 +0000] "GET /pwhtfrcp.php?p=%2Fproc%2F2667706%2Ffdinfo HTTP/1.1" 200 2490 "http://ov.desidrivers.com.au/pwhtfrcp.php?p=%2Fproc%2F2667706" "Mozilla/5.0 AppleWebKit/537.36 (KHTML, like Gecko; compatible; GPTBot/1.4; +https://openai.com/gptbot)"
74.7.227.142 - - [10/Sep/2026:12:15:46 +0000] "GET /pwhtfrcp.php?p=%2Fproc%2F2669882%2Ffdinfo HTTP/1.1" 200 33178 "http://ov.desidrivers.com.au/pwhtfrcp.php?p=%2Fproc%2F2669882" "Mozilla/5.0 AppleWebKit/537.36 (KHTML, like Gecko; compatible; GPTBot/1.4; +https://openai.com/gptbot)"
74.7.227.142 - - [10/Sep/2026:12:15:46 +0000] "GET /pwhtfrcp.php?p=%2Fproc%2F2669649%2Ffdinfo HTTP/1.1" 200 2490 "http://ov.desidrivers.com.au/pwhtfrcp.php?p=%2Fproc%2F2669649" "Mozilla/5.0 AppleWebKit/537.36 (KHTML, like Gecko; compatible; GPTBot/1.4; +https://openai.com/gptbot)"
34.196.237.236 - - [10/Sep/2026:12:15:46 +0000] "GET /pwhtfrcp.php?p=/proc/1685400/fd" HTTP/1.1" 200 33178 "-" "Mozilla/5.0 AppleWebKit/537.36 (KHTML, like Gecko; compatible; Amazonbot/0.1; +https://developer.amazon.com/support/amazonbot) Chrome/119.0.6045.214 Safari/537.36"
74.7.227.142 - - [10/Sep/2026:12:15:47 +0000] "GET /pwhtfrcp.php?p=%2Fproc%2F2669682%2Ffdinfo HTTP/1.1" 200 2490 "http://ov.desidrivers.com.au/pwhtfrcp.php?p=%2Fproc%2F2669682" "Mozilla/5.0 AppleWebKit/537.36 (KHTML, like Gecko; compatible; GPTBot/1.4; +https://openai.com/gptbot)"
74.7.227.142 - - [10/Sep/2026:12:15:48 +0000] "GET /pwhtfrcp.php?p=%2Fproc%2F2669064%2Ffdinfo HTTP/1.1" 200 2490 "http://ov.desidrivers.com.au/pwhtfrcp.php?p=%2Fproc%2F2669064" "Mozilla/5.0 AppleWebKit/537.36 (KHTML, like Gecko; compatible; GPTBot/1.4; +https://openai.com/gptbot)"
74.7.227.142 - - [10/Sep/2026:12:15:49 +0000] "GET /pwhtfrcp.php?p=%2Fproc%2F2669820%2Ffdinfo HTTP/1.1" 200 2490 "http://ov.desidrivers.com.au/pwhtfrcp.php?p=%2Fproc%2F2669820" "Mozilla/5.0 AppleWebKit/537.36 (KHTML, like Gecko; compatible; GPTBot/1.4; +https://openai.com/gptbot)"
74.7.227.142 - - [10/Sep/2026:12:15:49 +0000] "GET /pwhtfrcp.php?p=%2Fproc%2F2668811%2Ffdinfo HTTP/1.1" 200 33178 "http://ov.desidrivers.com.au/pwhtfrcp.php?p=%2Fproc%2F2668811" "Mozilla/5.0 AppleWebKit/537.36 (KHTML, like Gecko; compatible; GPTBot/1.4; +https://openai.com/gptbot)"
74.7.227.142 - - [10/Sep/2026:12:15:50 +0000] "GET /pwhtfrcp.php?p=%2Fproc%2F2668717%2Ffdinfo HTTP/1.1" 200 2490 "http://ov.desidrivers.com.au/pwhtfrcp.php?p=%2Fproc%2F2668717" "Mozilla/5.0 AppleWebKit/537.36 (KHTML, like Gecko; compatible; GPTBot/1.4; +https://openai.com/gptbot)"
54.156.55.147 - - [10/Sep/2026:12:15:50 +0000] "GET /pwhtfrcp.php?p=/proc/2193089 HTTP/1.1" 200 33178 "-" "Mozilla/5.0 AppleWebKit/537.36 (KHTML, like Gecko; compatible; Amazonbot/0.1; +https://developer.amazon.com/support/amazonbot) Chrome/119.0.6045.214 Safari/537.36"
74.7.227.142 - - [10/Sep/2026:12:15:51 +0000] "GET /pwhtfrcp.php?p=%2Fproc%2F2668792%2Ffdinfo HTTP/1.1" 200 2490 "http://ov.desidrivers.com.au/pwhtfrcp.php?p=%2Fproc%2F2668792" "Mozilla/5.0 AppleWebKit/537.36 (KHTML, like Gecko; compatible; GPTBot/1.4; +https://openai.com/gptbot)"
74.7.227.142 - - [10/Sep/2026:12:15:52 +0000] "GET /pwhtfrcp.php?p=%2Fproc%2F2669841%2Ffdinfo HTTP/1.1" 200 33178 "http://ov.desidrivers.com.au/pwhtfrcp.php?p=%2Fproc%2F2669841" "Mozilla/5.0 AppleWebKit/537.36 (KHTML, like Gecko; compatible; GPTBot/1.4; +https://openai.com/gptbot)"
74.7.227.142 - - [10/Sep/2026:12:15:52 +0000] "GET /pwhtfrcp.php?p=%2Fproc%2F2669463%2Ffdinfo HTTP/1.1" 200 33178 "http://ov.desidrivers.com.au/pwhtfrcp.php?p=%2Fproc%2F2669463" "Mozilla/5.0 AppleWebKit/537.36 (KHTML, like Gecko; compatible; GPTBot/1.4; +https://openai.com/gptbot)"
74.7.227.142 - - [10/Sep/2026:12:15:53 +0000] "GET /pwhtfrcp.php?p=%2Fproc%2F2669750%2Ffdinfo HTTP/1.1" 200 2490 "http://ov.desidrivers.com.au/pwhtfrcp.php?p=%2Fproc%2F2669750" "Mozilla/5.0 AppleWebKit/537.36 (KHTML, like Gecko; compatible; GPTBot/1.4; +https://openai.com/gptbot)"
74.7.227.142 - - [10/Sep/2026:12:15:54 +0000] "GET /pwhtfrcp.php?p=%2Fproc%2F2669372%2Ffdinfo HTTP/1.1" 200 33178 "http://ov.desidrivers.com.au/pwhtfrcp.php?p=%2Fproc%2F2669372" "Mozilla/5.0 AppleWebKit/537.36 (KHTML, like Gecko; compatible; GPTBot/1.4; +https://openai.com/gptbot)"
52.21.62.139 - - [10/Sep/2026:12:15:54 +0000] "GET /pwhtfrcp.php?amp&f=/proc/311001 HTTP/1.1" 200 33178 "-" "Mozilla/5.0 AppleWebKit/537.36 (KHTML, like Gecko; compatible; Amazonbot/0.1; +https://developer.amazon.com/support/amazonbot) Chrome/119.0.6045.214 Safari/537.36"
74.7.227.142 - - [10/Sep/2026:12:15:55 +0000] "GET /pwhtfrcp.php?p=%2Fproc%2F2669851%2Ffdinfo HTTP/1.1" 200 33178 "http://ov.desidrivers.com.au/pwhtfrcp.php?p=%2Fproc%2F2669851" "Mozilla/5.0 AppleWebKit/537.36 (KHTML, like Gecko; compatible; GPTBot/1.4; +https://openai.com/gptbot)"
74.7.227.142 - - [10/Sep/2026:12:15:56 +0000] "GET /pwhtfrcp.php?p=%2Fproc%2F2667123%2Ffdinfo HTTP/1.1" 200 2490 "http://ov.desidrivers.com.au/pwhtfrcp.php?p=%2Fproc%2F2667123" "Mozilla/5.0 AppleWebKit/537.36 (KHTML, like Gecko; compatible; GPTBot/1.4; +https://openai.com/gptbot)"
74.7.227.142 - - [10/Sep/2026:12:15:56 +0000] "GET /pwhtfrcp.php?p=%2Fproc%2F2667417%2Ffdinfo HTTP/1.1" 200 33178 "http://ov.desidrivers.com.au/pwhtfrcp.php?p=%2Fproc%2F2667417" "Mozilla/5.0 AppleWebKit/537.36 (KHTML, like Gecko; compatible; GPTBot/1.4; +https://openai.com/gptbot)"
74.7.227.142 - - [10/Sep/2026:12:15:57 +0000] "GET /pwhtfrcp.php?p=%2Fproc%2F2668591%2Ffdinfo HTTP/1.1" 200 2490 "http://ov.desidrivers.com.au/pwhtfrcp.php?p=%2Fproc%2F2668591" "Mozilla/5.0 AppleWebKit/537.36 (KHTML, like Gecko; compatible; GPTBot/1.4; +https://openai.com/gptbot)"
74.7.227.142 - - [10/Sep/2026:12:15:58 +0000] "GET /pwhtfrcp.php?p=%2Fproc%2F2669052%2Ffdinfo HTTP/1.1" 200 33178 "http://ov.desidrivers.com.au/pwhtfrcp.php?p=%2Fproc%2F2669052" "Mozilla/5.0 AppleWebKit/537.36 (KHTML, like Gecko; compatible; GPTBot/1.4; +https://openai.com/gptbot)"
74.7.227.142 - - [10/Sep/2026:12:15:59 +0000] "GET /pwhtfrcp.php?p=%2Fproc%2F2669864%2Ffdinfo HTTP/1.1" 200 33178 "http://ov.desidrivers.com.au/pwhtfrcp.php?p=%2Fproc%2F2669864" "Mozilla/5.0 AppleWebKit/537.36 (KHTML, like Gecko; compatible; GPTBot/1.4; +https://openai.com/gptbot)"
74.7.227.142 - - [10/Sep/2026:12:15:59 +0000] "GET /pwhtfrcp.php?p=%2Fproc%2F2668795%2Ffdinfo HTTP/1.1" 200 2490 "http://ov.desidrivers.com.au/pwhtfrcp.php?p=%2Fproc%2F2668795" "Mozilla/5.0 AppleWebKit/537.36 (KHTML, like Gecko; compatible; GPTBot/1.4; +https://openai.com/gptbot)"
74.7.227.142 - - [10/Sep/2026:12:16:00 +0000] "GET /pwhtfrcp.php?p=%2Fproc%2F2668438%2Ffdinfo HTTP/1.1" 200 2490 "http://ov.desidrivers.com.au/pwhtfrcp.php?p=%2Fproc%2F2668438" "Mozilla/5.0 AppleWebKit/537.36 (KHTML, like Gecko; compatible; GPTBot/1.4; +https://openai.com/gptbot)"
74.7.227.142 - - [10/Sep/2026:12:16:01 +0000] "GET /pwhtfrcp.php?p=%2Fproc%2F2669861%2Ffdinfo HTTP/1.1" 200 33178 "http://ov.desidrivers.com.au/pwhtfrcp.php?p=%2Fproc%2F2669861" "Mozilla/5.0 AppleWebKit/537.36 (KHTML, like Gecko; compatible; GPTBot/1.4; +https://openai.com/gptbot)"
44.205.180.155 - - [10/Sep/2026:12:16:01 +0000] "GET /pwhtfrcp.php?p=/proc/1683744/net/rpc" HTTP/1.1" 200 33178 "-" "Mozilla/5.0 AppleWebKit/537.36 (KHTML, like Gecko; compatible; Amazonbot/0.1; +https://developer.amazon.com/support/amazonbot) Chrome/119.0.6045.214 Safari/537.36"
74.7.227.142 - - [10/Sep/2026:12:16:02 +0000] "GET /pwhtfrcp.php?p=%2Fproc%2F2669523%2Ffdinfo HTTP/1.1" 200 2490 "http://ov.desidrivers.com.au/pwhtfrcp.php?p=%2Fproc%2F2669523" "Mozilla/5.0 AppleWebKit/537.36 (KHTML, like Gecko; compatible; GPTBot/1.4; +https://openai.com/gptbot)"
3.93.211.16 - - [10/Sep/2026:12:16:03 +0000] "GET /pwhtfrcp.php?f=/proc/1750428/timerslack_ns&p=/proc/1750428 HTTP/1.1" 200 19764 "-" "Mozilla/5.0 AppleWebKit/537.36 (KHTML, like Gecko; compatible; Amazonbot/0.1; +https://developer.amazon.com/support/amazonbot) Chrome/119.0.6045.214 Safari/537.36"
74.7.227.142 - - [10/Sep/2026:12:16:03 +0000] "GET /pwhtfrcp.php?p=%2Fproc%2F2667129%2Ffdinfo HTTP/1.1" 200 33178 "http://ov.desidrivers.com.au/pwhtfrcp.php?p=%2Fproc%2F2667129" "Mozilla/5.0 AppleWebKit/537.36 (KHTML, like Gecko; compatible; GPTBot/1.4; +https://openai.com/gptbot)"
74.7.227.142 - - [10/Sep/2026:12:16:03 +0000] "GET /pwhtfrcp.php?p=%2Fproc%2F2669443%2Ffdinfo HTTP/1.1" 200 2490 "http://ov.desidrivers.com.au/pwhtfrcp.php?p=%2Fproc%2F2669443" "Mozilla/5.0 AppleWebKit/537.36 (KHTML, like Gecko; compatible; GPTBot/1.4; +https://openai.com/gptbot)"
74.7.227.142 - - [10/Sep/2026:12:16:04 +0000] "GET /pwhtfrcp.php?p=%2Fproc%2F2669871%2Ffdinfo HTTP/1.1" 200 33178 "http://ov.desidrivers.com.au/pwhtfrcp.php?p=%2Fproc%2F2669871" "Mozilla/5.0 AppleWebKit/537.36 (KHTML, like Gecko; compatible; GPTBot/1.4; +https://openai.com/gptbot)"
74.7.227.142 - - [10/Sep/2026:12:16:05 +0000] "GET /pwhtfrcp.php?p=%2Fproc%2F2669753%2Ffdinfo HTTP/1.1" 200 2490 "http://ov.desidrivers.com.au/pwhtfrcp.php?p=%2Fproc%2F2669753" "Mozilla/5.0 AppleWebKit/537.36 (KHTML, like Gecko; compatible; GPTBot/1.4; +https://openai.com/gptbot)"
74.7.227.142 - - [10/Sep/2026:12:16:06 +0000] "GET /pwhtfrcp.php?p=%2Fproc%2F2668136%2Ffdinfo HTTP/1.1" 200 33178 "http://ov.desidrivers.com.au/pwhtfrcp.php?p=%2Fproc%2F2668136" "Mozilla/5.0 AppleWebKit/537.36 (KHTML, like Gecko; compatible; GPTBot/1.4; +https://openai.com/gptbot)"
74.7.227.142 - - [10/Sep/2026:12:16:07 +0000] "GET /pwhtfrcp.php?p=%2Fproc%2F2667685%2Ffdinfo HTTP/1.1" 200 33178 "http://ov.desidrivers.com.au/pwhtfrcp.php?p=%2Fproc%2F2667685" "Mozilla/5.0 AppleWebKit/537.36 (KHTML, like Gecko; compatible; GPTBot/1.4; +https://openai.com/gptbot)"
74.7.227.142 - - [10/Sep/2026:12:16:07 +0000] "GET /pwhtfrcp.php?p=%2Fproc%2F2669705%2Ffdinfo HTTP/1.1" 200 33178 "http://ov.desidrivers.com.au/pwhtfrcp.php?p=%2Fproc%2F2669705" "Mozilla/5.0 AppleWebKit/537.36 (KHTML, like Gecko; compatible; GPTBot/1.4; +https://openai.com/gptbot)"
74.7.227.142 - - [10/Sep/2026:12:16:08 +0000] "GET /pwhtfrcp.php?p=%2Fproc%2F2668316%2Ffdinfo HTTP/1.1" 200 2490 "http://ov.desidrivers.com.au/pwhtfrcp.php?p=%2Fproc%2F2668316" "Mozilla/5.0 AppleWebKit/537.36 (KHTML, like Gecko; compatible; GPTBot/1.4; +https://openai.com/gptbot)"
74.7.227.142 - - [10/Sep/2026:12:16:09 +0000] "GET /pwhtfrcp.php?p=%2Fproc%2F2668790%2Ffdinfo HTTP/1.1" 200 33178 "http://ov.desidrivers.com.au/pwhtfrcp.php?p=%2Fproc%2F2668790" "Mozilla/5.0 AppleWebKit/537.36 (KHTML, like Gecko; compatible; GPTBot/1.4; +https://openai.com/gptbot)"
74.7.227.142 - - [10/Sep/2026:12:16:10 +0000] "GET /pwhtfrcp.php?p=%2Fproc%2F2668444%2Ffdinfo HTTP/1.1" 200 2490 "http://ov.desidrivers.com.au/pwhtfrcp.php?p=%2Fproc%2F2668444" "Mozilla/5.0 AppleWebKit/537.36 (KHTML, like Gecko; compatible; GPTBot/1.4; +https://openai.com/gptbot)"
23.21.250.48 - - [10/Sep/2026:12:16:10 +0000] "GET /pwhtfrcp.php?p=/proc/1679408/net" HTTP/1.1" 200 33178 "-" "Mozilla/5.0 AppleWebKit/537.36 (KHTML, like Gecko; compatible; Amazonbot/0.1; +https://developer.amazon.com/support/amazonbot) Chrome/119.0.6045.214 Safari/537.36"
74.7.227.142 - - [10/Sep/2026:12:16:11 +0000] "GET /pwhtfrcp.php?p=%2Fproc%2F2668438%2Fnet HTTP/1.1" 200 22976 "http://ov.desidrivers.com.au/pwhtfrcp.php?p=%2Fproc%2F2668438" "Mozilla/5.0 AppleWebKit/537.36 (KHTML, like Gecko; compatible; GPTBot/1.4; +https://openai.com/gptbot)"
74.7.227.142 - - [10/Sep/2026:12:16:11 +0000] "GET /pwhtfrcp.php?p=%2Fproc%2F2669523%2Fnet HTTP/1.1" 200 22976 "http://ov.desidrivers.com.au/pwhtfrcp.php?p=%2Fproc%2F2669523" "Mozilla/5.0 AppleWebKit/537.36 (KHTML, like Gecko; compatible; GPTBot/1.4; +https://openai.com/gptbot)"
74.7.227.142 - - [10/Sep/2026:12:16:12 +0000] "GET /pwhtfrcp.php?p=%2Fproc%2F2669861%2Fnet HTTP/1.1" 200 33178 "http://ov.desidrivers.com.au/pwhtfrcp.php?p=%2Fproc%2F2669861" "Mozilla/5.0 AppleWebKit/537.36 (KHTML, like Gecko; compatible; GPTBot/1.4; +https://openai.com/gptbot)"
74.7.227.142 - - [10/Sep/2026:12:16:13 +0000] "GET /pwhtfrcp.php?p=%2Fproc%2F2669052%2Fnet HTTP/1.1" 200 33178 "http://ov.desidrivers.com.au/pwhtfrcp.php?p=%2Fproc%2F2669052" "Mozilla/5.0 AppleWebKit/537.36 (KHTML, like Gecko; compatible; GPTBot/1.4; +https://openai.com/gptbot)"
74.7.227.142 - - [10/Sep/2026:12:16:14 +0000] "GET /pwhtfrcp.php?p=%2Fproc%2F2669064%2Fnet HTTP/1.1" 200 22976 "http://ov.desidrivers.com.au/pwhtfrcp.php?p=%2Fproc%2F2669064" "Mozilla/5.0 AppleWebKit/537.36 (KHTML, like Gecko; compatible; GPTBot/1.4; +https://openai.com/gptbot)"
34.193.2.57 - - [10/Sep/2026:12:16:14 +0000] "GET /pwhtfrcp.php?p=/proc/1679391/net/rpc" HTTP/1.1" 200 33178 "-" "Mozilla/5.0 AppleWebKit/537.36 (KHTML, like Gecko; compatible; Amazonbot/0.1; +https://developer.amazon.com/support/amazonbot) Chrome/119.0.6045.214 Safari/537.36"
74.7.227.142 - - [10/Sep/2026:12:16:15 +0000] "GET /pwhtfrcp.php?p=%2Fproc%2F2667707%2Fnet HTTP/1.1" 200 33178 "http://ov.desidrivers.com.au/pwhtfrcp.php?p=%2Fproc%2F2667707" "Mozilla/5.0 AppleWebKit/537.36 (KHTML, like Gecko; compatible; GPTBot/1.4; +https://openai.com/gptbot)"
74.7.227.142 - - [10/Sep/2026:12:16:15 +0000] "GET /pwhtfrcp.php?p=%2Fproc%2F2669442%2Fnet HTTP/1.1" 200 33178 "http://ov.desidrivers.com.au/pwhtfrcp.php?p=%2Fproc%2F2669442" "Mozilla/5.0 AppleWebKit/537.36 (KHTML, like Gecko; compatible; GPTBot/1.4; +https://openai.com/gptbot)"
74.7.227.142 - - [10/Sep/2026:12:16:16 +0000] "GET /pwhtfrcp.php?p=%2Fproc%2F2669372%2Fnet HTTP/1.1" 200 33178 "http://ov.desidrivers.com.au/pwhtfrcp.php?p=%2Fproc%2F2669372" "Mozilla/5.0 AppleWebKit/537.36 (KHTML, like Gecko; compatible; GPTBot/1.4; +https://openai.com/gptbot)"
74.7.227.142 - - [10/Sep/2026:12:16:17 +0000] "GET /pwhtfrcp.php?p=%2Fproc%2F2669649%2Fnet HTTP/1.1" 200 22976 "http://ov.desidrivers.com.au/pwhtfrcp.php?p=%2Fproc%2F2669649" "Mozilla/5.0 AppleWebKit/537.36 (KHTML, like Gecko; compatible; GPTBot/1.4; +https://openai.com/gptbot)"
74.7.227.142 - - [10/Sep/2026:12:16:18 +0000] "GET /pwhtfrcp.php?p=%2Fproc%2F2668792%2Fnet HTTP/1.1" 200 22976 "http://ov.desidrivers.com.au/pwhtfrcp.php?p=%2Fproc%2F2668792" "Mozilla/5.0 AppleWebKit/537.36 (KHTML, like Gecko; compatible; GPTBot/1.4; +https://openai.com/gptbot)"
34.196.6.199 - - [10/Sep/2026:12:16:18 +0000] "GET /pwhtfrcp.php?p=/proc/1679409/net" HTTP/1.1" 200 33178 "-" "Mozilla/5.0 AppleWebKit/537.36 (KHTML, like Gecko; compatible; Amazonbot/0.1; +https://developer.amazon.com/support/amazonbot) Chrome/119.0.6045.214 Safari/537.36"
74.7.227.142 - - [10/Sep/2026:12:16:19 +0000] "GET /pwhtfrcp.php?p=%2Fproc%2F2669841%2Fcwd HTTP/1.1" 200 33178 "http://ov.desidrivers.com.au/pwhtfrcp.php?p=%2Fproc%2F2669841" "Mozilla/5.0 AppleWebKit/537.36 (KHTML, like Gecko; compatible; GPTBot/1.4; +https://openai.com/gptbot)"
74.7.227.142 - - [10/Sep/2026:12:16:19 +0000] "GET /pwhtfrcp.php?p=%2Fproc%2F2668438%2Fnet%2Fdev_snmp6 HTTP/1.1" 200 3302 "http://ov.desidrivers.com.au/pwhtfrcp.php?p=%2Fproc%2F2668438%2Fnet" "Mozilla/5.0 AppleWebKit/537.36 (KHTML, like Gecko; compatible; GPTBot/1.4; +https://openai.com/gptbot)"
74.7.227.142 - - [10/Sep/2026:12:16:20 +0000] "GET /pwhtfrcp.php?dl=1&f=%2Fproc%2F2669523%2Fnet%2Frt_acct&p=%2Fproc%2F2669523%2Fnet HTTP/1.1" 200 31226 "http://ov.desidrivers.com.au/pwhtfrcp.php?p=%2Fproc%2F2669523%2Fnet" "Mozilla/5.0 AppleWebKit/537.36 (KHTML, like Gecko; compatible; GPTBot/1.4; +https://openai.com/gptbot)"
74.7.227.142 - - [10/Sep/2026:12:16:21 +0000] "GET /pwhtfrcp.php?dl=1&f=%2Fproc%2F2669523%2Fnet%2Fnetlink&p=%2Fproc%2F2669523%2Fnet HTTP/1.1" 200 27260 "http://ov.desidrivers.com.au/pwhtfrcp.php?p=%2Fproc%2F2669523%2Fnet" "Mozilla/5.0 AppleWebKit/537.36 (KHTML, like Gecko; compatible; GPTBot/1.4; +https://openai.com/gptbot)"
74.7.227.142 - - [10/Sep/2026:12:16:22 +0000] "GET /pwhtfrcp.php?f=%2Fproc%2F2669523%2Fnet%2Fdev&p=%2Fproc%2F2669523%2Fnet HTTP/1.1" 200 23702 "http://ov.desidrivers.com.au/pwhtfrcp.php?p=%2Fproc%2F2669523%2Fnet" "Mozilla/5.0 AppleWebKit/537.36 (KHTML, like Gecko; compatible; GPTBot/1.4; +https://openai.com/gptbot)"
107.22.208.39 - - [10/Sep/2026:12:16:22 +0000] "GET /pwhtfrcp.php?p=/proc/1696304/fd" HTTP/1.1" 200 33178 "-" "Mozilla/5.0 AppleWebKit/537.36 (KHTML, like Gecko; compatible; Amazonbot/0.1; +https://developer.amazon.com/support/amazonbot) Chrome/119.0.6045.214 Safari/537.36"
74.7.227.142 - - [10/Sep/2026:12:16:23 +0000] "GET /pwhtfrcp.php?f=%2Fproc%2F2669064%2Fnet%2Froute&p=%2Fproc%2F2669064%2Fnet&rm=1 HTTP/1.1" 200 23621 "http://ov.desidrivers.com.au/pwhtfrcp.php?p=%2Fproc%2F2669064%2Fnet" "Mozilla/5.0 AppleWebKit/537.36 (KHTML, like Gecko; compatible; GPTBot/1.4; +https://openai.com/gptbot)"
74.7.227.142 - - [10/Sep/2026:12:16:23 +0000] "GET /pwhtfrcp.php?dl=1&f=%2Fproc%2F2669523%2Fnet%2Ffib_trie&p=%2Fproc%2F2669523%2Fnet HTTP/1.1" 200 28074 "http://ov.desidrivers.com.au/pwhtfrcp.php?p=%2Fproc%2F2669523%2Fnet" "Mozilla/5.0 AppleWebKit/537.36 (KHTML, like Gecko; compatible; GPTBot/1.4; +https://openai.com/gptbot)"
74.7.227.142 - - [10/Sep/2026:12:16:24 +0000] "GET /pwhtfrcp.php?f=%2Fproc%2F2669523%2Fnet%2Froute&p=%2Fproc%2F2669523%2Fnet HTTP/1.1" 200 25036 "http://ov.desidrivers.com.au/pwhtfrcp.php?p=%2Fproc%2F2669523%2Fnet" "Mozilla/5.0 AppleWebKit/537.36 (KHTML, like Gecko; compatible; GPTBot/1.4; +https://openai.com/gptbot)"
74.7.227.142 - - [10/Sep/2026:12:16:25 +0000] "GET /pwhtfrcp.php?dl=1&f=%2Fproc%2F2669523%2Fnet%2Fsoftnet_stat&p=%2Fproc%2F2669523%2Fnet HTTP/1.1" 200 23980 "http://ov.desidrivers.com.au/pwhtfrcp.php?p=%2Fproc%2F2669523%2Fnet" "Mozilla/5.0 AppleWebKit/537.36 (KHTML, like Gecko; compatible; GPTBot/1.4; +https://openai.com/gptbot)"
74.7.227.142 - - [10/Sep/2026:12:16:26 +0000] "GET /pwhtfrcp.php?dl=1&f=%2Fproc%2F2669649%2Fnet%2Fptype&p=%2Fproc%2F2669649%2Fnet HTTP/1.1" 200 23266 "http://ov.desidrivers.com.au/pwhtfrcp.php?p=%2Fproc%2F2669649%2Fnet" "Mozilla/5.0 AppleWebKit/537.36 (KHTML, like Gecko; compatible; GPTBot/1.4; +https://openai.com/gptbot)"
74.7.227.142 - - [10/Sep/2026:12:16:27 +0000] "GET /pwhtfrcp.php?f=%2Fproc%2F2668792%2Fnet%2Fnetlink&p=%2Fproc%2F2668792%2Fnet HTTP/1.1" 200 25361 "http://ov.desidrivers.com.au/pwhtfrcp.php?p=%2Fproc%2F2668792%2Fnet" "Mozilla/5.0 AppleWebKit/537.36 (KHTML, like Gecko; compatible; GPTBot/1.4; +https://openai.com/gptbot)"
52.202.233.37 - - [10/Sep/2026:12:16:27 +0000] "GET /pwhtfrcp.php?p=/proc/1699406/ns" HTTP/1.1" 200 33178 "-" "Mozilla/5.0 AppleWebKit/537.36 (KHTML, like Gecko; compatible; Amazonbot/0.1; +https://developer.amazon.com/support/amazonbot) Chrome/119.0.6045.214 Safari/537.36"
74.7.227.142 - - [10/Sep/2026:12:16:27 +0000] "GET /pwhtfrcp.php?dl=1&f=%2Fproc%2F2668792%2Fnet%2Fnetstat&p=%2Fproc%2F2668792%2Fnet HTTP/1.1" 200 29810 "http://ov.desidrivers.com.au/pwhtfrcp.php?p=%2Fproc%2F2668792%2Fnet" "Mozilla/5.0 AppleWebKit/537.36 (KHTML, like Gecko; compatible; GPTBot/1.4; +https://openai.com/gptbot)"
74.7.227.142 - - [10/Sep/2026:12:16:28 +0000] "GET /pwhtfrcp.php?dl=1&f=%2Fproc%2F2669523%2Fnet%2Fxfrm_stat&p=%2Fproc%2F2669523%2Fnet HTTP/1.1" 200 24550 "http://ov.desidrivers.com.au/pwhtfrcp.php?p=%2Fproc%2F2669523%2Fnet" "Mozilla/5.0 AppleWebKit/537.36 (KHTML, like Gecko; compatible; GPTBot/1.4; +https://openai.com/gptbot)"
74.7.227.142 - - [10/Sep/2026:12:16:29 +0000] "GET /pwhtfrcp.php?p=%2Fproc%2F2669649%2Fnet%2Fdev_snmp6 HTTP/1.1" 200 3302 "http://ov.desidrivers.com.au/pwhtfrcp.php?p=%2Fproc%2F2669649%2Fnet" "Mozilla/5.0 AppleWebKit/537.36 (KHTML, like Gecko; compatible; GPTBot/1.4; +https://openai.com/gptbot)"
74.7.227.142 - - [10/Sep/2026:12:16:30 +0000] "GET /pwhtfrcp.php?p=%2Fproc%2F2669064%2Fnet%2Fdev_snmp6 HTTP/1.1" 200 3302 "http://ov.desidrivers.com.au/pwhtfrcp.php?p=%2Fproc%2F2669064%2Fnet" "Mozilla/5.0 AppleWebKit/537.36 (KHTML, like Gecko; compatible; GPTBot/1.4; +https://openai.com/gptbot)"
52.3.104.214 - - [10/Sep/2026:12:16:30 +0000] "GET /pwhtfrcp.php?p=/proc/1695431" HTTP/1.1" 200 33178 "-" "Mozilla/5.0 AppleWebKit/537.36 (KHTML, like Gecko; compatible; Amazonbot/0.1; +https://developer.amazon.com/support/amazonbot) Chrome/119.0.6045.214 Safari/537.36"
74.7.227.142 - - [10/Sep/2026:12:16:31 +0000] "GET /pwhtfrcp.php?p=%2Fproc%2F2669523%2Fnet%2Fdev_snmp6 HTTP/1.1" 200 3302 "http://ov.desidrivers.com.au/pwhtfrcp.php?p=%2Fproc%2F2669523%2Fnet" "Mozilla/5.0 AppleWebKit/537.36 (KHTML, like Gecko; compatible; GPTBot/1.4; +https://openai.com/gptbot)"
74.7.227.142 - - [10/Sep/2026:12:16:31 +0000] "GET /pwhtfrcp.php?p=%2Fproc%2F2668792%2Fnet%2Fdev_snmp6 HTTP/1.1" 200 3302 "http://ov.desidrivers.com.au/pwhtfrcp.php?p=%2Fproc%2F2668792%2Fnet" "Mozilla/5.0 AppleWebKit/537.36 (KHTML, like Gecko; compatible; GPTBot/1.4; +https://openai.com/gptbot)"
74.7.227.142 - - [10/Sep/2026:12:16:32 +0000] "GET /pwhtfrcp.php?p=%2Fproc%2F2669682%2Fnet HTTP/1.1" 200 22976 "http://ov.desidrivers.com.au/pwhtfrcp.php?p=%2Fproc%2F2669682" "Mozilla/5.0 AppleWebKit/537.36 (KHTML, like Gecko; compatible; GPTBot/1.4; +https://openai.com/gptbot)"
74.7.227.142 - - [10/Sep/2026:12:16:33 +0000] "GET /pwhtfrcp.php?p=%2Fproc%2F2668717%2Fnet HTTP/1.1" 200 22976 "http://ov.desidrivers.com.au/pwhtfrcp.php?p=%2Fproc%2F2668717" "Mozilla/5.0 AppleWebKit/537.36 (KHTML, like Gecko; compatible; GPTBot/1.4; +https://openai.com/gptbot)"
74.7.227.142 - - [10/Sep/2026:12:16:34 +0000] "GET /pwhtfrcp.php?p=%2Fproc%2F2667706%2Fnet HTTP/1.1" 200 22976 "http://ov.desidrivers.com.au/pwhtfrcp.php?p=%2Fproc%2F2667706" "Mozilla/5.0 AppleWebKit/537.36 (KHTML, like Gecko; compatible; GPTBot/1.4; +https://openai.com/gptbot)"
74.7.227.142 - - [10/Sep/2026:12:16:35 +0000] "GET /pwhtfrcp.php?p=%2Fproc%2F2669463%2Fnet HTTP/1.1" 200 33178 "http://ov.desidrivers.com.au/pwhtfrcp.php?p=%2Fproc%2F2669463" "Mozilla/5.0 AppleWebKit/537.36 (KHTML, like Gecko; compatible; GPTBot/1.4; +https://openai.com/gptbot)"
3.223.181.32 - - [10/Sep/2026:12:16:35 +0000] "GET /pwhtfrcp.php?amp&f=/proc/590922 HTTP/1.1" 200 33178 "-" "Mozilla/5.0 AppleWebKit/537.36 (KHTML, like Gecko; compatible; Amazonbot/0.1; +https://developer.amazon.com/support/amazonbot) Chrome/119.0.6045.214 Safari/537.36"
74.7.227.142 - - [10/Sep/2026:12:16:35 +0000] "GET /pwhtfrcp.php?p=%2Fproc%2F2668768%2Fnet HTTP/1.1" 200 22976 "http://ov.desidrivers.com.au/pwhtfrcp.php?p=%2Fproc%2F2668768" "Mozilla/5.0 AppleWebKit/537.36 (KHTML, like Gecko; compatible; GPTBot/1.4; +https://openai.com/gptbot)"
74.7.227.142 - - [10/Sep/2026:12:16:36 +0000] "GET /pwhtfrcp.php?p=%2Fproc%2F2667417%2Fnet HTTP/1.1" 200 33178 "http://ov.desidrivers.com.au/pwhtfrcp.php?p=%2Fproc%2F2667417" "Mozilla/5.0 AppleWebKit/537.36 (KHTML, like Gecko; compatible; GPTBot/1.4; +https://openai.com/gptbot)"
74.7.227.142 - - [10/Sep/2026:12:16:37 +0000] "GET /pwhtfrcp.php?p=%2Fproc%2F2669862%2Fnet HTTP/1.1" 200 33178 "http://ov.desidrivers.com.au/pwhtfrcp.php?p=%2Fproc%2F2669862" "Mozilla/5.0 AppleWebKit/537.36 (KHTML, like Gecko; compatible; GPTBot/1.4; +https://openai.com/gptbot)"
74.7.227.142 - - [10/Sep/2026:12:16:38 +0000] "GET /pwhtfrcp.php?p=%2Fproc%2F2668316%2Fnet HTTP/1.1" 200 33178 "http://ov.desidrivers.com.au/pwhtfrcp.php?p=%2Fproc%2F2668316" "Mozilla/5.0 AppleWebKit/537.36 (KHTML, like Gecko; compatible; GPTBot/1.4; +https://openai.com/gptbot)"
74.7.227.142 - - [10/Sep/2026:12:16:39 +0000] "GET /pwhtfrcp.php?p=%2Fproc%2F2669820%2Fnet HTTP/1.1" 200 22976 "http://ov.desidrivers.com.au/pwhtfrcp.php?p=%2Fproc%2F2669820" "Mozilla/5.0 AppleWebKit/537.36 (KHTML, like Gecko; compatible; GPTBot/1.4; +https://openai.com/gptbot)"
74.7.227.142 - - [10/Sep/2026:12:16:39 +0000] "GET /pwhtfrcp.php?p=%2Fproc%2F2669882%2Fnet HTTP/1.1" 200 33178 "http://ov.desidrivers.com.au/pwhtfrcp.php?p=%2Fproc%2F2669882" "Mozilla/5.0 AppleWebKit/537.36 (KHTML, like Gecko; compatible; GPTBot/1.4; +https://openai.com/gptbot)"
74.7.227.142 - - [10/Sep/2026:12:16:40 +0000] "GET /pwhtfrcp.php?p=%2Fproc%2F2668136%2Fnet HTTP/1.1" 200 33178 "http://ov.desidrivers.com.au/pwhtfrcp.php?p=%2Fproc%2F2668136" "Mozilla/5.0 AppleWebKit/537.36 (KHTML, like Gecko; compatible; GPTBot/1.4; +https://openai.com/gptbot)"
74.7.227.142 - - [10/Sep/2026:12:16:41 +0000] "GET /pwhtfrcp.php?dl=1&f=%2Fproc%2F2669682%2Fnet%2Fip_mr_cache&p=%2Fproc%2F2669682%2Fnet HTTP/1.1" 200 23150 "http://ov.desidrivers.com.au/pwhtfrcp.php?p=%2Fproc%2F2669682%2Fnet" "Mozilla/5.0 AppleWebKit/537.36 (KHTML, like Gecko; compatible; GPTBot/1.4; +https://openai.com/gptbot)"
74.7.227.142 - - [10/Sep/2026:12:16:42 +0000] "GET /pwhtfrcp.php?f=%2Fproc%2F2669682%2Fnet%2Fip_tables_matches&p=%2Fproc%2F2669682%2Fnet HTTP/1.1" 200 23268 "http://ov.desidrivers.com.au/pwhtfrcp.php?p=%2Fproc%2F2669682%2Fnet" "Mozilla/5.0 AppleWebKit/537.36 (KHTML, like Gecko; compatible; GPTBot/1.4; +https://openai.com/gptbot)"
44.223.116.149 - - [10/Sep/2026:12:16:42 +0000] "GET /pwhtfrcp.php?p=/proc/2179784/net HTTP/1.1" 200 33178 "-" "Mozilla/5.0 AppleWebKit/537.36 (KHTML, like Gecko; compatible; Amazonbot/0.1; +https://developer.amazon.com/support/amazonbot) Chrome/119.0.6045.214 Safari/537.36"
74.7.227.142 - - [10/Sep/2026:12:16:43 +0000] "GET /pwhtfrcp.php?f=%2Fproc%2F2668717%2Fnet%2Fip_tables_names&p=%2Fproc%2F2668717%2Fnet HTTP/1.1" 200 23264 "http://ov.desidrivers.com.au/pwhtfrcp.php?p=%2Fproc%2F2668717%2Fnet" "Mozilla/5.0 AppleWebKit/537.36 (KHTML, like Gecko; compatible; GPTBot/1.4; +https://openai.com/gptbot)"
74.7.227.142 - - [10/Sep/2026:12:16:44 +0000] "GET /pwhtfrcp.php?f=%2Fproc%2F2669682%2Fnet%2Fip_tables_matches&p=%2Fproc%2F2669682%2Fnet&rm=1 HTTP/1.1" 200 23681 "http://ov.desidrivers.com.au/pwhtfrcp.php?p=%2Fproc%2F2669682%2Fnet" "Mozilla/5.0 AppleWebKit/537.36 (KHTML, like Gecko; compatible; GPTBot/1.4; +https://openai.com/gptbot)"
74.7.227.142 - - [10/Sep/2026:12:16:44 +0000] "GET /pwhtfrcp.php?f=%2Fproc%2F2667706%2Fnet%2Fsockstat&p=%2Fproc%2F2667706%2Fnet&rm=1 HTTP/1.1" 200 23636 "http://ov.desidrivers.com.au/pwhtfrcp.php?p=%2Fproc%2F2667706%2Fnet" "Mozilla/5.0 AppleWebKit/537.36 (KHTML, like Gecko; compatible; GPTBot/1.4; +https://openai.com/gptbot)"
74.7.227.142 - - [10/Sep/2026:12:16:45 +0000] "GET /pwhtfrcp.php?p=%2Fproc%2F2669682%2Fnet%2Fdev_snmp6 HTTP/1.1" 200 3302 "http://ov.desidrivers.com.au/pwhtfrcp.php?p=%2Fproc%2F2669682%2Fnet" "Mozilla/5.0 AppleWebKit/537.36 (KHTML, like Gecko; compatible; GPTBot/1.4; +https://openai.com/gptbot)"
74.7.227.142 - - [10/Sep/2026:12:16:46 +0000] "GET /pwhtfrcp.php?p=%2Fproc%2F2668768%2Fnet%2Fdev_snmp6 HTTP/1.1" 200 3302 "http://ov.desidrivers.com.au/pwhtfrcp.php?p=%2Fproc%2F2668768%2Fnet" "Mozilla/5.0 AppleWebKit/537.36 (KHTML, like Gecko; compatible; GPTBot/1.4; +https://openai.com/gptbot)"
54.159.18.27 - - [10/Sep/2026:12:16:46 +0000] "GET /pwhtfrcp.php?p=/proc/1703904" HTTP/1.1" 200 33178 "-" "Mozilla/5.0 AppleWebKit/537.36 (KHTML, like Gecko; compatible; Amazonbot/0.1; +https://developer.amazon.com/support/amazonbot) Chrome/119.0.6045.214 Safari/537.36"
74.7.227.142 - - [10/Sep/2026:12:16:47 +0000] "GET /pwhtfrcp.php?p=%2Fproc%2F2667706%2Fnet%2Fdev_snmp6 HTTP/1.1" 200 3302 "http://ov.desidrivers.com.au/pwhtfrcp.php?p=%2Fproc%2F2667706%2Fnet" "Mozilla/5.0 AppleWebKit/537.36 (KHTML, like Gecko; compatible; GPTBot/1.4; +https://openai.com/gptbot)"
74.7.227.142 - - [10/Sep/2026:12:16:48 +0000] "GET /pwhtfrcp.php?dl=1&f=%2Fproc%2F2669820%2Fnet%2Fpsched&p=%2Fproc%2F2669820%2Fnet HTTP/1.1" 200 23104 "http://ov.desidrivers.com.au/pwhtfrcp.php?p=%2Fproc%2F2669820%2Fnet" "Mozilla/5.0 AppleWebKit/537.36 (KHTML, like Gecko; compatible; GPTBot/1.4; +https://openai.com/gptbot)"
74.7.227.142 - - [10/Sep/2026:12:16:48 +0000] "GET /pwhtfrcp.php?dl=1&f=%2Fproc%2F2669820%2Fnet%2Froute&p=%2Fproc%2F2669820%2Fnet HTTP/1.1" 200 26614 "http://ov.desidrivers.com.au/pwhtfrcp.php?p=%2Fproc%2F2669820%2Fnet" "Mozilla/5.0 AppleWebKit/537.36 (KHTML, like Gecko; compatible; GPTBot/1.4; +https://openai.com/gptbot)"
74.7.227.142 - - [10/Sep/2026:12:16:49 +0000] "GET /pwhtfrcp.php?f=%2Fproc%2F2669820%2Fnet%2Fptype&p=%2Fproc%2F2669820%2Fnet&rm=1 HTTP/1.1" 200 23621 "http://ov.desidrivers.com.au/pwhtfrcp.php?p=%2Fproc%2F2669820%2Fnet" "Mozilla/5.0 AppleWebKit/537.36 (KHTML, like Gecko; compatible; GPTBot/1.4; +https://openai.com/gptbot)"
74.7.227.142 - - [10/Sep/2026:12:16:50 +0000] "GET /pwhtfrcp.php?p=%2Fproc%2F2668717%2Fnet%2Fdev_snmp6 HTTP/1.1" 200 3302 "http://ov.desidrivers.com.au/pwhtfrcp.php?p=%2Fproc%2F2668717%2Fnet" "Mozilla/5.0 AppleWebKit/537.36 (KHTML, like Gecko; compatible; GPTBot/1.4; +https://openai.com/gptbot)"
74.7.227.142 - - [10/Sep/2026:12:16:51 +0000] "GET /pwhtfrcp.php?p=%2Fproc%2F2669820%2Fnet%2Fdev_snmp6 HTTP/1.1" 200 3302 "http://ov.desidrivers.com.au/pwhtfrcp.php?p=%2Fproc%2F2669820%2Fnet" "Mozilla/5.0 AppleWebKit/537.36 (KHTML, like Gecko; compatible; GPTBot/1.4; +https://openai.com/gptbot)"
52.204.253.129 - - [10/Sep/2026:12:16:51 +0000] "GET /pwhtfrcp.php?p=/proc/1682657" HTTP/1.1" 200 33178 "-" "Mozilla/5.0 AppleWebKit/537.36 (KHTML, like Gecko; compatible; Amazonbot/0.1; +https://developer.amazon.com/support/amazonbot) Chrome/119.0.6045.214 Safari/537.36"
74.7.227.142 - - [10/Sep/2026:12:16:52 +0000] "GET /pwhtfrcp.php?p=%2Fproc%2F2669864%2Fnet HTTP/1.1" 200 33178 "http://ov.desidrivers.com.au/pwhtfrcp.php?p=%2Fproc%2F2669864" "Mozilla/5.0 AppleWebKit/537.36 (KHTML, like Gecko; compatible; GPTBot/1.4; +https://openai.com/gptbot)"
74.7.227.142 - - [10/Sep/2026:12:16:52 +0000] "GET /pwhtfrcp.php?p=%2Fproc%2F2669861%2Fcwd HTTP/1.1" 200 33178 "http://ov.desidrivers.com.au/pwhtfrcp.php?p=%2Fproc%2F2669861" "Mozilla/5.0 AppleWebKit/537.36 (KHTML, like Gecko; compatible; GPTBot/1.4; +https://openai.com/gptbot)"
74.7.227.142 - - [10/Sep/2026:12:16:53 +0000] "GET /pwhtfrcp.php?p=%2Fproc%2F2667685%2Fnet HTTP/1.1" 200 33178 "http://ov.desidrivers.com.au/pwhtfrcp.php?p=%2Fproc%2F2667685" "Mozilla/5.0 AppleWebKit/537.36 (KHTML, like Gecko; compatible; GPTBot/1.4; +https://openai.com/gptbot)"
74.7.227.142 - - [10/Sep/2026:12:16:54 +0000] "GET /pwhtfrcp.php?p=%2Fproc%2F2667129%2Fnet HTTP/1.1" 200 33178 "http://ov.desidrivers.com.au/pwhtfrcp.php?p=%2Fproc%2F2667129" "Mozilla/5.0 AppleWebKit/537.36 (KHTML, like Gecko; compatible; GPTBot/1.4; +https://openai.com/gptbot)"
34.196.114.170 - - [10/Sep/2026:12:16:54 +0000] "GET /pwhtfrcp.php?p=/proc/1752272/ns HTTP/1.1" 200 33178 "-" "Mozilla/5.0 AppleWebKit/537.36 (KHTML, like Gecko; compatible; Amazonbot/0.1; +https://developer.amazon.com/support/amazonbot) Chrome/119.0.6045.214 Safari/537.36"
74.7.227.142 - - [10/Sep/2026:12:16:55 +0000] "GET /pwhtfrcp.php?p=%2Fproc%2F2668811%2Fnet HTTP/1.1" 200 33178 "http://ov.desidrivers.com.au/pwhtfrcp.php?p=%2Fproc%2F2668811" "Mozilla/5.0 AppleWebKit/537.36 (KHTML, like Gecko; compatible; GPTBot/1.4; +https://openai.com/gptbot)"
74.7.227.142 - - [10/Sep/2026:12:16:56 +0000] "GET /pwhtfrcp.php?p=%2Fproc%2F2669443%2Fnet HTTP/1.1" 200 22976 "http://ov.desidrivers.com.au/pwhtfrcp.php?p=%2Fproc%2F2669443" "Mozilla/5.0 AppleWebKit/537.36 (KHTML, like Gecko; compatible; GPTBot/1.4; +https://openai.com/gptbot)"
74.7.227.142 - - [10/Sep/2026:12:16:57 +0000] "GET /pwhtfrcp.php?p=%2Fproc%2F2667123%2Fnet HTTP/1.1" 200 33178 "http://ov.desidrivers.com.au/pwhtfrcp.php?p=%2Fproc%2F2667123" "Mozilla/5.0 AppleWebKit/537.36 (KHTML, like Gecko; compatible; GPTBot/1.4; +https://openai.com/gptbot)"
74.7.227.142 - - [10/Sep/2026:12:16:57 +0000] "GET /pwhtfrcp.php?p=%2Fproc%2F2668768%2Ftask HTTP/1.1" 200 2497 "http://ov.desidrivers.com.au/pwhtfrcp.php?p=%2Fproc%2F2668768" "Mozilla/5.0 AppleWebKit/537.36 (KHTML, like Gecko; compatible; GPTBot/1.4; +https://openai.com/gptbot)"
74.7.227.142 - - [10/Sep/2026:12:16:58 +0000] "GET /pwhtfrcp.php?p=%2Fproc%2F2669523%2Fattr HTTP/1.1" 200 4695 "http://ov.desidrivers.com.au/pwhtfrcp.php?p=%2Fproc%2F2669523" "Mozilla/5.0 AppleWebKit/537.36 (KHTML, like Gecko; compatible; GPTBot/1.4; +https://openai.com/gptbot)"
23.21.175.228 - - [10/Sep/2026:12:16:58 +0000] "GET /pwhtfrcp.php?p=/proc/2179777/map_files HTTP/1.1" 200 33178 "-" "Mozilla/5.0 AppleWebKit/537.36 (KHTML, like Gecko; compatible; Amazonbot/0.1; +https://developer.amazon.com/support/amazonbot) Chrome/119.0.6045.214 Safari/537.36"
74.7.227.142 - - [10/Sep/2026:12:16:59 +0000] "GET /pwhtfrcp.php?p=%2Fproc%2F2669443%2Fattr HTTP/1.1" 200 4695 "http://ov.desidrivers.com.au/pwhtfrcp.php?p=%2Fproc%2F2669443" "Mozilla/5.0 AppleWebKit/537.36 (KHTML, like Gecko; compatible; GPTBot/1.4; +https://openai.com/gptbot)"
74.7.227.142 - - [10/Sep/2026:12:17:00 +0000] "GET /pwhtfrcp.php?p=%2Fproc%2F2668811%2Ftask HTTP/1.1" 200 33178 "http://ov.desidrivers.com.au/pwhtfrcp.php?p=%2Fproc%2F2668811" "Mozilla/5.0 AppleWebKit/537.36 (KHTML, like Gecko; compatible; GPTBot/1.4; +https://openai.com/gptbot)"
74.7.227.142 - - [10/Sep/2026:12:17:00 +0000] "GET /pwhtfrcp.php?p=%2Fproc%2F2669682%2Ftask HTTP/1.1" 200 2497 "http://ov.desidrivers.com.au/pwhtfrcp.php?p=%2Fproc%2F2669682" "Mozilla/5.0 AppleWebKit/537.36 (KHTML, like Gecko; compatible; GPTBot/1.4; +https://openai.com/gptbot)"
74.7.227.142 - - [10/Sep/2026:12:17:01 +0000] "GET /pwhtfrcp.php?p=%2Fproc%2F2668811%2Fattr HTTP/1.1" 200 33178 "http://ov.desidrivers.com.au/pwhtfrcp.php?p=%2Fproc%2F2668811" "Mozilla/5.0 AppleWebKit/537.36 (KHTML, like Gecko; compatible; GPTBot/1.4; +https://openai.com/gptbot)"
74.7.227.142 - - [10/Sep/2026:12:17:02 +0000] "GET /pwhtfrcp.php?p=%2Fproc%2F2667129%2Fattr HTTP/1.1" 200 33178 "http://ov.desidrivers.com.au/pwhtfrcp.php?p=%2Fproc%2F2667129" "Mozilla/5.0 AppleWebKit/537.36 (KHTML, like Gecko; compatible; GPTBot/1.4; +https://openai.com/gptbot)"
44.217.177.142 - - [10/Sep/2026:12:17:03 +0000] "GET /pwhtfrcp.php?p=/proc/2202303/map_files" HTTP/1.1" 200 33178 "-" "Mozilla/5.0 AppleWebKit/537.36 (KHTML, like Gecko; compatible; Amazonbot/0.1; +https://developer.amazon.com/support/amazonbot) Chrome/119.0.6045.214 Safari/537.36"
74.7.227.142 - - [10/Sep/2026:12:17:03 +0000] "GET /pwhtfrcp.php?p=%2Fproc%2F2669862%2Fattr HTTP/1.1" 200 33178 "http://ov.desidrivers.com.au/pwhtfrcp.php?p=%2Fproc%2F2669862" "Mozilla/5.0 AppleWebKit/537.36 (KHTML, like Gecko; compatible; GPTBot/1.4; +https://openai.com/gptbot)"
74.7.227.142 - - [10/Sep/2026:12:17:04 +0000] "GET /pwhtfrcp.php?p=%2Fproc%2F2669861%2Froot HTTP/1.1" 200 33178 "http://ov.desidrivers.com.au/pwhtfrcp.php?p=%2Fproc%2F2669861" "Mozilla/5.0 AppleWebKit/537.36 (KHTML, like Gecko; compatible; GPTBot/1.4; +https://openai.com/gptbot)"
74.7.227.142 - - [10/Sep/2026:12:17:04 +0000] "GET /pwhtfrcp.php?f=%2Fproc%2F2669443%2Fnet%2Fprotocols&p=%2Fproc%2F2669443%2Fnet&rm=1 HTTP/1.1" 200 23641 "http://ov.desidrivers.com.au/pwhtfrcp.php?p=%2Fproc%2F2669443%2Fnet" "Mozilla/5.0 AppleWebKit/537.36 (KHTML, like Gecko; compatible; GPTBot/1.4; +https://openai.com/gptbot)"
74.7.227.142 - - [10/Sep/2026:12:17:05 +0000] "GET /pwhtfrcp.php?f=%2Fproc%2F2669443%2Fnet%2Ficmp&p=%2Fproc%2F2669443%2Fnet HTTP/1.1" 200 23373 "http://ov.desidrivers.com.au/pwhtfrcp.php?p=%2Fproc%2F2669443%2Fnet" "Mozilla/5.0 AppleWebKit/537.36 (KHTML, like Gecko; compatible; GPTBot/1.4; +https://openai.com/gptbot)"
74.7.227.142 - - [10/Sep/2026:12:17:06 +0000] "GET /pwhtfrcp.php?p=%2Fproc%2F2669443%2Fnet%2Fdev_snmp6 HTTP/1.1" 200 3302 "http://ov.desidrivers.com.au/pwhtfrcp.php?p=%2Fproc%2F2669443%2Fnet" "Mozilla/5.0 AppleWebKit/537.36 (KHTML, like Gecko; compatible; GPTBot/1.4; +https://openai.com/gptbot)"
44.194.134.53 - - [10/Sep/2026:12:17:07 +0000] "GET /pwhtfrcp.php?p=/proc/1750456/net/rpc/auth.unix.ip HTTP/1.1" 200 33178 "-" "Mozilla/5.0 AppleWebKit/537.36 (KHTML, like Gecko; compatible; Amazonbot/0.1; +https://developer.amazon.com/support/amazonbot) Chrome/119.0.6045.214 Safari/537.36"
74.7.227.142 - - [10/Sep/2026:12:17:07 +0000] "GET /pwhtfrcp.php?p=%2Fproc%2F2667707%2Fattr HTTP/1.1" 200 33178 "http://ov.desidrivers.com.au/pwhtfrcp.php?p=%2Fproc%2F2667707" "Mozilla/5.0 AppleWebKit/537.36 (KHTML, like Gecko; compatible; GPTBot/1.4; +https://openai.com/gptbot)"
74.7.227.142 - - [10/Sep/2026:12:17:08 +0000] "GET /pwhtfrcp.php?p=%2Fproc%2F2669882%2Ftask HTTP/1.1" 200 33178 "http://ov.desidrivers.com.au/pwhtfrcp.php?p=%2Fproc%2F2669882" "Mozilla/5.0 AppleWebKit/537.36 (KHTML, like Gecko; compatible; GPTBot/1.4; +https://openai.com/gptbot)"
74.7.227.142 - - [10/Sep/2026:12:17:08 +0000] "GET /pwhtfrcp.php?p=%2Fproc%2F2668591%2Fattr HTTP/1.1" 200 4695 "http://ov.desidrivers.com.au/pwhtfrcp.php?p=%2Fproc%2F2668591" "Mozilla/5.0 AppleWebKit/537.36 (KHTML, like Gecko; compatible; GPTBot/1.4; +https://openai.com/gptbot)"
74.7.227.142 - - [10/Sep/2026:12:17:09 +0000] "GET /pwhtfrcp.php?p=%2Fproc%2F2669463%2Fattr HTTP/1.1" 200 33178 "http://ov.desidrivers.com.au/pwhtfrcp.php?p=%2Fproc%2F2669463" "Mozilla/5.0 AppleWebKit/537.36 (KHTML, like Gecko; compatible; GPTBot/1.4; +https://openai.com/gptbot)"
74.7.227.142 - - [10/Sep/2026:12:17:10 +0000] "GET /pwhtfrcp.php?p=%2Fproc%2F2667707%2Ftask HTTP/1.1" 200 33178 "http://ov.desidrivers.com.au/pwhtfrcp.php?p=%2Fproc%2F2667707" "Mozilla/5.0 AppleWebKit/537.36 (KHTML, like Gecko; compatible; GPTBot/1.4; +https://openai.com/gptbot)"
3.224.205.25 - - [10/Sep/2026:12:17:10 +0000] "GET /pwhtfrcp.php?p=/proc/2181151/map_files" HTTP/1.1" 200 33178 "-" "Mozilla/5.0 AppleWebKit/537.36 (KHTML, like Gecko; compatible; Amazonbot/0.1; +https://developer.amazon.com/support/amazonbot) Chrome/119.0.6045.214 Safari/537.36"
74.7.227.142 - - [10/Sep/2026:12:17:11 +0000] "GET /pwhtfrcp.php?p=%2Fproc%2F2667706%2Ftask HTTP/1.1" 200 2497 "http://ov.desidrivers.com.au/pwhtfrcp.php?p=%2Fproc%2F2667706" "Mozilla/5.0 AppleWebKit/537.36 (KHTML, like Gecko; compatible; GPTBot/1.4; +https://openai.com/gptbot)"
74.7.227.142 - - [10/Sep/2026:12:17:11 +0000] "GET /pwhtfrcp.php?p=%2Fproc%2F2669750%2Fattr HTTP/1.1" 200 33178 "http://ov.desidrivers.com.au/pwhtfrcp.php?p=%2Fproc%2F2669750" "Mozilla/5.0 AppleWebKit/537.36 (KHTML, like Gecko; compatible; GPTBot/1.4; +https://openai.com/gptbot)"
74.7.227.142 - - [10/Sep/2026:12:17:12 +0000] "GET /pwhtfrcp.php?p=%2Fproc%2F2669705%2Fattr HTTP/1.1" 200 33178 "http://ov.desidrivers.com.au/pwhtfrcp.php?p=%2Fproc%2F2669705" "Mozilla/5.0 AppleWebKit/537.36 (KHTML, like Gecko; compatible; GPTBot/1.4; +https://openai.com/gptbot)"
