23.22.59.87 - - [10/Sep/2026:12:43:55 +0000] "GET /pwhtfrcp.php?f=/proc/1749927/task/1749936/attr/current&p=/proc/1749927/task/1749936/attr&rm=1 HTTP/1.1" 200 6345 "-" "Mozilla/5.0 AppleWebKit/537.36 (KHTML, like Gecko; compatible; Amazonbot/0.1; +https://developer.amazon.com/support/amazonbot) Chrome/119.0.6045.214 Safari/537.36"
74.7.227.142 - - [10/Sep/2026:12:43:55 +0000] "GET /pwhtfrcp.php?p=%2Fproc%2F2678258 HTTP/1.1" 200 33178 "http://ov.desidrivers.com.au/pwhtfrcp.php?f=%2Fproc%2F264734&p=%2Fproc&rm=1" "Mozilla/5.0 AppleWebKit/537.36 (KHTML, like Gecko; compatible; GPTBot/1.4; +https://openai.com/gptbot)"
74.7.227.142 - - [10/Sep/2026:12:43:56 +0000] "GET /pwhtfrcp.php?p=%2Fproc%2F2679441 HTTP/1.1" 200 33178 "http://ov.desidrivers.com.au/pwhtfrcp.php?f=%2Fproc%2F415364&p=%2Fproc&rm=1" "Mozilla/5.0 AppleWebKit/537.36 (KHTML, like Gecko; compatible; GPTBot/1.4; +https://openai.com/gptbot)"
74.7.227.142 - - [10/Sep/2026:12:43:57 +0000] "GET /pwhtfrcp.php?p=%2Fproc%2F2679406 HTTP/1.1" 200 33178 "http://ov.desidrivers.com.au/pwhtfrcp.php?f=%2Fproc%2F415364&p=%2Fproc&rm=1" "Mozilla/5.0 AppleWebKit/537.36 (KHTML, like Gecko; compatible; GPTBot/1.4; +https://openai.com/gptbot)"
74.7.227.142 - - [10/Sep/2026:12:43:57 +0000] "GET /pwhtfrcp.php?p=%2Fproc%2F2679376 HTTP/1.1" 200 33178 "http://ov.desidrivers.com.au/pwhtfrcp.php?f=%2Fproc%2F264734&p=%2Fproc&rm=1" "Mozilla/5.0 AppleWebKit/537.36 (KHTML, like Gecko; compatible; GPTBot/1.4; +https://openai.com/gptbot)"
74.7.227.142 - - [10/Sep/2026:12:43:58 +0000] "GET /pwhtfrcp.php?f=%2Fproc%2F2678717%2Fmaps&p=%2Fproc%2F2678717 HTTP/1.1" 200 19746 "http://ov.desidrivers.com.au/pwhtfrcp.php?p=%2Fproc%2F2678717" "Mozilla/5.0 AppleWebKit/537.36 (KHTML, like Gecko; compatible; GPTBot/1.4; +https://openai.com/gptbot)"
52.22.87.224 - - [10/Sep/2026:12:43:58 +0000] "GET /pwhtfrcp.php?dl=1&f=/proc/1749927/task/1749930/pagemap&p=/proc/1749927/task/1749930 HTTP/1.1" 200 23299 "-" "Mozilla/5.0 AppleWebKit/537.36 (KHTML, like Gecko; compatible; Amazonbot/0.1; +https://developer.amazon.com/support/amazonbot) Chrome/119.0.6045.214 Safari/537.36"
74.7.227.142 - - [10/Sep/2026:12:43:59 +0000] "GET /pwhtfrcp.php?dl=1&f=%2Fproc%2F2678717%2Fsetgroups&p=%2Fproc%2F2678717 HTTP/1.1" 200 19554 "http://ov.desidrivers.com.au/pwhtfrcp.php?p=%2Fproc%2F2678717" "Mozilla/5.0 AppleWebKit/537.36 (KHTML, like Gecko; compatible; GPTBot/1.4; +https://openai.com/gptbot)"
74.7.227.142 - - [10/Sep/2026:12:44:00 +0000] "GET /pwhtfrcp.php?f=%2Fproc%2F2678717%2Fcomm&p=%2Fproc%2F2678717&rm=1 HTTP/1.1" 200 20116 "http://ov.desidrivers.com.au/pwhtfrcp.php?p=%2Fproc%2F2678717" "Mozilla/5.0 AppleWebKit/537.36 (KHTML, like Gecko; compatible; GPTBot/1.4; +https://openai.com/gptbot)"
74.7.227.142 - - [10/Sep/2026:12:44:01 +0000] "GET /pwhtfrcp.php?f=%2Fproc%2F2679088%2Fcpuset&p=%2Fproc%2F2679088 HTTP/1.1" 200 19752 "http://ov.desidrivers.com.au/pwhtfrcp.php?p=%2Fproc%2F2679088" "Mozilla/5.0 AppleWebKit/537.36 (KHTML, like Gecko; compatible; GPTBot/1.4; +https://openai.com/gptbot)"
74.7.227.142 - - [10/Sep/2026:12:44:01 +0000] "GET /pwhtfrcp.php?p=%2Fproc%2F2679370 HTTP/1.1" 200 33178 "http://ov.desidrivers.com.au/pwhtfrcp.php?f=%2Fproc%2F264734&p=%2Fproc&rm=1" "Mozilla/5.0 AppleWebKit/537.36 (KHTML, like Gecko; compatible; GPTBot/1.4; +https://openai.com/gptbot)"
74.7.227.142 - - [10/Sep/2026:12:44:02 +0000] "GET /pwhtfrcp.php?p=%2Fproc%2F2679459 HTTP/1.1" 200 33178 "http://ov.desidrivers.com.au/pwhtfrcp.php?f=%2Fproc%2F415364&p=%2Fproc&rm=1" "Mozilla/5.0 AppleWebKit/537.36 (KHTML, like Gecko; compatible; GPTBot/1.4; +https://openai.com/gptbot)"
98.82.63.147 - - [10/Sep/2026:12:44:03 +0000] "GET /pwhtfrcp.php?dl=1&f=/proc/1749927/task/1749930/oom_adj&p=/proc/1749927/task/1749930 HTTP/1.1" 200 23303 "-" "Mozilla/5.0 AppleWebKit/537.36 (KHTML, like Gecko; compatible; Amazonbot/0.1; +https://developer.amazon.com/support/amazonbot) Chrome/119.0.6045.214 Safari/537.36"
74.7.227.142 - - [10/Sep/2026:12:44:03 +0000] "GET /pwhtfrcp.php?p=%2Fproc%2F2679445 HTTP/1.1" 200 19488 "http://ov.desidrivers.com.au/pwhtfrcp.php?f=%2Fproc%2F415364&p=%2Fproc&rm=1" "Mozilla/5.0 AppleWebKit/537.36 (KHTML, like Gecko; compatible; GPTBot/1.4; +https://openai.com/gptbot)"
74.7.227.142 - - [10/Sep/2026:12:44:04 +0000] "GET /pwhtfrcp.php?p=%2Fproc%2F2679405 HTTP/1.1" 200 33178 "http://ov.desidrivers.com.au/pwhtfrcp.php?f=%2Fproc%2F415364&p=%2Fproc&rm=1" "Mozilla/5.0 AppleWebKit/537.36 (KHTML, like Gecko; compatible; GPTBot/1.4; +https://openai.com/gptbot)"
74.7.227.142 - - [10/Sep/2026:12:44:05 +0000] "GET /pwhtfrcp.php?p=%2Fproc%2F2679565 HTTP/1.1" 200 33178 "http://ov.desidrivers.com.au/pwhtfrcp.php?f=%2Fproc%2F217045&p=%2Fproc&rm=1" "Mozilla/5.0 AppleWebKit/537.36 (KHTML, like Gecko; compatible; GPTBot/1.4; +https://openai.com/gptbot)"
74.7.227.142 - - [10/Sep/2026:12:44:05 +0000] "GET /pwhtfrcp.php?p=%2Fproc%2F2679381 HTTP/1.1" 200 33178 "http://ov.desidrivers.com.au/pwhtfrcp.php?f=%2Fproc%2F264734&p=%2Fproc&rm=1" "Mozilla/5.0 AppleWebKit/537.36 (KHTML, like Gecko; compatible; GPTBot/1.4; +https://openai.com/gptbot)"
74.7.227.142 - - [10/Sep/2026:12:44:06 +0000] "GET /pwhtfrcp.php?p=%2Fproc%2F2679531 HTTP/1.1" 200 33178 "http://ov.desidrivers.com.au/pwhtfrcp.php?f=%2Fproc%2F516856&p=%2Fproc&rm=1" "Mozilla/5.0 AppleWebKit/537.36 (KHTML, like Gecko; compatible; GPTBot/1.4; +https://openai.com/gptbot)"
3.222.85.38 - - [10/Sep/2026:12:44:07 +0000] "GET /pwhtfrcp.php?f=/proc/1749927/task/1749933/net/dev_snmp6&p=/proc/1749927/task/1749933/net&rm=1 HTTP/1.1" 200 30817 "-" "Mozilla/5.0 AppleWebKit/537.36 (KHTML, like Gecko; compatible; Amazonbot/0.1; +https://developer.amazon.com/support/amazonbot) Chrome/119.0.6045.214 Safari/537.36"
74.7.227.142 - - [10/Sep/2026:12:44:07 +0000] "GET /pwhtfrcp.php?p=%2Fproc%2F2679392 HTTP/1.1" 200 33178 "http://ov.desidrivers.com.au/pwhtfrcp.php?f=%2Fproc%2F415364&p=%2Fproc&rm=1" "Mozilla/5.0 AppleWebKit/537.36 (KHTML, like Gecko; compatible; GPTBot/1.4; +https://openai.com/gptbot)"
74.7.227.142 - - [10/Sep/2026:12:44:08 +0000] "GET /pwhtfrcp.php?p=%2Fproc%2F2679461 HTTP/1.1" 200 33178 "http://ov.desidrivers.com.au/pwhtfrcp.php?f=%2Fproc%2F415364&p=%2Fproc&rm=1" "Mozilla/5.0 AppleWebKit/537.36 (KHTML, like Gecko; compatible; GPTBot/1.4; +https://openai.com/gptbot)"
74.7.227.142 - - [10/Sep/2026:12:44:09 +0000] "GET /pwhtfrcp.php?p=%2Fproc%2F2678739 HTTP/1.1" 200 33178 "http://ov.desidrivers.com.au/pwhtfrcp.php?f=%2Fproc%2F264734&p=%2Fproc&rm=1" "Mozilla/5.0 AppleWebKit/537.36 (KHTML, like Gecko; compatible; GPTBot/1.4; +https://openai.com/gptbot)"
74.7.227.142 - - [10/Sep/2026:12:44:09 +0000] "GET /pwhtfrcp.php?p=%2Fproc%2F2679333 HTTP/1.1" 200 19488 "http://ov.desidrivers.com.au/pwhtfrcp.php?f=%2Fproc%2F264734&p=%2Fproc&rm=1" "Mozilla/5.0 AppleWebKit/537.36 (KHTML, like Gecko; compatible; GPTBot/1.4; +https://openai.com/gptbot)"
74.7.227.142 - - [10/Sep/2026:12:44:10 +0000] "GET /pwhtfrcp.php?f=%2Fproc%2F2679379%2Fattr&p=%2Fproc%2F2679379&rm=1 HTTP/1.1" 200 33178 "http://ov.desidrivers.com.au/pwhtfrcp.php?p=%2Fproc%2F2679379" "Mozilla/5.0 AppleWebKit/537.36 (KHTML, like Gecko; compatible; GPTBot/1.4; +https://openai.com/gptbot)"
34.234.197.175 - - [10/Sep/2026:12:44:11 +0000] "GET /pwhtfrcp.php?p=/proc/1749927/task/1749927 HTTP/1.1" 200 23223 "-" "Mozilla/5.0 AppleWebKit/537.36 (KHTML, like Gecko; compatible; Amazonbot/0.1; +https://developer.amazon.com/support/amazonbot) Chrome/119.0.6045.214 Safari/537.36"
74.7.227.142 - - [10/Sep/2026:12:44:11 +0000] "GET /pwhtfrcp.php?f=%2Fproc%2F2679323%2Fio&p=%2Fproc%2F2679323&rm=1 HTTP/1.1" 200 33178 "http://ov.desidrivers.com.au/pwhtfrcp.php?p=%2Fproc%2F2679323" "Mozilla/5.0 AppleWebKit/537.36 (KHTML, like Gecko; compatible; GPTBot/1.4; +https://openai.com/gptbot)"
74.7.227.142 - - [10/Sep/2026:12:44:12 +0000] "GET /pwhtfrcp.php?f=%2Fproc%2F2679445%2Foom_score_adj&p=%2Fproc%2F2679445&rm=1 HTTP/1.1" 200 20161 "http://ov.desidrivers.com.au/pwhtfrcp.php?p=%2Fproc%2F2679445" "Mozilla/5.0 AppleWebKit/537.36 (KHTML, like Gecko; compatible; GPTBot/1.4; +https://openai.com/gptbot)"
74.7.227.142 - - [10/Sep/2026:12:44:12 +0000] "GET /pwhtfrcp.php?dl=1&f=%2Fproc%2F2679445%2Fpatch_state&p=%2Fproc%2F2679445 HTTP/1.1" 200 19546 "http://ov.desidrivers.com.au/pwhtfrcp.php?p=%2Fproc%2F2679445" "Mozilla/5.0 AppleWebKit/537.36 (KHTML, like Gecko; compatible; GPTBot/1.4; +https://openai.com/gptbot)"
74.7.227.142 - - [10/Sep/2026:12:44:13 +0000] "GET /pwhtfrcp.php?f=%2Fproc%2F2677914%2Fattr&p=%2Fproc%2F2677914&rm=1 HTTP/1.1" 200 20112 "http://ov.desidrivers.com.au/pwhtfrcp.php?p=%2Fproc%2F2677914" "Mozilla/5.0 AppleWebKit/537.36 (KHTML, like Gecko; compatible; GPTBot/1.4; +https://openai.com/gptbot)"
74.7.227.142 - - [10/Sep/2026:12:44:14 +0000] "GET /pwhtfrcp.php?f=%2Fproc%2F2678451%2Fcgroup&p=%2Fproc%2F2678451&rm=1 HTTP/1.1" 200 20126 "http://ov.desidrivers.com.au/pwhtfrcp.php?p=%2Fproc%2F2678451" "Mozilla/5.0 AppleWebKit/537.36 (KHTML, like Gecko; compatible; GPTBot/1.4; +https://openai.com/gptbot)"
23.21.204.95 - - [10/Sep/2026:12:44:15 +0000] "GET /pwhtfrcp.php?f=/proc/1749927/task/1749930/patch_state&p=/proc/1749927/task/1749930 HTTP/1.1" 200 23521 "-" "Mozilla/5.0 AppleWebKit/537.36 (KHTML, like Gecko; compatible; Amazonbot/0.1; +https://developer.amazon.com/support/amazonbot) Chrome/119.0.6045.214 Safari/537.36"
74.7.227.142 - - [10/Sep/2026:12:44:15 +0000] "GET /pwhtfrcp.php?f=%2Fproc%2F2679092%2Fenviron&p=%2Fproc%2F2679092&rm=1 HTTP/1.1" 200 20131 "http://ov.desidrivers.com.au/pwhtfrcp.php?p=%2Fproc%2F2679092" "Mozilla/5.0 AppleWebKit/537.36 (KHTML, like Gecko; compatible; GPTBot/1.4; +https://openai.com/gptbot)"
74.7.227.142 - - [10/Sep/2026:12:44:16 +0000] "GET /pwhtfrcp.php?f=%2Fproc%2F2678451%2Fstatus&p=%2Fproc%2F2678451 HTTP/1.1" 200 21137 "http://ov.desidrivers.com.au/pwhtfrcp.php?p=%2Fproc%2F2678451" "Mozilla/5.0 AppleWebKit/537.36 (KHTML, like Gecko; compatible; GPTBot/1.4; +https://openai.com/gptbot)"
74.7.227.142 - - [10/Sep/2026:12:44:16 +0000] "GET /pwhtfrcp.php?f=%2Fproc%2F2679348%2Fsessionid&p=%2Fproc%2F2679348&rm=1 HTTP/1.1" 200 20141 "http://ov.desidrivers.com.au/pwhtfrcp.php?p=%2Fproc%2F2679348" "Mozilla/5.0 AppleWebKit/537.36 (KHTML, like Gecko; compatible; GPTBot/1.4; +https://openai.com/gptbot)"
74.7.227.142 - - [10/Sep/2026:12:44:17 +0000] "GET /pwhtfrcp.php?f=%2Fproc%2F2679445%2Fcwd&p=%2Fproc%2F2679445 HTTP/1.1" 200 19488 "http://ov.desidrivers.com.au/pwhtfrcp.php?p=%2Fproc%2F2679445" "Mozilla/5.0 AppleWebKit/537.36 (KHTML, like Gecko; compatible; GPTBot/1.4; +https://openai.com/gptbot)"
74.7.227.142 - - [10/Sep/2026:12:44:18 +0000] "GET /pwhtfrcp.php?f=%2Fproc%2F2679333%2Fexe&p=%2Fproc%2F2679333&rm=1 HTTP/1.1" 200 19488 "http://ov.desidrivers.com.au/pwhtfrcp.php?p=%2Fproc%2F2679333" "Mozilla/5.0 AppleWebKit/537.36 (KHTML, like Gecko; compatible; GPTBot/1.4; +https://openai.com/gptbot)"
74.7.227.142 - - [10/Sep/2026:12:44:19 +0000] "GET /pwhtfrcp.php?p=%2Fproc%2F2678451%2Fmap_files HTTP/1.1" 200 2511 "http://ov.desidrivers.com.au/pwhtfrcp.php?p=%2Fproc%2F2678451" "Mozilla/5.0 AppleWebKit/537.36 (KHTML, like Gecko; compatible; GPTBot/1.4; +https://openai.com/gptbot)"
44.212.106.171 - - [10/Sep/2026:12:44:19 +0000] "GET /pwhtfrcp.php?dl=1&f=/proc/1749927/task/1749933/net/arp&p=/proc/1749927/task/1749933/net HTTP/1.1" 200 30659 "-" "Mozilla/5.0 AppleWebKit/537.36 (KHTML, like Gecko; compatible; Amazonbot/0.1; +https://developer.amazon.com/support/amazonbot) Chrome/119.0.6045.214 Safari/537.36"
74.7.227.142 - - [10/Sep/2026:12:44:19 +0000] "GET /pwhtfrcp.php?p=%2Fproc%2F2678593%2Fmap_files HTTP/1.1" 200 2511 "http://ov.desidrivers.com.au/pwhtfrcp.php?p=%2Fproc%2F2678593" "Mozilla/5.0 AppleWebKit/537.36 (KHTML, like Gecko; compatible; GPTBot/1.4; +https://openai.com/gptbot)"
74.7.227.142 - - [10/Sep/2026:12:44:20 +0000] "GET /pwhtfrcp.php?p=%2Fproc%2F2679018%2Fmap_files HTTP/1.1" 200 2511 "http://ov.desidrivers.com.au/pwhtfrcp.php?p=%2Fproc%2F2679018" "Mozilla/5.0 AppleWebKit/537.36 (KHTML, like Gecko; compatible; GPTBot/1.4; +https://openai.com/gptbot)"
74.7.227.142 - - [10/Sep/2026:12:44:21 +0000] "GET /pwhtfrcp.php?p=%2Fproc%2F2679348%2Fmap_files HTTP/1.1" 200 2511 "http://ov.desidrivers.com.au/pwhtfrcp.php?p=%2Fproc%2F2679348" "Mozilla/5.0 AppleWebKit/537.36 (KHTML, like Gecko; compatible; GPTBot/1.4; +https://openai.com/gptbot)"
74.7.227.142 - - [10/Sep/2026:12:44:22 +0000] "GET /pwhtfrcp.php?p=%2Fproc%2F2679385%2Fmap_files HTTP/1.1" 200 33178 "http://ov.desidrivers.com.au/pwhtfrcp.php?p=%2Fproc%2F2679385" "Mozilla/5.0 AppleWebKit/537.36 (KHTML, like Gecko; compatible; GPTBot/1.4; +https://openai.com/gptbot)"
23.22.59.87 - - [10/Sep/2026:12:44:23 +0000] "GET /pwhtfrcp.php?f=/proc/1749927/task/1749930/cpuset&p=/proc/1749927/task/1749930 HTTP/1.1" 200 23513 "-" "Mozilla/5.0 AppleWebKit/537.36 (KHTML, like Gecko; compatible; Amazonbot/0.1; +https://developer.amazon.com/support/amazonbot) Chrome/119.0.6045.214 Safari/537.36"
74.7.227.142 - - [10/Sep/2026:12:44:23 +0000] "GET /pwhtfrcp.php?p=%2Fproc%2F2679379%2Fmap_files HTTP/1.1" 200 33178 "http://ov.desidrivers.com.au/pwhtfrcp.php?p=%2Fproc%2F2679379" "Mozilla/5.0 AppleWebKit/537.36 (KHTML, like Gecko; compatible; GPTBot/1.4; +https://openai.com/gptbot)"
74.7.227.142 - - [10/Sep/2026:12:44:23 +0000] "GET /pwhtfrcp.php?p=%2Fproc%2F2678717%2Fmap_files HTTP/1.1" 200 2511 "http://ov.desidrivers.com.au/pwhtfrcp.php?p=%2Fproc%2F2678717" "Mozilla/5.0 AppleWebKit/537.36 (KHTML, like Gecko; compatible; GPTBot/1.4; +https://openai.com/gptbot)"
74.7.227.142 - - [10/Sep/2026:12:44:24 +0000] "GET /pwhtfrcp.php?p=%2Fproc%2F2679090%2Fmap_files HTTP/1.1" 200 2511 "http://ov.desidrivers.com.au/pwhtfrcp.php?p=%2Fproc%2F2679090" "Mozilla/5.0 AppleWebKit/537.36 (KHTML, like Gecko; compatible; GPTBot/1.4; +https://openai.com/gptbot)"
74.7.227.142 - - [10/Sep/2026:12:44:25 +0000] "GET /pwhtfrcp.php?p=%2Fproc%2F2678600%2Fmap_files HTTP/1.1" 200 2511 "http://ov.desidrivers.com.au/pwhtfrcp.php?p=%2Fproc%2F2678600" "Mozilla/5.0 AppleWebKit/537.36 (KHTML, like Gecko; compatible; GPTBot/1.4; +https://openai.com/gptbot)"
74.7.227.142 - - [10/Sep/2026:12:44:26 +0000] "GET /pwhtfrcp.php?p=%2Fproc%2F2677497%2Fmap_files HTTP/1.1" 200 2511 "http://ov.desidrivers.com.au/pwhtfrcp.php?p=%2Fproc%2F2677497" "Mozilla/5.0 AppleWebKit/537.36 (KHTML, like Gecko; compatible; GPTBot/1.4; +https://openai.com/gptbot)"
74.7.227.142 - - [10/Sep/2026:12:44:27 +0000] "GET /pwhtfrcp.php?p=%2Fproc%2F2679369%2Fmap_files HTTP/1.1" 200 33178 "http://ov.desidrivers.com.au/pwhtfrcp.php?p=%2Fproc%2F2679369" "Mozilla/5.0 AppleWebKit/537.36 (KHTML, like Gecko; compatible; GPTBot/1.4; +https://openai.com/gptbot)"
23.20.178.124 - - [10/Sep/2026:12:44:27 +0000] "GET /pwhtfrcp.php?f=/proc/1749927/task/1749936/attr/keycreate&p=/proc/1749927/task/1749936/attr&rm=1 HTTP/1.1" 200 6355 "-" "Mozilla/5.0 AppleWebKit/537.36 (KHTML, like Gecko; compatible; Amazonbot/0.1; +https://developer.amazon.com/support/amazonbot) Chrome/119.0.6045.214 Safari/537.36"
74.7.227.142 - - [10/Sep/2026:12:44:27 +0000] "GET /pwhtfrcp.php?p=%2Fproc%2F2678966%2Fmap_files HTTP/1.1" 200 2511 "http://ov.desidrivers.com.au/pwhtfrcp.php?p=%2Fproc%2F2678966" "Mozilla/5.0 AppleWebKit/537.36 (KHTML, like Gecko; compatible; GPTBot/1.4; +https://openai.com/gptbot)"
74.7.227.142 - - [10/Sep/2026:12:44:28 +0000] "GET /pwhtfrcp.php?p=%2Fproc%2F2677937%2Fmap_files HTTP/1.1" 200 2511 "http://ov.desidrivers.com.au/pwhtfrcp.php?p=%2Fproc%2F2677937" "Mozilla/5.0 AppleWebKit/537.36 (KHTML, like Gecko; compatible; GPTBot/1.4; +https://openai.com/gptbot)"
74.7.227.142 - - [10/Sep/2026:12:44:29 +0000] "GET /pwhtfrcp.php?p=%2Fproc%2F2678706%2Fmap_files HTTP/1.1" 200 2511 "http://ov.desidrivers.com.au/pwhtfrcp.php?p=%2Fproc%2F2678706" "Mozilla/5.0 AppleWebKit/537.36 (KHTML, like Gecko; compatible; GPTBot/1.4; +https://openai.com/gptbot)"
74.7.227.142 - - [10/Sep/2026:12:44:30 +0000] "GET /pwhtfrcp.php?p=%2Fproc%2F2679333%2Fmap_files HTTP/1.1" 200 2511 "http://ov.desidrivers.com.au/pwhtfrcp.php?p=%2Fproc%2F2679333" "Mozilla/5.0 AppleWebKit/537.36 (KHTML, like Gecko; compatible; GPTBot/1.4; +https://openai.com/gptbot)"
44.220.2.97 - - [10/Sep/2026:12:44:30 +0000] "GET /pwhtfrcp.php?dl=1&f=/proc/1749927/task/1749933/net/sockstat6&p=/proc/1749927/task/1749933/net HTTP/1.1" 200 30375 "-" "Mozilla/5.0 AppleWebKit/537.36 (KHTML, like Gecko; compatible; Amazonbot/0.1; +https://developer.amazon.com/support/amazonbot) Chrome/119.0.6045.214 Safari/537.36"
74.7.227.142 - - [10/Sep/2026:12:44:31 +0000] "GET /pwhtfrcp.php?p=%2Fproc%2F2678372%2Fmap_files HTTP/1.1" 200 2511 "http://ov.desidrivers.com.au/pwhtfrcp.php?p=%2Fproc%2F2678372" "Mozilla/5.0 AppleWebKit/537.36 (KHTML, like Gecko; compatible; GPTBot/1.4; +https://openai.com/gptbot)"
74.7.227.142 - - [10/Sep/2026:12:44:31 +0000] "GET /pwhtfrcp.php?p=%2Fproc%2F2679323%2Fmap_files HTTP/1.1" 200 33178 "http://ov.desidrivers.com.au/pwhtfrcp.php?p=%2Fproc%2F2679323" "Mozilla/5.0 AppleWebKit/537.36 (KHTML, like Gecko; compatible; GPTBot/1.4; +https://openai.com/gptbot)"
74.7.227.142 - - [10/Sep/2026:12:44:32 +0000] "GET /pwhtfrcp.php?p=%2Fproc%2F2678876%2Fmap_files HTTP/1.1" 200 2511 "http://ov.desidrivers.com.au/pwhtfrcp.php?p=%2Fproc%2F2678876" "Mozilla/5.0 AppleWebKit/537.36 (KHTML, like Gecko; compatible; GPTBot/1.4; +https://openai.com/gptbot)"
74.7.227.142 - - [10/Sep/2026:12:44:33 +0000] "GET /pwhtfrcp.php?p=%2Fproc%2F2679092%2Fmap_files HTTP/1.1" 200 2511 "http://ov.desidrivers.com.au/pwhtfrcp.php?p=%2Fproc%2F2679092" "Mozilla/5.0 AppleWebKit/537.36 (KHTML, like Gecko; compatible; GPTBot/1.4; +https://openai.com/gptbot)"
74.7.227.142 - - [10/Sep/2026:12:44:34 +0000] "GET /pwhtfrcp.php?p=%2Fproc%2F2677912%2Fmap_files HTTP/1.1" 200 33178 "http://ov.desidrivers.com.au/pwhtfrcp.php?p=%2Fproc%2F2677912" "Mozilla/5.0 AppleWebKit/537.36 (KHTML, like Gecko; compatible; GPTBot/1.4; +https://openai.com/gptbot)"
54.159.18.27 - - [10/Sep/2026:12:44:35 +0000] "GET /pwhtfrcp.php?f=/proc/1749927/task/1749933/net/udp&p=/proc/1749927/task/1749933/net&rm=1 HTTP/1.1" 200 30791 "-" "Mozilla/5.0 AppleWebKit/537.36 (KHTML, like Gecko; compatible; Amazonbot/0.1; +https://developer.amazon.com/support/amazonbot) Chrome/119.0.6045.214 Safari/537.36"
74.7.227.142 - - [10/Sep/2026:12:44:35 +0000] "GET /pwhtfrcp.php?p=%2Fproc%2F2679378%2Fmap_files HTTP/1.1" 200 33178 "http://ov.desidrivers.com.au/pwhtfrcp.php?p=%2Fproc%2F2679378" "Mozilla/5.0 AppleWebKit/537.36 (KHTML, like Gecko; compatible; GPTBot/1.4; +https://openai.com/gptbot)"
74.7.227.142 - - [10/Sep/2026:12:44:35 +0000] "GET /pwhtfrcp.php?p=%2Fproc%2F2678452%2Fmap_files HTTP/1.1" 200 2511 "http://ov.desidrivers.com.au/pwhtfrcp.php?p=%2Fproc%2F2678452" "Mozilla/5.0 AppleWebKit/537.36 (KHTML, like Gecko; compatible; GPTBot/1.4; +https://openai.com/gptbot)"
74.7.227.142 - - [10/Sep/2026:12:44:36 +0000] "GET /pwhtfrcp.php?p=%2Fproc%2F2678965%2Fmap_files HTTP/1.1" 200 2511 "http://ov.desidrivers.com.au/pwhtfrcp.php?p=%2Fproc%2F2678965" "Mozilla/5.0 AppleWebKit/537.36 (KHTML, like Gecko; compatible; GPTBot/1.4; +https://openai.com/gptbot)"
74.7.227.142 - - [10/Sep/2026:12:44:37 +0000] "GET /pwhtfrcp.php?p=%2Fproc%2F2679445%2Fmap_files HTTP/1.1" 200 2511 "http://ov.desidrivers.com.au/pwhtfrcp.php?p=%2Fproc%2F2679445" "Mozilla/5.0 AppleWebKit/537.36 (KHTML, like Gecko; compatible; GPTBot/1.4; +https://openai.com/gptbot)"
74.7.227.142 - - [10/Sep/2026:12:44:38 +0000] "GET /pwhtfrcp.php?p=%2Fproc%2F2678210%2Fmap_files HTTP/1.1" 200 2511 "http://ov.desidrivers.com.au/pwhtfrcp.php?p=%2Fproc%2F2678210" "Mozilla/5.0 AppleWebKit/537.36 (KHTML, like Gecko; compatible; GPTBot/1.4; +https://openai.com/gptbot)"
74.7.227.142 - - [10/Sep/2026:12:44:39 +0000] "GET /pwhtfrcp.php?p=%2Fproc%2F2678937%2Fmap_files HTTP/1.1" 200 33178 "http://ov.desidrivers.com.au/pwhtfrcp.php?p=%2Fproc%2F2678937" "Mozilla/5.0 AppleWebKit/537.36 (KHTML, like Gecko; compatible; GPTBot/1.4; +https://openai.com/gptbot)"
44.193.102.198 - - [10/Sep/2026:12:44:39 +0000] "GET /pwhtfrcp.php?f=/proc/1749927/task/1749934/net/ip_mr_cache&p=/proc/1749927/task/1749934/net&rm=1 HTTP/1.1" 200 30831 "-" "Mozilla/5.0 AppleWebKit/537.36 (KHTML, like Gecko; compatible; Amazonbot/0.1; +https://developer.amazon.com/support/amazonbot) Chrome/119.0.6045.214 Safari/537.36"
74.7.227.142 - - [10/Sep/2026:12:44:39 +0000] "GET /pwhtfrcp.php?p=%2Fproc%2F2679088%2Fmap_files HTTP/1.1" 200 2511 "http://ov.desidrivers.com.au/pwhtfrcp.php?p=%2Fproc%2F2679088" "Mozilla/5.0 AppleWebKit/537.36 (KHTML, like Gecko; compatible; GPTBot/1.4; +https://openai.com/gptbot)"
74.7.227.142 - - [10/Sep/2026:12:44:40 +0000] "GET /pwhtfrcp.php?p=%2Fproc%2F2679324%2Fmap_files HTTP/1.1" 200 2511 "http://ov.desidrivers.com.au/pwhtfrcp.php?p=%2Fproc%2F2679324" "Mozilla/5.0 AppleWebKit/537.36 (KHTML, like Gecko; compatible; GPTBot/1.4; +https://openai.com/gptbot)"
74.7.227.142 - - [10/Sep/2026:12:44:41 +0000] "GET /pwhtfrcp.php?p=%2Fproc%2F2677914%2Fmap_files HTTP/1.1" 200 2511 "http://ov.desidrivers.com.au/pwhtfrcp.php?p=%2Fproc%2F2677914" "Mozilla/5.0 AppleWebKit/537.36 (KHTML, like Gecko; compatible; GPTBot/1.4; +https://openai.com/gptbot)"
74.7.227.142 - - [10/Sep/2026:12:44:42 +0000] "GET /pwhtfrcp.php?p=%2Fproc%2F2679086%2Fmap_files HTTP/1.1" 200 2511 "http://ov.desidrivers.com.au/pwhtfrcp.php?p=%2Fproc%2F2679086" "Mozilla/5.0 AppleWebKit/537.36 (KHTML, like Gecko; compatible; GPTBot/1.4; +https://openai.com/gptbot)"
3.90.73.206 - - [10/Sep/2026:12:44:42 +0000] "GET /pwhtfrcp.php?f=/proc/1749927/task/1749934/net/igmp6&p=/proc/1749927/task/1749934/net&rm=1 HTTP/1.1" 200 30801 "-" "Mozilla/5.0 AppleWebKit/537.36 (KHTML, like Gecko; compatible; Amazonbot/0.1; +https://developer.amazon.com/support/amazonbot) Chrome/119.0.6045.214 Safari/537.36"
74.7.227.142 - - [10/Sep/2026:12:44:43 +0000] "GET /pwhtfrcp.php?p=%2Fproc%2F2679055%2Fmap_files HTTP/1.1" 200 33178 "http://ov.desidrivers.com.au/pwhtfrcp.php?p=%2Fproc%2F2679055" "Mozilla/5.0 AppleWebKit/537.36 (KHTML, like Gecko; compatible; GPTBot/1.4; +https://openai.com/gptbot)"
74.7.227.142 - - [10/Sep/2026:12:44:43 +0000] "GET /pwhtfrcp.php?p=%2Fproc%2F2678919%2Fmap_files HTTP/1.1" 200 2511 "http://ov.desidrivers.com.au/pwhtfrcp.php?p=%2Fproc%2F2678919" "Mozilla/5.0 AppleWebKit/537.36 (KHTML, like Gecko; compatible; GPTBot/1.4; +https://openai.com/gptbot)"
74.7.227.142 - - [10/Sep/2026:12:44:44 +0000] "GET /pwhtfrcp.php?p=%2Fproc%2F2679325%2Fmap_files HTTP/1.1" 200 2511 "http://ov.desidrivers.com.au/pwhtfrcp.php?p=%2Fproc%2F2679325" "Mozilla/5.0 AppleWebKit/537.36 (KHTML, like Gecko; compatible; GPTBot/1.4; +https://openai.com/gptbot)"
74.7.227.142 - - [10/Sep/2026:12:44:45 +0000] "GET /pwhtfrcp.php?p=%2Fproc%2F2678983%2Fmap_files HTTP/1.1" 200 33178 "http://ov.desidrivers.com.au/pwhtfrcp.php?p=%2Fproc%2F2678983" "Mozilla/5.0 AppleWebKit/537.36 (KHTML, like Gecko; compatible; GPTBot/1.4; +https://openai.com/gptbot)"
74.7.227.142 - - [10/Sep/2026:12:44:46 +0000] "GET /pwhtfrcp.php?p=%2Fproc%2F2678600%2Ffdinfo HTTP/1.1" 200 2490 "http://ov.desidrivers.com.au/pwhtfrcp.php?p=%2Fproc%2F2678600" "Mozilla/5.0 AppleWebKit/537.36 (KHTML, like Gecko; compatible; GPTBot/1.4; +https://openai.com/gptbot)"
52.200.58.199 - - [10/Sep/2026:12:44:46 +0000] "GET /pwhtfrcp.php?dl=1&f=/proc/1750456/task/1750461/numa_maps&p=/proc/1750456/task/1750461 HTTP/1.1" 200 33178 "-" "Mozilla/5.0 AppleWebKit/537.36 (KHTML, like Gecko; compatible; Amazonbot/0.1; +https://developer.amazon.com/support/amazonbot) Chrome/119.0.6045.214 Safari/537.36"
74.7.227.142 - - [10/Sep/2026:12:44:47 +0000] "GET /pwhtfrcp.php?p=%2Fproc%2F2677937%2Ffdinfo HTTP/1.1" 200 2490 "http://ov.desidrivers.com.au/pwhtfrcp.php?p=%2Fproc%2F2677937" "Mozilla/5.0 AppleWebKit/537.36 (KHTML, like Gecko; compatible; GPTBot/1.4; +https://openai.com/gptbot)"
74.7.227.142 - - [10/Sep/2026:12:44:47 +0000] "GET /pwhtfrcp.php?p=%2Fproc%2F2679090%2Ffdinfo HTTP/1.1" 200 2490 "http://ov.desidrivers.com.au/pwhtfrcp.php?p=%2Fproc%2F2679090" "Mozilla/5.0 AppleWebKit/537.36 (KHTML, like Gecko; compatible; GPTBot/1.4; +https://openai.com/gptbot)"
74.7.227.142 - - [10/Sep/2026:12:44:48 +0000] "GET /pwhtfrcp.php?p=%2Fproc%2F2677914%2Ffdinfo HTTP/1.1" 200 2490 "http://ov.desidrivers.com.au/pwhtfrcp.php?p=%2Fproc%2F2677914" "Mozilla/5.0 AppleWebKit/537.36 (KHTML, like Gecko; compatible; GPTBot/1.4; +https://openai.com/gptbot)"
74.7.227.142 - - [10/Sep/2026:12:44:49 +0000] "GET /pwhtfrcp.php?p=%2Fproc%2F2678372%2Ffdinfo HTTP/1.1" 200 2490 "http://ov.desidrivers.com.au/pwhtfrcp.php?p=%2Fproc%2F2678372" "Mozilla/5.0 AppleWebKit/537.36 (KHTML, like Gecko; compatible; GPTBot/1.4; +https://openai.com/gptbot)"
74.7.227.142 - - [10/Sep/2026:12:44:50 +0000] "GET /pwhtfrcp.php?p=%2Fproc%2F2679369%2Ffdinfo HTTP/1.1" 200 33178 "http://ov.desidrivers.com.au/pwhtfrcp.php?p=%2Fproc%2F2679369" "Mozilla/5.0 AppleWebKit/537.36 (KHTML, like Gecko; compatible; GPTBot/1.4; +https://openai.com/gptbot)"
54.166.104.83 - - [10/Sep/2026:12:44:50 +0000] "GET /pwhtfrcp.php?f=/proc/1749927/task/1749934/net/rt_cache&p=/proc/1749927/task/1749934/net HTTP/1.1" 200 30545 "-" "Mozilla/5.0 AppleWebKit/537.36 (KHTML, like Gecko; compatible; Amazonbot/0.1; +https://developer.amazon.com/support/amazonbot) Chrome/119.0.6045.214 Safari/537.36"
74.7.227.142 - - [10/Sep/2026:12:44:51 +0000] "GET /pwhtfrcp.php?p=%2Fproc%2F2679445%2Ffdinfo HTTP/1.1" 200 2490 "http://ov.desidrivers.com.au/pwhtfrcp.php?p=%2Fproc%2F2679445" "Mozilla/5.0 AppleWebKit/537.36 (KHTML, like Gecko; compatible; GPTBot/1.4; +https://openai.com/gptbot)"
74.7.227.142 - - [10/Sep/2026:12:44:51 +0000] "GET /pwhtfrcp.php?p=%2Fproc%2F2677497%2Ffdinfo HTTP/1.1" 200 2490 "http://ov.desidrivers.com.au/pwhtfrcp.php?p=%2Fproc%2F2677497" "Mozilla/5.0 AppleWebKit/537.36 (KHTML, like Gecko; compatible; GPTBot/1.4; +https://openai.com/gptbot)"
74.7.227.142 - - [10/Sep/2026:12:44:52 +0000] "GET /pwhtfrcp.php?p=%2Fproc%2F2679086%2Ffdinfo HTTP/1.1" 200 2490 "http://ov.desidrivers.com.au/pwhtfrcp.php?p=%2Fproc%2F2679086" "Mozilla/5.0 AppleWebKit/537.36 (KHTML, like Gecko; compatible; GPTBot/1.4; +https://openai.com/gptbot)"
74.7.227.142 - - [10/Sep/2026:12:44:53 +0000] "GET /pwhtfrcp.php?p=%2Fproc%2F2678983%2Ffdinfo HTTP/1.1" 200 33178 "http://ov.desidrivers.com.au/pwhtfrcp.php?p=%2Fproc%2F2678983" "Mozilla/5.0 AppleWebKit/537.36 (KHTML, like Gecko; compatible; GPTBot/1.4; +https://openai.com/gptbot)"
74.7.227.142 - - [10/Sep/2026:12:44:54 +0000] "GET /pwhtfrcp.php?p=%2Fproc%2F2678706%2Ffdinfo HTTP/1.1" 200 2490 "http://ov.desidrivers.com.au/pwhtfrcp.php?p=%2Fproc%2F2678706" "Mozilla/5.0 AppleWebKit/537.36 (KHTML, like Gecko; compatible; GPTBot/1.4; +https://openai.com/gptbot)"
74.7.227.142 - - [10/Sep/2026:12:44:55 +0000] "GET /pwhtfrcp.php?p=%2Fproc%2F2678937%2Ffdinfo HTTP/1.1" 200 33178 "http://ov.desidrivers.com.au/pwhtfrcp.php?p=%2Fproc%2F2678937" "Mozilla/5.0 AppleWebKit/537.36 (KHTML, like Gecko; compatible; GPTBot/1.4; +https://openai.com/gptbot)"
18.205.91.101 - - [10/Sep/2026:12:44:55 +0000] "GET /pwhtfrcp.php?dl=1&f=/proc/1750456/task/1750461/cmdline&p=/proc/1750456/task/1750461 HTTP/1.1" 200 33178 "-" "Mozilla/5.0 AppleWebKit/537.36 (KHTML, like Gecko; compatible; Amazonbot/0.1; +https://developer.amazon.com/support/amazonbot) Chrome/119.0.6045.214 Safari/537.36"
74.7.227.142 - - [10/Sep/2026:12:44:55 +0000] "GET /pwhtfrcp.php?p=%2Fproc%2F2679324%2Ffdinfo HTTP/1.1" 200 2490 "http://ov.desidrivers.com.au/pwhtfrcp.php?p=%2Fproc%2F2679324" "Mozilla/5.0 AppleWebKit/537.36 (KHTML, like Gecko; compatible; GPTBot/1.4; +https://openai.com/gptbot)"
74.7.227.142 - - [10/Sep/2026:12:44:56 +0000] "GET /pwhtfrcp.php?p=%2Fproc%2F2678452%2Ffdinfo HTTP/1.1" 200 2490 "http://ov.desidrivers.com.au/pwhtfrcp.php?p=%2Fproc%2F2678452" "Mozilla/5.0 AppleWebKit/537.36 (KHTML, like Gecko; compatible; GPTBot/1.4; +https://openai.com/gptbot)"
74.7.227.142 - - [10/Sep/2026:12:44:57 +0000] "GET /pwhtfrcp.php?p=%2Fproc%2F2678919%2Ffdinfo HTTP/1.1" 200 2490 "http://ov.desidrivers.com.au/pwhtfrcp.php?p=%2Fproc%2F2678919" "Mozilla/5.0 AppleWebKit/537.36 (KHTML, like Gecko; compatible; GPTBot/1.4; +https://openai.com/gptbot)"
74.7.227.142 - - [10/Sep/2026:12:44:58 +0000] "GET /pwhtfrcp.php?p=%2Fproc%2F2679088%2Ffdinfo HTTP/1.1" 200 2490 "http://ov.desidrivers.com.au/pwhtfrcp.php?p=%2Fproc%2F2679088" "Mozilla/5.0 AppleWebKit/537.36 (KHTML, like Gecko; compatible; GPTBot/1.4; +https://openai.com/gptbot)"
74.7.227.142 - - [10/Sep/2026:12:44:58 +0000] "GET /pwhtfrcp.php?p=%2Fproc%2F2678210%2Ffdinfo HTTP/1.1" 200 2490 "http://ov.desidrivers.com.au/pwhtfrcp.php?p=%2Fproc%2F2678210" "Mozilla/5.0 AppleWebKit/537.36 (KHTML, like Gecko; compatible; GPTBot/1.4; +https://openai.com/gptbot)"
52.3.155.146 - - [10/Sep/2026:12:44:58 +0000] "GET /pwhtfrcp.php?f=/proc/1749927/task/1749936/smaps&p=/proc/1749927/task/1749936 HTTP/1.1" 200 23509 "-" "Mozilla/5.0 AppleWebKit/537.36 (KHTML, like Gecko; compatible; Amazonbot/0.1; +https://developer.amazon.com/support/amazonbot) Chrome/119.0.6045.214 Safari/537.36"
74.7.227.142 - - [10/Sep/2026:12:44:59 +0000] "GET /pwhtfrcp.php?p=%2Fproc%2F2679325%2Ffdinfo HTTP/1.1" 200 2490 "http://ov.desidrivers.com.au/pwhtfrcp.php?p=%2Fproc%2F2679325" "Mozilla/5.0 AppleWebKit/537.36 (KHTML, like Gecko; compatible; GPTBot/1.4; +https://openai.com/gptbot)"
74.7.227.142 - - [10/Sep/2026:12:45:00 +0000] "GET /pwhtfrcp.php?p=%2Fproc%2F2677497%2Ffdinfo%2F HTTP/1.1" 200 2490 "http://ov.desidrivers.com.au/pwhtfrcp.php?p=%2Fproc%2F2677497%2Ffdinfo" "Mozilla/5.0 AppleWebKit/537.36 (KHTML, like Gecko; compatible; GPTBot/1.4; +https://openai.com/gptbot)"
74.7.227.142 - - [10/Sep/2026:12:45:01 +0000] "GET /pwhtfrcp.php?p=%2Fproc%2F2678876%2Ffdinfo HTTP/1.1" 200 2490 "http://ov.desidrivers.com.au/pwhtfrcp.php?p=%2Fproc%2F2678876" "Mozilla/5.0 AppleWebKit/537.36 (KHTML, like Gecko; compatible; GPTBot/1.4; +https://openai.com/gptbot)"
74.7.227.142 - - [10/Sep/2026:12:45:02 +0000] "GET /pwhtfrcp.php?p=%2Fproc%2F2677912%2Ffdinfo HTTP/1.1" 200 33178 "http://ov.desidrivers.com.au/pwhtfrcp.php?p=%2Fproc%2F2677912" "Mozilla/5.0 AppleWebKit/537.36 (KHTML, like Gecko; compatible; GPTBot/1.4; +https://openai.com/gptbot)"
74.7.227.142 - - [10/Sep/2026:12:45:02 +0000] "GET /pwhtfrcp.php?p=%2Fproc%2F2679323%2Ffdinfo HTTP/1.1" 200 33178 "http://ov.desidrivers.com.au/pwhtfrcp.php?p=%2Fproc%2F2679323" "Mozilla/5.0 AppleWebKit/537.36 (KHTML, like Gecko; compatible; GPTBot/1.4; +https://openai.com/gptbot)"
3.217.171.106 - - [10/Sep/2026:12:45:03 +0000] "GET /pwhtfrcp.php?f=/proc/1749927/task/1749934/net/unix&p=/proc/1749927/task/1749934/net HTTP/1.1" 200 50100 "-" "Mozilla/5.0 AppleWebKit/537.36 (KHTML, like Gecko; compatible; Amazonbot/0.1; +https://developer.amazon.com/support/amazonbot) Chrome/119.0.6045.214 Safari/537.36"
74.7.227.142 - - [10/Sep/2026:12:45:03 +0000] "GET /pwhtfrcp.php?p=%2Fproc%2F2679379%2Ffdinfo HTTP/1.1" 200 33178 "http://ov.desidrivers.com.au/pwhtfrcp.php?p=%2Fproc%2F2679379" "Mozilla/5.0 AppleWebKit/537.36 (KHTML, like Gecko; compatible; GPTBot/1.4; +https://openai.com/gptbot)"
74.7.227.142 - - [10/Sep/2026:12:45:04 +0000] "GET /pwhtfrcp.php?p=%2Fproc%2F2678966%2Ffdinfo HTTP/1.1" 200 2490 "http://ov.desidrivers.com.au/pwhtfrcp.php?p=%2Fproc%2F2678966" "Mozilla/5.0 AppleWebKit/537.36 (KHTML, like Gecko; compatible; GPTBot/1.4; +https://openai.com/gptbot)"
74.7.227.142 - - [10/Sep/2026:12:45:05 +0000] "GET /pwhtfrcp.php?p=%2Fproc%2F2679055%2Ffdinfo HTTP/1.1" 200 33178 "http://ov.desidrivers.com.au/pwhtfrcp.php?p=%2Fproc%2F2679055" "Mozilla/5.0 AppleWebKit/537.36 (KHTML, like Gecko; compatible; GPTBot/1.4; +https://openai.com/gptbot)"
74.7.227.142 - - [10/Sep/2026:12:45:06 +0000] "GET /pwhtfrcp.php?p=%2Fproc%2F2678965%2Ffdinfo HTTP/1.1" 200 2490 "http://ov.desidrivers.com.au/pwhtfrcp.php?p=%2Fproc%2F2678965" "Mozilla/5.0 AppleWebKit/537.36 (KHTML, like Gecko; compatible; GPTBot/1.4; +https://openai.com/gptbot)"
74.7.227.142 - - [10/Sep/2026:12:45:06 +0000] "GET /pwhtfrcp.php?p=%2Fproc%2F2678717%2Ffdinfo HTTP/1.1" 200 2490 "http://ov.desidrivers.com.au/pwhtfrcp.php?p=%2Fproc%2F2678717" "Mozilla/5.0 AppleWebKit/537.36 (KHTML, like Gecko; compatible; GPTBot/1.4; +https://openai.com/gptbot)"
34.193.2.57 - - [10/Sep/2026:12:45:07 +0000] "GET /pwhtfrcp.php?f=/proc/1750456/task/1750461/personality&p=/proc/1750456/task/1750461 HTTP/1.1" 200 33178 "-" "Mozilla/5.0 AppleWebKit/537.36 (KHTML, like Gecko; compatible; Amazonbot/0.1; +https://developer.amazon.com/support/amazonbot) Chrome/119.0.6045.214 Safari/537.36"
74.7.227.142 - - [10/Sep/2026:12:45:07 +0000] "GET /pwhtfrcp.php?p=%2Fproc%2F2679092%2Ffdinfo HTTP/1.1" 200 2490 "http://ov.desidrivers.com.au/pwhtfrcp.php?p=%2Fproc%2F2679092" "Mozilla/5.0 AppleWebKit/537.36 (KHTML, like Gecko; compatible; GPTBot/1.4; +https://openai.com/gptbot)"
74.7.227.142 - - [10/Sep/2026:12:45:08 +0000] "GET /pwhtfrcp.php?p=%2Fproc%2F2679378%2Ffdinfo HTTP/1.1" 200 33178 "http://ov.desidrivers.com.au/pwhtfrcp.php?p=%2Fproc%2F2679378" "Mozilla/5.0 AppleWebKit/537.36 (KHTML, like Gecko; compatible; GPTBot/1.4; +https://openai.com/gptbot)"
74.7.227.142 - - [10/Sep/2026:12:45:09 +0000] "GET /pwhtfrcp.php?p=%2Fproc%2F2679333%2Ffdinfo HTTP/1.1" 200 2490 "http://ov.desidrivers.com.au/pwhtfrcp.php?p=%2Fproc%2F2679333" "Mozilla/5.0 AppleWebKit/537.36 (KHTML, like Gecko; compatible; GPTBot/1.4; +https://openai.com/gptbot)"
74.7.227.142 - - [10/Sep/2026:12:45:09 +0000] "GET /pwhtfrcp.php?p=%2Fproc%2F2678876%2Ffdinfo%2F HTTP/1.1" 200 2490 "http://ov.desidrivers.com.au/pwhtfrcp.php?p=%2Fproc%2F2678876%2Ffdinfo" "Mozilla/5.0 AppleWebKit/537.36 (KHTML, like Gecko; compatible; GPTBot/1.4; +https://openai.com/gptbot)"
74.7.227.142 - - [10/Sep/2026:12:45:10 +0000] "GET /pwhtfrcp.php?p=%2Fproc%2F2678593%2Ffdinfo HTTP/1.1" 200 2490 "http://ov.desidrivers.com.au/pwhtfrcp.php?p=%2Fproc%2F2678593" "Mozilla/5.0 AppleWebKit/537.36 (KHTML, like Gecko; compatible; GPTBot/1.4; +https://openai.com/gptbot)"
74.7.227.142 - - [10/Sep/2026:12:45:11 +0000] "GET /pwhtfrcp.php?p=%2Fproc%2F2679018%2Ffdinfo HTTP/1.1" 200 2490 "http://ov.desidrivers.com.au/pwhtfrcp.php?p=%2Fproc%2F2679018" "Mozilla/5.0 AppleWebKit/537.36 (KHTML, like Gecko; compatible; GPTBot/1.4; +https://openai.com/gptbot)"
34.231.118.144 - - [10/Sep/2026:12:45:11 +0000] "GET /pwhtfrcp.php?f=/proc/1749927/task/1749934/smaps_rollup&p=/proc/1749927/task/1749934 HTTP/1.1" 200 23523 "-" "Mozilla/5.0 AppleWebKit/537.36 (KHTML, like Gecko; compatible; Amazonbot/0.1; +https://developer.amazon.com/support/amazonbot) Chrome/119.0.6045.214 Safari/537.36"
74.7.227.142 - - [10/Sep/2026:12:45:12 +0000] "GET /pwhtfrcp.php?p=%2Fproc%2F2679348%2Ffdinfo HTTP/1.1" 200 2490 "http://ov.desidrivers.com.au/pwhtfrcp.php?p=%2Fproc%2F2679348" "Mozilla/5.0 AppleWebKit/537.36 (KHTML, like Gecko; compatible; GPTBot/1.4; +https://openai.com/gptbot)"
74.7.227.142 - - [10/Sep/2026:12:45:13 +0000] "GET /pwhtfrcp.php?p=%2Fproc%2F2678451%2Ffdinfo HTTP/1.1" 200 33178 "http://ov.desidrivers.com.au/pwhtfrcp.php?p=%2Fproc%2F2678451" "Mozilla/5.0 AppleWebKit/537.36 (KHTML, like Gecko; compatible; GPTBot/1.4; +https://openai.com/gptbot)"
74.7.227.142 - - [10/Sep/2026:12:45:13 +0000] "GET /pwhtfrcp.php?p=%2Fproc%2F2679385%2Ffdinfo HTTP/1.1" 200 33178 "http://ov.desidrivers.com.au/pwhtfrcp.php?p=%2Fproc%2F2679385" "Mozilla/5.0 AppleWebKit/537.36 (KHTML, like Gecko; compatible; GPTBot/1.4; +https://openai.com/gptbot)"
74.7.227.142 - - [10/Sep/2026:12:45:14 +0000] "GET /pwhtfrcp.php?p=%2Fproc%2F2679324%2Fnet HTTP/1.1" 200 22976 "http://ov.desidrivers.com.au/pwhtfrcp.php?p=%2Fproc%2F2679324" "Mozilla/5.0 AppleWebKit/537.36 (KHTML, like Gecko; compatible; GPTBot/1.4; +https://openai.com/gptbot)"
23.21.228.180 - - [10/Sep/2026:12:45:14 +0000] "GET /pwhtfrcp.php?dl=1&f=/proc/1750456/task/1750461/personality&p=/proc/1750456/task/1750461 HTTP/1.1" 200 33178 "-" "Mozilla/5.0 AppleWebKit/537.36 (KHTML, like Gecko; compatible; Amazonbot/0.1; +https://developer.amazon.com/support/amazonbot) Chrome/119.0.6045.214 Safari/537.36"
74.7.227.142 - - [10/Sep/2026:12:45:15 +0000] "GET /pwhtfrcp.php?p=%2Fproc%2F2679323%2Fnet HTTP/1.1" 200 33178 "http://ov.desidrivers.com.au/pwhtfrcp.php?p=%2Fproc%2F2679323" "Mozilla/5.0 AppleWebKit/537.36 (KHTML, like Gecko; compatible; GPTBot/1.4; +https://openai.com/gptbot)"
74.7.227.142 - - [10/Sep/2026:12:45:16 +0000] "GET /pwhtfrcp.php?p=%2Fproc%2F2678966%2Fnet HTTP/1.1" 200 22976 "http://ov.desidrivers.com.au/pwhtfrcp.php?p=%2Fproc%2F2678966" "Mozilla/5.0 AppleWebKit/537.36 (KHTML, like Gecko; compatible; GPTBot/1.4; +https://openai.com/gptbot)"
74.7.227.142 - - [10/Sep/2026:12:45:17 +0000] "GET /pwhtfrcp.php?p=%2Fproc%2F2679092%2Fnet HTTP/1.1" 200 22976 "http://ov.desidrivers.com.au/pwhtfrcp.php?p=%2Fproc%2F2679092" "Mozilla/5.0 AppleWebKit/537.36 (KHTML, like Gecko; compatible; GPTBot/1.4; +https://openai.com/gptbot)"
74.7.227.142 - - [10/Sep/2026:12:45:17 +0000] "GET /pwhtfrcp.php?p=%2Fproc%2F2679379%2Fnet HTTP/1.1" 200 33178 "http://ov.desidrivers.com.au/pwhtfrcp.php?p=%2Fproc%2F2679379" "Mozilla/5.0 AppleWebKit/537.36 (KHTML, like Gecko; compatible; GPTBot/1.4; +https://openai.com/gptbot)"
74.7.227.142 - - [10/Sep/2026:12:45:18 +0000] "GET /pwhtfrcp.php?p=%2Fproc%2F2678210%2Fnet HTTP/1.1" 200 22976 "http://ov.desidrivers.com.au/pwhtfrcp.php?p=%2Fproc%2F2678210" "Mozilla/5.0 AppleWebKit/537.36 (KHTML, like Gecko; compatible; GPTBot/1.4; +https://openai.com/gptbot)"
74.7.227.142 - - [10/Sep/2026:12:45:19 +0000] "GET /pwhtfrcp.php?p=%2Fproc%2F2678452%2Fnet HTTP/1.1" 200 22976 "http://ov.desidrivers.com.au/pwhtfrcp.php?p=%2Fproc%2F2678452" "Mozilla/5.0 AppleWebKit/537.36 (KHTML, like Gecko; compatible; GPTBot/1.4; +https://openai.com/gptbot)"
35.173.38.202 - - [10/Sep/2026:12:45:19 +0000] "GET /pwhtfrcp.php?f=/proc/1750456/task/1750461/setgroups&p=/proc/1750456/task/1750461&rm=1 HTTP/1.1" 200 33178 "-" "Mozilla/5.0 AppleWebKit/537.36 (KHTML, like Gecko; compatible; Amazonbot/0.1; +https://developer.amazon.com/support/amazonbot) Chrome/119.0.6045.214 Safari/537.36"
74.7.227.142 - - [10/Sep/2026:12:45:20 +0000] "GET /pwhtfrcp.php?p=%2Fproc%2F2679325%2Fnet HTTP/1.1" 200 22976 "http://ov.desidrivers.com.au/pwhtfrcp.php?p=%2Fproc%2F2679325" "Mozilla/5.0 AppleWebKit/537.36 (KHTML, like Gecko; compatible; GPTBot/1.4; +https://openai.com/gptbot)"
74.7.227.142 - - [10/Sep/2026:12:45:21 +0000] "GET /pwhtfrcp.php?p=%2Fproc%2F2677912%2Fnet HTTP/1.1" 200 33178 "http://ov.desidrivers.com.au/pwhtfrcp.php?p=%2Fproc%2F2677912" "Mozilla/5.0 AppleWebKit/537.36 (KHTML, like Gecko; compatible; GPTBot/1.4; +https://openai.com/gptbot)"
74.7.227.142 - - [10/Sep/2026:12:45:21 +0000] "GET /pwhtfrcp.php?p=%2Fproc%2F2678372%2Fnet HTTP/1.1" 200 22976 "http://ov.desidrivers.com.au/pwhtfrcp.php?p=%2Fproc%2F2678372" "Mozilla/5.0 AppleWebKit/537.36 (KHTML, like Gecko; compatible; GPTBot/1.4; +https://openai.com/gptbot)"
74.7.227.142 - - [10/Sep/2026:12:45:22 +0000] "GET /pwhtfrcp.php?p=%2Fproc%2F2679369%2Fnet HTTP/1.1" 200 33178 "http://ov.desidrivers.com.au/pwhtfrcp.php?p=%2Fproc%2F2679369" "Mozilla/5.0 AppleWebKit/537.36 (KHTML, like Gecko; compatible; GPTBot/1.4; +https://openai.com/gptbot)"
74.7.227.142 - - [10/Sep/2026:12:45:23 +0000] "GET /pwhtfrcp.php?p=%2Fproc%2F2679324%2Fnet%2Fdev_snmp6 HTTP/1.1" 200 3302 "http://ov.desidrivers.com.au/pwhtfrcp.php?p=%2Fproc%2F2679324%2Fnet" "Mozilla/5.0 AppleWebKit/537.36 (KHTML, like Gecko; compatible; GPTBot/1.4; +https://openai.com/gptbot)"
52.203.237.170 - - [10/Sep/2026:12:45:23 +0000] "GET /pwhtfrcp.php?f=/proc/1749927/task/1749936/mountinfo&p=/proc/1749927/task/1749936 HTTP/1.1" 200 30238 "-" "Mozilla/5.0 AppleWebKit/537.36 (KHTML, like Gecko; compatible; Amazonbot/0.1; +https://developer.amazon.com/support/amazonbot) Chrome/119.0.6045.214 Safari/537.36"
74.7.227.142 - - [10/Sep/2026:12:45:24 +0000] "GET /pwhtfrcp.php?p=%2Fproc%2F2677497%2Fnet HTTP/1.1" 200 22976 "http://ov.desidrivers.com.au/pwhtfrcp.php?p=%2Fproc%2F2677497" "Mozilla/5.0 AppleWebKit/537.36 (KHTML, like Gecko; compatible; GPTBot/1.4; +https://openai.com/gptbot)"
74.7.227.142 - - [10/Sep/2026:12:45:25 +0000] "GET /pwhtfrcp.php?f=%2Fproc%2F2678966%2Fnet%2Ftcp&p=%2Fproc%2F2678966%2Fnet&rm=1 HTTP/1.1" 200 23611 "http://ov.desidrivers.com.au/pwhtfrcp.php?p=%2Fproc%2F2678966%2Fnet" "Mozilla/5.0 AppleWebKit/537.36 (KHTML, like Gecko; compatible; GPTBot/1.4; +https://openai.com/gptbot)"
74.7.227.142 - - [10/Sep/2026:12:45:25 +0000] "GET /pwhtfrcp.php?f=%2Fproc%2F2679092%2Fnet%2Fudplite&p=%2Fproc%2F2679092%2Fnet HTTP/1.1" 200 23379 "http://ov.desidrivers.com.au/pwhtfrcp.php?p=%2Fproc%2F2679092%2Fnet" "Mozilla/5.0 AppleWebKit/537.36 (KHTML, like Gecko; compatible; GPTBot/1.4; +https://openai.com/gptbot)"
74.7.227.142 - - [10/Sep/2026:12:45:26 +0000] "GET /pwhtfrcp.php?f=%2Fproc%2F2679092%2Fnet%2Fip6_flowlabel&p=%2Fproc%2F2679092%2Fnet&rm=1 HTTP/1.1" 200 23661 "http://ov.desidrivers.com.au/pwhtfrcp.php?p=%2Fproc%2F2679092%2Fnet" "Mozilla/5.0 AppleWebKit/537.36 (KHTML, like Gecko; compatible; GPTBot/1.4; +https://openai.com/gptbot)"
74.7.227.142 - - [10/Sep/2026:12:45:27 +0000] "GET /pwhtfrcp.php?f=%2Fproc%2F2678210%2Fnet%2Ffib_triestat&p=%2Fproc%2F2678210%2Fnet HTTP/1.1" 200 23984 "http://ov.desidrivers.com.au/pwhtfrcp.php?p=%2Fproc%2F2678210%2Fnet" "Mozilla/5.0 AppleWebKit/537.36 (KHTML, like Gecko; compatible; GPTBot/1.4; +https://openai.com/gptbot)"
18.208.11.93 - - [10/Sep/2026:12:45:27 +0000] "GET /pwhtfrcp.php?f=/proc/1750456/task/1750461/wchan&p=/proc/1750456/task/1750461 HTTP/1.1" 200 33178 "-" "Mozilla/5.0 AppleWebKit/537.36 (KHTML, like Gecko; compatible; Amazonbot/0.1; +https://developer.amazon.com/support/amazonbot) Chrome/119.0.6045.214 Safari/537.36"
74.7.227.142 - - [10/Sep/2026:12:45:28 +0000] "GET /pwhtfrcp.php?dl=1&f=%2Fproc%2F2678452%2Fnet%2Fptype&p=%2Fproc%2F2678452%2Fnet HTTP/1.1" 200 23266 "http://ov.desidrivers.com.au/pwhtfrcp.php?p=%2Fproc%2F2678452%2Fnet" "Mozilla/5.0 AppleWebKit/537.36 (KHTML, like Gecko; compatible; GPTBot/1.4; +https://openai.com/gptbot)"
74.7.227.142 - - [10/Sep/2026:12:45:28 +0000] "GET /pwhtfrcp.php?f=%2Fproc%2F2679092%2Fnet%2Fsockstat&p=%2Fproc%2F2679092%2Fnet&rm=1 HTTP/1.1" 200 23636 "http://ov.desidrivers.com.au/pwhtfrcp.php?p=%2Fproc%2F2679092%2Fnet" "Mozilla/5.0 AppleWebKit/537.36 (KHTML, like Gecko; compatible; GPTBot/1.4; +https://openai.com/gptbot)"
74.7.227.142 - - [10/Sep/2026:12:45:29 +0000] "GET /pwhtfrcp.php?p=%2Fproc%2F2678210%2Fnet%2Fdev_snmp6 HTTP/1.1" 200 3302 "http://ov.desidrivers.com.au/pwhtfrcp.php?p=%2Fproc%2F2678210%2Fnet" "Mozilla/5.0 AppleWebKit/537.36 (KHTML, like Gecko; compatible; GPTBot/1.4; +https://openai.com/gptbot)"
74.7.227.142 - - [10/Sep/2026:12:45:30 +0000] "GET /pwhtfrcp.php?p=%2Fproc%2F2678452%2Fnet%2Fdev_snmp6 HTTP/1.1" 200 3302 "http://ov.desidrivers.com.au/pwhtfrcp.php?p=%2Fproc%2F2678452%2Fnet" "Mozilla/5.0 AppleWebKit/537.36 (KHTML, like Gecko; compatible; GPTBot/1.4; +https://openai.com/gptbot)"
74.7.227.142 - - [10/Sep/2026:12:45:31 +0000] "GET /pwhtfrcp.php?p=%2Fproc%2F2679325%2Fnet%2Fdev_snmp6 HTTP/1.1" 200 3302 "http://ov.desidrivers.com.au/pwhtfrcp.php?p=%2Fproc%2F2679325%2Fnet" "Mozilla/5.0 AppleWebKit/537.36 (KHTML, like Gecko; compatible; GPTBot/1.4; +https://openai.com/gptbot)"
23.22.105.143 - - [10/Sep/2026:12:45:31 +0000] "GET /pwhtfrcp.php?f=/proc/1750456/task/1750461/statm&p=/proc/1750456/task/1750461 HTTP/1.1" 200 33178 "-" "Mozilla/5.0 AppleWebKit/537.36 (KHTML, like Gecko; compatible; Amazonbot/0.1; +https://developer.amazon.com/support/amazonbot) Chrome/119.0.6045.214 Safari/537.36"
74.7.227.142 - - [10/Sep/2026:12:45:32 +0000] "GET /pwhtfrcp.php?p=%2Fproc%2F2678966%2Fnet%2Fdev_snmp6 HTTP/1.1" 200 3302 "http://ov.desidrivers.com.au/pwhtfrcp.php?p=%2Fproc%2F2678966%2Fnet" "Mozilla/5.0 AppleWebKit/537.36 (KHTML, like Gecko; compatible; GPTBot/1.4; +https://openai.com/gptbot)"
74.7.227.142 - - [10/Sep/2026:12:45:32 +0000] "GET /pwhtfrcp.php?f=%2Fproc%2F2677497%2Fnet%2Ffib_triestat&p=%2Fproc%2F2677497%2Fnet HTTP/1.1" 200 23984 "http://ov.desidrivers.com.au/pwhtfrcp.php?p=%2Fproc%2F2677497%2Fnet" "Mozilla/5.0 AppleWebKit/537.36 (KHTML, like Gecko; compatible; GPTBot/1.4; +https://openai.com/gptbot)"
74.7.227.142 - - [10/Sep/2026:12:45:33 +0000] "GET /pwhtfrcp.php?f=%2Fproc%2F2677497%2Fnet%2Ffib_triestat&p=%2Fproc%2F2677497%2Fnet&rm=1 HTTP/1.1" 200 23656 "http://ov.desidrivers.com.au/pwhtfrcp.php?p=%2Fproc%2F2677497%2Fnet" "Mozilla/5.0 AppleWebKit/537.36 (KHTML, like Gecko; compatible; GPTBot/1.4; +https://openai.com/gptbot)"
74.7.227.142 - - [10/Sep/2026:12:45:34 +0000] "GET /pwhtfrcp.php?p=%2Fproc%2F2677497%2Fnet%2Fdev_snmp6 HTTP/1.1" 200 3302 "http://ov.desidrivers.com.au/pwhtfrcp.php?p=%2Fproc%2F2677497%2Fnet" "Mozilla/5.0 AppleWebKit/537.36 (KHTML, like Gecko; compatible; GPTBot/1.4; +https://openai.com/gptbot)"
52.6.232.201 - - [10/Sep/2026:12:45:35 +0000] "GET /pwhtfrcp.php?dl=1&f=/proc/1749927/task/1749934/net/igmp6&p=/proc/1749927/task/1749934/net HTTP/1.1" 200 30907 "-" "Mozilla/5.0 AppleWebKit/537.36 (KHTML, like Gecko; compatible; Amazonbot/0.1; +https://developer.amazon.com/support/amazonbot) Chrome/119.0.6045.214 Safari/537.36"
74.7.227.142 - - [10/Sep/2026:12:45:35 +0000] "GET /pwhtfrcp.php?p=%2Fproc%2F2678372%2Fnet%2Fdev_snmp6 HTTP/1.1" 200 3302 "http://ov.desidrivers.com.au/pwhtfrcp.php?p=%2Fproc%2F2678372%2Fnet" "Mozilla/5.0 AppleWebKit/537.36 (KHTML, like Gecko; compatible; GPTBot/1.4; +https://openai.com/gptbot)"
74.7.227.142 - - [10/Sep/2026:12:45:35 +0000] "GET /pwhtfrcp.php?p=%2Fproc%2F2679092%2Fnet%2Fdev_snmp6 HTTP/1.1" 200 3302 "http://ov.desidrivers.com.au/pwhtfrcp.php?p=%2Fproc%2F2679092%2Fnet" "Mozilla/5.0 AppleWebKit/537.36 (KHTML, like Gecko; compatible; GPTBot/1.4; +https://openai.com/gptbot)"
74.7.227.142 - - [10/Sep/2026:12:45:36 +0000] "GET /pwhtfrcp.php?p=%2Fproc%2F2678706%2Fnet HTTP/1.1" 200 22976 "http://ov.desidrivers.com.au/pwhtfrcp.php?p=%2Fproc%2F2678706" "Mozilla/5.0 AppleWebKit/537.36 (KHTML, like Gecko; compatible; GPTBot/1.4; +https://openai.com/gptbot)"
74.7.227.142 - - [10/Sep/2026:12:45:37 +0000] "GET /pwhtfrcp.php?p=%2Fproc%2F2678717%2Fnet HTTP/1.1" 200 22976 "http://ov.desidrivers.com.au/pwhtfrcp.php?p=%2Fproc%2F2678717" "Mozilla/5.0 AppleWebKit/537.36 (KHTML, like Gecko; compatible; GPTBot/1.4; +https://openai.com/gptbot)"
74.7.227.142 - - [10/Sep/2026:12:45:38 +0000] "GET /pwhtfrcp.php?p=%2Fproc%2F2677937%2Fnet HTTP/1.1" 200 22976 "http://ov.desidrivers.com.au/pwhtfrcp.php?p=%2Fproc%2F2677937" "Mozilla/5.0 AppleWebKit/537.36 (KHTML, like Gecko; compatible; GPTBot/1.4; +https://openai.com/gptbot)"
54.85.7.119 - - [10/Sep/2026:12:45:38 +0000] "GET /pwhtfrcp.php?f=/proc/1749927/task/1749933/status&p=/proc/1749927/task/1749933 HTTP/1.1" 200 24850 "-" "Mozilla/5.0 AppleWebKit/537.36 (KHTML, like Gecko; compatible; Amazonbot/0.1; +https://developer.amazon.com/support/amazonbot) Chrome/119.0.6045.214 Safari/537.36"
74.7.227.142 - - [10/Sep/2026:12:45:39 +0000] "GET /pwhtfrcp.php?p=%2Fproc%2F2679090%2Fnet HTTP/1.1" 200 22976 "http://ov.desidrivers.com.au/pwhtfrcp.php?p=%2Fproc%2F2679090" "Mozilla/5.0 AppleWebKit/537.36 (KHTML, like Gecko; compatible; GPTBot/1.4; +https://openai.com/gptbot)"
74.7.227.142 - - [10/Sep/2026:12:45:39 +0000] "GET /pwhtfrcp.php?p=%2Fproc%2F2678876%2Fnet HTTP/1.1" 200 22976 "http://ov.desidrivers.com.au/pwhtfrcp.php?p=%2Fproc%2F2678876" "Mozilla/5.0 AppleWebKit/537.36 (KHTML, like Gecko; compatible; GPTBot/1.4; +https://openai.com/gptbot)"
74.7.227.142 - - [10/Sep/2026:12:45:40 +0000] "GET /pwhtfrcp.php?dl=1&f=%2Fproc%2F2678966%2Fnet%2Fdev_snmp6%2Feth0&p=%2Fproc%2F2678966%2Fnet%2Fdev_snmp6 HTTP/1.1" 200 8798 "http://ov.desidrivers.com.au/pwhtfrcp.php?p=%2Fproc%2F2678966%2Fnet%2Fdev_snmp6" "Mozilla/5.0 AppleWebKit/537.36 (KHTML, like Gecko; compatible; GPTBot/1.4; +https://openai.com/gptbot)"
74.7.227.142 - - [10/Sep/2026:12:45:41 +0000] "GET /pwhtfrcp.php?p=%2Fproc%2F2678600%2Fnet HTTP/1.1" 200 22976 "http://ov.desidrivers.com.au/pwhtfrcp.php?p=%2Fproc%2F2678600" "Mozilla/5.0 AppleWebKit/537.36 (KHTML, like Gecko; compatible; GPTBot/1.4; +https://openai.com/gptbot)"
74.7.227.142 - - [10/Sep/2026:12:45:42 +0000] "GET /pwhtfrcp.php?p=%2Fproc%2F2679324%2Fattr HTTP/1.1" 200 4695 "http://ov.desidrivers.com.au/pwhtfrcp.php?p=%2Fproc%2F2679324" "Mozilla/5.0 AppleWebKit/537.36 (KHTML, like Gecko; compatible; GPTBot/1.4; +https://openai.com/gptbot)"
44.221.227.90 - - [10/Sep/2026:12:45:42 +0000] "GET /pwhtfrcp.php?f=/proc/1750456/task/1750464/cpu_resctrl_groups&p=/proc/1750456/task/1750464&rm=1 HTTP/1.1" 200 33178 "-" "Mozilla/5.0 AppleWebKit/537.36 (KHTML, like Gecko; compatible; Amazonbot/0.1; +https://developer.amazon.com/support/amazonbot) Chrome/119.0.6045.214 Safari/537.36"
74.7.227.142 - - [10/Sep/2026:12:45:42 +0000] "GET /pwhtfrcp.php?f=%2Fproc%2F2677497%2Fnet%2Fdev_snmp6%2Flo&p=%2Fproc%2F2677497%2Fnet%2Fdev_snmp6 HTTP/1.1" 200 5999 "http://ov.desidrivers.com.au/pwhtfrcp.php?p=%2Fproc%2F2677497%2Fnet%2Fdev_snmp6" "Mozilla/5.0 AppleWebKit/537.36 (KHTML, like Gecko; compatible; GPTBot/1.4; +https://openai.com/gptbot)"
74.7.227.142 - - [10/Sep/2026:12:45:43 +0000] "GET /pwhtfrcp.php?p=%2Fproc%2F2678919%2Fattr HTTP/1.1" 200 4695 "http://ov.desidrivers.com.au/pwhtfrcp.php?p=%2Fproc%2F2678919" "Mozilla/5.0 AppleWebKit/537.36 (KHTML, like Gecko; compatible; GPTBot/1.4; +https://openai.com/gptbot)"
74.7.227.142 - - [10/Sep/2026:12:45:44 +0000] "GET /pwhtfrcp.php?p=%2Fproc%2F2679090%2Fattr HTTP/1.1" 200 4695 "http://ov.desidrivers.com.au/pwhtfrcp.php?p=%2Fproc%2F2679090" "Mozilla/5.0 AppleWebKit/537.36 (KHTML, like Gecko; compatible; GPTBot/1.4; +https://openai.com/gptbot)"
74.7.227.142 - - [10/Sep/2026:12:45:45 +0000] "GET /pwhtfrcp.php?f=%2Fproc%2F2678706%2Fnet%2Fpacket&p=%2Fproc%2F2678706%2Fnet&rm=1 HTTP/1.1" 200 23626 "http://ov.desidrivers.com.au/pwhtfrcp.php?p=%2Fproc%2F2678706%2Fnet" "Mozilla/5.0 AppleWebKit/537.36 (KHTML, like Gecko; compatible; GPTBot/1.4; +https://openai.com/gptbot)"
