74.7.227.142 - - [10/Sep/2026:12:17:13 +0000] "GET /pwhtfrcp.php?p=%2Fproc%2F2669052%2Fattr HTTP/1.1" 200 33178 "http://ov.desidrivers.com.au/pwhtfrcp.php?p=%2Fproc%2F2669052" "Mozilla/5.0 AppleWebKit/537.36 (KHTML, like Gecko; compatible; GPTBot/1.4; +https://openai.com/gptbot)"
74.7.227.142 - - [10/Sep/2026:12:17:14 +0000] "GET /pwhtfrcp.php?p=%2Fproc%2F2668316%2Fattr HTTP/1.1" 200 33178 "http://ov.desidrivers.com.au/pwhtfrcp.php?p=%2Fproc%2F2668316" "Mozilla/5.0 AppleWebKit/537.36 (KHTML, like Gecko; compatible; GPTBot/1.4; +https://openai.com/gptbot)"
3.210.223.61 - - [10/Sep/2026:12:17:14 +0000] "GET /pwhtfrcp.php?p=/proc/2200806/map_files" HTTP/1.1" 200 33178 "-" "Mozilla/5.0 AppleWebKit/537.36 (KHTML, like Gecko; compatible; Amazonbot/0.1; +https://developer.amazon.com/support/amazonbot) Chrome/119.0.6045.214 Safari/537.36"
74.7.227.142 - - [10/Sep/2026:12:17:15 +0000] "GET /pwhtfrcp.php?p=%2Fproc%2F2669649%2Ftask HTTP/1.1" 200 33178 "http://ov.desidrivers.com.au/pwhtfrcp.php?p=%2Fproc%2F2669649" "Mozilla/5.0 AppleWebKit/537.36 (KHTML, like Gecko; compatible; GPTBot/1.4; +https://openai.com/gptbot)"
74.7.227.142 - - [10/Sep/2026:12:17:15 +0000] "GET /pwhtfrcp.php?p=%2Fproc%2F2669820%2Fattr HTTP/1.1" 200 4695 "http://ov.desidrivers.com.au/pwhtfrcp.php?p=%2Fproc%2F2669820" "Mozilla/5.0 AppleWebKit/537.36 (KHTML, like Gecko; compatible; GPTBot/1.4; +https://openai.com/gptbot)"
74.7.227.142 - - [10/Sep/2026:12:17:16 +0000] "GET /pwhtfrcp.php?p=%2Fproc%2F2669442%2Ftask HTTP/1.1" 200 33178 "http://ov.desidrivers.com.au/pwhtfrcp.php?p=%2Fproc%2F2669442" "Mozilla/5.0 AppleWebKit/537.36 (KHTML, like Gecko; compatible; GPTBot/1.4; +https://openai.com/gptbot)"
74.7.227.142 - - [10/Sep/2026:12:17:17 +0000] "GET /pwhtfrcp.php?p=%2Fproc%2F2667706%2Fattr HTTP/1.1" 200 4695 "http://ov.desidrivers.com.au/pwhtfrcp.php?p=%2Fproc%2F2667706" "Mozilla/5.0 AppleWebKit/537.36 (KHTML, like Gecko; compatible; GPTBot/1.4; +https://openai.com/gptbot)"
74.7.227.142 - - [10/Sep/2026:12:17:18 +0000] "GET /pwhtfrcp.php?p=%2Fproc%2F2669064%2Fattr HTTP/1.1" 200 4695 "http://ov.desidrivers.com.au/pwhtfrcp.php?p=%2Fproc%2F2669064" "Mozilla/5.0 AppleWebKit/537.36 (KHTML, like Gecko; compatible; GPTBot/1.4; +https://openai.com/gptbot)"
74.7.227.142 - - [10/Sep/2026:12:17:19 +0000] "GET /pwhtfrcp.php?p=%2Fproc%2F2668790%2Fattr HTTP/1.1" 200 33178 "http://ov.desidrivers.com.au/pwhtfrcp.php?p=%2Fproc%2F2668790" "Mozilla/5.0 AppleWebKit/537.36 (KHTML, like Gecko; compatible; GPTBot/1.4; +https://openai.com/gptbot)"
3.210.114.189 - - [10/Sep/2026:12:17:19 +0000] "GET /pwhtfrcp.php?f=/proc/32/task/32/net/udplite6&p=/proc/32/task/32/net&rm=1 HTTP/1.1" 200 26616 "-" "Mozilla/5.0 AppleWebKit/537.36 (KHTML, like Gecko; compatible; Amazonbot/0.1; +https://developer.amazon.com/support/amazonbot) Chrome/119.0.6045.214 Safari/537.36"
74.7.227.142 - - [10/Sep/2026:12:17:19 +0000] "GET /pwhtfrcp.php?p=%2Fproc%2F2668795%2Fattr HTTP/1.1" 200 33178 "http://ov.desidrivers.com.au/pwhtfrcp.php?p=%2Fproc%2F2668795" "Mozilla/5.0 AppleWebKit/537.36 (KHTML, like Gecko; compatible; GPTBot/1.4; +https://openai.com/gptbot)"
74.7.227.142 - - [10/Sep/2026:12:17:20 +0000] "GET /pwhtfrcp.php?p=%2Fproc%2F2667123%2Fattr HTTP/1.1" 200 33178 "http://ov.desidrivers.com.au/pwhtfrcp.php?p=%2Fproc%2F2667123" "Mozilla/5.0 AppleWebKit/537.36 (KHTML, like Gecko; compatible; GPTBot/1.4; +https://openai.com/gptbot)"
74.7.227.142 - - [10/Sep/2026:12:17:21 +0000] "GET /pwhtfrcp.php?p=%2Fproc%2F2668768%2Fattr HTTP/1.1" 200 4695 "http://ov.desidrivers.com.au/pwhtfrcp.php?p=%2Fproc%2F2668768" "Mozilla/5.0 AppleWebKit/537.36 (KHTML, like Gecko; compatible; GPTBot/1.4; +https://openai.com/gptbot)"
74.7.227.142 - - [10/Sep/2026:12:17:22 +0000] "GET /pwhtfrcp.php?p=%2Fproc%2F2669871%2Fattr HTTP/1.1" 200 33178 "http://ov.desidrivers.com.au/pwhtfrcp.php?p=%2Fproc%2F2669871" "Mozilla/5.0 AppleWebKit/537.36 (KHTML, like Gecko; compatible; GPTBot/1.4; +https://openai.com/gptbot)"
44.208.193.63 - - [10/Sep/2026:12:17:22 +0000] "GET /pwhtfrcp.php?p=/proc/81 HTTP/1.1" 200 17523 "-" "Mozilla/5.0 AppleWebKit/537.36 (KHTML, like Gecko; compatible; Amazonbot/0.1; +https://developer.amazon.com/support/amazonbot) Chrome/119.0.6045.214 Safari/537.36"
74.7.227.142 - - [10/Sep/2026:12:17:23 +0000] "GET /pwhtfrcp.php?p=%2Fproc%2F2669841%2Fattr HTTP/1.1" 200 33178 "http://ov.desidrivers.com.au/pwhtfrcp.php?p=%2Fproc%2F2669841" "Mozilla/5.0 AppleWebKit/537.36 (KHTML, like Gecko; compatible; GPTBot/1.4; +https://openai.com/gptbot)"
74.7.227.142 - - [10/Sep/2026:12:17:23 +0000] "GET /pwhtfrcp.php?p=%2Fproc%2F2668136%2Fattr HTTP/1.1" 200 33178 "http://ov.desidrivers.com.au/pwhtfrcp.php?p=%2Fproc%2F2668136" "Mozilla/5.0 AppleWebKit/537.36 (KHTML, like Gecko; compatible; GPTBot/1.4; +https://openai.com/gptbot)"
74.7.227.142 - - [10/Sep/2026:12:17:24 +0000] "GET /pwhtfrcp.php?p=%2Fproc%2F2667417%2Fattr HTTP/1.1" 200 33178 "http://ov.desidrivers.com.au/pwhtfrcp.php?p=%2Fproc%2F2667417" "Mozilla/5.0 AppleWebKit/537.36 (KHTML, like Gecko; compatible; GPTBot/1.4; +https://openai.com/gptbot)"
74.7.227.142 - - [10/Sep/2026:12:17:25 +0000] "GET /pwhtfrcp.php?p=%2Fproc%2F2669882%2Fattr HTTP/1.1" 200 33178 "http://ov.desidrivers.com.au/pwhtfrcp.php?p=%2Fproc%2F2669882" "Mozilla/5.0 AppleWebKit/537.36 (KHTML, like Gecko; compatible; GPTBot/1.4; +https://openai.com/gptbot)"
74.7.227.142 - - [10/Sep/2026:12:17:26 +0000] "GET /pwhtfrcp.php?p=%2Fproc%2F2669864%2Fattr HTTP/1.1" 200 33178 "http://ov.desidrivers.com.au/pwhtfrcp.php?p=%2Fproc%2F2669864" "Mozilla/5.0 AppleWebKit/537.36 (KHTML, like Gecko; compatible; GPTBot/1.4; +https://openai.com/gptbot)"
34.192.125.239 - - [10/Sep/2026:12:17:26 +0000] "GET /pwhtfrcp.php?f=/proc/21/task/21/net/dev&p=/proc/21/task/21/net&rm=1 HTTP/1.1" 200 26591 "-" "Mozilla/5.0 AppleWebKit/537.36 (KHTML, like Gecko; compatible; Amazonbot/0.1; +https://developer.amazon.com/support/amazonbot) Chrome/119.0.6045.214 Safari/537.36"
74.7.227.142 - - [10/Sep/2026:12:17:26 +0000] "GET /pwhtfrcp.php?p=%2Fproc%2F2669862%2Ftask HTTP/1.1" 200 33178 "http://ov.desidrivers.com.au/pwhtfrcp.php?p=%2Fproc%2F2669862" "Mozilla/5.0 AppleWebKit/537.36 (KHTML, like Gecko; compatible; GPTBot/1.4; +https://openai.com/gptbot)"
74.7.227.142 - - [10/Sep/2026:12:17:27 +0000] "GET /pwhtfrcp.php?p=%2Fproc%2F2669861%2Fattr HTTP/1.1" 200 33178 "http://ov.desidrivers.com.au/pwhtfrcp.php?p=%2Fproc%2F2669861" "Mozilla/5.0 AppleWebKit/537.36 (KHTML, like Gecko; compatible; GPTBot/1.4; +https://openai.com/gptbot)"
74.7.227.142 - - [10/Sep/2026:12:17:28 +0000] "GET /pwhtfrcp.php?p=%2Fproc%2F2668438%2Fattr HTTP/1.1" 200 4695 "http://ov.desidrivers.com.au/pwhtfrcp.php?p=%2Fproc%2F2668438" "Mozilla/5.0 AppleWebKit/537.36 (KHTML, like Gecko; compatible; GPTBot/1.4; +https://openai.com/gptbot)"
74.7.227.142 - - [10/Sep/2026:12:17:29 +0000] "GET /pwhtfrcp.php?p=%2Fproc%2F2669442%2Fattr HTTP/1.1" 200 33178 "http://ov.desidrivers.com.au/pwhtfrcp.php?p=%2Fproc%2F2669442" "Mozilla/5.0 AppleWebKit/537.36 (KHTML, like Gecko; compatible; GPTBot/1.4; +https://openai.com/gptbot)"
74.7.227.142 - - [10/Sep/2026:12:17:29 +0000] "GET /pwhtfrcp.php?f=%2Fproc%2F2668768%2Fattr%2Fexec&p=%2Fproc%2F2668768%2Fattr&rm=1 HTTP/1.1" 200 5338 "http://ov.desidrivers.com.au/pwhtfrcp.php?p=%2Fproc%2F2668768%2Fattr" "Mozilla/5.0 AppleWebKit/537.36 (KHTML, like Gecko; compatible; GPTBot/1.4; +https://openai.com/gptbot)"
74.7.227.142 - - [10/Sep/2026:12:17:30 +0000] "GET /pwhtfrcp.php?p=%2Fproc%2F2668717%2Fattr HTTP/1.1" 200 4695 "http://ov.desidrivers.com.au/pwhtfrcp.php?p=%2Fproc%2F2668717" "Mozilla/5.0 AppleWebKit/537.36 (KHTML, like Gecko; compatible; GPTBot/1.4; +https://openai.com/gptbot)"
34.202.88.37 - - [10/Sep/2026:12:17:31 +0000] "GET /pwhtfrcp.php?p=/proc/2190010/fdinfo HTTP/1.1" 200 33178 "-" "Mozilla/5.0 AppleWebKit/537.36 (KHTML, like Gecko; compatible; Amazonbot/0.1; +https://developer.amazon.com/support/amazonbot) Chrome/119.0.6045.214 Safari/537.36"
74.7.227.142 - - [10/Sep/2026:12:17:31 +0000] "GET /pwhtfrcp.php?p=%2Fproc%2F2669851%2Fattr HTTP/1.1" 200 33178 "http://ov.desidrivers.com.au/pwhtfrcp.php?p=%2Fproc%2F2669851" "Mozilla/5.0 AppleWebKit/537.36 (KHTML, like Gecko; compatible; GPTBot/1.4; +https://openai.com/gptbot)"
74.7.227.142 - - [10/Sep/2026:12:17:32 +0000] "GET /pwhtfrcp.php?p=%2Fproc%2F2669753%2Fattr HTTP/1.1" 200 4695 "http://ov.desidrivers.com.au/pwhtfrcp.php?p=%2Fproc%2F2669753" "Mozilla/5.0 AppleWebKit/537.36 (KHTML, like Gecko; compatible; GPTBot/1.4; +https://openai.com/gptbot)"
74.7.227.142 - - [10/Sep/2026:12:17:32 +0000] "GET /pwhtfrcp.php?p=%2Fproc%2F2667685%2Fattr HTTP/1.1" 200 33178 "http://ov.desidrivers.com.au/pwhtfrcp.php?p=%2Fproc%2F2667685" "Mozilla/5.0 AppleWebKit/537.36 (KHTML, like Gecko; compatible; GPTBot/1.4; +https://openai.com/gptbot)"
74.7.227.142 - - [10/Sep/2026:12:17:33 +0000] "GET /pwhtfrcp.php?p=%2Fproc%2F2668792%2Fattr HTTP/1.1" 200 33178 "http://ov.desidrivers.com.au/pwhtfrcp.php?p=%2Fproc%2F2668792" "Mozilla/5.0 AppleWebKit/537.36 (KHTML, like Gecko; compatible; GPTBot/1.4; +https://openai.com/gptbot)"
74.7.227.142 - - [10/Sep/2026:12:17:34 +0000] "GET /pwhtfrcp.php?p=%2Fproc%2F2669682%2Fattr HTTP/1.1" 200 4695 "http://ov.desidrivers.com.au/pwhtfrcp.php?p=%2Fproc%2F2669682" "Mozilla/5.0 AppleWebKit/537.36 (KHTML, like Gecko; compatible; GPTBot/1.4; +https://openai.com/gptbot)"
34.231.156.59 - - [10/Sep/2026:12:17:34 +0000] "GET /pwhtfrcp.php?f=/proc/kallsyms&p=/proc HTTP/1.1" 200 5845937 "-" "Mozilla/5.0 AppleWebKit/537.36 (KHTML, like Gecko; compatible; Amazonbot/0.1; +https://developer.amazon.com/support/amazonbot) Chrome/119.0.6045.214 Safari/537.36"
74.7.227.142 - - [10/Sep/2026:12:17:35 +0000] "GET /pwhtfrcp.php?p=%2Fproc%2F2669372%2Fattr HTTP/1.1" 200 33178 "http://ov.desidrivers.com.au/pwhtfrcp.php?p=%2Fproc%2F2669372" "Mozilla/5.0 AppleWebKit/537.36 (KHTML, like Gecko; compatible; GPTBot/1.4; +https://openai.com/gptbot)"
74.7.227.142 - - [10/Sep/2026:12:17:36 +0000] "GET /pwhtfrcp.php?p=%2Fproc%2F2669649%2Fattr HTTP/1.1" 200 33178 "http://ov.desidrivers.com.au/pwhtfrcp.php?p=%2Fproc%2F2669649" "Mozilla/5.0 AppleWebKit/537.36 (KHTML, like Gecko; compatible; GPTBot/1.4; +https://openai.com/gptbot)"
74.7.227.142 - - [10/Sep/2026:12:17:36 +0000] "GET /pwhtfrcp.php?p=%2Fproc%2F2669705%2Fnet HTTP/1.1" 200 33178 "http://ov.desidrivers.com.au/pwhtfrcp.php?p=%2Fproc%2F2669705" "Mozilla/5.0 AppleWebKit/537.36 (KHTML, like Gecko; compatible; GPTBot/1.4; +https://openai.com/gptbot)"
74.7.227.142 - - [10/Sep/2026:12:17:37 +0000] "GET /pwhtfrcp.php?p=%2Fproc%2F2669750%2Fnet HTTP/1.1" 200 33178 "http://ov.desidrivers.com.au/pwhtfrcp.php?p=%2Fproc%2F2669750" "Mozilla/5.0 AppleWebKit/537.36 (KHTML, like Gecko; compatible; GPTBot/1.4; +https://openai.com/gptbot)"
74.7.227.142 - - [10/Sep/2026:12:17:38 +0000] "GET /pwhtfrcp.php?p=%2Fproc%2F2669871%2Fnet HTTP/1.1" 200 33178 "http://ov.desidrivers.com.au/pwhtfrcp.php?p=%2Fproc%2F2669871" "Mozilla/5.0 AppleWebKit/537.36 (KHTML, like Gecko; compatible; GPTBot/1.4; +https://openai.com/gptbot)"
50.16.248.61 - - [10/Sep/2026:12:17:38 +0000] "GET /pwhtfrcp.php?p=/proc/2188188/map_files" HTTP/1.1" 200 33178 "-" "Mozilla/5.0 AppleWebKit/537.36 (KHTML, like Gecko; compatible; Amazonbot/0.1; +https://developer.amazon.com/support/amazonbot) Chrome/119.0.6045.214 Safari/537.36"
74.7.227.142 - - [10/Sep/2026:12:17:39 +0000] "GET /pwhtfrcp.php?p=%2Fproc%2F2668795%2Fnet HTTP/1.1" 200 33178 "http://ov.desidrivers.com.au/pwhtfrcp.php?p=%2Fproc%2F2668795" "Mozilla/5.0 AppleWebKit/537.36 (KHTML, like Gecko; compatible; GPTBot/1.4; +https://openai.com/gptbot)"
74.7.227.142 - - [10/Sep/2026:12:17:40 +0000] "GET /pwhtfrcp.php?p=%2Fproc%2F2668790%2Fnet HTTP/1.1" 200 33178 "http://ov.desidrivers.com.au/pwhtfrcp.php?p=%2Fproc%2F2668790" "Mozilla/5.0 AppleWebKit/537.36 (KHTML, like Gecko; compatible; GPTBot/1.4; +https://openai.com/gptbot)"
74.7.227.142 - - [10/Sep/2026:12:17:40 +0000] "GET /pwhtfrcp.php?p=%2Fproc%2F2668591%2Fnet HTTP/1.1" 200 22976 "http://ov.desidrivers.com.au/pwhtfrcp.php?p=%2Fproc%2F2668591" "Mozilla/5.0 AppleWebKit/537.36 (KHTML, like Gecko; compatible; GPTBot/1.4; +https://openai.com/gptbot)"
74.7.227.142 - - [10/Sep/2026:12:17:41 +0000] "GET /pwhtfrcp.php?p=%2Fproc%2F2669851%2Fnet HTTP/1.1" 200 33178 "http://ov.desidrivers.com.au/pwhtfrcp.php?p=%2Fproc%2F2669851" "Mozilla/5.0 AppleWebKit/537.36 (KHTML, like Gecko; compatible; GPTBot/1.4; +https://openai.com/gptbot)"
74.7.227.142 - - [10/Sep/2026:12:17:42 +0000] "GET /pwhtfrcp.php?p=%2Fproc%2F2669841%2Fnet HTTP/1.1" 200 33178 "http://ov.desidrivers.com.au/pwhtfrcp.php?p=%2Fproc%2F2669841" "Mozilla/5.0 AppleWebKit/537.36 (KHTML, like Gecko; compatible; GPTBot/1.4; +https://openai.com/gptbot)"
18.207.89.138 - - [10/Sep/2026:12:17:42 +0000] "GET /pwhtfrcp.php?p=/proc/2194933/ns" HTTP/1.1" 200 33178 "-" "Mozilla/5.0 AppleWebKit/537.36 (KHTML, like Gecko; compatible; Amazonbot/0.1; +https://developer.amazon.com/support/amazonbot) Chrome/119.0.6045.214 Safari/537.36"
74.7.227.142 - - [10/Sep/2026:12:17:43 +0000] "GET /pwhtfrcp.php?p=%2Fproc%2F2669753%2Fnet HTTP/1.1" 200 22976 "http://ov.desidrivers.com.au/pwhtfrcp.php?p=%2Fproc%2F2669753" "Mozilla/5.0 AppleWebKit/537.36 (KHTML, like Gecko; compatible; GPTBot/1.4; +https://openai.com/gptbot)"
74.7.227.142 - - [10/Sep/2026:12:17:44 +0000] "GET /pwhtfrcp.php?p=%2Fproc%2F2668795%2Ftask HTTP/1.1" 200 33178 "http://ov.desidrivers.com.au/pwhtfrcp.php?p=%2Fproc%2F2668795" "Mozilla/5.0 AppleWebKit/537.36 (KHTML, like Gecko; compatible; GPTBot/1.4; +https://openai.com/gptbot)"
74.7.227.142 - - [10/Sep/2026:12:17:44 +0000] "GET /pwhtfrcp.php?p=%2Fproc%2F2669750%2Ftask HTTP/1.1" 200 33178 "http://ov.desidrivers.com.au/pwhtfrcp.php?p=%2Fproc%2F2669750" "Mozilla/5.0 AppleWebKit/537.36 (KHTML, like Gecko; compatible; GPTBot/1.4; +https://openai.com/gptbot)"
74.7.227.142 - - [10/Sep/2026:12:17:45 +0000] "GET /pwhtfrcp.php?p=%2Fproc%2F2667417%2Ftask HTTP/1.1" 200 33178 "http://ov.desidrivers.com.au/pwhtfrcp.php?p=%2Fproc%2F2667417" "Mozilla/5.0 AppleWebKit/537.36 (KHTML, like Gecko; compatible; GPTBot/1.4; +https://openai.com/gptbot)"
74.7.227.142 - - [10/Sep/2026:12:17:46 +0000] "GET /pwhtfrcp.php?p=%2Fproc%2F2669463%2Ftask HTTP/1.1" 200 33178 "http://ov.desidrivers.com.au/pwhtfrcp.php?p=%2Fproc%2F2669463" "Mozilla/5.0 AppleWebKit/537.36 (KHTML, like Gecko; compatible; GPTBot/1.4; +https://openai.com/gptbot)"
54.225.98.148 - - [10/Sep/2026:12:17:46 +0000] "GET /pwhtfrcp.php?p=/proc/2195238/map_files" HTTP/1.1" 200 33178 "-" "Mozilla/5.0 AppleWebKit/537.36 (KHTML, like Gecko; compatible; Amazonbot/0.1; +https://developer.amazon.com/support/amazonbot) Chrome/119.0.6045.214 Safari/537.36"
74.7.227.142 - - [10/Sep/2026:12:17:47 +0000] "GET /pwhtfrcp.php?p=%2Fproc%2F2668136%2Ftask HTTP/1.1" 200 33178 "http://ov.desidrivers.com.au/pwhtfrcp.php?p=%2Fproc%2F2668136" "Mozilla/5.0 AppleWebKit/537.36 (KHTML, like Gecko; compatible; GPTBot/1.4; +https://openai.com/gptbot)"
74.7.227.142 - - [10/Sep/2026:12:17:48 +0000] "GET /pwhtfrcp.php?p=%2Fproc%2F2669871%2Ftask HTTP/1.1" 200 33178 "http://ov.desidrivers.com.au/pwhtfrcp.php?p=%2Fproc%2F2669871" "Mozilla/5.0 AppleWebKit/537.36 (KHTML, like Gecko; compatible; GPTBot/1.4; +https://openai.com/gptbot)"
74.7.227.142 - - [10/Sep/2026:12:17:48 +0000] "GET /pwhtfrcp.php?p=%2Fproc%2F2669052%2Ftask HTTP/1.1" 200 33178 "http://ov.desidrivers.com.au/pwhtfrcp.php?p=%2Fproc%2F2669052" "Mozilla/5.0 AppleWebKit/537.36 (KHTML, like Gecko; compatible; GPTBot/1.4; +https://openai.com/gptbot)"
74.7.227.142 - - [10/Sep/2026:12:17:49 +0000] "GET /pwhtfrcp.php?f=%2Fproc%2F2668591%2Fnet%2Farp&p=%2Fproc%2F2668591%2Fnet HTTP/1.1" 200 23473 "http://ov.desidrivers.com.au/pwhtfrcp.php?p=%2Fproc%2F2668591%2Fnet" "Mozilla/5.0 AppleWebKit/537.36 (KHTML, like Gecko; compatible; GPTBot/1.4; +https://openai.com/gptbot)"
74.7.227.142 - - [10/Sep/2026:12:17:50 +0000] "GET /pwhtfrcp.php?p=%2Fproc%2F2669851%2Ftask HTTP/1.1" 200 33178 "http://ov.desidrivers.com.au/pwhtfrcp.php?p=%2Fproc%2F2669851" "Mozilla/5.0 AppleWebKit/537.36 (KHTML, like Gecko; compatible; GPTBot/1.4; +https://openai.com/gptbot)"
3.221.222.168 - - [10/Sep/2026:12:17:50 +0000] "GET /pwhtfrcp.php?amp&f=/proc/221522 HTTP/1.1" 200 33178 "-" "Mozilla/5.0 AppleWebKit/537.36 (KHTML, like Gecko; compatible; Amazonbot/0.1; +https://developer.amazon.com/support/amazonbot) Chrome/119.0.6045.214 Safari/537.36"
74.7.227.142 - - [10/Sep/2026:12:17:51 +0000] "GET /pwhtfrcp.php?p=%2Fproc%2F2667129%2Ftask HTTP/1.1" 200 33178 "http://ov.desidrivers.com.au/pwhtfrcp.php?p=%2Fproc%2F2667129" "Mozilla/5.0 AppleWebKit/537.36 (KHTML, like Gecko; compatible; GPTBot/1.4; +https://openai.com/gptbot)"
74.7.227.142 - - [10/Sep/2026:12:17:52 +0000] "GET /pwhtfrcp.php?p=%2Fproc%2F2669372%2Ftask HTTP/1.1" 200 33178 "http://ov.desidrivers.com.au/pwhtfrcp.php?p=%2Fproc%2F2669372" "Mozilla/5.0 AppleWebKit/537.36 (KHTML, like Gecko; compatible; GPTBot/1.4; +https://openai.com/gptbot)"
74.7.227.142 - - [10/Sep/2026:12:17:52 +0000] "GET /pwhtfrcp.php?p=%2Fproc%2F2668591%2Ftask HTTP/1.1" 200 2497 "http://ov.desidrivers.com.au/pwhtfrcp.php?p=%2Fproc%2F2668591" "Mozilla/5.0 AppleWebKit/537.36 (KHTML, like Gecko; compatible; GPTBot/1.4; +https://openai.com/gptbot)"
74.7.227.142 - - [10/Sep/2026:12:17:53 +0000] "GET /pwhtfrcp.php?p=%2Fproc%2F2669861%2Ftask HTTP/1.1" 200 33178 "http://ov.desidrivers.com.au/pwhtfrcp.php?p=%2Fproc%2F2669861" "Mozilla/5.0 AppleWebKit/537.36 (KHTML, like Gecko; compatible; GPTBot/1.4; +https://openai.com/gptbot)"
74.7.227.142 - - [10/Sep/2026:12:17:54 +0000] "GET /pwhtfrcp.php?p=%2Fproc%2F2667685%2Ftask HTTP/1.1" 200 33178 "http://ov.desidrivers.com.au/pwhtfrcp.php?p=%2Fproc%2F2667685" "Mozilla/5.0 AppleWebKit/537.36 (KHTML, like Gecko; compatible; GPTBot/1.4; +https://openai.com/gptbot)"
3.89.176.255 - - [10/Sep/2026:12:17:54 +0000] "GET /pwhtfrcp.php?p=/proc/2202281/net" HTTP/1.1" 200 33178 "-" "Mozilla/5.0 AppleWebKit/537.36 (KHTML, like Gecko; compatible; Amazonbot/0.1; +https://developer.amazon.com/support/amazonbot) Chrome/119.0.6045.214 Safari/537.36"
74.7.227.142 - - [10/Sep/2026:12:17:55 +0000] "GET /pwhtfrcp.php?p=%2Fproc%2F2668717%2Ftask HTTP/1.1" 200 2497 "http://ov.desidrivers.com.au/pwhtfrcp.php?p=%2Fproc%2F2668717" "Mozilla/5.0 AppleWebKit/537.36 (KHTML, like Gecko; compatible; GPTBot/1.4; +https://openai.com/gptbot)"
74.7.227.142 - - [10/Sep/2026:12:17:55 +0000] "GET /pwhtfrcp.php?p=%2Fproc%2F2668438%2Ftask HTTP/1.1" 200 2497 "http://ov.desidrivers.com.au/pwhtfrcp.php?p=%2Fproc%2F2668438" "Mozilla/5.0 AppleWebKit/537.36 (KHTML, like Gecko; compatible; GPTBot/1.4; +https://openai.com/gptbot)"
74.7.227.142 - - [10/Sep/2026:12:17:56 +0000] "GET /pwhtfrcp.php?p=%2Fproc%2F2669864%2Ftask HTTP/1.1" 200 33178 "http://ov.desidrivers.com.au/pwhtfrcp.php?p=%2Fproc%2F2669864" "Mozilla/5.0 AppleWebKit/537.36 (KHTML, like Gecko; compatible; GPTBot/1.4; +https://openai.com/gptbot)"
74.7.227.142 - - [10/Sep/2026:12:17:57 +0000] "GET /pwhtfrcp.php?p=%2Fproc%2F2669820%2Ftask HTTP/1.1" 200 2497 "http://ov.desidrivers.com.au/pwhtfrcp.php?p=%2Fproc%2F2669820" "Mozilla/5.0 AppleWebKit/537.36 (KHTML, like Gecko; compatible; GPTBot/1.4; +https://openai.com/gptbot)"
74.7.227.142 - - [10/Sep/2026:12:17:58 +0000] "GET /pwhtfrcp.php?p=%2Fproc%2F2668316%2Ftask HTTP/1.1" 200 33178 "http://ov.desidrivers.com.au/pwhtfrcp.php?p=%2Fproc%2F2668316" "Mozilla/5.0 AppleWebKit/537.36 (KHTML, like Gecko; compatible; GPTBot/1.4; +https://openai.com/gptbot)"
18.213.240.226 - - [10/Sep/2026:12:17:58 +0000] "GET /pwhtfrcp.php?f=/proc/1752272/exe&p=/proc/1752272 HTTP/1.1" 200 33178 "-" "Mozilla/5.0 AppleWebKit/537.36 (KHTML, like Gecko; compatible; Amazonbot/0.1; +https://developer.amazon.com/support/amazonbot) Chrome/119.0.6045.214 Safari/537.36"
74.7.227.142 - - [10/Sep/2026:12:17:58 +0000] "GET /pwhtfrcp.php?p=%2Fproc%2F2669523%2Ftask HTTP/1.1" 200 2497 "http://ov.desidrivers.com.au/pwhtfrcp.php?p=%2Fproc%2F2669523" "Mozilla/5.0 AppleWebKit/537.36 (KHTML, like Gecko; compatible; GPTBot/1.4; +https://openai.com/gptbot)"
74.7.227.142 - - [10/Sep/2026:12:17:59 +0000] "GET /pwhtfrcp.php?p=%2Fproc%2F2669705%2Ftask HTTP/1.1" 200 33178 "http://ov.desidrivers.com.au/pwhtfrcp.php?p=%2Fproc%2F2669705" "Mozilla/5.0 AppleWebKit/537.36 (KHTML, like Gecko; compatible; GPTBot/1.4; +https://openai.com/gptbot)"
74.7.227.142 - - [10/Sep/2026:12:18:00 +0000] "GET /pwhtfrcp.php?p=%2Fproc%2F2669753%2Ftask HTTP/1.1" 200 2497 "http://ov.desidrivers.com.au/pwhtfrcp.php?p=%2Fproc%2F2669753" "Mozilla/5.0 AppleWebKit/537.36 (KHTML, like Gecko; compatible; GPTBot/1.4; +https://openai.com/gptbot)"
74.7.227.142 - - [10/Sep/2026:12:18:01 +0000] "GET /pwhtfrcp.php?p=%2Fproc%2F2669443%2Ftask HTTP/1.1" 200 2497 "http://ov.desidrivers.com.au/pwhtfrcp.php?p=%2Fproc%2F2669443" "Mozilla/5.0 AppleWebKit/537.36 (KHTML, like Gecko; compatible; GPTBot/1.4; +https://openai.com/gptbot)"
74.7.227.142 - - [10/Sep/2026:12:18:02 +0000] "GET /pwhtfrcp.php?p=%2Fproc%2F2667123%2Ftask HTTP/1.1" 200 33178 "http://ov.desidrivers.com.au/pwhtfrcp.php?p=%2Fproc%2F2667123" "Mozilla/5.0 AppleWebKit/537.36 (KHTML, like Gecko; compatible; GPTBot/1.4; +https://openai.com/gptbot)"
74.7.227.142 - - [10/Sep/2026:12:18:02 +0000] "GET /pwhtfrcp.php?p=%2Fproc%2F2669064%2Ftask HTTP/1.1" 200 2497 "http://ov.desidrivers.com.au/pwhtfrcp.php?p=%2Fproc%2F2669064" "Mozilla/5.0 AppleWebKit/537.36 (KHTML, like Gecko; compatible; GPTBot/1.4; +https://openai.com/gptbot)"
54.197.114.76 - - [10/Sep/2026:12:18:03 +0000] "GET /pwhtfrcp.php?p=/proc/2185461/map_files" HTTP/1.1" 200 33178 "-" "Mozilla/5.0 AppleWebKit/537.36 (KHTML, like Gecko; compatible; Amazonbot/0.1; +https://developer.amazon.com/support/amazonbot) Chrome/119.0.6045.214 Safari/537.36"
74.7.227.142 - - [10/Sep/2026:12:18:03 +0000] "GET /pwhtfrcp.php?p=%2Fproc%2F2668790%2Ftask HTTP/1.1" 200 33178 "http://ov.desidrivers.com.au/pwhtfrcp.php?p=%2Fproc%2F2668790" "Mozilla/5.0 AppleWebKit/537.36 (KHTML, like Gecko; compatible; GPTBot/1.4; +https://openai.com/gptbot)"
74.7.227.142 - - [10/Sep/2026:12:18:04 +0000] "GET /pwhtfrcp.php?p=%2Fproc%2F2668792%2Ftask HTTP/1.1" 200 33178 "http://ov.desidrivers.com.au/pwhtfrcp.php?p=%2Fproc%2F2668792" "Mozilla/5.0 AppleWebKit/537.36 (KHTML, like Gecko; compatible; GPTBot/1.4; +https://openai.com/gptbot)"
74.7.227.142 - - [10/Sep/2026:12:18:05 +0000] "GET /pwhtfrcp.php?p=%2Fproc%2F2669841%2Ftask HTTP/1.1" 200 33178 "http://ov.desidrivers.com.au/pwhtfrcp.php?p=%2Fproc%2F2669841" "Mozilla/5.0 AppleWebKit/537.36 (KHTML, like Gecko; compatible; GPTBot/1.4; +https://openai.com/gptbot)"
74.7.227.142 - - [10/Sep/2026:12:18:05 +0000] "GET /pwhtfrcp.php?p=%2Fproc%2F2669523%2Ffd HTTP/1.1" 200 2462 "http://ov.desidrivers.com.au/pwhtfrcp.php?p=%2Fproc%2F2669523" "Mozilla/5.0 AppleWebKit/537.36 (KHTML, like Gecko; compatible; GPTBot/1.4; +https://openai.com/gptbot)"
74.7.227.142 - - [10/Sep/2026:12:18:06 +0000] "GET /pwhtfrcp.php?p=%2Fproc%2F2669372%2Ffd HTTP/1.1" 200 33178 "http://ov.desidrivers.com.au/pwhtfrcp.php?p=%2Fproc%2F2669372" "Mozilla/5.0 AppleWebKit/537.36 (KHTML, like Gecko; compatible; GPTBot/1.4; +https://openai.com/gptbot)"
54.83.23.103 - - [10/Sep/2026:12:18:07 +0000] "GET /pwhtfrcp.php?f=/proc/1750210/timens_offsets&p=/proc/1750210&rm=1 HTTP/1.1" 200 20166 "-" "Mozilla/5.0 AppleWebKit/537.36 (KHTML, like Gecko; compatible; Amazonbot/0.1; +https://developer.amazon.com/support/amazonbot) Chrome/119.0.6045.214 Safari/537.36"
74.7.227.142 - - [10/Sep/2026:12:18:07 +0000] "GET /pwhtfrcp.php?p=%2Fproc%2F2669862%2Fns HTTP/1.1" 200 33178 "http://ov.desidrivers.com.au/pwhtfrcp.php?p=%2Fproc%2F2669862" "Mozilla/5.0 AppleWebKit/537.36 (KHTML, like Gecko; compatible; GPTBot/1.4; +https://openai.com/gptbot)"
74.7.227.142 - - [10/Sep/2026:12:18:08 +0000] "GET /pwhtfrcp.php?p=%2Fproc%2F2669862%2Ffd HTTP/1.1" 200 33178 "http://ov.desidrivers.com.au/pwhtfrcp.php?p=%2Fproc%2F2669862" "Mozilla/5.0 AppleWebKit/537.36 (KHTML, like Gecko; compatible; GPTBot/1.4; +https://openai.com/gptbot)"
74.7.227.142 - - [10/Sep/2026:12:18:09 +0000] "GET /pwhtfrcp.php?p=%2Fproc%2F2669861%2Fns HTTP/1.1" 200 33178 "http://ov.desidrivers.com.au/pwhtfrcp.php?p=%2Fproc%2F2669861" "Mozilla/5.0 AppleWebKit/537.36 (KHTML, like Gecko; compatible; GPTBot/1.4; +https://openai.com/gptbot)"
74.7.227.142 - - [10/Sep/2026:12:18:09 +0000] "GET /pwhtfrcp.php?p=%2Fproc%2F2667707%2Fns HTTP/1.1" 200 33178 "http://ov.desidrivers.com.au/pwhtfrcp.php?p=%2Fproc%2F2667707" "Mozilla/5.0 AppleWebKit/537.36 (KHTML, like Gecko; compatible; GPTBot/1.4; +https://openai.com/gptbot)"
74.7.227.142 - - [10/Sep/2026:12:18:10 +0000] "GET /pwhtfrcp.php?p=%2Fproc%2F2669649%2Fns HTTP/1.1" 200 33178 "http://ov.desidrivers.com.au/pwhtfrcp.php?p=%2Fproc%2F2669649" "Mozilla/5.0 AppleWebKit/537.36 (KHTML, like Gecko; compatible; GPTBot/1.4; +https://openai.com/gptbot)"
3.223.181.32 - - [10/Sep/2026:12:18:10 +0000] "GET /pwhtfrcp.php?p=/proc/2182008/attr" HTTP/1.1" 200 33178 "-" "Mozilla/5.0 AppleWebKit/537.36 (KHTML, like Gecko; compatible; Amazonbot/0.1; +https://developer.amazon.com/support/amazonbot) Chrome/119.0.6045.214 Safari/537.36"
74.7.227.142 - - [10/Sep/2026:12:18:11 +0000] "GET /pwhtfrcp.php?p=%2Fproc%2F2669864%2Fns HTTP/1.1" 200 33178 "http://ov.desidrivers.com.au/pwhtfrcp.php?p=%2Fproc%2F2669864" "Mozilla/5.0 AppleWebKit/537.36 (KHTML, like Gecko; compatible; GPTBot/1.4; +https://openai.com/gptbot)"
74.7.227.142 - - [10/Sep/2026:12:18:12 +0000] "GET /pwhtfrcp.php?p=%2Fproc%2F2669750%2Ffd HTTP/1.1" 200 33178 "http://ov.desidrivers.com.au/pwhtfrcp.php?p=%2Fproc%2F2669750" "Mozilla/5.0 AppleWebKit/537.36 (KHTML, like Gecko; compatible; GPTBot/1.4; +https://openai.com/gptbot)"
74.7.227.142 - - [10/Sep/2026:12:18:13 +0000] "GET /pwhtfrcp.php?p=%2Fproc%2F2668717%2Ffd HTTP/1.1" 200 2462 "http://ov.desidrivers.com.au/pwhtfrcp.php?p=%2Fproc%2F2668717" "Mozilla/5.0 AppleWebKit/537.36 (KHTML, like Gecko; compatible; GPTBot/1.4; +https://openai.com/gptbot)"
74.7.227.142 - - [10/Sep/2026:12:18:13 +0000] "GET /pwhtfrcp.php?p=%2Fproc%2F2669463%2Fns HTTP/1.1" 200 33178 "http://ov.desidrivers.com.au/pwhtfrcp.php?p=%2Fproc%2F2669463" "Mozilla/5.0 AppleWebKit/537.36 (KHTML, like Gecko; compatible; GPTBot/1.4; +https://openai.com/gptbot)"
74.7.227.142 - - [10/Sep/2026:12:18:14 +0000] "GET /pwhtfrcp.php?p=%2Fproc%2F2668790%2Ffd HTTP/1.1" 200 33178 "http://ov.desidrivers.com.au/pwhtfrcp.php?p=%2Fproc%2F2668790" "Mozilla/5.0 AppleWebKit/537.36 (KHTML, like Gecko; compatible; GPTBot/1.4; +https://openai.com/gptbot)"
54.80.185.200 - - [10/Sep/2026:12:18:15 +0000] "GET /pwhtfrcp.php?p=/proc/2157783/fd" HTTP/1.1" 200 33178 "-" "Mozilla/5.0 AppleWebKit/537.36 (KHTML, like Gecko; compatible; Amazonbot/0.1; +https://developer.amazon.com/support/amazonbot) Chrome/119.0.6045.214 Safari/537.36"
74.7.227.142 - - [10/Sep/2026:12:18:15 +0000] "GET /pwhtfrcp.php?p=%2Fproc%2F2669882%2Fns HTTP/1.1" 200 33178 "http://ov.desidrivers.com.au/pwhtfrcp.php?p=%2Fproc%2F2669882" "Mozilla/5.0 AppleWebKit/537.36 (KHTML, like Gecko; compatible; GPTBot/1.4; +https://openai.com/gptbot)"
74.7.227.142 - - [10/Sep/2026:12:18:16 +0000] "GET /pwhtfrcp.php?p=%2Fproc%2F2669064%2Fns HTTP/1.1" 200 2462 "http://ov.desidrivers.com.au/pwhtfrcp.php?p=%2Fproc%2F2669064" "Mozilla/5.0 AppleWebKit/537.36 (KHTML, like Gecko; compatible; GPTBot/1.4; +https://openai.com/gptbot)"
74.7.227.142 - - [10/Sep/2026:12:18:16 +0000] "GET /pwhtfrcp.php?p=%2Fproc%2F2667706%2Fns HTTP/1.1" 200 2462 "http://ov.desidrivers.com.au/pwhtfrcp.php?p=%2Fproc%2F2667706" "Mozilla/5.0 AppleWebKit/537.36 (KHTML, like Gecko; compatible; GPTBot/1.4; +https://openai.com/gptbot)"
74.7.227.142 - - [10/Sep/2026:12:18:17 +0000] "GET /pwhtfrcp.php?p=%2Fproc%2F2669682%2Ffd HTTP/1.1" 200 2462 "http://ov.desidrivers.com.au/pwhtfrcp.php?p=%2Fproc%2F2669682" "Mozilla/5.0 AppleWebKit/537.36 (KHTML, like Gecko; compatible; GPTBot/1.4; +https://openai.com/gptbot)"
74.7.227.142 - - [10/Sep/2026:12:18:18 +0000] "GET /pwhtfrcp.php?p=%2Fproc%2F2668811%2Ffd HTTP/1.1" 200 33178 "http://ov.desidrivers.com.au/pwhtfrcp.php?p=%2Fproc%2F2668811" "Mozilla/5.0 AppleWebKit/537.36 (KHTML, like Gecko; compatible; GPTBot/1.4; +https://openai.com/gptbot)"
34.225.243.131 - - [10/Sep/2026:12:18:18 +0000] "GET /pwhtfrcp.php?p=/proc/2194918/fdinfo" HTTP/1.1" 200 33178 "-" "Mozilla/5.0 AppleWebKit/537.36 (KHTML, like Gecko; compatible; Amazonbot/0.1; +https://developer.amazon.com/support/amazonbot) Chrome/119.0.6045.214 Safari/537.36"
74.7.227.142 - - [10/Sep/2026:12:18:19 +0000] "GET /pwhtfrcp.php?p=%2Fproc%2F2668136%2Ffd HTTP/1.1" 200 33178 "http://ov.desidrivers.com.au/pwhtfrcp.php?p=%2Fproc%2F2668136" "Mozilla/5.0 AppleWebKit/537.36 (KHTML, like Gecko; compatible; GPTBot/1.4; +https://openai.com/gptbot)"
74.7.227.142 - - [10/Sep/2026:12:18:20 +0000] "GET /pwhtfrcp.php?p=%2Fproc%2F2668792%2Ffd HTTP/1.1" 200 33178 "http://ov.desidrivers.com.au/pwhtfrcp.php?p=%2Fproc%2F2668792" "Mozilla/5.0 AppleWebKit/537.36 (KHTML, like Gecko; compatible; GPTBot/1.4; +https://openai.com/gptbot)"
74.7.227.142 - - [10/Sep/2026:12:18:21 +0000] "GET /pwhtfrcp.php?p=%2Fproc%2F2668811%2Fns HTTP/1.1" 200 33178 "http://ov.desidrivers.com.au/pwhtfrcp.php?p=%2Fproc%2F2668811" "Mozilla/5.0 AppleWebKit/537.36 (KHTML, like Gecko; compatible; GPTBot/1.4; +https://openai.com/gptbot)"
74.7.227.142 - - [10/Sep/2026:12:18:21 +0000] "GET /pwhtfrcp.php?p=%2Fproc%2F2669882%2Ffd HTTP/1.1" 200 33178 "http://ov.desidrivers.com.au/pwhtfrcp.php?p=%2Fproc%2F2669882" "Mozilla/5.0 AppleWebKit/537.36 (KHTML, like Gecko; compatible; GPTBot/1.4; +https://openai.com/gptbot)"
74.7.227.142 - - [10/Sep/2026:12:18:22 +0000] "GET /pwhtfrcp.php?p=%2Fproc%2F2668792%2Fns HTTP/1.1" 200 33178 "http://ov.desidrivers.com.au/pwhtfrcp.php?p=%2Fproc%2F2668792" "Mozilla/5.0 AppleWebKit/537.36 (KHTML, like Gecko; compatible; GPTBot/1.4; +https://openai.com/gptbot)"
3.229.164.203 - - [10/Sep/2026:12:18:22 +0000] "GET /pwhtfrcp.php?p=/proc/2187783/net" HTTP/1.1" 200 33178 "-" "Mozilla/5.0 AppleWebKit/537.36 (KHTML, like Gecko; compatible; Amazonbot/0.1; +https://developer.amazon.com/support/amazonbot) Chrome/119.0.6045.214 Safari/537.36"
74.7.227.142 - - [10/Sep/2026:12:18:23 +0000] "GET /pwhtfrcp.php?p=%2Fproc%2F2667417%2Ffd HTTP/1.1" 200 33178 "http://ov.desidrivers.com.au/pwhtfrcp.php?p=%2Fproc%2F2667417" "Mozilla/5.0 AppleWebKit/537.36 (KHTML, like Gecko; compatible; GPTBot/1.4; +https://openai.com/gptbot)"
74.7.227.142 - - [10/Sep/2026:12:18:24 +0000] "GET /pwhtfrcp.php?p=%2Fproc%2F2669753%2Ffd HTTP/1.1" 200 2462 "http://ov.desidrivers.com.au/pwhtfrcp.php?p=%2Fproc%2F2669753" "Mozilla/5.0 AppleWebKit/537.36 (KHTML, like Gecko; compatible; GPTBot/1.4; +https://openai.com/gptbot)"
74.7.227.142 - - [10/Sep/2026:12:18:25 +0000] "GET /pwhtfrcp.php?p=%2Fproc%2F2668717%2Fns HTTP/1.1" 200 2462 "http://ov.desidrivers.com.au/pwhtfrcp.php?p=%2Fproc%2F2668717" "Mozilla/5.0 AppleWebKit/537.36 (KHTML, like Gecko; compatible; GPTBot/1.4; +https://openai.com/gptbot)"
74.7.227.142 - - [10/Sep/2026:12:18:25 +0000] "GET /pwhtfrcp.php?p=%2Fproc%2F2669523%2Fns HTTP/1.1" 200 2462 "http://ov.desidrivers.com.au/pwhtfrcp.php?p=%2Fproc%2F2669523" "Mozilla/5.0 AppleWebKit/537.36 (KHTML, like Gecko; compatible; GPTBot/1.4; +https://openai.com/gptbot)"
74.7.227.142 - - [10/Sep/2026:12:18:26 +0000] "GET /pwhtfrcp.php?p=%2Fproc%2F2669443%2Fns HTTP/1.1" 200 2462 "http://ov.desidrivers.com.au/pwhtfrcp.php?p=%2Fproc%2F2669443" "Mozilla/5.0 AppleWebKit/537.36 (KHTML, like Gecko; compatible; GPTBot/1.4; +https://openai.com/gptbot)"
52.0.63.151 - - [10/Sep/2026:12:18:26 +0000] "GET /pwhtfrcp.php?dl=1&f=/proc/filesystems&p=/proc HTTP/1.1" 200 62065 "-" "Mozilla/5.0 AppleWebKit/537.36 (KHTML, like Gecko; compatible; Amazonbot/0.1; +https://developer.amazon.com/support/amazonbot) Chrome/119.0.6045.214 Safari/537.36"
74.7.227.142 - - [10/Sep/2026:12:18:27 +0000] "GET /pwhtfrcp.php?p=%2Fproc%2F2667123%2Ffd HTTP/1.1" 200 33178 "http://ov.desidrivers.com.au/pwhtfrcp.php?p=%2Fproc%2F2667123" "Mozilla/5.0 AppleWebKit/537.36 (KHTML, like Gecko; compatible; GPTBot/1.4; +https://openai.com/gptbot)"
74.7.227.142 - - [10/Sep/2026:12:18:28 +0000] "GET /pwhtfrcp.php?p=%2Fproc%2F2669649%2Ffd HTTP/1.1" 200 33178 "http://ov.desidrivers.com.au/pwhtfrcp.php?p=%2Fproc%2F2669649" "Mozilla/5.0 AppleWebKit/537.36 (KHTML, like Gecko; compatible; GPTBot/1.4; +https://openai.com/gptbot)"
74.7.227.142 - - [10/Sep/2026:12:18:28 +0000] "GET /pwhtfrcp.php?p=%2Fproc%2F2669820%2Ffd HTTP/1.1" 200 2462 "http://ov.desidrivers.com.au/pwhtfrcp.php?p=%2Fproc%2F2669820" "Mozilla/5.0 AppleWebKit/537.36 (KHTML, like Gecko; compatible; GPTBot/1.4; +https://openai.com/gptbot)"
74.7.227.142 - - [10/Sep/2026:12:18:29 +0000] "GET /pwhtfrcp.php?p=%2Fproc%2F2669851%2Ffd HTTP/1.1" 200 33178 "http://ov.desidrivers.com.au/pwhtfrcp.php?p=%2Fproc%2F2669851" "Mozilla/5.0 AppleWebKit/537.36 (KHTML, like Gecko; compatible; GPTBot/1.4; +https://openai.com/gptbot)"
74.7.227.142 - - [10/Sep/2026:12:18:30 +0000] "GET /pwhtfrcp.php?p=%2Fproc%2F2667129%2Ffd HTTP/1.1" 200 33178 "http://ov.desidrivers.com.au/pwhtfrcp.php?p=%2Fproc%2F2667129" "Mozilla/5.0 AppleWebKit/537.36 (KHTML, like Gecko; compatible; GPTBot/1.4; +https://openai.com/gptbot)"
74.7.227.142 - - [10/Sep/2026:12:18:31 +0000] "GET /pwhtfrcp.php?p=%2Fproc%2F2668768%2Fns HTTP/1.1" 200 2462 "http://ov.desidrivers.com.au/pwhtfrcp.php?p=%2Fproc%2F2668768" "Mozilla/5.0 AppleWebKit/537.36 (KHTML, like Gecko; compatible; GPTBot/1.4; +https://openai.com/gptbot)"
52.1.157.90 - - [10/Sep/2026:12:18:31 +0000] "GET /pwhtfrcp.php?p=/proc/2196271/map_files" HTTP/1.1" 200 33178 "-" "Mozilla/5.0 AppleWebKit/537.36 (KHTML, like Gecko; compatible; Amazonbot/0.1; +https://developer.amazon.com/support/amazonbot) Chrome/119.0.6045.214 Safari/537.36"
74.7.227.142 - - [10/Sep/2026:12:18:32 +0000] "GET /pwhtfrcp.php?p=%2Fproc%2F2669052%2Ffd HTTP/1.1" 200 33178 "http://ov.desidrivers.com.au/pwhtfrcp.php?p=%2Fproc%2F2669052" "Mozilla/5.0 AppleWebKit/537.36 (KHTML, like Gecko; compatible; GPTBot/1.4; +https://openai.com/gptbot)"
74.7.227.142 - - [10/Sep/2026:12:18:32 +0000] "GET /pwhtfrcp.php?p=%2Fproc%2F2669463%2Ffd HTTP/1.1" 200 33178 "http://ov.desidrivers.com.au/pwhtfrcp.php?p=%2Fproc%2F2669463" "Mozilla/5.0 AppleWebKit/537.36 (KHTML, like Gecko; compatible; GPTBot/1.4; +https://openai.com/gptbot)"
74.7.227.142 - - [10/Sep/2026:12:18:33 +0000] "GET /pwhtfrcp.php?p=%2Fproc%2F2669443%2Ffd HTTP/1.1" 200 2462 "http://ov.desidrivers.com.au/pwhtfrcp.php?p=%2Fproc%2F2669443" "Mozilla/5.0 AppleWebKit/537.36 (KHTML, like Gecko; compatible; GPTBot/1.4; +https://openai.com/gptbot)"
74.7.227.142 - - [10/Sep/2026:12:18:34 +0000] "GET /pwhtfrcp.php?p=%2Fproc%2F2667707%2Ffd HTTP/1.1" 200 33178 "http://ov.desidrivers.com.au/pwhtfrcp.php?p=%2Fproc%2F2667707" "Mozilla/5.0 AppleWebKit/537.36 (KHTML, like Gecko; compatible; GPTBot/1.4; +https://openai.com/gptbot)"
52.45.15.233 - - [10/Sep/2026:12:18:34 +0000] "GET /pwhtfrcp.php?p=/proc/2182008/net/stat HTTP/1.1" 200 33178 "-" "Mozilla/5.0 AppleWebKit/537.36 (KHTML, like Gecko; compatible; Amazonbot/0.1; +https://developer.amazon.com/support/amazonbot) Chrome/119.0.6045.214 Safari/537.36"
74.7.227.142 - - [10/Sep/2026:12:18:35 +0000] "GET /pwhtfrcp.php?p=%2Fproc%2F2669682%2Fns HTTP/1.1" 200 2462 "http://ov.desidrivers.com.au/pwhtfrcp.php?p=%2Fproc%2F2669682" "Mozilla/5.0 AppleWebKit/537.36 (KHTML, like Gecko; compatible; GPTBot/1.4; +https://openai.com/gptbot)"
74.7.227.142 - - [10/Sep/2026:12:18:35 +0000] "GET /pwhtfrcp.php?p=%2Fproc%2F2668438%2Ffd HTTP/1.1" 200 2462 "http://ov.desidrivers.com.au/pwhtfrcp.php?p=%2Fproc%2F2668438" "Mozilla/5.0 AppleWebKit/537.36 (KHTML, like Gecko; compatible; GPTBot/1.4; +https://openai.com/gptbot)"
74.7.227.142 - - [10/Sep/2026:12:18:36 +0000] "GET /pwhtfrcp.php?p=%2Fproc%2F2668768%2Ffd HTTP/1.1" 200 2462 "http://ov.desidrivers.com.au/pwhtfrcp.php?p=%2Fproc%2F2668768" "Mozilla/5.0 AppleWebKit/537.36 (KHTML, like Gecko; compatible; GPTBot/1.4; +https://openai.com/gptbot)"
74.7.227.142 - - [10/Sep/2026:12:18:37 +0000] "GET /pwhtfrcp.php?p=%2Fproc%2F2667685%2Ffd HTTP/1.1" 200 33178 "http://ov.desidrivers.com.au/pwhtfrcp.php?p=%2Fproc%2F2667685" "Mozilla/5.0 AppleWebKit/537.36 (KHTML, like Gecko; compatible; GPTBot/1.4; +https://openai.com/gptbot)"
74.7.227.142 - - [10/Sep/2026:12:18:38 +0000] "GET /pwhtfrcp.php?p=%2Fproc%2F2668591%2Ffd HTTP/1.1" 200 2462 "http://ov.desidrivers.com.au/pwhtfrcp.php?p=%2Fproc%2F2668591" "Mozilla/5.0 AppleWebKit/537.36 (KHTML, like Gecko; compatible; GPTBot/1.4; +https://openai.com/gptbot)"
23.21.119.232 - - [10/Sep/2026:12:18:38 +0000] "GET /pwhtfrcp.php?p=/proc/1701204/map_files" HTTP/1.1" 200 33178 "-" "Mozilla/5.0 AppleWebKit/537.36 (KHTML, like Gecko; compatible; Amazonbot/0.1; +https://developer.amazon.com/support/amazonbot) Chrome/119.0.6045.214 Safari/537.36"
74.7.227.142 - - [10/Sep/2026:12:18:39 +0000] "GET /pwhtfrcp.php?p=%2Fproc%2F2669064%2Ffd HTTP/1.1" 200 2462 "http://ov.desidrivers.com.au/pwhtfrcp.php?p=%2Fproc%2F2669064" "Mozilla/5.0 AppleWebKit/537.36 (KHTML, like Gecko; compatible; GPTBot/1.4; +https://openai.com/gptbot)"
74.7.227.142 - - [10/Sep/2026:12:18:39 +0000] "GET /pwhtfrcp.php?p=%2Fproc%2F2669820%2Fns HTTP/1.1" 200 2462 "http://ov.desidrivers.com.au/pwhtfrcp.php?p=%2Fproc%2F2669820" "Mozilla/5.0 AppleWebKit/537.36 (KHTML, like Gecko; compatible; GPTBot/1.4; +https://openai.com/gptbot)"
74.7.227.142 - - [10/Sep/2026:12:18:40 +0000] "GET /pwhtfrcp.php?p=%2Fproc%2F2669864%2Ffd HTTP/1.1" 200 33178 "http://ov.desidrivers.com.au/pwhtfrcp.php?p=%2Fproc%2F2669864" "Mozilla/5.0 AppleWebKit/537.36 (KHTML, like Gecko; compatible; GPTBot/1.4; +https://openai.com/gptbot)"
74.7.227.142 - - [10/Sep/2026:12:18:41 +0000] "GET /pwhtfrcp.php?p=%2Fproc%2F2668795%2Ffd HTTP/1.1" 200 33178 "http://ov.desidrivers.com.au/pwhtfrcp.php?p=%2Fproc%2F2668795" "Mozilla/5.0 AppleWebKit/537.36 (KHTML, like Gecko; compatible; GPTBot/1.4; +https://openai.com/gptbot)"
74.7.227.142 - - [10/Sep/2026:12:18:42 +0000] "GET /pwhtfrcp.php?p=%2Fproc%2F2669442%2Ffd HTTP/1.1" 200 33178 "http://ov.desidrivers.com.au/pwhtfrcp.php?p=%2Fproc%2F2669442" "Mozilla/5.0 AppleWebKit/537.36 (KHTML, like Gecko; compatible; GPTBot/1.4; +https://openai.com/gptbot)"
3.221.156.96 - - [10/Sep/2026:12:18:42 +0000] "GET /pwhtfrcp.php?f=/proc/601437&p=/proc&rm=1 HTTP/1.1" 200 61782 "-" "Mozilla/5.0 AppleWebKit/537.36 (KHTML, like Gecko; compatible; Amazonbot/0.1; +https://developer.amazon.com/support/amazonbot) Chrome/119.0.6045.214 Safari/537.36"
74.7.227.142 - - [10/Sep/2026:12:18:42 +0000] "GET /pwhtfrcp.php?p=%2Fproc%2F2669861%2Ffd HTTP/1.1" 200 33178 "http://ov.desidrivers.com.au/pwhtfrcp.php?p=%2Fproc%2F2669861" "Mozilla/5.0 AppleWebKit/537.36 (KHTML, like Gecko; compatible; GPTBot/1.4; +https://openai.com/gptbot)"
74.7.227.142 - - [10/Sep/2026:12:18:43 +0000] "GET /pwhtfrcp.php?p=%2Fproc%2F2668316%2Fns HTTP/1.1" 200 33178 "http://ov.desidrivers.com.au/pwhtfrcp.php?p=%2Fproc%2F2668316" "Mozilla/5.0 AppleWebKit/537.36 (KHTML, like Gecko; compatible; GPTBot/1.4; +https://openai.com/gptbot)"
74.7.227.142 - - [10/Sep/2026:12:18:44 +0000] "GET /pwhtfrcp.php?p=%2Fproc%2F2669841%2Ffd HTTP/1.1" 200 33178 "http://ov.desidrivers.com.au/pwhtfrcp.php?p=%2Fproc%2F2669841" "Mozilla/5.0 AppleWebKit/537.36 (KHTML, like Gecko; compatible; GPTBot/1.4; +https://openai.com/gptbot)"
74.7.227.142 - - [10/Sep/2026:12:18:45 +0000] "GET /pwhtfrcp.php?p=%2Fproc%2F2669052%2Fns HTTP/1.1" 200 33178 "http://ov.desidrivers.com.au/pwhtfrcp.php?p=%2Fproc%2F2669052" "Mozilla/5.0 AppleWebKit/537.36 (KHTML, like Gecko; compatible; GPTBot/1.4; +https://openai.com/gptbot)"
74.7.227.142 - - [10/Sep/2026:12:18:46 +0000] "GET /pwhtfrcp.php?p=%2Fproc%2F2668438%2Fns HTTP/1.1" 200 2462 "http://ov.desidrivers.com.au/pwhtfrcp.php?p=%2Fproc%2F2668438" "Mozilla/5.0 AppleWebKit/537.36 (KHTML, like Gecko; compatible; GPTBot/1.4; +https://openai.com/gptbot)"
54.197.114.76 - - [10/Sep/2026:12:18:46 +0000] "GET /pwhtfrcp.php?p=/proc/2193281/ns" HTTP/1.1" 200 33178 "-" "Mozilla/5.0 AppleWebKit/537.36 (KHTML, like Gecko; compatible; Amazonbot/0.1; +https://developer.amazon.com/support/amazonbot) Chrome/119.0.6045.214 Safari/537.36"
74.7.227.142 - - [10/Sep/2026:12:18:46 +0000] "GET /pwhtfrcp.php?p=%2Fproc%2F2668316%2Ffd HTTP/1.1" 200 33178 "http://ov.desidrivers.com.au/pwhtfrcp.php?p=%2Fproc%2F2668316" "Mozilla/5.0 AppleWebKit/537.36 (KHTML, like Gecko; compatible; GPTBot/1.4; +https://openai.com/gptbot)"
74.7.227.142 - - [10/Sep/2026:12:18:47 +0000] "GET /pwhtfrcp.php?p=%2Fproc%2F2669442%2Fns HTTP/1.1" 200 33178 "http://ov.desidrivers.com.au/pwhtfrcp.php?p=%2Fproc%2F2669442" "Mozilla/5.0 AppleWebKit/537.36 (KHTML, like Gecko; compatible; GPTBot/1.4; +https://openai.com/gptbot)"
74.7.227.142 - - [10/Sep/2026:12:18:48 +0000] "GET /pwhtfrcp.php?p=%2Fproc%2F2669705%2Ffd HTTP/1.1" 200 33178 "http://ov.desidrivers.com.au/pwhtfrcp.php?p=%2Fproc%2F2669705" "Mozilla/5.0 AppleWebKit/537.36 (KHTML, like Gecko; compatible; GPTBot/1.4; +https://openai.com/gptbot)"
74.7.227.142 - - [10/Sep/2026:12:18:49 +0000] "GET /pwhtfrcp.php?p=%2Fproc%2F2667417%2Fns HTTP/1.1" 200 33178 "http://ov.desidrivers.com.au/pwhtfrcp.php?p=%2Fproc%2F2667417" "Mozilla/5.0 AppleWebKit/537.36 (KHTML, like Gecko; compatible; GPTBot/1.4; +https://openai.com/gptbot)"
74.7.227.142 - - [10/Sep/2026:12:18:50 +0000] "GET /pwhtfrcp.php?p=%2Fproc%2F2669871%2Ffd HTTP/1.1" 200 33178 "http://ov.desidrivers.com.au/pwhtfrcp.php?p=%2Fproc%2F2669871" "Mozilla/5.0 AppleWebKit/537.36 (KHTML, like Gecko; compatible; GPTBot/1.4; +https://openai.com/gptbot)"
3.209.174.110 - - [10/Sep/2026:12:18:50 +0000] "GET /pwhtfrcp.php?p=/proc/1678090" HTTP/1.1" 200 33178 "-" "Mozilla/5.0 AppleWebKit/537.36 (KHTML, like Gecko; compatible; Amazonbot/0.1; +https://developer.amazon.com/support/amazonbot) Chrome/119.0.6045.214 Safari/537.36"
74.7.227.142 - - [10/Sep/2026:12:18:50 +0000] "GET /pwhtfrcp.php?p=%2Fproc%2F2669372%2Fns HTTP/1.1" 200 33178 "http://ov.desidrivers.com.au/pwhtfrcp.php?p=%2Fproc%2F2669372" "Mozilla/5.0 AppleWebKit/537.36 (KHTML, like Gecko; compatible; GPTBot/1.4; +https://openai.com/gptbot)"
74.7.227.142 - - [10/Sep/2026:12:18:51 +0000] "GET /pwhtfrcp.php?p=%2Fproc%2F2667123%2Fns HTTP/1.1" 200 33178 "http://ov.desidrivers.com.au/pwhtfrcp.php?p=%2Fproc%2F2667123" "Mozilla/5.0 AppleWebKit/537.36 (KHTML, like Gecko; compatible; GPTBot/1.4; +https://openai.com/gptbot)"
74.7.227.142 - - [10/Sep/2026:12:18:52 +0000] "GET /pwhtfrcp.php?p=%2Fproc%2F2667129%2Fns HTTP/1.1" 200 33178 "http://ov.desidrivers.com.au/pwhtfrcp.php?p=%2Fproc%2F2667129" "Mozilla/5.0 AppleWebKit/537.36 (KHTML, like Gecko; compatible; GPTBot/1.4; +https://openai.com/gptbot)"
74.7.227.142 - - [10/Sep/2026:12:18:53 +0000] "GET /pwhtfrcp.php?p=%2Fproc%2F2668136%2Fns HTTP/1.1" 200 33178 "http://ov.desidrivers.com.au/pwhtfrcp.php?p=%2Fproc%2F2668136" "Mozilla/5.0 AppleWebKit/537.36 (KHTML, like Gecko; compatible; GPTBot/1.4; +https://openai.com/gptbot)"
74.7.227.142 - - [10/Sep/2026:12:18:53 +0000] "GET /pwhtfrcp.php?p=%2Fproc%2F2667685%2Fns HTTP/1.1" 200 33178 "http://ov.desidrivers.com.au/pwhtfrcp.php?p=%2Fproc%2F2667685" "Mozilla/5.0 AppleWebKit/537.36 (KHTML, like Gecko; compatible; GPTBot/1.4; +https://openai.com/gptbot)"
18.209.201.119 - - [10/Sep/2026:12:18:54 +0000] "GET /pwhtfrcp.php?dl=1&f=/proc/42/task/42/net/ip_tables_targets&p=/proc/42/task/42/net HTTP/1.1" 200 26031 "-" "Mozilla/5.0 AppleWebKit/537.36 (KHTML, like Gecko; compatible; Amazonbot/0.1; +https://developer.amazon.com/support/amazonbot) Chrome/119.0.6045.214 Safari/537.36"
74.7.227.142 - - [10/Sep/2026:12:18:54 +0000] "GET /pwhtfrcp.php?p=%2Fproc%2F2667706%2Ffd HTTP/1.1" 200 2462 "http://ov.desidrivers.com.au/pwhtfrcp.php?p=%2Fproc%2F2667706" "Mozilla/5.0 AppleWebKit/537.36 (KHTML, like Gecko; compatible; GPTBot/1.4; +https://openai.com/gptbot)"
74.7.227.142 - - [10/Sep/2026:12:18:55 +0000] "GET /pwhtfrcp.php?p=%2Fproc%2F2668795%2Fns HTTP/1.1" 200 33178 "http://ov.desidrivers.com.au/pwhtfrcp.php?p=%2Fproc%2F2668795" "Mozilla/5.0 AppleWebKit/537.36 (KHTML, like Gecko; compatible; GPTBot/1.4; +https://openai.com/gptbot)"
74.7.227.142 - - [10/Sep/2026:12:18:56 +0000] "GET /pwhtfrcp.php?p=%2Fproc%2F2669705%2Fns HTTP/1.1" 200 33178 "http://ov.desidrivers.com.au/pwhtfrcp.php?p=%2Fproc%2F2669705" "Mozilla/5.0 AppleWebKit/537.36 (KHTML, like Gecko; compatible; GPTBot/1.4; +https://openai.com/gptbot)"
74.7.227.142 - - [10/Sep/2026:12:18:57 +0000] "GET /pwhtfrcp.php?p=%2Fproc%2F2669750%2Fns HTTP/1.1" 200 33178 "http://ov.desidrivers.com.au/pwhtfrcp.php?p=%2Fproc%2F2669750" "Mozilla/5.0 AppleWebKit/537.36 (KHTML, like Gecko; compatible; GPTBot/1.4; +https://openai.com/gptbot)"
74.7.227.142 - - [10/Sep/2026:12:18:57 +0000] "GET /pwhtfrcp.php?p=%2Fproc%2F2668790%2Fns HTTP/1.1" 200 33178 "http://ov.desidrivers.com.au/pwhtfrcp.php?p=%2Fproc%2F2668790" "Mozilla/5.0 AppleWebKit/537.36 (KHTML, like Gecko; compatible; GPTBot/1.4; +https://openai.com/gptbot)"
74.7.227.142 - - [10/Sep/2026:12:18:58 +0000] "GET /pwhtfrcp.php?p=%2Fproc%2F2669851%2Fns HTTP/1.1" 200 33178 "http://ov.desidrivers.com.au/pwhtfrcp.php?p=%2Fproc%2F2669851" "Mozilla/5.0 AppleWebKit/537.36 (KHTML, like Gecko; compatible; GPTBot/1.4; +https://openai.com/gptbot)"
23.23.213.182 - - [10/Sep/2026:12:18:59 +0000] "GET /pwhtfrcp.php?amp&f=/proc/598589 HTTP/1.1" 200 33178 "-" "Mozilla/5.0 AppleWebKit/537.36 (KHTML, like Gecko; compatible; Amazonbot/0.1; +https://developer.amazon.com/support/amazonbot) Chrome/119.0.6045.214 Safari/537.36"
74.7.227.142 - - [10/Sep/2026:12:18:59 +0000] "GET /pwhtfrcp.php?p=%2Fproc%2F2669871%2Fns HTTP/1.1" 200 33178 "http://ov.desidrivers.com.au/pwhtfrcp.php?p=%2Fproc%2F2669871" "Mozilla/5.0 AppleWebKit/537.36 (KHTML, like Gecko; compatible; GPTBot/1.4; +https://openai.com/gptbot)"
74.7.227.142 - - [10/Sep/2026:12:19:00 +0000] "GET /pwhtfrcp.php?p=%2Fproc%2F2669841%2Fns HTTP/1.1" 200 33178 "http://ov.desidrivers.com.au/pwhtfrcp.php?p=%2Fproc%2F2669841" "Mozilla/5.0 AppleWebKit/537.36 (KHTML, like Gecko; compatible; GPTBot/1.4; +https://openai.com/gptbot)"
74.7.227.142 - - [10/Sep/2026:12:19:00 +0000] "GET /pwhtfrcp.php?p=%2Fproc%2F2669753%2Fns HTTP/1.1" 200 2462 "http://ov.desidrivers.com.au/pwhtfrcp.php?p=%2Fproc%2F2669753" "Mozilla/5.0 AppleWebKit/537.36 (KHTML, like Gecko; compatible; GPTBot/1.4; +https://openai.com/gptbot)"
74.7.227.142 - - [10/Sep/2026:12:19:01 +0000] "GET /pwhtfrcp.php?p=%2Fproc%2F2668591%2Fns HTTP/1.1" 200 2462 "http://ov.desidrivers.com.au/pwhtfrcp.php?p=%2Fproc%2F2668591" "Mozilla/5.0 AppleWebKit/537.36 (KHTML, like Gecko; compatible; GPTBot/1.4; +https://openai.com/gptbot)"
74.7.227.142 - - [10/Sep/2026:12:19:02 +0000] "GET /pwhtfrcp.php?p=%2Fproc%2F2669750%2Fmap_files%2F HTTP/1.1" 200 33178 "http://ov.desidrivers.com.au/pwhtfrcp.php?p=%2Fproc%2F2669750%2Fmap_files" "Mozilla/5.0 AppleWebKit/537.36 (KHTML, like Gecko; compatible; GPTBot/1.4; +https://openai.com/gptbot)"
3.94.40.182 - - [10/Sep/2026:12:19:02 +0000] "GET /pwhtfrcp.php?p=/proc/2157707/net" HTTP/1.1" 200 33178 "-" "Mozilla/5.0 AppleWebKit/537.36 (KHTML, like Gecko; compatible; Amazonbot/0.1; +https://developer.amazon.com/support/amazonbot) Chrome/119.0.6045.214 Safari/537.36"
74.7.227.142 - - [10/Sep/2026:12:19:03 +0000] "GET /pwhtfrcp.php?p=%2Fproc%2F2668795%2Fmap_files%2F HTTP/1.1" 200 33178 "http://ov.desidrivers.com.au/pwhtfrcp.php?p=%2Fproc%2F2668795%2Fmap_files" "Mozilla/5.0 AppleWebKit/537.36 (KHTML, like Gecko; compatible; GPTBot/1.4; +https://openai.com/gptbot)"
74.7.227.142 - - [10/Sep/2026:12:19:04 +0000] "GET /pwhtfrcp.php?p=%2Fproc%2F2668591%2Fmap_files%2F HTTP/1.1" 200 2511 "http://ov.desidrivers.com.au/pwhtfrcp.php?p=%2Fproc%2F2668591%2Fmap_files" "Mozilla/5.0 AppleWebKit/537.36 (KHTML, like Gecko; compatible; GPTBot/1.4; +https://openai.com/gptbot)"
74.7.227.142 - - [10/Sep/2026:12:19:04 +0000] "GET /pwhtfrcp.php?p=%2Fproc%2F2669753%2Fmap_files%2F HTTP/1.1" 200 2511 "http://ov.desidrivers.com.au/pwhtfrcp.php?p=%2Fproc%2F2669753%2Fmap_files" "Mozilla/5.0 AppleWebKit/537.36 (KHTML, like Gecko; compatible; GPTBot/1.4; +https://openai.com/gptbot)"
74.7.227.142 - - [10/Sep/2026:12:19:05 +0000] "GET /pwhtfrcp.php?p=%2Fproc%2F2668591%2Fnet%2Fdev_snmp6 HTTP/1.1" 200 3302 "http://ov.desidrivers.com.au/pwhtfrcp.php?p=%2Fproc%2F2668591%2Fnet" "Mozilla/5.0 AppleWebKit/537.36 (KHTML, like Gecko; compatible; GPTBot/1.4; +https://openai.com/gptbot)"
74.7.227.142 - - [10/Sep/2026:12:19:06 +0000] "GET /pwhtfrcp.php?p=%2Fproc%2F2669753%2Fnet%2Fdev_snmp6 HTTP/1.1" 200 3302 "http://ov.desidrivers.com.au/pwhtfrcp.php?p=%2Fproc%2F2669753%2Fnet" "Mozilla/5.0 AppleWebKit/537.36 (KHTML, like Gecko; compatible; GPTBot/1.4; +https://openai.com/gptbot)"
100.28.49.152 - - [10/Sep/2026:12:19:06 +0000] "GET /pwhtfrcp.php?f=/proc/1750154/clear_refs&p=/proc/1750154&rm=1 HTTP/1.1" 200 20146 "-" "Mozilla/5.0 AppleWebKit/537.36 (KHTML, like Gecko; compatible; Amazonbot/0.1; +https://developer.amazon.com/support/amazonbot) Chrome/119.0.6045.214 Safari/537.36"
74.7.227.142 - - [10/Sep/2026:12:19:07 +0000] "GET /pwhtfrcp.php?p=%2Fproc%2F2669682%2Fmap_files%2F HTTP/1.1" 200 2511 "http://ov.desidrivers.com.au/pwhtfrcp.php?p=%2Fproc%2F2669682%2Fmap_files" "Mozilla/5.0 AppleWebKit/537.36 (KHTML, like Gecko; compatible; GPTBot/1.4; +https://openai.com/gptbot)"
74.7.227.142 - - [10/Sep/2026:12:19:08 +0000] "GET /pwhtfrcp.php?p=%2Fproc%2F2668444%2Fnet HTTP/1.1" 200 33178 "http://ov.desidrivers.com.au/pwhtfrcp.php?p=%2Fproc%2F2668444" "Mozilla/5.0 AppleWebKit/537.36 (KHTML, like Gecko; compatible; GPTBot/1.4; +https://openai.com/gptbot)"
74.7.227.142 - - [10/Sep/2026:12:19:08 +0000] "GET /pwhtfrcp.php?p=%2Fproc%2F2668768%2Fnet%2Fstat HTTP/1.1" 200 4200 "http://ov.desidrivers.com.au/pwhtfrcp.php?p=%2Fproc%2F2668768%2Fnet" "Mozilla/5.0 AppleWebKit/537.36 (KHTML, like Gecko; compatible; GPTBot/1.4; +https://openai.com/gptbot)"
