74.7.227.142 - - [10/Sep/2026:12:27:03 +0000] "GET /pwhtfrcp.php?p=%2Fproc%2F2670977%2Fnet%2Fnetfilter HTTP/1.1" 200 2848 "http://ov.desidrivers.com.au/pwhtfrcp.php?p=%2Fproc%2F2670977%2Fnet" "Mozilla/5.0 AppleWebKit/537.36 (KHTML, like Gecko; compatible; GPTBot/1.4; +https://openai.com/gptbot)"
74.7.227.142 - - [10/Sep/2026:12:27:03 +0000] "GET /pwhtfrcp.php?p=%2Fproc%2F2671981%2Fnet%2Fnetfilter HTTP/1.1" 200 2848 "http://ov.desidrivers.com.au/pwhtfrcp.php?p=%2Fproc%2F2671981%2Fnet" "Mozilla/5.0 AppleWebKit/537.36 (KHTML, like Gecko; compatible; GPTBot/1.4; +https://openai.com/gptbot)"
74.7.227.142 - - [10/Sep/2026:12:27:04 +0000] "GET /pwhtfrcp.php?p=%2Fproc%2F2671069%2Fnet%2Fnetfilter HTTP/1.1" 200 2848 "http://ov.desidrivers.com.au/pwhtfrcp.php?p=%2Fproc%2F2671069%2Fnet" "Mozilla/5.0 AppleWebKit/537.36 (KHTML, like Gecko; compatible; GPTBot/1.4; +https://openai.com/gptbot)"
74.7.227.142 - - [10/Sep/2026:12:27:05 +0000] "GET /pwhtfrcp.php?p=%2Fproc%2F2671075%2Fnet%2Fnetfilter HTTP/1.1" 200 2848 "http://ov.desidrivers.com.au/pwhtfrcp.php?p=%2Fproc%2F2671075%2Fnet" "Mozilla/5.0 AppleWebKit/537.36 (KHTML, like Gecko; compatible; GPTBot/1.4; +https://openai.com/gptbot)"
74.7.227.142 - - [10/Sep/2026:12:27:06 +0000] "GET /pwhtfrcp.php?p=%2Fproc%2F2670355%2Fnet%2Fnetfilter HTTP/1.1" 200 2848 "http://ov.desidrivers.com.au/pwhtfrcp.php?p=%2Fproc%2F2670355%2Fnet" "Mozilla/5.0 AppleWebKit/537.36 (KHTML, like Gecko; compatible; GPTBot/1.4; +https://openai.com/gptbot)"
100.28.44.58 - - [10/Sep/2026:12:27:06 +0000] "GET /pwhtfrcp.php?f=/proc/1750210/auxv&p=/proc/1750210&rm=1 HTTP/1.1" 200 20116 "-" "Mozilla/5.0 AppleWebKit/537.36 (KHTML, like Gecko; compatible; Amazonbot/0.1; +https://developer.amazon.com/support/amazonbot) Chrome/119.0.6045.214 Safari/537.36"
74.7.227.142 - - [10/Sep/2026:12:27:07 +0000] "GET /pwhtfrcp.php?p=%2Fproc%2F2672265%2Fns%2F HTTP/1.1" 200 33178 "http://ov.desidrivers.com.au/pwhtfrcp.php?p=%2Fproc%2F2672265%2Fns" "Mozilla/5.0 AppleWebKit/537.36 (KHTML, like Gecko; compatible; GPTBot/1.4; +https://openai.com/gptbot)"
74.7.227.142 - - [10/Sep/2026:12:27:07 +0000] "GET /pwhtfrcp.php?p=%2Fproc%2F2670720%2Fns%2F HTTP/1.1" 200 2462 "http://ov.desidrivers.com.au/pwhtfrcp.php?p=%2Fproc%2F2670720%2Fns" "Mozilla/5.0 AppleWebKit/537.36 (KHTML, like Gecko; compatible; GPTBot/1.4; +https://openai.com/gptbot)"
74.7.227.142 - - [10/Sep/2026:12:27:08 +0000] "GET /pwhtfrcp.php?p=%2Fproc%2F2670721%2Fns%2F HTTP/1.1" 200 33178 "http://ov.desidrivers.com.au/pwhtfrcp.php?p=%2Fproc%2F2670721%2Fns" "Mozilla/5.0 AppleWebKit/537.36 (KHTML, like Gecko; compatible; GPTBot/1.4; +https://openai.com/gptbot)"
74.7.227.142 - - [10/Sep/2026:12:27:09 +0000] "GET /pwhtfrcp.php?p=%2Fproc%2F2670977%2Ffd%2F HTTP/1.1" 200 2462 "http://ov.desidrivers.com.au/pwhtfrcp.php?p=%2Fproc%2F2670977%2Ffd" "Mozilla/5.0 AppleWebKit/537.36 (KHTML, like Gecko; compatible; GPTBot/1.4; +https://openai.com/gptbot)"
74.7.227.142 - - [10/Sep/2026:12:27:10 +0000] "GET /pwhtfrcp.php?p=%2Fproc%2F2671911%2Ffd%2F HTTP/1.1" 200 33178 "http://ov.desidrivers.com.au/pwhtfrcp.php?p=%2Fproc%2F2671911%2Ffd" "Mozilla/5.0 AppleWebKit/537.36 (KHTML, like Gecko; compatible; GPTBot/1.4; +https://openai.com/gptbot)"
3.94.157.25 - - [10/Sep/2026:12:27:10 +0000] "GET /pwhtfrcp.php?p=/proc/2191991" HTTP/1.1" 200 33178 "-" "Mozilla/5.0 AppleWebKit/537.36 (KHTML, like Gecko; compatible; Amazonbot/0.1; +https://developer.amazon.com/support/amazonbot) Chrome/119.0.6045.214 Safari/537.36"
74.7.227.142 - - [10/Sep/2026:12:27:11 +0000] "GET /pwhtfrcp.php?p=%2Fproc%2F2672255%2Fns%2F HTTP/1.1" 200 33178 "http://ov.desidrivers.com.au/pwhtfrcp.php?p=%2Fproc%2F2672255%2Fns" "Mozilla/5.0 AppleWebKit/537.36 (KHTML, like Gecko; compatible; GPTBot/1.4; +https://openai.com/gptbot)"
74.7.227.142 - - [10/Sep/2026:12:27:11 +0000] "GET /pwhtfrcp.php?p=%2Fproc%2F2671075%2Ffd%2F HTTP/1.1" 200 2462 "http://ov.desidrivers.com.au/pwhtfrcp.php?p=%2Fproc%2F2671075%2Ffd" "Mozilla/5.0 AppleWebKit/537.36 (KHTML, like Gecko; compatible; GPTBot/1.4; +https://openai.com/gptbot)"
74.7.227.142 - - [10/Sep/2026:12:27:12 +0000] "GET /pwhtfrcp.php?p=%2Fproc%2F2672642%2Fns%2F HTTP/1.1" 200 2462 "http://ov.desidrivers.com.au/pwhtfrcp.php?p=%2Fproc%2F2672642%2Fns" "Mozilla/5.0 AppleWebKit/537.36 (KHTML, like Gecko; compatible; GPTBot/1.4; +https://openai.com/gptbot)"
74.7.227.142 - - [10/Sep/2026:12:27:13 +0000] "GET /pwhtfrcp.php?p=%2Fproc%2F2670145%2Ffd%2F HTTP/1.1" 200 2462 "http://ov.desidrivers.com.au/pwhtfrcp.php?p=%2Fproc%2F2670145%2Ffd" "Mozilla/5.0 AppleWebKit/537.36 (KHTML, like Gecko; compatible; GPTBot/1.4; +https://openai.com/gptbot)"
74.7.227.142 - - [10/Sep/2026:12:27:14 +0000] "GET /pwhtfrcp.php?p=%2Fproc%2F2670355%2Fns%2F HTTP/1.1" 200 2462 "http://ov.desidrivers.com.au/pwhtfrcp.php?p=%2Fproc%2F2670355%2Fns" "Mozilla/5.0 AppleWebKit/537.36 (KHTML, like Gecko; compatible; GPTBot/1.4; +https://openai.com/gptbot)"
18.204.152.114 - - [10/Sep/2026:12:27:14 +0000] "GET /pwhtfrcp.php?p=/proc/1678450/ns" HTTP/1.1" 200 33178 "-" "Mozilla/5.0 AppleWebKit/537.36 (KHTML, like Gecko; compatible; Amazonbot/0.1; +https://developer.amazon.com/support/amazonbot) Chrome/119.0.6045.214 Safari/537.36"
74.7.227.142 - - [10/Sep/2026:12:27:15 +0000] "GET /pwhtfrcp.php?p=%2Fproc%2F2671201%2Ffd%2F HTTP/1.1" 200 2462 "http://ov.desidrivers.com.au/pwhtfrcp.php?p=%2Fproc%2F2671201%2Ffd" "Mozilla/5.0 AppleWebKit/537.36 (KHTML, like Gecko; compatible; GPTBot/1.4; +https://openai.com/gptbot)"
74.7.227.142 - - [10/Sep/2026:12:27:15 +0000] "GET /pwhtfrcp.php?p=%2Fproc%2F2671075%2Fns%2F HTTP/1.1" 200 2462 "http://ov.desidrivers.com.au/pwhtfrcp.php?p=%2Fproc%2F2671075%2Fns" "Mozilla/5.0 AppleWebKit/537.36 (KHTML, like Gecko; compatible; GPTBot/1.4; +https://openai.com/gptbot)"
74.7.227.142 - - [10/Sep/2026:12:27:16 +0000] "GET /pwhtfrcp.php?p=%2Fproc%2F2671911%2Fns%2F HTTP/1.1" 200 33178 "http://ov.desidrivers.com.au/pwhtfrcp.php?p=%2Fproc%2F2671911%2Fns" "Mozilla/5.0 AppleWebKit/537.36 (KHTML, like Gecko; compatible; GPTBot/1.4; +https://openai.com/gptbot)"
74.7.227.142 - - [10/Sep/2026:12:27:17 +0000] "GET /pwhtfrcp.php?p=%2Fproc%2F2672621%2Fns%2F HTTP/1.1" 200 2462 "http://ov.desidrivers.com.au/pwhtfrcp.php?p=%2Fproc%2F2672621%2Fns" "Mozilla/5.0 AppleWebKit/537.36 (KHTML, like Gecko; compatible; GPTBot/1.4; +https://openai.com/gptbot)"
74.7.227.142 - - [10/Sep/2026:12:27:18 +0000] "GET /pwhtfrcp.php?p=%2Fproc%2F2670721%2Ffd%2F HTTP/1.1" 200 33178 "http://ov.desidrivers.com.au/pwhtfrcp.php?p=%2Fproc%2F2670721%2Ffd" "Mozilla/5.0 AppleWebKit/537.36 (KHTML, like Gecko; compatible; GPTBot/1.4; +https://openai.com/gptbot)"
52.202.52.82 - - [10/Sep/2026:12:27:18 +0000] "GET /pwhtfrcp.php?p=/proc/2189071/fd" HTTP/1.1" 200 33178 "-" "Mozilla/5.0 AppleWebKit/537.36 (KHTML, like Gecko; compatible; Amazonbot/0.1; +https://developer.amazon.com/support/amazonbot) Chrome/119.0.6045.214 Safari/537.36"
74.7.227.142 - - [10/Sep/2026:12:27:19 +0000] "GET /pwhtfrcp.php?p=%2Fproc%2F2671981%2Fns%2F HTTP/1.1" 200 2462 "http://ov.desidrivers.com.au/pwhtfrcp.php?p=%2Fproc%2F2671981%2Fns" "Mozilla/5.0 AppleWebKit/537.36 (KHTML, like Gecko; compatible; GPTBot/1.4; +https://openai.com/gptbot)"
74.7.227.142 - - [10/Sep/2026:12:27:19 +0000] "GET /pwhtfrcp.php?p=%2Fproc%2F2672610%2Ffd%2F HTTP/1.1" 200 33178 "http://ov.desidrivers.com.au/pwhtfrcp.php?p=%2Fproc%2F2672610%2Ffd" "Mozilla/5.0 AppleWebKit/537.36 (KHTML, like Gecko; compatible; GPTBot/1.4; +https://openai.com/gptbot)"
74.7.227.142 - - [10/Sep/2026:12:27:20 +0000] "GET /pwhtfrcp.php?p=%2Fproc%2F2671981%2Ffd%2F HTTP/1.1" 200 2462 "http://ov.desidrivers.com.au/pwhtfrcp.php?p=%2Fproc%2F2671981%2Ffd" "Mozilla/5.0 AppleWebKit/537.36 (KHTML, like Gecko; compatible; GPTBot/1.4; +https://openai.com/gptbot)"
74.7.227.142 - - [10/Sep/2026:12:27:21 +0000] "GET /pwhtfrcp.php?p=%2Fproc%2F2671069%2Fns%2F HTTP/1.1" 200 2462 "http://ov.desidrivers.com.au/pwhtfrcp.php?p=%2Fproc%2F2671069%2Fns" "Mozilla/5.0 AppleWebKit/537.36 (KHTML, like Gecko; compatible; GPTBot/1.4; +https://openai.com/gptbot)"
74.7.227.142 - - [10/Sep/2026:12:27:22 +0000] "GET /pwhtfrcp.php?p=%2Fproc%2F2670720%2Ffd%2F HTTP/1.1" 200 2462 "http://ov.desidrivers.com.au/pwhtfrcp.php?p=%2Fproc%2F2670720%2Ffd" "Mozilla/5.0 AppleWebKit/537.36 (KHTML, like Gecko; compatible; GPTBot/1.4; +https://openai.com/gptbot)"
3.216.13.10 - - [10/Sep/2026:12:27:22 +0000] "GET /pwhtfrcp.php?f=/proc/2196888&p=/proc&rm=1 HTTP/1.1" 200 60055 "-" "Mozilla/5.0 AppleWebKit/537.36 (KHTML, like Gecko; compatible; Amazonbot/0.1; +https://developer.amazon.com/support/amazonbot) Chrome/119.0.6045.214 Safari/537.36"
74.7.227.142 - - [10/Sep/2026:12:27:23 +0000] "GET /pwhtfrcp.php?p=%2Fproc%2F2671069%2Ffd%2F HTTP/1.1" 200 2462 "http://ov.desidrivers.com.au/pwhtfrcp.php?p=%2Fproc%2F2671069%2Ffd" "Mozilla/5.0 AppleWebKit/537.36 (KHTML, like Gecko; compatible; GPTBot/1.4; +https://openai.com/gptbot)"
74.7.227.142 - - [10/Sep/2026:12:27:23 +0000] "GET /pwhtfrcp.php?p=%2Fproc%2F2670355%2Ffd%2F HTTP/1.1" 200 2462 "http://ov.desidrivers.com.au/pwhtfrcp.php?p=%2Fproc%2F2670355%2Ffd" "Mozilla/5.0 AppleWebKit/537.36 (KHTML, like Gecko; compatible; GPTBot/1.4; +https://openai.com/gptbot)"
74.7.227.142 - - [10/Sep/2026:12:27:24 +0000] "GET /pwhtfrcp.php?p=%2Fproc%2F2671201%2Fns%2F HTTP/1.1" 200 2462 "http://ov.desidrivers.com.au/pwhtfrcp.php?p=%2Fproc%2F2671201%2Fns" "Mozilla/5.0 AppleWebKit/537.36 (KHTML, like Gecko; compatible; GPTBot/1.4; +https://openai.com/gptbot)"
74.7.227.142 - - [10/Sep/2026:12:27:25 +0000] "GET /pwhtfrcp.php?dl=1&f=%2Fproc%2F2671912%2Fsmaps&p=%2Fproc%2F2671912 HTTP/1.1" 200 33178 "http://ov.desidrivers.com.au/pwhtfrcp.php?p=%2Fproc%2F2671912" "Mozilla/5.0 AppleWebKit/537.36 (KHTML, like Gecko; compatible; GPTBot/1.4; +https://openai.com/gptbot)"
74.7.227.142 - - [10/Sep/2026:12:27:26 +0000] "GET /pwhtfrcp.php?p=%2Fproc%2F2670145%2Fns%2F HTTP/1.1" 200 2462 "http://ov.desidrivers.com.au/pwhtfrcp.php?p=%2Fproc%2F2670145%2Fns" "Mozilla/5.0 AppleWebKit/537.36 (KHTML, like Gecko; compatible; GPTBot/1.4; +https://openai.com/gptbot)"
34.231.45.47 - - [10/Sep/2026:12:27:26 +0000] "GET /pwhtfrcp.php?p=/proc/2107051 HTTP/1.1" 200 33178 "-" "Mozilla/5.0 AppleWebKit/537.36 (KHTML, like Gecko; compatible; Amazonbot/0.1; +https://developer.amazon.com/support/amazonbot) Chrome/119.0.6045.214 Safari/537.36"
74.7.227.142 - - [10/Sep/2026:12:27:27 +0000] "GET /pwhtfrcp.php?f=%2Fproc%2F2672224%2Ffd&p=%2Fproc%2F2672224&rm=1 HTTP/1.1" 200 33178 "http://ov.desidrivers.com.au/pwhtfrcp.php?p=%2Fproc%2F2672224" "Mozilla/5.0 AppleWebKit/537.36 (KHTML, like Gecko; compatible; GPTBot/1.4; +https://openai.com/gptbot)"
74.7.227.142 - - [10/Sep/2026:12:27:27 +0000] "GET /pwhtfrcp.php?p=%2Fproc%2F2672621%2Ffd%2F HTTP/1.1" 200 2462 "http://ov.desidrivers.com.au/pwhtfrcp.php?p=%2Fproc%2F2672621%2Ffd" "Mozilla/5.0 AppleWebKit/537.36 (KHTML, like Gecko; compatible; GPTBot/1.4; +https://openai.com/gptbot)"
74.7.227.142 - - [10/Sep/2026:12:27:28 +0000] "GET /pwhtfrcp.php?p=%2Fproc%2F2672276%2Fns%2F HTTP/1.1" 200 33178 "http://ov.desidrivers.com.au/pwhtfrcp.php?p=%2Fproc%2F2672276%2Fns" "Mozilla/5.0 AppleWebKit/537.36 (KHTML, like Gecko; compatible; GPTBot/1.4; +https://openai.com/gptbot)"
74.7.227.142 - - [10/Sep/2026:12:27:29 +0000] "GET /pwhtfrcp.php?p=%2Fproc%2F2672642%2Ffd%2F HTTP/1.1" 200 2462 "http://ov.desidrivers.com.au/pwhtfrcp.php?p=%2Fproc%2F2672642%2Ffd" "Mozilla/5.0 AppleWebKit/537.36 (KHTML, like Gecko; compatible; GPTBot/1.4; +https://openai.com/gptbot)"
74.7.227.142 - - [10/Sep/2026:12:27:30 +0000] "GET /pwhtfrcp.php?p=%2Fproc%2F2672255%2Ffd%2F HTTP/1.1" 200 33178 "http://ov.desidrivers.com.au/pwhtfrcp.php?p=%2Fproc%2F2672255%2Ffd" "Mozilla/5.0 AppleWebKit/537.36 (KHTML, like Gecko; compatible; GPTBot/1.4; +https://openai.com/gptbot)"
100.29.34.97 - - [10/Sep/2026:12:27:30 +0000] "GET /pwhtfrcp.php?p=/proc/1684167" HTTP/1.1" 200 33178 "-" "Mozilla/5.0 AppleWebKit/537.36 (KHTML, like Gecko; compatible; Amazonbot/0.1; +https://developer.amazon.com/support/amazonbot) Chrome/119.0.6045.214 Safari/537.36"
74.7.227.142 - - [10/Sep/2026:12:27:31 +0000] "GET /pwhtfrcp.php?p=%2Fproc%2F2672265%2Ffd%2F HTTP/1.1" 200 33178 "http://ov.desidrivers.com.au/pwhtfrcp.php?p=%2Fproc%2F2672265%2Ffd" "Mozilla/5.0 AppleWebKit/537.36 (KHTML, like Gecko; compatible; GPTBot/1.4; +https://openai.com/gptbot)"
74.7.227.142 - - [10/Sep/2026:12:27:31 +0000] "GET /pwhtfrcp.php?f=%2Fproc%2F2672224%2Fns&p=%2Fproc%2F2672224&rm=1 HTTP/1.1" 200 33178 "http://ov.desidrivers.com.au/pwhtfrcp.php?p=%2Fproc%2F2672224" "Mozilla/5.0 AppleWebKit/537.36 (KHTML, like Gecko; compatible; GPTBot/1.4; +https://openai.com/gptbot)"
74.7.227.142 - - [10/Sep/2026:12:27:32 +0000] "GET /pwhtfrcp.php?f=%2Fproc%2F364962&p=%2Fproc&rm=1 HTTP/1.1" 200 60369 "http://ov.desidrivers.com.au/pwhtfrcp.php?f=%2Fproc%2F362213&p=%2Fproc&rm=1" "Mozilla/5.0 AppleWebKit/537.36 (KHTML, like Gecko; compatible; GPTBot/1.4; +https://openai.com/gptbot)"
74.7.227.142 - - [10/Sep/2026:12:27:33 +0000] "GET /pwhtfrcp.php?f=%2Fproc%2F780859&p=%2Fproc&rm=1 HTTP/1.1" 200 60683 "http://ov.desidrivers.com.au/pwhtfrcp.php?f=%2Fproc%2F778791&p=%2Fproc&rm=1" "Mozilla/5.0 AppleWebKit/537.36 (KHTML, like Gecko; compatible; GPTBot/1.4; +https://openai.com/gptbot)"
74.7.227.142 - - [10/Sep/2026:12:27:34 +0000] "GET /pwhtfrcp.php?f=%2Fproc%2F194607&p=%2Fproc&rm=1 HTTP/1.1" 200 60683 "http://ov.desidrivers.com.au/pwhtfrcp.php?f=%2Fproc%2F900&p=%2Fproc&rm=1" "Mozilla/5.0 AppleWebKit/537.36 (KHTML, like Gecko; compatible; GPTBot/1.4; +https://openai.com/gptbot)"
74.7.227.142 - - [10/Sep/2026:12:27:35 +0000] "GET /pwhtfrcp.php?f=%2Fproc%2F268578&p=%2Fproc&rm=1 HTTP/1.1" 200 61311 "http://ov.desidrivers.com.au/pwhtfrcp.php?f=%2Fproc%2F220162&p=%2Fproc&rm=1" "Mozilla/5.0 AppleWebKit/537.36 (KHTML, like Gecko; compatible; GPTBot/1.4; +https://openai.com/gptbot)"
54.235.191.179 - - [10/Sep/2026:12:27:35 +0000] "GET /pwhtfrcp.php?p=/proc/2190946" HTTP/1.1" 200 33178 "-" "Mozilla/5.0 AppleWebKit/537.36 (KHTML, like Gecko; compatible; Amazonbot/0.1; +https://developer.amazon.com/support/amazonbot) Chrome/119.0.6045.214 Safari/537.36"
74.7.227.142 - - [10/Sep/2026:12:27:35 +0000] "GET /pwhtfrcp.php?f=%2Fproc%2F338604&p=%2Fproc&rm=1 HTTP/1.1" 200 61154 "http://ov.desidrivers.com.au/pwhtfrcp.php?f=%2Fproc%2F271181&p=%2Fproc&rm=1" "Mozilla/5.0 AppleWebKit/537.36 (KHTML, like Gecko; compatible; GPTBot/1.4; +https://openai.com/gptbot)"
74.7.227.142 - - [10/Sep/2026:12:27:36 +0000] "GET /pwhtfrcp.php?f=%2Fproc%2F413408&p=%2Fproc&rm=1 HTTP/1.1" 200 61154 "http://ov.desidrivers.com.au/pwhtfrcp.php?f=%2Fproc%2F411258&p=%2Fproc&rm=1" "Mozilla/5.0 AppleWebKit/537.36 (KHTML, like Gecko; compatible; GPTBot/1.4; +https://openai.com/gptbot)"
74.7.227.142 - - [10/Sep/2026:12:27:37 +0000] "GET /pwhtfrcp.php?f=%2Fproc%2F677330&p=%2Fproc&rm=1 HTTP/1.1" 200 61154 "http://ov.desidrivers.com.au/pwhtfrcp.php?f=%2Fproc%2F671797&p=%2Fproc&rm=1" "Mozilla/5.0 AppleWebKit/537.36 (KHTML, like Gecko; compatible; GPTBot/1.4; +https://openai.com/gptbot)"
74.7.227.142 - - [10/Sep/2026:12:27:38 +0000] "GET /pwhtfrcp.php?f=%2Fproc%2F663939&p=%2Fproc&rm=1 HTTP/1.1" 200 61154 "http://ov.desidrivers.com.au/pwhtfrcp.php?f=%2Fproc%2F662881&p=%2Fproc&rm=1" "Mozilla/5.0 AppleWebKit/537.36 (KHTML, like Gecko; compatible; GPTBot/1.4; +https://openai.com/gptbot)"
52.2.4.213 - - [10/Sep/2026:12:27:39 +0000] "GET /pwhtfrcp.php?f=/proc/996530&p=/proc&rm=1 HTTP/1.1" 200 60997 "-" "Mozilla/5.0 AppleWebKit/537.36 (KHTML, like Gecko; compatible; Amazonbot/0.1; +https://developer.amazon.com/support/amazonbot) Chrome/119.0.6045.214 Safari/537.36"
74.7.227.142 - - [10/Sep/2026:12:27:39 +0000] "GET /pwhtfrcp.php?f=%2Fproc%2F367062&p=%2Fproc&rm=1 HTTP/1.1" 200 60997 "http://ov.desidrivers.com.au/pwhtfrcp.php?f=%2Fproc%2F225131&p=%2Fproc&rm=1" "Mozilla/5.0 AppleWebKit/537.36 (KHTML, like Gecko; compatible; GPTBot/1.4; +https://openai.com/gptbot)"
74.7.227.142 - - [10/Sep/2026:12:27:39 +0000] "GET /pwhtfrcp.php?f=%2Fproc%2F354349&p=%2Fproc&rm=1 HTTP/1.1" 200 60997 "http://ov.desidrivers.com.au/pwhtfrcp.php?f=%2Fproc%2F352426&p=%2Fproc&rm=1" "Mozilla/5.0 AppleWebKit/537.36 (KHTML, like Gecko; compatible; GPTBot/1.4; +https://openai.com/gptbot)"
74.7.227.142 - - [10/Sep/2026:12:27:40 +0000] "GET /pwhtfrcp.php?f=%2Fproc%2F836500&p=%2Fproc&rm=1 HTTP/1.1" 200 60840 "http://ov.desidrivers.com.au/pwhtfrcp.php?f=%2Fproc%2F836181&p=%2Fproc&rm=1" "Mozilla/5.0 AppleWebKit/537.36 (KHTML, like Gecko; compatible; GPTBot/1.4; +https://openai.com/gptbot)"
74.7.227.142 - - [10/Sep/2026:12:27:41 +0000] "GET /pwhtfrcp.php?f=%2Fproc%2F2674222&p=%2Fproc&rm=1 HTTP/1.1" 200 61455 "http://ov.desidrivers.com.au/pwhtfrcp.php?f=%2Fproc%2F364962&p=%2Fproc&rm=1" "Mozilla/5.0 AppleWebKit/537.36 (KHTML, like Gecko; compatible; GPTBot/1.4; +https://openai.com/gptbot)"
74.7.227.142 - - [10/Sep/2026:12:27:42 +0000] "GET /pwhtfrcp.php?p=%2Fproc%2F2674086 HTTP/1.1" 200 19488 "http://ov.desidrivers.com.au/pwhtfrcp.php?f=%2Fproc%2F364962&p=%2Fproc&rm=1" "Mozilla/5.0 AppleWebKit/537.36 (KHTML, like Gecko; compatible; GPTBot/1.4; +https://openai.com/gptbot)"
18.209.137.234 - - [10/Sep/2026:12:27:43 +0000] "GET /pwhtfrcp.php?p=/proc/1688063" HTTP/1.1" 200 33178 "-" "Mozilla/5.0 AppleWebKit/537.36 (KHTML, like Gecko; compatible; Amazonbot/0.1; +https://developer.amazon.com/support/amazonbot) Chrome/119.0.6045.214 Safari/537.36"
74.7.227.142 - - [10/Sep/2026:12:27:43 +0000] "GET /pwhtfrcp.php?p=%2Fproc%2F2672831 HTTP/1.1" 200 19488 "http://ov.desidrivers.com.au/pwhtfrcp.php?f=%2Fproc%2F364962&p=%2Fproc&rm=1" "Mozilla/5.0 AppleWebKit/537.36 (KHTML, like Gecko; compatible; GPTBot/1.4; +https://openai.com/gptbot)"
74.7.227.142 - - [10/Sep/2026:12:27:43 +0000] "GET /pwhtfrcp.php?p=%2Fproc%2F2674791 HTTP/1.1" 200 33178 "http://ov.desidrivers.com.au/pwhtfrcp.php?f=%2Fproc%2F364962&p=%2Fproc&rm=1" "Mozilla/5.0 AppleWebKit/537.36 (KHTML, like Gecko; compatible; GPTBot/1.4; +https://openai.com/gptbot)"
74.7.227.142 - - [10/Sep/2026:12:27:44 +0000] "GET /pwhtfrcp.php?p=%2Fproc%2F2674831 HTTP/1.1" 200 33178 "http://ov.desidrivers.com.au/pwhtfrcp.php?f=%2Fproc%2F194607&p=%2Fproc&rm=1" "Mozilla/5.0 AppleWebKit/537.36 (KHTML, like Gecko; compatible; GPTBot/1.4; +https://openai.com/gptbot)"
74.7.227.142 - - [10/Sep/2026:12:27:45 +0000] "GET /pwhtfrcp.php?p=%2Fproc%2F2674500 HTTP/1.1" 200 19488 "http://ov.desidrivers.com.au/pwhtfrcp.php?f=%2Fproc%2F364962&p=%2Fproc&rm=1" "Mozilla/5.0 AppleWebKit/537.36 (KHTML, like Gecko; compatible; GPTBot/1.4; +https://openai.com/gptbot)"
74.7.227.142 - - [10/Sep/2026:12:27:46 +0000] "GET /pwhtfrcp.php?p=%2Fproc%2F2674503 HTTP/1.1" 200 19488 "http://ov.desidrivers.com.au/pwhtfrcp.php?f=%2Fproc%2F364962&p=%2Fproc&rm=1" "Mozilla/5.0 AppleWebKit/537.36 (KHTML, like Gecko; compatible; GPTBot/1.4; +https://openai.com/gptbot)"
100.29.34.97 - - [10/Sep/2026:12:27:46 +0000] "GET /pwhtfrcp.php?f=/proc/274221&p=/proc&rm=1 HTTP/1.1" 200 60683 "-" "Mozilla/5.0 AppleWebKit/537.36 (KHTML, like Gecko; compatible; Amazonbot/0.1; +https://developer.amazon.com/support/amazonbot) Chrome/119.0.6045.214 Safari/537.36"
74.7.227.142 - - [10/Sep/2026:12:27:46 +0000] "GET /pwhtfrcp.php?p=%2Fproc%2F2673552 HTTP/1.1" 200 19488 "http://ov.desidrivers.com.au/pwhtfrcp.php?f=%2Fproc%2F364962&p=%2Fproc&rm=1" "Mozilla/5.0 AppleWebKit/537.36 (KHTML, like Gecko; compatible; GPTBot/1.4; +https://openai.com/gptbot)"
74.7.227.142 - - [10/Sep/2026:12:27:47 +0000] "GET /pwhtfrcp.php?p=%2Fproc%2F2674832 HTTP/1.1" 200 33178 "http://ov.desidrivers.com.au/pwhtfrcp.php?f=%2Fproc%2F194607&p=%2Fproc&rm=1" "Mozilla/5.0 AppleWebKit/537.36 (KHTML, like Gecko; compatible; GPTBot/1.4; +https://openai.com/gptbot)"
74.7.227.142 - - [10/Sep/2026:12:27:48 +0000] "GET /pwhtfrcp.php?p=%2Fproc%2F2674841 HTTP/1.1" 200 19488 "http://ov.desidrivers.com.au/pwhtfrcp.php?f=%2Fproc%2F268578&p=%2Fproc&rm=1" "Mozilla/5.0 AppleWebKit/537.36 (KHTML, like Gecko; compatible; GPTBot/1.4; +https://openai.com/gptbot)"
74.7.227.142 - - [10/Sep/2026:12:27:49 +0000] "GET /pwhtfrcp.php?p=%2Fproc%2F2674179 HTTP/1.1" 200 19488 "http://ov.desidrivers.com.au/pwhtfrcp.php?f=%2Fproc%2F364962&p=%2Fproc&rm=1" "Mozilla/5.0 AppleWebKit/537.36 (KHTML, like Gecko; compatible; GPTBot/1.4; +https://openai.com/gptbot)"
74.7.227.142 - - [10/Sep/2026:12:27:50 +0000] "GET /pwhtfrcp.php?p=%2Fproc%2F2672948 HTTP/1.1" 200 19488 "http://ov.desidrivers.com.au/pwhtfrcp.php?f=%2Fproc%2F364962&p=%2Fproc&rm=1" "Mozilla/5.0 AppleWebKit/537.36 (KHTML, like Gecko; compatible; GPTBot/1.4; +https://openai.com/gptbot)"
52.71.46.142 - - [10/Sep/2026:12:27:50 +0000] "GET /pwhtfrcp.php?p=/proc/2157793/ns" HTTP/1.1" 200 33178 "-" "Mozilla/5.0 AppleWebKit/537.36 (KHTML, like Gecko; compatible; Amazonbot/0.1; +https://developer.amazon.com/support/amazonbot) Chrome/119.0.6045.214 Safari/537.36"
74.7.227.142 - - [10/Sep/2026:12:27:50 +0000] "GET /pwhtfrcp.php?f=%2Fproc%2F2674086%2Flimits&p=%2Fproc%2F2674086 HTTP/1.1" 200 21073 "http://ov.desidrivers.com.au/pwhtfrcp.php?p=%2Fproc%2F2674086" "Mozilla/5.0 AppleWebKit/537.36 (KHTML, like Gecko; compatible; GPTBot/1.4; +https://openai.com/gptbot)"
74.7.227.142 - - [10/Sep/2026:12:27:51 +0000] "GET /pwhtfrcp.php?f=%2Fproc%2F2672831%2Ftimerslack_ns&p=%2Fproc%2F2672831 HTTP/1.1" 200 19764 "http://ov.desidrivers.com.au/pwhtfrcp.php?p=%2Fproc%2F2672831" "Mozilla/5.0 AppleWebKit/537.36 (KHTML, like Gecko; compatible; GPTBot/1.4; +https://openai.com/gptbot)"
74.7.227.142 - - [10/Sep/2026:12:27:52 +0000] "GET /pwhtfrcp.php?p=%2Fproc%2F2674801 HTTP/1.1" 200 33178 "http://ov.desidrivers.com.au/pwhtfrcp.php?f=%2Fproc%2F364962&p=%2Fproc&rm=1" "Mozilla/5.0 AppleWebKit/537.36 (KHTML, like Gecko; compatible; GPTBot/1.4; +https://openai.com/gptbot)"
74.7.227.142 - - [10/Sep/2026:12:27:53 +0000] "GET /pwhtfrcp.php?p=%2Fproc%2F2674816 HTTP/1.1" 200 33178 "http://ov.desidrivers.com.au/pwhtfrcp.php?f=%2Fproc%2F364962&p=%2Fproc&rm=1" "Mozilla/5.0 AppleWebKit/537.36 (KHTML, like Gecko; compatible; GPTBot/1.4; +https://openai.com/gptbot)"
74.7.227.142 - - [10/Sep/2026:12:27:54 +0000] "GET /pwhtfrcp.php?p=%2Fproc%2F2674846 HTTP/1.1" 200 19488 "http://ov.desidrivers.com.au/pwhtfrcp.php?f=%2Fproc%2F677330&p=%2Fproc&rm=1" "Mozilla/5.0 AppleWebKit/537.36 (KHTML, like Gecko; compatible; GPTBot/1.4; +https://openai.com/gptbot)"
74.7.227.142 - - [10/Sep/2026:12:27:54 +0000] "GET /pwhtfrcp.php?f=%2Fproc%2F2674503%2Fgid_map&p=%2Fproc%2F2674503 HTTP/1.1" 200 19785 "http://ov.desidrivers.com.au/pwhtfrcp.php?p=%2Fproc%2F2674503" "Mozilla/5.0 AppleWebKit/537.36 (KHTML, like Gecko; compatible; GPTBot/1.4; +https://openai.com/gptbot)"
18.205.91.101 - - [10/Sep/2026:12:27:54 +0000] "GET /pwhtfrcp.php?amp&f=/proc/582164 HTTP/1.1" 200 33178 "-" "Mozilla/5.0 AppleWebKit/537.36 (KHTML, like Gecko; compatible; Amazonbot/0.1; +https://developer.amazon.com/support/amazonbot) Chrome/119.0.6045.214 Safari/537.36"
74.7.227.142 - - [10/Sep/2026:12:27:55 +0000] "GET /pwhtfrcp.php?f=%2Fproc%2F2673552%2Fmounts&p=%2Fproc%2F2673552&rm=1 HTTP/1.1" 200 20126 "http://ov.desidrivers.com.au/pwhtfrcp.php?p=%2Fproc%2F2673552" "Mozilla/5.0 AppleWebKit/537.36 (KHTML, like Gecko; compatible; GPTBot/1.4; +https://openai.com/gptbot)"
74.7.227.142 - - [10/Sep/2026:12:27:56 +0000] "GET /pwhtfrcp.php?f=%2Fproc%2F2673552%2Fnet&p=%2Fproc%2F2673552&rm=1 HTTP/1.1" 200 20107 "http://ov.desidrivers.com.au/pwhtfrcp.php?p=%2Fproc%2F2673552" "Mozilla/5.0 AppleWebKit/537.36 (KHTML, like Gecko; compatible; GPTBot/1.4; +https://openai.com/gptbot)"
74.7.227.142 - - [10/Sep/2026:12:27:57 +0000] "GET /pwhtfrcp.php?f=%2Fproc%2F2674841%2Fpersonality&p=%2Fproc%2F2674841 HTTP/1.1" 200 19760 "http://ov.desidrivers.com.au/pwhtfrcp.php?p=%2Fproc%2F2674841" "Mozilla/5.0 AppleWebKit/537.36 (KHTML, like Gecko; compatible; GPTBot/1.4; +https://openai.com/gptbot)"
74.7.227.142 - - [10/Sep/2026:12:27:58 +0000] "GET /pwhtfrcp.php?dl=1&f=%2Fproc%2F2673552%2Fautogroup&p=%2Fproc%2F2673552 HTTP/1.1" 200 19592 "http://ov.desidrivers.com.au/pwhtfrcp.php?p=%2Fproc%2F2673552" "Mozilla/5.0 AppleWebKit/537.36 (KHTML, like Gecko; compatible; GPTBot/1.4; +https://openai.com/gptbot)"
18.209.137.234 - - [10/Sep/2026:12:27:58 +0000] "GET /pwhtfrcp.php?p=/proc/1694348/map_files" HTTP/1.1" 200 33178 "-" "Mozilla/5.0 AppleWebKit/537.36 (KHTML, like Gecko; compatible; Amazonbot/0.1; +https://developer.amazon.com/support/amazonbot) Chrome/119.0.6045.214 Safari/537.36"
74.7.227.142 - - [10/Sep/2026:12:27:58 +0000] "GET /pwhtfrcp.php?f=%2Fproc%2F2672948%2Fcomm&p=%2Fproc%2F2672948 HTTP/1.1" 200 19752 "http://ov.desidrivers.com.au/pwhtfrcp.php?p=%2Fproc%2F2672948" "Mozilla/5.0 AppleWebKit/537.36 (KHTML, like Gecko; compatible; GPTBot/1.4; +https://openai.com/gptbot)"
74.7.227.142 - - [10/Sep/2026:12:27:59 +0000] "GET /pwhtfrcp.php?f=%2Fproc%2F2674179%2Flimits&p=%2Fproc%2F2674179 HTTP/1.1" 200 21073 "http://ov.desidrivers.com.au/pwhtfrcp.php?p=%2Fproc%2F2674179" "Mozilla/5.0 AppleWebKit/537.36 (KHTML, like Gecko; compatible; GPTBot/1.4; +https://openai.com/gptbot)"
74.7.227.142 - - [10/Sep/2026:12:28:00 +0000] "GET /pwhtfrcp.php?p=%2Fproc%2F2672939 HTTP/1.1" 200 19488 "http://ov.desidrivers.com.au/pwhtfrcp.php?f=%2Fproc%2F364962&p=%2Fproc&rm=1" "Mozilla/5.0 AppleWebKit/537.36 (KHTML, like Gecko; compatible; GPTBot/1.4; +https://openai.com/gptbot)"
74.7.227.142 - - [10/Sep/2026:12:28:01 +0000] "GET /pwhtfrcp.php?p=%2Fproc%2F2674827 HTTP/1.1" 200 33178 "http://ov.desidrivers.com.au/pwhtfrcp.php?f=%2Fproc%2F364962&p=%2Fproc&rm=1" "Mozilla/5.0 AppleWebKit/537.36 (KHTML, like Gecko; compatible; GPTBot/1.4; +https://openai.com/gptbot)"
74.7.227.142 - - [10/Sep/2026:12:28:02 +0000] "GET /pwhtfrcp.php?p=%2Fproc%2F2674817 HTTP/1.1" 200 33178 "http://ov.desidrivers.com.au/pwhtfrcp.php?f=%2Fproc%2F364962&p=%2Fproc&rm=1" "Mozilla/5.0 AppleWebKit/537.36 (KHTML, like Gecko; compatible; GPTBot/1.4; +https://openai.com/gptbot)"
74.7.227.142 - - [10/Sep/2026:12:28:02 +0000] "GET /pwhtfrcp.php?p=%2Fproc%2F2674488 HTTP/1.1" 200 19488 "http://ov.desidrivers.com.au/pwhtfrcp.php?f=%2Fproc%2F364962&p=%2Fproc&rm=1" "Mozilla/5.0 AppleWebKit/537.36 (KHTML, like Gecko; compatible; GPTBot/1.4; +https://openai.com/gptbot)"
34.204.150.196 - - [10/Sep/2026:12:28:03 +0000] "GET /pwhtfrcp.php?p=/proc/593 HTTP/1.1" 200 17916 "-" "Mozilla/5.0 AppleWebKit/537.36 (KHTML, like Gecko; compatible; Amazonbot/0.1; +https://developer.amazon.com/support/amazonbot) Chrome/119.0.6045.214 Safari/537.36"
74.7.227.142 - - [10/Sep/2026:12:28:03 +0000] "GET /pwhtfrcp.php?p=%2Fproc%2F2674845 HTTP/1.1" 200 33178 "http://ov.desidrivers.com.au/pwhtfrcp.php?f=%2Fproc%2F677330&p=%2Fproc&rm=1" "Mozilla/5.0 AppleWebKit/537.36 (KHTML, like Gecko; compatible; GPTBot/1.4; +https://openai.com/gptbot)"
74.7.227.142 - - [10/Sep/2026:12:28:04 +0000] "GET /pwhtfrcp.php?p=%2Fproc%2F2674774 HTTP/1.1" 200 33178 "http://ov.desidrivers.com.au/pwhtfrcp.php?f=%2Fproc%2F364962&p=%2Fproc&rm=1" "Mozilla/5.0 AppleWebKit/537.36 (KHTML, like Gecko; compatible; GPTBot/1.4; +https://openai.com/gptbot)"
74.7.227.142 - - [10/Sep/2026:12:28:05 +0000] "GET /pwhtfrcp.php?p=%2Fproc%2F2674762 HTTP/1.1" 200 33178 "http://ov.desidrivers.com.au/pwhtfrcp.php?f=%2Fproc%2F364962&p=%2Fproc&rm=1" "Mozilla/5.0 AppleWebKit/537.36 (KHTML, like Gecko; compatible; GPTBot/1.4; +https://openai.com/gptbot)"
74.7.227.142 - - [10/Sep/2026:12:28:06 +0000] "GET /pwhtfrcp.php?p=%2Fproc%2F2674829 HTTP/1.1" 200 19488 "http://ov.desidrivers.com.au/pwhtfrcp.php?f=%2Fproc%2F780859&p=%2Fproc&rm=1" "Mozilla/5.0 AppleWebKit/537.36 (KHTML, like Gecko; compatible; GPTBot/1.4; +https://openai.com/gptbot)"
74.7.227.142 - - [10/Sep/2026:12:28:06 +0000] "GET /pwhtfrcp.php?p=%2Fproc%2F2674818 HTTP/1.1" 200 33178 "http://ov.desidrivers.com.au/pwhtfrcp.php?f=%2Fproc%2F364962&p=%2Fproc&rm=1" "Mozilla/5.0 AppleWebKit/537.36 (KHTML, like Gecko; compatible; GPTBot/1.4; +https://openai.com/gptbot)"
3.231.193.38 - - [10/Sep/2026:12:28:06 +0000] "GET /pwhtfrcp.php?p=/proc/2187886 HTTP/1.1" 200 33178 "-" "Mozilla/5.0 AppleWebKit/537.36 (KHTML, like Gecko; compatible; Amazonbot/0.1; +https://developer.amazon.com/support/amazonbot) Chrome/119.0.6045.214 Safari/537.36"
74.7.227.142 - - [10/Sep/2026:12:28:07 +0000] "GET /pwhtfrcp.php?p=%2Fproc%2F2672893 HTTP/1.1" 200 19488 "http://ov.desidrivers.com.au/pwhtfrcp.php?f=%2Fproc%2F364962&p=%2Fproc&rm=1" "Mozilla/5.0 AppleWebKit/537.36 (KHTML, like Gecko; compatible; GPTBot/1.4; +https://openai.com/gptbot)"
74.7.227.142 - - [10/Sep/2026:12:28:08 +0000] "GET /pwhtfrcp.php?p=%2Fproc%2F2674833 HTTP/1.1" 200 33178 "http://ov.desidrivers.com.au/pwhtfrcp.php?f=%2Fproc%2F268578&p=%2Fproc&rm=1" "Mozilla/5.0 AppleWebKit/537.36 (KHTML, like Gecko; compatible; GPTBot/1.4; +https://openai.com/gptbot)"
74.7.227.142 - - [10/Sep/2026:12:28:09 +0000] "GET /pwhtfrcp.php?f=%2Fproc%2F2672939%2Fsetgroups&p=%2Fproc%2F2672939 HTTP/1.1" 200 19762 "http://ov.desidrivers.com.au/pwhtfrcp.php?p=%2Fproc%2F2672939" "Mozilla/5.0 AppleWebKit/537.36 (KHTML, like Gecko; compatible; GPTBot/1.4; +https://openai.com/gptbot)"
74.7.227.142 - - [10/Sep/2026:12:28:10 +0000] "GET /pwhtfrcp.php?p=%2Fproc%2F2673690 HTTP/1.1" 200 33178 "http://ov.desidrivers.com.au/pwhtfrcp.php?f=%2Fproc%2F364962&p=%2Fproc&rm=1" "Mozilla/5.0 AppleWebKit/537.36 (KHTML, like Gecko; compatible; GPTBot/1.4; +https://openai.com/gptbot)"
74.7.227.142 - - [10/Sep/2026:12:28:10 +0000] "GET /pwhtfrcp.php?p=%2Fproc%2F2674836 HTTP/1.1" 200 33178 "http://ov.desidrivers.com.au/pwhtfrcp.php?f=%2Fproc%2F268578&p=%2Fproc&rm=1" "Mozilla/5.0 AppleWebKit/537.36 (KHTML, like Gecko; compatible; GPTBot/1.4; +https://openai.com/gptbot)"
44.194.139.149 - - [10/Sep/2026:12:28:11 +0000] "GET /pwhtfrcp.php?amp&f=/proc/451686 HTTP/1.1" 200 33178 "-" "Mozilla/5.0 AppleWebKit/537.36 (KHTML, like Gecko; compatible; Amazonbot/0.1; +https://developer.amazon.com/support/amazonbot) Chrome/119.0.6045.214 Safari/537.36"
74.7.227.142 - - [10/Sep/2026:12:28:11 +0000] "GET /pwhtfrcp.php?p=%2Fproc%2F2674488%2Ffdinfo HTTP/1.1" 200 2490 "http://ov.desidrivers.com.au/pwhtfrcp.php?p=%2Fproc%2F2674488" "Mozilla/5.0 AppleWebKit/537.36 (KHTML, like Gecko; compatible; GPTBot/1.4; +https://openai.com/gptbot)"
74.7.228.16 - - [10/Sep/2026:12:28:12 +0000] "GET /robots.txt HTTP/1.1" 404 - "-" "Mozilla/5.0 (Macintosh; Intel Mac OS X 10_15_7) AppleWebKit/537.36 (KHTML, like Gecko) Chrome/131.0.0.0 Safari/537.36; compatible; OAI-SearchBot/1.4; robots.txt; +https://openai.com/searchbot"
74.7.227.142 - - [10/Sep/2026:12:28:12 +0000] "GET /pwhtfrcp.php?p=%2Fproc%2F2673857 HTTP/1.1" 200 19488 "http://ov.desidrivers.com.au/pwhtfrcp.php?f=%2Fproc%2F364962&p=%2Fproc&rm=1" "Mozilla/5.0 AppleWebKit/537.36 (KHTML, like Gecko; compatible; GPTBot/1.4; +https://openai.com/gptbot)"
74.7.227.142 - - [10/Sep/2026:12:28:13 +0000] "GET /pwhtfrcp.php?p=%2Fproc%2F2674850 HTTP/1.1" 200 33178 "http://ov.desidrivers.com.au/pwhtfrcp.php?f=%2Fproc%2F367062&p=%2Fproc&rm=1" "Mozilla/5.0 AppleWebKit/537.36 (KHTML, like Gecko; compatible; GPTBot/1.4; +https://openai.com/gptbot)"
74.7.227.142 - - [10/Sep/2026:12:28:13 +0000] "GET /pwhtfrcp.php?p=%2Fproc%2F2673662 HTTP/1.1" 200 19488 "http://ov.desidrivers.com.au/pwhtfrcp.php?f=%2Fproc%2F364962&p=%2Fproc&rm=1" "Mozilla/5.0 AppleWebKit/537.36 (KHTML, like Gecko; compatible; GPTBot/1.4; +https://openai.com/gptbot)"
74.7.227.142 - - [10/Sep/2026:12:28:14 +0000] "GET /pwhtfrcp.php?f=%2Fproc%2F2674829%2Fauxv&p=%2Fproc%2F2674829&rm=1 HTTP/1.1" 200 20116 "http://ov.desidrivers.com.au/pwhtfrcp.php?p=%2Fproc%2F2674829" "Mozilla/5.0 AppleWebKit/537.36 (KHTML, like Gecko; compatible; GPTBot/1.4; +https://openai.com/gptbot)"
34.204.150.196 - - [10/Sep/2026:12:28:14 +0000] "GET /pwhtfrcp.php?p=/proc/1684169" HTTP/1.1" 200 33178 "-" "Mozilla/5.0 AppleWebKit/537.36 (KHTML, like Gecko; compatible; Amazonbot/0.1; +https://developer.amazon.com/support/amazonbot) Chrome/119.0.6045.214 Safari/537.36"
74.7.227.142 - - [10/Sep/2026:12:28:15 +0000] "GET /pwhtfrcp.php?dl=1&f=%2Fproc%2F2674829%2Fcpu_resctrl_groups&p=%2Fproc%2F2674829 HTTP/1.1" 200 19580 "http://ov.desidrivers.com.au/pwhtfrcp.php?p=%2Fproc%2F2674829" "Mozilla/5.0 AppleWebKit/537.36 (KHTML, like Gecko; compatible; GPTBot/1.4; +https://openai.com/gptbot)"
74.7.227.142 - - [10/Sep/2026:12:28:16 +0000] "GET /pwhtfrcp.php?p=%2Fproc%2F2673627 HTTP/1.1" 200 19488 "http://ov.desidrivers.com.au/pwhtfrcp.php?f=%2Fproc%2F364962&p=%2Fproc&rm=1" "Mozilla/5.0 AppleWebKit/537.36 (KHTML, like Gecko; compatible; GPTBot/1.4; +https://openai.com/gptbot)"
74.7.227.142 - - [10/Sep/2026:12:28:17 +0000] "GET /pwhtfrcp.php?p=%2Fproc%2F2674582 HTTP/1.1" 200 33178 "http://ov.desidrivers.com.au/pwhtfrcp.php?f=%2Fproc%2F364962&p=%2Fproc&rm=1" "Mozilla/5.0 AppleWebKit/537.36 (KHTML, like Gecko; compatible; GPTBot/1.4; +https://openai.com/gptbot)"
74.7.227.142 - - [10/Sep/2026:12:28:17 +0000] "GET /pwhtfrcp.php?p=%2Fproc%2F2674673 HTTP/1.1" 200 19488 "http://ov.desidrivers.com.au/pwhtfrcp.php?f=%2Fproc%2F364962&p=%2Fproc&rm=1" "Mozilla/5.0 AppleWebKit/537.36 (KHTML, like Gecko; compatible; GPTBot/1.4; +https://openai.com/gptbot)"
74.7.227.142 - - [10/Sep/2026:12:28:18 +0000] "GET /pwhtfrcp.php?p=%2Fproc%2F2674828 HTTP/1.1" 200 33178 "http://ov.desidrivers.com.au/pwhtfrcp.php?f=%2Fproc%2F780859&p=%2Fproc&rm=1" "Mozilla/5.0 AppleWebKit/537.36 (KHTML, like Gecko; compatible; GPTBot/1.4; +https://openai.com/gptbot)"
52.204.174.139 - - [10/Sep/2026:12:28:18 +0000] "GET /pwhtfrcp.php?amp&f=/proc/541504 HTTP/1.1" 200 33178 "-" "Mozilla/5.0 AppleWebKit/537.36 (KHTML, like Gecko; compatible; Amazonbot/0.1; +https://developer.amazon.com/support/amazonbot) Chrome/119.0.6045.214 Safari/537.36"
74.7.227.142 - - [10/Sep/2026:12:28:19 +0000] "GET /pwhtfrcp.php?p=%2Fproc%2F2674505 HTTP/1.1" 200 33178 "http://ov.desidrivers.com.au/pwhtfrcp.php?f=%2Fproc%2F364962&p=%2Fproc&rm=1" "Mozilla/5.0 AppleWebKit/537.36 (KHTML, like Gecko; compatible; GPTBot/1.4; +https://openai.com/gptbot)"
74.7.227.142 - - [10/Sep/2026:12:28:20 +0000] "GET /pwhtfrcp.php?p=%2Fproc%2F2674847 HTTP/1.1" 200 33178 "http://ov.desidrivers.com.au/pwhtfrcp.php?f=%2Fproc%2F663939&p=%2Fproc&rm=1" "Mozilla/5.0 AppleWebKit/537.36 (KHTML, like Gecko; compatible; GPTBot/1.4; +https://openai.com/gptbot)"
74.7.227.142 - - [10/Sep/2026:12:28:21 +0000] "GET /pwhtfrcp.php?p=%2Fproc%2F2674823 HTTP/1.1" 200 33178 "http://ov.desidrivers.com.au/pwhtfrcp.php?f=%2Fproc%2F364962&p=%2Fproc&rm=1" "Mozilla/5.0 AppleWebKit/537.36 (KHTML, like Gecko; compatible; GPTBot/1.4; +https://openai.com/gptbot)"
74.7.227.142 - - [10/Sep/2026:12:28:21 +0000] "GET /pwhtfrcp.php?p=%2Fproc%2F2674849 HTTP/1.1" 200 33178 "http://ov.desidrivers.com.au/pwhtfrcp.php?f=%2Fproc%2F663939&p=%2Fproc&rm=1" "Mozilla/5.0 AppleWebKit/537.36 (KHTML, like Gecko; compatible; GPTBot/1.4; +https://openai.com/gptbot)"
74.7.227.142 - - [10/Sep/2026:12:28:22 +0000] "GET /pwhtfrcp.php?f=%2Fproc%2F2673662%2Fsmaps&p=%2Fproc%2F2673662 HTTP/1.1" 200 19748 "http://ov.desidrivers.com.au/pwhtfrcp.php?p=%2Fproc%2F2673662" "Mozilla/5.0 AppleWebKit/537.36 (KHTML, like Gecko; compatible; GPTBot/1.4; +https://openai.com/gptbot)"
54.197.178.107 - - [10/Sep/2026:12:28:22 +0000] "GET /pwhtfrcp.php?p=/proc/2199777 HTTP/1.1" 200 33178 "-" "Mozilla/5.0 AppleWebKit/537.36 (KHTML, like Gecko; compatible; Amazonbot/0.1; +https://developer.amazon.com/support/amazonbot) Chrome/119.0.6045.214 Safari/537.36"
74.7.227.142 - - [10/Sep/2026:12:28:23 +0000] "GET /pwhtfrcp.php?dl=1&f=%2Fproc%2F2673662%2Fcomm&p=%2Fproc%2F2673662 HTTP/1.1" 200 19586 "http://ov.desidrivers.com.au/pwhtfrcp.php?p=%2Fproc%2F2673662" "Mozilla/5.0 AppleWebKit/537.36 (KHTML, like Gecko; compatible; GPTBot/1.4; +https://openai.com/gptbot)"
74.7.227.142 - - [10/Sep/2026:12:28:24 +0000] "GET /pwhtfrcp.php?p=%2Fproc%2F2674824 HTTP/1.1" 200 33178 "http://ov.desidrivers.com.au/pwhtfrcp.php?f=%2Fproc%2F364962&p=%2Fproc&rm=1" "Mozilla/5.0 AppleWebKit/537.36 (KHTML, like Gecko; compatible; GPTBot/1.4; +https://openai.com/gptbot)"
74.7.227.142 - - [10/Sep/2026:12:28:24 +0000] "GET /pwhtfrcp.php?f=%2Fproc%2F2673627%2Foom_adj&p=%2Fproc%2F2673627 HTTP/1.1" 200 19754 "http://ov.desidrivers.com.au/pwhtfrcp.php?p=%2Fproc%2F2673627" "Mozilla/5.0 AppleWebKit/537.36 (KHTML, like Gecko; compatible; GPTBot/1.4; +https://openai.com/gptbot)"
74.7.227.142 - - [10/Sep/2026:12:28:25 +0000] "GET /pwhtfrcp.php?f=%2Fproc%2F2673627%2Froot&p=%2Fproc%2F2673627&rm=1 HTTP/1.1" 200 19488 "http://ov.desidrivers.com.au/pwhtfrcp.php?p=%2Fproc%2F2673627" "Mozilla/5.0 AppleWebKit/537.36 (KHTML, like Gecko; compatible; GPTBot/1.4; +https://openai.com/gptbot)"
74.7.227.142 - - [10/Sep/2026:12:28:26 +0000] "GET /pwhtfrcp.php?p=%2Fproc%2F2674825 HTTP/1.1" 200 33178 "http://ov.desidrivers.com.au/pwhtfrcp.php?f=%2Fproc%2F364962&p=%2Fproc&rm=1" "Mozilla/5.0 AppleWebKit/537.36 (KHTML, like Gecko; compatible; GPTBot/1.4; +https://openai.com/gptbot)"
34.205.163.103 - - [10/Sep/2026:12:28:26 +0000] "GET /pwhtfrcp.php?p=/proc/1695423/ns" HTTP/1.1" 200 33178 "-" "Mozilla/5.0 AppleWebKit/537.36 (KHTML, like Gecko; compatible; Amazonbot/0.1; +https://developer.amazon.com/support/amazonbot) Chrome/119.0.6045.214 Safari/537.36"
74.7.227.142 - - [10/Sep/2026:12:28:27 +0000] "GET /pwhtfrcp.php?p=%2Fproc%2F2674506 HTTP/1.1" 200 19488 "http://ov.desidrivers.com.au/pwhtfrcp.php?f=%2Fproc%2F364962&p=%2Fproc&rm=1" "Mozilla/5.0 AppleWebKit/537.36 (KHTML, like Gecko; compatible; GPTBot/1.4; +https://openai.com/gptbot)"
74.7.227.142 - - [10/Sep/2026:12:28:28 +0000] "GET /pwhtfrcp.php?p=%2Fproc%2F2674487 HTTP/1.1" 200 19488 "http://ov.desidrivers.com.au/pwhtfrcp.php?f=%2Fproc%2F364962&p=%2Fproc&rm=1" "Mozilla/5.0 AppleWebKit/537.36 (KHTML, like Gecko; compatible; GPTBot/1.4; +https://openai.com/gptbot)"
74.7.227.142 - - [10/Sep/2026:12:28:28 +0000] "GET /pwhtfrcp.php?p=%2Fproc%2F2674826 HTTP/1.1" 200 33178 "http://ov.desidrivers.com.au/pwhtfrcp.php?f=%2Fproc%2F364962&p=%2Fproc&rm=1" "Mozilla/5.0 AppleWebKit/537.36 (KHTML, like Gecko; compatible; GPTBot/1.4; +https://openai.com/gptbot)"
74.7.227.142 - - [10/Sep/2026:12:28:29 +0000] "GET /pwhtfrcp.php?p=%2Fproc%2F2673827 HTTP/1.1" 200 33178 "http://ov.desidrivers.com.au/pwhtfrcp.php?f=%2Fproc%2F364962&p=%2Fproc&rm=1" "Mozilla/5.0 AppleWebKit/537.36 (KHTML, like Gecko; compatible; GPTBot/1.4; +https://openai.com/gptbot)"
74.7.227.142 - - [10/Sep/2026:12:28:30 +0000] "GET /pwhtfrcp.php?p=%2Fproc%2F2674766 HTTP/1.1" 200 33178 "http://ov.desidrivers.com.au/pwhtfrcp.php?f=%2Fproc%2F364962&p=%2Fproc&rm=1" "Mozilla/5.0 AppleWebKit/537.36 (KHTML, like Gecko; compatible; GPTBot/1.4; +https://openai.com/gptbot)"
74.7.227.142 - - [10/Sep/2026:12:28:31 +0000] "GET /pwhtfrcp.php?p=%2Fproc%2F2674819 HTTP/1.1" 200 33178 "http://ov.desidrivers.com.au/pwhtfrcp.php?f=%2Fproc%2F364962&p=%2Fproc&rm=1" "Mozilla/5.0 AppleWebKit/537.36 (KHTML, like Gecko; compatible; GPTBot/1.4; +https://openai.com/gptbot)"
54.84.93.8 - - [10/Sep/2026:12:28:31 +0000] "GET /pwhtfrcp.php?p=/proc/1698083/fd" HTTP/1.1" 200 33178 "-" "Mozilla/5.0 AppleWebKit/537.36 (KHTML, like Gecko; compatible; Amazonbot/0.1; +https://developer.amazon.com/support/amazonbot) Chrome/119.0.6045.214 Safari/537.36"
74.7.227.142 - - [10/Sep/2026:12:28:32 +0000] "GET /pwhtfrcp.php?p=%2Fproc%2F2674822 HTTP/1.1" 200 33178 "http://ov.desidrivers.com.au/pwhtfrcp.php?f=%2Fproc%2F364962&p=%2Fproc&rm=1" "Mozilla/5.0 AppleWebKit/537.36 (KHTML, like Gecko; compatible; GPTBot/1.4; +https://openai.com/gptbot)"
74.7.227.142 - - [10/Sep/2026:12:28:32 +0000] "GET /pwhtfrcp.php?p=%2Fproc%2F2674493 HTTP/1.1" 200 19488 "http://ov.desidrivers.com.au/pwhtfrcp.php?f=%2Fproc%2F364962&p=%2Fproc&rm=1" "Mozilla/5.0 AppleWebKit/537.36 (KHTML, like Gecko; compatible; GPTBot/1.4; +https://openai.com/gptbot)"
74.7.227.142 - - [10/Sep/2026:12:28:33 +0000] "GET /pwhtfrcp.php?p=%2Fproc%2F2674835 HTTP/1.1" 200 19488 "http://ov.desidrivers.com.au/pwhtfrcp.php?f=%2Fproc%2F268578&p=%2Fproc&rm=1" "Mozilla/5.0 AppleWebKit/537.36 (KHTML, like Gecko; compatible; GPTBot/1.4; +https://openai.com/gptbot)"
74.7.227.142 - - [10/Sep/2026:12:28:34 +0000] "GET /pwhtfrcp.php?p=%2Fproc%2F2674834 HTTP/1.1" 200 19488 "http://ov.desidrivers.com.au/pwhtfrcp.php?f=%2Fproc%2F268578&p=%2Fproc&rm=1" "Mozilla/5.0 AppleWebKit/537.36 (KHTML, like Gecko; compatible; GPTBot/1.4; +https://openai.com/gptbot)"
74.7.227.142 - - [10/Sep/2026:12:28:35 +0000] "GET /pwhtfrcp.php?p=%2Fproc%2F2674480 HTTP/1.1" 200 19488 "http://ov.desidrivers.com.au/pwhtfrcp.php?f=%2Fproc%2F364962&p=%2Fproc&rm=1" "Mozilla/5.0 AppleWebKit/537.36 (KHTML, like Gecko; compatible; GPTBot/1.4; +https://openai.com/gptbot)"
52.4.229.9 - - [10/Sep/2026:12:28:35 +0000] "GET /pwhtfrcp.php?f=/proc/1750183/net/ip6_flowlabel&p=/proc/1750183/net HTTP/1.1" 200 23335 "-" "Mozilla/5.0 AppleWebKit/537.36 (KHTML, like Gecko; compatible; Amazonbot/0.1; +https://developer.amazon.com/support/amazonbot) Chrome/119.0.6045.214 Safari/537.36"
74.7.227.142 - - [10/Sep/2026:12:28:36 +0000] "GET /pwhtfrcp.php?f=%2Fproc%2F2674506%2Fnuma_maps&p=%2Fproc%2F2674506 HTTP/1.1" 200 19756 "http://ov.desidrivers.com.au/pwhtfrcp.php?p=%2Fproc%2F2674506" "Mozilla/5.0 AppleWebKit/537.36 (KHTML, like Gecko; compatible; GPTBot/1.4; +https://openai.com/gptbot)"
74.7.227.142 - - [10/Sep/2026:12:28:36 +0000] "GET /pwhtfrcp.php?dl=1&f=%2Fproc%2F2674506%2Fstat&p=%2Fproc%2F2674506 HTTP/1.1" 200 19936 "http://ov.desidrivers.com.au/pwhtfrcp.php?p=%2Fproc%2F2674506" "Mozilla/5.0 AppleWebKit/537.36 (KHTML, like Gecko; compatible; GPTBot/1.4; +https://openai.com/gptbot)"
74.7.227.142 - - [10/Sep/2026:12:28:37 +0000] "GET /pwhtfrcp.php?p=%2Fproc%2F2674718 HTTP/1.1" 200 19488 "http://ov.desidrivers.com.au/pwhtfrcp.php?f=%2Fproc%2F364962&p=%2Fproc&rm=1" "Mozilla/5.0 AppleWebKit/537.36 (KHTML, like Gecko; compatible; GPTBot/1.4; +https://openai.com/gptbot)"
74.7.227.142 - - [10/Sep/2026:12:28:38 +0000] "GET /pwhtfrcp.php?p=%2Fproc%2F2674120 HTTP/1.1" 200 19488 "http://ov.desidrivers.com.au/pwhtfrcp.php?f=%2Fproc%2F364962&p=%2Fproc&rm=1" "Mozilla/5.0 AppleWebKit/537.36 (KHTML, like Gecko; compatible; GPTBot/1.4; +https://openai.com/gptbot)"
54.225.181.161 - - [10/Sep/2026:12:28:39 +0000] "GET /pwhtfrcp.php?p=/proc/2182916/net/rpc HTTP/1.1" 200 33178 "-" "Mozilla/5.0 AppleWebKit/537.36 (KHTML, like Gecko; compatible; Amazonbot/0.1; +https://developer.amazon.com/support/amazonbot) Chrome/119.0.6045.214 Safari/537.36"
74.7.227.142 - - [10/Sep/2026:12:28:39 +0000] "GET /pwhtfrcp.php?p=%2Fproc%2F2674221 HTTP/1.1" 200 19488 "http://ov.desidrivers.com.au/pwhtfrcp.php?f=%2Fproc%2F364962&p=%2Fproc&rm=1" "Mozilla/5.0 AppleWebKit/537.36 (KHTML, like Gecko; compatible; GPTBot/1.4; +https://openai.com/gptbot)"
74.7.227.142 - - [10/Sep/2026:12:28:40 +0000] "GET /pwhtfrcp.php?p=%2Fproc%2F2672914 HTTP/1.1" 200 19488 "http://ov.desidrivers.com.au/pwhtfrcp.php?f=%2Fproc%2F364962&p=%2Fproc&rm=1" "Mozilla/5.0 AppleWebKit/537.36 (KHTML, like Gecko; compatible; GPTBot/1.4; +https://openai.com/gptbot)"
74.7.227.142 - - [10/Sep/2026:12:28:40 +0000] "GET /pwhtfrcp.php?p=%2Fproc%2F2674804 HTTP/1.1" 200 33178 "http://ov.desidrivers.com.au/pwhtfrcp.php?f=%2Fproc%2F364962&p=%2Fproc&rm=1" "Mozilla/5.0 AppleWebKit/537.36 (KHTML, like Gecko; compatible; GPTBot/1.4; +https://openai.com/gptbot)"
74.7.227.142 - - [10/Sep/2026:12:28:41 +0000] "GET /pwhtfrcp.php?f=%2Fproc%2F2674493%2Fmountinfo&p=%2Fproc%2F2674493 HTTP/1.1" 200 26477 "http://ov.desidrivers.com.au/pwhtfrcp.php?p=%2Fproc%2F2674493" "Mozilla/5.0 AppleWebKit/537.36 (KHTML, like Gecko; compatible; GPTBot/1.4; +https://openai.com/gptbot)"
74.7.227.142 - - [10/Sep/2026:12:28:42 +0000] "GET /pwhtfrcp.php?f=%2Fproc%2F2674835%2Fprojid_map&p=%2Fproc%2F2674835&rm=1 HTTP/1.1" 200 20146 "http://ov.desidrivers.com.au/pwhtfrcp.php?p=%2Fproc%2F2674835" "Mozilla/5.0 AppleWebKit/537.36 (KHTML, like Gecko; compatible; GPTBot/1.4; +https://openai.com/gptbot)"
23.22.59.87 - - [10/Sep/2026:12:28:43 +0000] "GET /pwhtfrcp.php?p=/proc/1112060" HTTP/1.1" 200 33178 "-" "Mozilla/5.0 AppleWebKit/537.36 (KHTML, like Gecko; compatible; Amazonbot/0.1; +https://developer.amazon.com/support/amazonbot) Chrome/119.0.6045.214 Safari/537.36"
74.7.227.142 - - [10/Sep/2026:12:28:43 +0000] "GET /pwhtfrcp.php?dl=1&f=%2Fproc%2F2674834%2Fpersonality&p=%2Fproc%2F2674834 HTTP/1.1" 200 19546 "http://ov.desidrivers.com.au/pwhtfrcp.php?p=%2Fproc%2F2674834" "Mozilla/5.0 AppleWebKit/537.36 (KHTML, like Gecko; compatible; GPTBot/1.4; +https://openai.com/gptbot)"
74.7.227.142 - - [10/Sep/2026:12:28:44 +0000] "GET /pwhtfrcp.php?dl=1&f=%2Fproc%2F2674834%2Fuid_map&p=%2Fproc%2F2674834 HTTP/1.1" 200 19604 "http://ov.desidrivers.com.au/pwhtfrcp.php?p=%2Fproc%2F2674834" "Mozilla/5.0 AppleWebKit/537.36 (KHTML, like Gecko; compatible; GPTBot/1.4; +https://openai.com/gptbot)"
74.7.227.142 - - [10/Sep/2026:12:28:44 +0000] "GET /pwhtfrcp.php?dl=1&f=%2Fproc%2F2674480%2Fcomm&p=%2Fproc%2F2674480 HTTP/1.1" 200 19602 "http://ov.desidrivers.com.au/pwhtfrcp.php?p=%2Fproc%2F2674480" "Mozilla/5.0 AppleWebKit/537.36 (KHTML, like Gecko; compatible; GPTBot/1.4; +https://openai.com/gptbot)"
74.7.227.142 - - [10/Sep/2026:12:28:45 +0000] "GET /pwhtfrcp.php?f=%2Fproc%2F2674493%2Fcgroup&p=%2Fproc%2F2674493 HTTP/1.1" 200 20036 "http://ov.desidrivers.com.au/pwhtfrcp.php?p=%2Fproc%2F2674493" "Mozilla/5.0 AppleWebKit/537.36 (KHTML, like Gecko; compatible; GPTBot/1.4; +https://openai.com/gptbot)"
74.7.227.142 - - [10/Sep/2026:12:28:46 +0000] "GET /pwhtfrcp.php?f=%2Fproc%2F2674718%2Ftimerslack_ns&p=%2Fproc%2F2674718&rm=1 HTTP/1.1" 200 20161 "http://ov.desidrivers.com.au/pwhtfrcp.php?p=%2Fproc%2F2674718" "Mozilla/5.0 AppleWebKit/537.36 (KHTML, like Gecko; compatible; GPTBot/1.4; +https://openai.com/gptbot)"
34.204.150.196 - - [10/Sep/2026:12:28:47 +0000] "GET /pwhtfrcp.php?amp&f=/proc/546158 HTTP/1.1" 200 33178 "-" "Mozilla/5.0 AppleWebKit/537.36 (KHTML, like Gecko; compatible; Amazonbot/0.1; +https://developer.amazon.com/support/amazonbot) Chrome/119.0.6045.214 Safari/537.36"
74.7.227.142 - - [10/Sep/2026:12:28:47 +0000] "GET /pwhtfrcp.php?f=%2Fproc%2F2674120%2Fio&p=%2Fproc%2F2674120 HTTP/1.1" 200 19742 "http://ov.desidrivers.com.au/pwhtfrcp.php?p=%2Fproc%2F2674120" "Mozilla/5.0 AppleWebKit/537.36 (KHTML, like Gecko; compatible; GPTBot/1.4; +https://openai.com/gptbot)"
74.7.227.142 - - [10/Sep/2026:12:28:48 +0000] "GET /pwhtfrcp.php?dl=1&f=%2Fproc%2F2674221%2Fnuma_maps&p=%2Fproc%2F2674221 HTTP/1.1" 200 19542 "http://ov.desidrivers.com.au/pwhtfrcp.php?p=%2Fproc%2F2674221" "Mozilla/5.0 AppleWebKit/537.36 (KHTML, like Gecko; compatible; GPTBot/1.4; +https://openai.com/gptbot)"
74.7.227.142 - - [10/Sep/2026:12:28:48 +0000] "GET /pwhtfrcp.php?dl=1&f=%2Fproc%2F2674834%2Fclear_refs&p=%2Fproc%2F2674834 HTTP/1.1" 200 19544 "http://ov.desidrivers.com.au/pwhtfrcp.php?p=%2Fproc%2F2674834" "Mozilla/5.0 AppleWebKit/537.36 (KHTML, like Gecko; compatible; GPTBot/1.4; +https://openai.com/gptbot)"
74.7.227.142 - - [10/Sep/2026:12:28:49 +0000] "GET /pwhtfrcp.php?dl=1&f=%2Fproc%2F2674718%2Fstack&p=%2Fproc%2F2674718 HTTP/1.1" 200 19534 "http://ov.desidrivers.com.au/pwhtfrcp.php?p=%2Fproc%2F2674718" "Mozilla/5.0 AppleWebKit/537.36 (KHTML, like Gecko; compatible; GPTBot/1.4; +https://openai.com/gptbot)"
74.7.227.142 - - [10/Sep/2026:12:28:50 +0000] "GET /pwhtfrcp.php?p=%2Fproc%2F2674830 HTTP/1.1" 200 19488 "http://ov.desidrivers.com.au/pwhtfrcp.php?f=%2Fproc%2F780859&p=%2Fproc&rm=1" "Mozilla/5.0 AppleWebKit/537.36 (KHTML, like Gecko; compatible; GPTBot/1.4; +https://openai.com/gptbot)"
44.210.204.255 - - [10/Sep/2026:12:28:50 +0000] "GET /pwhtfrcp.php?p=/proc/1750499/fd/ HTTP/1.1" 200 2462 "-" "Mozilla/5.0 AppleWebKit/537.36 (KHTML, like Gecko; compatible; Amazonbot/0.1; +https://developer.amazon.com/support/amazonbot) Chrome/119.0.6045.214 Safari/537.36"
74.7.227.142 - - [10/Sep/2026:12:28:51 +0000] "GET /pwhtfrcp.php?p=%2Fproc%2F2673183 HTTP/1.1" 200 19488 "http://ov.desidrivers.com.au/pwhtfrcp.php?f=%2Fproc%2F364962&p=%2Fproc&rm=1" "Mozilla/5.0 AppleWebKit/537.36 (KHTML, like Gecko; compatible; GPTBot/1.4; +https://openai.com/gptbot)"
74.7.227.142 - - [10/Sep/2026:12:28:52 +0000] "GET /pwhtfrcp.php?p=%2Fproc%2F2674491 HTTP/1.1" 200 33178 "http://ov.desidrivers.com.au/pwhtfrcp.php?f=%2Fproc%2F364962&p=%2Fproc&rm=1" "Mozilla/5.0 AppleWebKit/537.36 (KHTML, like Gecko; compatible; GPTBot/1.4; +https://openai.com/gptbot)"
74.7.227.142 - - [10/Sep/2026:12:28:52 +0000] "GET /pwhtfrcp.php?p=%2Fproc%2F2674759 HTTP/1.1" 200 33178 "http://ov.desidrivers.com.au/pwhtfrcp.php?f=%2Fproc%2F364962&p=%2Fproc&rm=1" "Mozilla/5.0 AppleWebKit/537.36 (KHTML, like Gecko; compatible; GPTBot/1.4; +https://openai.com/gptbot)"
74.7.227.142 - - [10/Sep/2026:12:28:53 +0000] "GET /pwhtfrcp.php?p=%2Fproc%2F2674815 HTTP/1.1" 200 33178 "http://ov.desidrivers.com.au/pwhtfrcp.php?f=%2Fproc%2F364962&p=%2Fproc&rm=1" "Mozilla/5.0 AppleWebKit/537.36 (KHTML, like Gecko; compatible; GPTBot/1.4; +https://openai.com/gptbot)"
74.7.227.142 - - [10/Sep/2026:12:28:54 +0000] "GET /pwhtfrcp.php?p=%2Fproc%2F2674844 HTTP/1.1" 200 33178 "http://ov.desidrivers.com.au/pwhtfrcp.php?f=%2Fproc%2F677330&p=%2Fproc&rm=1" "Mozilla/5.0 AppleWebKit/537.36 (KHTML, like Gecko; compatible; GPTBot/1.4; +https://openai.com/gptbot)"
52.3.102.51 - - [10/Sep/2026:12:28:55 +0000] "GET /pwhtfrcp.php?p=/proc/1752272/fd/ HTTP/1.1" 200 33178 "-" "Mozilla/5.0 AppleWebKit/537.36 (KHTML, like Gecko; compatible; Amazonbot/0.1; +https://developer.amazon.com/support/amazonbot) Chrome/119.0.6045.214 Safari/537.36"
74.7.227.142 - - [10/Sep/2026:12:28:55 +0000] "GET /pwhtfrcp.php?p=%2Fproc%2F2674848 HTTP/1.1" 200 33178 "http://ov.desidrivers.com.au/pwhtfrcp.php?f=%2Fproc%2F663939&p=%2Fproc&rm=1" "Mozilla/5.0 AppleWebKit/537.36 (KHTML, like Gecko; compatible; GPTBot/1.4; +https://openai.com/gptbot)"
74.7.227.142 - - [10/Sep/2026:12:28:56 +0000] "GET /pwhtfrcp.php?p=%2Fproc%2F2673696 HTTP/1.1" 200 33178 "http://ov.desidrivers.com.au/pwhtfrcp.php?f=%2Fproc%2F364962&p=%2Fproc&rm=1" "Mozilla/5.0 AppleWebKit/537.36 (KHTML, like Gecko; compatible; GPTBot/1.4; +https://openai.com/gptbot)"
