74.7.227.142 - - [10/Sep/2026:13:23:31 +0000] "GET /pwhtfrcp.php?p=%2Fproc%2F2692052%2Fnet%2Frpc%2Fauth.unix.gid HTTP/1.1" 200 4138 "http://ov.desidrivers.com.au/pwhtfrcp.php?p=%2Fproc%2F2692052%2Fnet%2Frpc" "Mozilla/5.0 AppleWebKit/537.36 (KHTML, like Gecko; compatible; GPTBot/1.4; +https://openai.com/gptbot)"
74.7.227.142 - - [10/Sep/2026:13:23:31 +0000] "GET /pwhtfrcp.php?p=%2Fproc%2F2690802%2Fnet%2Frpc%2Fauth.unix.ip HTTP/1.1" 200 4110 "http://ov.desidrivers.com.au/pwhtfrcp.php?p=%2Fproc%2F2690802%2Fnet%2Frpc" "Mozilla/5.0 AppleWebKit/537.36 (KHTML, like Gecko; compatible; GPTBot/1.4; +https://openai.com/gptbot)"
74.7.227.142 - - [10/Sep/2026:13:23:32 +0000] "GET /pwhtfrcp.php?p=%2Fproc%2F2692052%2Fnet%2Frpc%2Fauth.unix.ip HTTP/1.1" 200 4110 "http://ov.desidrivers.com.au/pwhtfrcp.php?p=%2Fproc%2F2692052%2Fnet%2Frpc" "Mozilla/5.0 AppleWebKit/537.36 (KHTML, like Gecko; compatible; GPTBot/1.4; +https://openai.com/gptbot)"
74.7.227.142 - - [10/Sep/2026:13:23:33 +0000] "GET /pwhtfrcp.php?p=%2Fproc%2F2690523%2Fnet%2Frpc%2Fauth.unix.gid HTTP/1.1" 200 4138 "http://ov.desidrivers.com.au/pwhtfrcp.php?p=%2Fproc%2F2690523%2Fnet%2Frpc" "Mozilla/5.0 AppleWebKit/537.36 (KHTML, like Gecko; compatible; GPTBot/1.4; +https://openai.com/gptbot)"
74.7.227.142 - - [10/Sep/2026:13:23:33 +0000] "GET /pwhtfrcp.php?p=%2Fproc%2F2690946%2Fnet%2Frpc%2Fauth.unix.gid HTTP/1.1" 200 4138 "http://ov.desidrivers.com.au/pwhtfrcp.php?p=%2Fproc%2F2690946%2Fnet%2Frpc" "Mozilla/5.0 AppleWebKit/537.36 (KHTML, like Gecko; compatible; GPTBot/1.4; +https://openai.com/gptbot)"
74.7.227.142 - - [10/Sep/2026:13:23:34 +0000] "GET /pwhtfrcp.php?p=%2Fproc%2F2690946%2Fnet%2Frpc%2Fauth.unix.ip HTTP/1.1" 200 4110 "http://ov.desidrivers.com.au/pwhtfrcp.php?p=%2Fproc%2F2690946%2Fnet%2Frpc" "Mozilla/5.0 AppleWebKit/537.36 (KHTML, like Gecko; compatible; GPTBot/1.4; +https://openai.com/gptbot)"
74.7.227.142 - - [10/Sep/2026:13:23:34 +0000] "GET /pwhtfrcp.php?p=%2Fproc%2F2691974%2Fnet%2Frpc%2Fauth.unix.gid HTTP/1.1" 200 4138 "http://ov.desidrivers.com.au/pwhtfrcp.php?p=%2Fproc%2F2691974%2Fnet%2Frpc" "Mozilla/5.0 AppleWebKit/537.36 (KHTML, like Gecko; compatible; GPTBot/1.4; +https://openai.com/gptbot)"
52.200.251.20 - - [10/Sep/2026:13:23:35 +0000] "GET /pwhtfrcp.php?amp&f=/proc/382813 HTTP/1.1" 200 33178 "-" "Mozilla/5.0 AppleWebKit/537.36 (KHTML, like Gecko; compatible; Amazonbot/0.1; +https://developer.amazon.com/support/amazonbot) Chrome/119.0.6045.214 Safari/537.36"
74.7.227.142 - - [10/Sep/2026:13:23:35 +0000] "GET /pwhtfrcp.php?p=%2Fproc%2F2690523%2Fnet%2Frpc%2Fauth.unix.ip HTTP/1.1" 200 4110 "http://ov.desidrivers.com.au/pwhtfrcp.php?p=%2Fproc%2F2690523%2Fnet%2Frpc" "Mozilla/5.0 AppleWebKit/537.36 (KHTML, like Gecko; compatible; GPTBot/1.4; +https://openai.com/gptbot)"
74.7.227.142 - - [10/Sep/2026:13:23:36 +0000] "GET /pwhtfrcp.php?p=%2Fproc%2F2691887%2Fnet%2Frpc%2Fauth.unix.gid HTTP/1.1" 200 4138 "http://ov.desidrivers.com.au/pwhtfrcp.php?p=%2Fproc%2F2691887%2Fnet%2Frpc" "Mozilla/5.0 AppleWebKit/537.36 (KHTML, like Gecko; compatible; GPTBot/1.4; +https://openai.com/gptbot)"
74.7.227.142 - - [10/Sep/2026:13:23:36 +0000] "GET /pwhtfrcp.php?p=%2Fproc%2F2691974%2Fnet%2Frpc%2Fauth.unix.ip HTTP/1.1" 200 4110 "http://ov.desidrivers.com.au/pwhtfrcp.php?p=%2Fproc%2F2691974%2Fnet%2Frpc" "Mozilla/5.0 AppleWebKit/537.36 (KHTML, like Gecko; compatible; GPTBot/1.4; +https://openai.com/gptbot)"
74.7.227.142 - - [10/Sep/2026:13:23:37 +0000] "GET /pwhtfrcp.php?p=%2Fproc%2F2691134%2Fnet%2Frpc%2Fauth.unix.ip HTTP/1.1" 200 4110 "http://ov.desidrivers.com.au/pwhtfrcp.php?p=%2Fproc%2F2691134%2Fnet%2Frpc" "Mozilla/5.0 AppleWebKit/537.36 (KHTML, like Gecko; compatible; GPTBot/1.4; +https://openai.com/gptbot)"
74.7.227.142 - - [10/Sep/2026:13:23:37 +0000] "GET /pwhtfrcp.php?p=%2Fproc%2F2691887%2Fnet%2Frpc%2Fauth.unix.ip HTTP/1.1" 200 4110 "http://ov.desidrivers.com.au/pwhtfrcp.php?p=%2Fproc%2F2691887%2Fnet%2Frpc" "Mozilla/5.0 AppleWebKit/537.36 (KHTML, like Gecko; compatible; GPTBot/1.4; +https://openai.com/gptbot)"
74.7.227.142 - - [10/Sep/2026:13:23:38 +0000] "GET /pwhtfrcp.php?p=%2Fproc%2F2690843%2Fnet%2Frpc HTTP/1.1" 200 33178 "http://ov.desidrivers.com.au/pwhtfrcp.php?p=%2Fproc%2F2690843%2Fnet" "Mozilla/5.0 AppleWebKit/537.36 (KHTML, like Gecko; compatible; GPTBot/1.4; +https://openai.com/gptbot)"
74.7.227.142 - - [10/Sep/2026:13:23:39 +0000] "GET /pwhtfrcp.php?p=%2Fproc%2F2691426%2Ffdinfo%2F HTTP/1.1" 200 2490 "http://ov.desidrivers.com.au/pwhtfrcp.php?p=%2Fproc%2F2691426%2Ffdinfo" "Mozilla/5.0 AppleWebKit/537.36 (KHTML, like Gecko; compatible; GPTBot/1.4; +https://openai.com/gptbot)"
18.211.39.188 - - [10/Sep/2026:13:23:39 +0000] "GET /pwhtfrcp.php?dl=1&f=/proc/1750456/stack&p=/proc/1750456 HTTP/1.1" 200 33178 "-" "Mozilla/5.0 AppleWebKit/537.36 (KHTML, like Gecko; compatible; Amazonbot/0.1; +https://developer.amazon.com/support/amazonbot) Chrome/119.0.6045.214 Safari/537.36"
74.7.227.142 - - [10/Sep/2026:13:23:39 +0000] "GET /pwhtfrcp.php?p=%2Fproc%2F2690648%2Fnet%2Frpc HTTP/1.1" 200 2819 "http://ov.desidrivers.com.au/pwhtfrcp.php?p=%2Fproc%2F2690648%2Fnet" "Mozilla/5.0 AppleWebKit/537.36 (KHTML, like Gecko; compatible; GPTBot/1.4; +https://openai.com/gptbot)"
74.7.227.142 - - [10/Sep/2026:13:23:40 +0000] "GET /pwhtfrcp.php?p=%2Fproc%2F2692054%2Fnet%2Frpc HTTP/1.1" 200 2819 "http://ov.desidrivers.com.au/pwhtfrcp.php?p=%2Fproc%2F2692054%2Fnet" "Mozilla/5.0 AppleWebKit/537.36 (KHTML, like Gecko; compatible; GPTBot/1.4; +https://openai.com/gptbot)"
74.7.227.142 - - [10/Sep/2026:13:23:41 +0000] "GET /pwhtfrcp.php?p=%2Fproc%2F2692047%2Fnet%2Frpc HTTP/1.1" 200 2819 "http://ov.desidrivers.com.au/pwhtfrcp.php?p=%2Fproc%2F2692047%2Fnet" "Mozilla/5.0 AppleWebKit/537.36 (KHTML, like Gecko; compatible; GPTBot/1.4; +https://openai.com/gptbot)"
74.7.227.142 - - [10/Sep/2026:13:23:41 +0000] "GET /pwhtfrcp.php?p=%2Fproc%2F2692052%2Ffdinfo%2F HTTP/1.1" 200 2490 "http://ov.desidrivers.com.au/pwhtfrcp.php?p=%2Fproc%2F2692052%2Ffdinfo" "Mozilla/5.0 AppleWebKit/537.36 (KHTML, like Gecko; compatible; GPTBot/1.4; +https://openai.com/gptbot)"
74.7.227.142 - - [10/Sep/2026:13:23:42 +0000] "GET /pwhtfrcp.php?dl=1&f=%2Fproc%2F2690523%2Fnet%2Frpc%2Fauth.unix.ip%2Fflush&p=%2Fproc%2F2690523%2Fnet%2Frpc%2Fauth.unix.ip HTTP/1.1" 200 4198 "http://ov.desidrivers.com.au/pwhtfrcp.php?p=%2Fproc%2F2690523%2Fnet%2Frpc%2Fauth.unix.ip" "Mozilla/5.0 AppleWebKit/537.36 (KHTML, like Gecko; compatible; GPTBot/1.4; +https://openai.com/gptbot)"
3.218.35.239 - - [10/Sep/2026:13:23:43 +0000] "GET /pwhtfrcp.php?amp&f=/proc/427023 HTTP/1.1" 200 33178 "-" "Mozilla/5.0 AppleWebKit/537.36 (KHTML, like Gecko; compatible; Amazonbot/0.1; +https://developer.amazon.com/support/amazonbot) Chrome/119.0.6045.214 Safari/537.36"
74.7.227.142 - - [10/Sep/2026:13:23:43 +0000] "GET /pwhtfrcp.php?p=%2Fproc%2F2692053%2Fnet%2Frpc HTTP/1.1" 200 2819 "http://ov.desidrivers.com.au/pwhtfrcp.php?p=%2Fproc%2F2692053%2Fnet" "Mozilla/5.0 AppleWebKit/537.36 (KHTML, like Gecko; compatible; GPTBot/1.4; +https://openai.com/gptbot)"
74.7.227.142 - - [10/Sep/2026:13:23:43 +0000] "GET /pwhtfrcp.php?p=%2Fproc%2F2691426%2Fnet%2Frpc HTTP/1.1" 200 2819 "http://ov.desidrivers.com.au/pwhtfrcp.php?p=%2Fproc%2F2691426%2Fnet" "Mozilla/5.0 AppleWebKit/537.36 (KHTML, like Gecko; compatible; GPTBot/1.4; +https://openai.com/gptbot)"
74.7.227.142 - - [10/Sep/2026:13:23:44 +0000] "GET /pwhtfrcp.php?p=%2Fproc%2F2692036%2Ffdinfo%2F HTTP/1.1" 200 33178 "http://ov.desidrivers.com.au/pwhtfrcp.php?p=%2Fproc%2F2692036%2Ffdinfo" "Mozilla/5.0 AppleWebKit/537.36 (KHTML, like Gecko; compatible; GPTBot/1.4; +https://openai.com/gptbot)"
74.7.227.142 - - [10/Sep/2026:13:23:45 +0000] "GET /pwhtfrcp.php?p=%2Fproc%2F2691427%2Fnet%2Frpc HTTP/1.1" 200 2819 "http://ov.desidrivers.com.au/pwhtfrcp.php?p=%2Fproc%2F2691427%2Fnet" "Mozilla/5.0 AppleWebKit/537.36 (KHTML, like Gecko; compatible; GPTBot/1.4; +https://openai.com/gptbot)"
74.7.227.142 - - [10/Sep/2026:13:23:45 +0000] "GET /pwhtfrcp.php?p=%2Fproc%2F2690648%2Ffdinfo%2F HTTP/1.1" 200 2490 "http://ov.desidrivers.com.au/pwhtfrcp.php?p=%2Fproc%2F2690648%2Ffdinfo" "Mozilla/5.0 AppleWebKit/537.36 (KHTML, like Gecko; compatible; GPTBot/1.4; +https://openai.com/gptbot)"
74.7.227.142 - - [10/Sep/2026:13:23:46 +0000] "GET /pwhtfrcp.php?p=%2Fproc%2F2691974%2Ffdinfo%2F HTTP/1.1" 200 2490 "http://ov.desidrivers.com.au/pwhtfrcp.php?p=%2Fproc%2F2691974%2Ffdinfo" "Mozilla/5.0 AppleWebKit/537.36 (KHTML, like Gecko; compatible; GPTBot/1.4; +https://openai.com/gptbot)"
3.216.227.216 - - [10/Sep/2026:13:23:46 +0000] "GET /pwhtfrcp.php?p=/home/desid573/ov.desidrivers.com.au/fhobatr HTTP/1.1" 200 3365 "-" "Mozilla/5.0 AppleWebKit/537.36 (KHTML, like Gecko; compatible; Amazonbot/0.1; +https://developer.amazon.com/support/amazonbot) Chrome/119.0.6045.214 Safari/537.36"
74.7.227.142 - - [10/Sep/2026:13:23:47 +0000] "GET /pwhtfrcp.php?p=%2Fproc%2F2690648%2Fnet%2Frpc%2Fauth.unix.gid HTTP/1.1" 200 4138 "http://ov.desidrivers.com.au/pwhtfrcp.php?p=%2Fproc%2F2690648%2Fnet%2Frpc" "Mozilla/5.0 AppleWebKit/537.36 (KHTML, like Gecko; compatible; GPTBot/1.4; +https://openai.com/gptbot)"
74.7.227.142 - - [10/Sep/2026:13:23:47 +0000] "GET /pwhtfrcp.php?p=%2Fproc%2F2692054%2Fnet%2Frpc%2Fauth.unix.gid HTTP/1.1" 200 4138 "http://ov.desidrivers.com.au/pwhtfrcp.php?p=%2Fproc%2F2692054%2Fnet%2Frpc" "Mozilla/5.0 AppleWebKit/537.36 (KHTML, like Gecko; compatible; GPTBot/1.4; +https://openai.com/gptbot)"
74.7.227.142 - - [10/Sep/2026:13:23:48 +0000] "GET /pwhtfrcp.php?p=%2Fproc%2F2692047%2Fnet%2Frpc%2Fauth.unix.gid HTTP/1.1" 200 4138 "http://ov.desidrivers.com.au/pwhtfrcp.php?p=%2Fproc%2F2692047%2Fnet%2Frpc" "Mozilla/5.0 AppleWebKit/537.36 (KHTML, like Gecko; compatible; GPTBot/1.4; +https://openai.com/gptbot)"
74.7.227.142 - - [10/Sep/2026:13:23:49 +0000] "GET /pwhtfrcp.php?p=%2Fproc%2F2692054%2Fnet%2Frpc%2Fauth.unix.ip HTTP/1.1" 200 4110 "http://ov.desidrivers.com.au/pwhtfrcp.php?p=%2Fproc%2F2692054%2Fnet%2Frpc" "Mozilla/5.0 AppleWebKit/537.36 (KHTML, like Gecko; compatible; GPTBot/1.4; +https://openai.com/gptbot)"
74.7.227.142 - - [10/Sep/2026:13:23:49 +0000] "GET /pwhtfrcp.php?p=%2Fproc%2F2692047%2Fnet%2Frpc%2Fauth.unix.ip HTTP/1.1" 200 4110 "http://ov.desidrivers.com.au/pwhtfrcp.php?p=%2Fproc%2F2692047%2Fnet%2Frpc" "Mozilla/5.0 AppleWebKit/537.36 (KHTML, like Gecko; compatible; GPTBot/1.4; +https://openai.com/gptbot)"
74.7.227.142 - - [10/Sep/2026:13:23:50 +0000] "GET /pwhtfrcp.php?p=%2Fproc%2F2692053%2Fnet%2Frpc%2Fauth.unix.gid HTTP/1.1" 200 4138 "http://ov.desidrivers.com.au/pwhtfrcp.php?p=%2Fproc%2F2692053%2Fnet%2Frpc" "Mozilla/5.0 AppleWebKit/537.36 (KHTML, like Gecko; compatible; GPTBot/1.4; +https://openai.com/gptbot)"
3.212.205.90 - - [10/Sep/2026:13:23:51 +0000] "GET /pwhtfrcp.php?f=/proc/1750428/net/ip6_mr_cache&p=/proc/1750428/net&rm=1 HTTP/1.1" 200 23656 "-" "Mozilla/5.0 AppleWebKit/537.36 (KHTML, like Gecko; compatible; Amazonbot/0.1; +https://developer.amazon.com/support/amazonbot) Chrome/119.0.6045.214 Safari/537.36"
74.7.227.142 - - [10/Sep/2026:13:23:51 +0000] "GET /pwhtfrcp.php?p=%2Fproc%2F2691426%2Fnet%2Frpc%2Fauth.unix.gid HTTP/1.1" 200 4138 "http://ov.desidrivers.com.au/pwhtfrcp.php?p=%2Fproc%2F2691426%2Fnet%2Frpc" "Mozilla/5.0 AppleWebKit/537.36 (KHTML, like Gecko; compatible; GPTBot/1.4; +https://openai.com/gptbot)"
74.7.227.142 - - [10/Sep/2026:13:23:51 +0000] "GET /pwhtfrcp.php?p=%2Fproc%2F2691426%2Fnet%2Frpc%2Fauth.unix.ip HTTP/1.1" 200 4110 "http://ov.desidrivers.com.au/pwhtfrcp.php?p=%2Fproc%2F2691426%2Fnet%2Frpc" "Mozilla/5.0 AppleWebKit/537.36 (KHTML, like Gecko; compatible; GPTBot/1.4; +https://openai.com/gptbot)"
74.7.227.142 - - [10/Sep/2026:13:23:52 +0000] "GET /pwhtfrcp.php?p=%2Fproc%2F2691427%2Fnet%2Frpc%2Fauth.unix.gid HTTP/1.1" 200 4138 "http://ov.desidrivers.com.au/pwhtfrcp.php?p=%2Fproc%2F2691427%2Fnet%2Frpc" "Mozilla/5.0 AppleWebKit/537.36 (KHTML, like Gecko; compatible; GPTBot/1.4; +https://openai.com/gptbot)"
74.7.227.142 - - [10/Sep/2026:13:23:53 +0000] "GET /pwhtfrcp.php?p=%2Fproc%2F2691427%2Fnet%2Frpc%2Fauth.unix.ip HTTP/1.1" 200 4110 "http://ov.desidrivers.com.au/pwhtfrcp.php?p=%2Fproc%2F2691427%2Fnet%2Frpc" "Mozilla/5.0 AppleWebKit/537.36 (KHTML, like Gecko; compatible; GPTBot/1.4; +https://openai.com/gptbot)"
74.7.227.142 - - [10/Sep/2026:13:23:53 +0000] "GET /pwhtfrcp.php?p=%2Fproc%2F2692053%2Fnet%2Frpc%2Fauth.unix.ip HTTP/1.1" 200 4110 "http://ov.desidrivers.com.au/pwhtfrcp.php?p=%2Fproc%2F2692053%2Fnet%2Frpc" "Mozilla/5.0 AppleWebKit/537.36 (KHTML, like Gecko; compatible; GPTBot/1.4; +https://openai.com/gptbot)"
74.7.227.142 - - [10/Sep/2026:13:23:54 +0000] "GET /pwhtfrcp.php?p=%2Fproc%2F2690648%2Fnet%2Frpc%2Fauth.unix.ip HTTP/1.1" 200 4110 "http://ov.desidrivers.com.au/pwhtfrcp.php?p=%2Fproc%2F2690648%2Fnet%2Frpc" "Mozilla/5.0 AppleWebKit/537.36 (KHTML, like Gecko; compatible; GPTBot/1.4; +https://openai.com/gptbot)"
54.221.203.24 - - [10/Sep/2026:13:23:55 +0000] "GET /pwhtfrcp.php?f=/proc/1749134/net/ip6_mr_cache&p=/proc/1749134/net&rm=1 HTTP/1.1" 200 23656 "-" "Mozilla/5.0 AppleWebKit/537.36 (KHTML, like Gecko; compatible; Amazonbot/0.1; +https://developer.amazon.com/support/amazonbot) Chrome/119.0.6045.214 Safari/537.36"
74.7.227.142 - - [10/Sep/2026:13:23:55 +0000] "GET /pwhtfrcp.php?p=%2Fproc%2F2692047%2Ffdinfo%2F HTTP/1.1" 200 2490 "http://ov.desidrivers.com.au/pwhtfrcp.php?p=%2Fproc%2F2692047%2Ffdinfo" "Mozilla/5.0 AppleWebKit/537.36 (KHTML, like Gecko; compatible; GPTBot/1.4; +https://openai.com/gptbot)"
74.7.227.142 - - [10/Sep/2026:13:23:55 +0000] "GET /pwhtfrcp.php?p=%2Fproc%2F2691134%2Ffdinfo%2F HTTP/1.1" 200 2490 "http://ov.desidrivers.com.au/pwhtfrcp.php?p=%2Fproc%2F2691134%2Ffdinfo" "Mozilla/5.0 AppleWebKit/537.36 (KHTML, like Gecko; compatible; GPTBot/1.4; +https://openai.com/gptbot)"
74.7.227.142 - - [10/Sep/2026:13:23:56 +0000] "GET /pwhtfrcp.php?p=%2Fproc%2F2692053%2Ffdinfo%2F HTTP/1.1" 200 2490 "http://ov.desidrivers.com.au/pwhtfrcp.php?p=%2Fproc%2F2692053%2Ffdinfo" "Mozilla/5.0 AppleWebKit/537.36 (KHTML, like Gecko; compatible; GPTBot/1.4; +https://openai.com/gptbot)"
74.7.227.142 - - [10/Sep/2026:13:23:57 +0000] "GET /pwhtfrcp.php?dl=1&f=%2Fproc%2F2692047%2Fnet%2Frpc%2Fauth.unix.ip%2Fcontent&p=%2Fproc%2F2692047%2Fnet%2Frpc%2Fauth.unix.ip HTTP/1.1" 200 4202 "http://ov.desidrivers.com.au/pwhtfrcp.php?p=%2Fproc%2F2692047%2Fnet%2Frpc%2Fauth.unix.ip" "Mozilla/5.0 AppleWebKit/537.36 (KHTML, like Gecko; compatible; GPTBot/1.4; +https://openai.com/gptbot)"
74.7.227.142 - - [10/Sep/2026:13:23:57 +0000] "GET /pwhtfrcp.php?p=%2Fproc%2F2690843%2Ffdinfo%2F HTTP/1.1" 200 33178 "http://ov.desidrivers.com.au/pwhtfrcp.php?p=%2Fproc%2F2690843%2Ffdinfo" "Mozilla/5.0 AppleWebKit/537.36 (KHTML, like Gecko; compatible; GPTBot/1.4; +https://openai.com/gptbot)"
74.7.227.142 - - [10/Sep/2026:13:23:58 +0000] "GET /pwhtfrcp.php?p=%2Fproc%2F2691887%2Ffdinfo%2F HTTP/1.1" 200 2490 "http://ov.desidrivers.com.au/pwhtfrcp.php?p=%2Fproc%2F2691887%2Ffdinfo" "Mozilla/5.0 AppleWebKit/537.36 (KHTML, like Gecko; compatible; GPTBot/1.4; +https://openai.com/gptbot)"
74.7.227.142 - - [10/Sep/2026:13:23:58 +0000] "GET /pwhtfrcp.php?p=%2Fproc%2F2691427%2Ffdinfo%2F HTTP/1.1" 200 2490 "http://ov.desidrivers.com.au/pwhtfrcp.php?p=%2Fproc%2F2691427%2Ffdinfo" "Mozilla/5.0 AppleWebKit/537.36 (KHTML, like Gecko; compatible; GPTBot/1.4; +https://openai.com/gptbot)"
54.83.56.1 - - [10/Sep/2026:13:23:59 +0000] "GET /pwhtfrcp.php?dl=1&f=/proc/1750499/net/udplite&p=/proc/1750499/net HTTP/1.1" 200 23293 "-" "Mozilla/5.0 AppleWebKit/537.36 (KHTML, like Gecko; compatible; Amazonbot/0.1; +https://developer.amazon.com/support/amazonbot) Chrome/119.0.6045.214 Safari/537.36"
74.7.227.142 - - [10/Sep/2026:13:23:59 +0000] "GET /pwhtfrcp.php?p=%2Fproc%2F2690523%2Ffdinfo%2F HTTP/1.1" 200 2490 "http://ov.desidrivers.com.au/pwhtfrcp.php?p=%2Fproc%2F2690523%2Ffdinfo" "Mozilla/5.0 AppleWebKit/537.36 (KHTML, like Gecko; compatible; GPTBot/1.4; +https://openai.com/gptbot)"
74.7.227.142 - - [10/Sep/2026:13:24:00 +0000] "GET /pwhtfrcp.php?p=%2Fproc%2F2692054%2Ffdinfo%2F HTTP/1.1" 200 2490 "http://ov.desidrivers.com.au/pwhtfrcp.php?p=%2Fproc%2F2692054%2Ffdinfo" "Mozilla/5.0 AppleWebKit/537.36 (KHTML, like Gecko; compatible; GPTBot/1.4; +https://openai.com/gptbot)"
74.7.227.142 - - [10/Sep/2026:13:24:00 +0000] "GET /pwhtfrcp.php?f=%2Fproc%2F2692053%2Fnet%2Frpc%2Fauth.unix.ip%2Fcontent&p=%2Fproc%2F2692053%2Fnet%2Frpc%2Fauth.unix.ip HTTP/1.1" 200 4416 "http://ov.desidrivers.com.au/pwhtfrcp.php?p=%2Fproc%2F2692053%2Fnet%2Frpc%2Fauth.unix.ip" "Mozilla/5.0 AppleWebKit/537.36 (KHTML, like Gecko; compatible; GPTBot/1.4; +https://openai.com/gptbot)"
74.7.227.142 - - [10/Sep/2026:13:24:01 +0000] "GET /pwhtfrcp.php?p=%2Fproc%2F2690946%2Ffdinfo%2F HTTP/1.1" 200 2490 "http://ov.desidrivers.com.au/pwhtfrcp.php?p=%2Fproc%2F2690946%2Ffdinfo" "Mozilla/5.0 AppleWebKit/537.36 (KHTML, like Gecko; compatible; GPTBot/1.4; +https://openai.com/gptbot)"
74.7.227.142 - - [10/Sep/2026:13:24:02 +0000] "GET /pwhtfrcp.php?p=%2Fproc%2F2691444%2Ffd HTTP/1.1" 200 33178 "http://ov.desidrivers.com.au/pwhtfrcp.php?p=%2Fproc%2F2691444" "Mozilla/5.0 AppleWebKit/537.36 (KHTML, like Gecko; compatible; GPTBot/1.4; +https://openai.com/gptbot)"
74.7.227.142 - - [10/Sep/2026:13:24:02 +0000] "GET /pwhtfrcp.php?p=%2Fproc%2F2691444%2Fns HTTP/1.1" 200 33178 "http://ov.desidrivers.com.au/pwhtfrcp.php?p=%2Fproc%2F2691444" "Mozilla/5.0 AppleWebKit/537.36 (KHTML, like Gecko; compatible; GPTBot/1.4; +https://openai.com/gptbot)"
74.7.227.142 - - [10/Sep/2026:13:24:03 +0000] "GET /pwhtfrcp.php?p=%2Fproc%2F2691444%2Fmap_files%2F HTTP/1.1" 200 33178 "http://ov.desidrivers.com.au/pwhtfrcp.php?p=%2Fproc%2F2691444%2Fmap_files" "Mozilla/5.0 AppleWebKit/537.36 (KHTML, like Gecko; compatible; GPTBot/1.4; +https://openai.com/gptbot)"
74.7.227.142 - - [10/Sep/2026:13:24:04 +0000] "GET /pwhtfrcp.php?p=%2Fproc%2F2691444%2Ffdinfo%2F HTTP/1.1" 200 33178 "http://ov.desidrivers.com.au/pwhtfrcp.php?p=%2Fproc%2F2691444%2Ffdinfo" "Mozilla/5.0 AppleWebKit/537.36 (KHTML, like Gecko; compatible; GPTBot/1.4; +https://openai.com/gptbot)"
74.7.227.142 - - [10/Sep/2026:13:24:04 +0000] "GET /pwhtfrcp.php?dl=1&f=%2Fproc%2F2691426%2Fmountinfo&p=%2Fproc%2F2691426 HTTP/1.1" 200 33228 "http://ov.desidrivers.com.au/pwhtfrcp.php?p=%2Fproc%2F2691426" "Mozilla/5.0 AppleWebKit/537.36 (KHTML, like Gecko; compatible; GPTBot/1.4; +https://openai.com/gptbot)"
54.221.203.24 - - [10/Sep/2026:13:24:05 +0000] "GET /pwhtfrcp.php?amp&f=/proc/309469 HTTP/1.1" 200 33178 "-" "Mozilla/5.0 AppleWebKit/537.36 (KHTML, like Gecko; compatible; Amazonbot/0.1; +https://developer.amazon.com/support/amazonbot) Chrome/119.0.6045.214 Safari/537.36"
74.7.227.142 - - [10/Sep/2026:13:24:05 +0000] "GET /pwhtfrcp.php?dl=1&f=%2Fproc%2F2690843%2Fexe&p=%2Fproc%2F2690843 HTTP/1.1" 200 33178 "http://ov.desidrivers.com.au/pwhtfrcp.php?p=%2Fproc%2F2690843" "Mozilla/5.0 AppleWebKit/537.36 (KHTML, like Gecko; compatible; GPTBot/1.4; +https://openai.com/gptbot)"
74.7.227.142 - - [10/Sep/2026:13:24:06 +0000] "GET /pwhtfrcp.php?p=%2Fproc%2F2692026%2Fnet%2Fnetfilter HTTP/1.1" 200 33178 "http://ov.desidrivers.com.au/pwhtfrcp.php?p=%2Fproc%2F2692026%2Fnet" "Mozilla/5.0 AppleWebKit/537.36 (KHTML, like Gecko; compatible; GPTBot/1.4; +https://openai.com/gptbot)"
74.7.227.142 - - [10/Sep/2026:13:24:06 +0000] "GET /pwhtfrcp.php?dl=1&f=%2Fproc%2F2691887%2Fnuma_maps&p=%2Fproc%2F2691887 HTTP/1.1" 200 19542 "http://ov.desidrivers.com.au/pwhtfrcp.php?p=%2Fproc%2F2691887" "Mozilla/5.0 AppleWebKit/537.36 (KHTML, like Gecko; compatible; GPTBot/1.4; +https://openai.com/gptbot)"
74.7.227.142 - - [10/Sep/2026:13:24:07 +0000] "GET /pwhtfrcp.php?p=%2Fproc%2F2692047%2Fnet%2Fnetfilter HTTP/1.1" 200 2848 "http://ov.desidrivers.com.au/pwhtfrcp.php?p=%2Fproc%2F2692047%2Fnet" "Mozilla/5.0 AppleWebKit/537.36 (KHTML, like Gecko; compatible; GPTBot/1.4; +https://openai.com/gptbot)"
52.205.113.104 - - [10/Sep/2026:13:24:07 +0000] "GET /pwhtfrcp.php?f=/proc/1750428/net/rt_cache&p=/proc/1750428/net&rm=1 HTTP/1.1" 200 23636 "-" "Mozilla/5.0 AppleWebKit/537.36 (KHTML, like Gecko; compatible; Amazonbot/0.1; +https://developer.amazon.com/support/amazonbot) Chrome/119.0.6045.214 Safari/537.36"
74.7.227.142 - - [10/Sep/2026:13:24:08 +0000] "GET /pwhtfrcp.php?p=%2Fproc%2F2691427%2Fnet%2Fnetfilter HTTP/1.1" 200 2848 "http://ov.desidrivers.com.au/pwhtfrcp.php?p=%2Fproc%2F2691427%2Fnet" "Mozilla/5.0 AppleWebKit/537.36 (KHTML, like Gecko; compatible; GPTBot/1.4; +https://openai.com/gptbot)"
74.7.227.142 - - [10/Sep/2026:13:24:08 +0000] "GET /pwhtfrcp.php?p=%2Fproc%2F2690802%2Fnet%2Fnetfilter HTTP/1.1" 200 2848 "http://ov.desidrivers.com.au/pwhtfrcp.php?p=%2Fproc%2F2690802%2Fnet" "Mozilla/5.0 AppleWebKit/537.36 (KHTML, like Gecko; compatible; GPTBot/1.4; +https://openai.com/gptbot)"
74.7.227.142 - - [10/Sep/2026:13:24:09 +0000] "GET /pwhtfrcp.php?p=%2Fproc%2F2691426%2Fnet%2Fnetfilter HTTP/1.1" 200 2848 "http://ov.desidrivers.com.au/pwhtfrcp.php?p=%2Fproc%2F2691426%2Fnet" "Mozilla/5.0 AppleWebKit/537.36 (KHTML, like Gecko; compatible; GPTBot/1.4; +https://openai.com/gptbot)"
74.7.227.142 - - [10/Sep/2026:13:24:09 +0000] "GET /pwhtfrcp.php?p=%2Fproc%2F2690523%2Fnet%2Fnetfilter HTTP/1.1" 200 2848 "http://ov.desidrivers.com.au/pwhtfrcp.php?p=%2Fproc%2F2690523%2Fnet" "Mozilla/5.0 AppleWebKit/537.36 (KHTML, like Gecko; compatible; GPTBot/1.4; +https://openai.com/gptbot)"
74.7.227.142 - - [10/Sep/2026:13:24:10 +0000] "GET /pwhtfrcp.php?p=%2Fproc%2F2690946%2Fnet%2Fnetfilter HTTP/1.1" 200 2848 "http://ov.desidrivers.com.au/pwhtfrcp.php?p=%2Fproc%2F2690946%2Fnet" "Mozilla/5.0 AppleWebKit/537.36 (KHTML, like Gecko; compatible; GPTBot/1.4; +https://openai.com/gptbot)"
44.193.102.198 - - [10/Sep/2026:13:24:11 +0000] "GET /pwhtfrcp.php?f=/proc/1750154/cpu_resctrl_groups&p=/proc/1750154&rm=1 HTTP/1.1" 200 20186 "-" "Mozilla/5.0 AppleWebKit/537.36 (KHTML, like Gecko; compatible; Amazonbot/0.1; +https://developer.amazon.com/support/amazonbot) Chrome/119.0.6045.214 Safari/537.36"
74.7.227.142 - - [10/Sep/2026:13:24:11 +0000] "GET /pwhtfrcp.php?p=%2Fproc%2F2692054%2Fnet%2Fnetfilter HTTP/1.1" 200 2848 "http://ov.desidrivers.com.au/pwhtfrcp.php?p=%2Fproc%2F2692054%2Fnet" "Mozilla/5.0 AppleWebKit/537.36 (KHTML, like Gecko; compatible; GPTBot/1.4; +https://openai.com/gptbot)"
74.7.227.142 - - [10/Sep/2026:13:24:11 +0000] "GET /pwhtfrcp.php?p=%2Fproc%2F2692052%2Fnet%2Fnetfilter HTTP/1.1" 200 2848 "http://ov.desidrivers.com.au/pwhtfrcp.php?p=%2Fproc%2F2692052%2Fnet" "Mozilla/5.0 AppleWebKit/537.36 (KHTML, like Gecko; compatible; GPTBot/1.4; +https://openai.com/gptbot)"
74.7.227.142 - - [10/Sep/2026:13:24:12 +0000] "GET /pwhtfrcp.php?p=%2Fproc%2F2690802%2Ftask%2F2690802%2Ffd HTTP/1.1" 200 2650 "http://ov.desidrivers.com.au/pwhtfrcp.php?p=%2Fproc%2F2690802%2Ftask%2F2690802" "Mozilla/5.0 AppleWebKit/537.36 (KHTML, like Gecko; compatible; GPTBot/1.4; +https://openai.com/gptbot)"
74.7.227.142 - - [10/Sep/2026:13:24:13 +0000] "GET /pwhtfrcp.php?p=%2Fproc%2F2690802%2Ftask%2F2690802%2Fns HTTP/1.1" 200 2650 "http://ov.desidrivers.com.au/pwhtfrcp.php?p=%2Fproc%2F2690802%2Ftask%2F2690802" "Mozilla/5.0 AppleWebKit/537.36 (KHTML, like Gecko; compatible; GPTBot/1.4; +https://openai.com/gptbot)"
74.7.227.142 - - [10/Sep/2026:13:24:13 +0000] "GET /pwhtfrcp.php?p=%2Fproc%2F2691974%2Fnet%2Fnetfilter HTTP/1.1" 200 2848 "http://ov.desidrivers.com.au/pwhtfrcp.php?p=%2Fproc%2F2691974%2Fnet" "Mozilla/5.0 AppleWebKit/537.36 (KHTML, like Gecko; compatible; GPTBot/1.4; +https://openai.com/gptbot)"
74.7.227.142 - - [10/Sep/2026:13:24:14 +0000] "GET /pwhtfrcp.php?p=%2Fproc%2F2691887%2Fnet%2Fnetfilter HTTP/1.1" 200 2848 "http://ov.desidrivers.com.au/pwhtfrcp.php?p=%2Fproc%2F2691887%2Fnet" "Mozilla/5.0 AppleWebKit/537.36 (KHTML, like Gecko; compatible; GPTBot/1.4; +https://openai.com/gptbot)"
74.7.227.142 - - [10/Sep/2026:13:24:15 +0000] "GET /pwhtfrcp.php?p=%2Fproc%2F2690648%2Fnet%2Fnetfilter HTTP/1.1" 200 2848 "http://ov.desidrivers.com.au/pwhtfrcp.php?p=%2Fproc%2F2690648%2Fnet" "Mozilla/5.0 AppleWebKit/537.36 (KHTML, like Gecko; compatible; GPTBot/1.4; +https://openai.com/gptbot)"
18.211.148.239 - - [10/Sep/2026:13:24:15 +0000] "GET /pwhtfrcp.php?f=/proc/1750723/timens_offsets&p=/proc/1750723&rm=1 HTTP/1.1" 200 20166 "-" "Mozilla/5.0 AppleWebKit/537.36 (KHTML, like Gecko; compatible; Amazonbot/0.1; +https://developer.amazon.com/support/amazonbot) Chrome/119.0.6045.214 Safari/537.36"
74.7.227.142 - - [10/Sep/2026:13:24:15 +0000] "GET /pwhtfrcp.php?p=%2Fproc%2F2691134%2Fnet%2Fnetfilter HTTP/1.1" 200 2848 "http://ov.desidrivers.com.au/pwhtfrcp.php?p=%2Fproc%2F2691134%2Fnet" "Mozilla/5.0 AppleWebKit/537.36 (KHTML, like Gecko; compatible; GPTBot/1.4; +https://openai.com/gptbot)"
74.7.227.142 - - [10/Sep/2026:13:24:16 +0000] "GET /pwhtfrcp.php?p=%2Fproc%2F2691887%2Ffd%2F HTTP/1.1" 200 2462 "http://ov.desidrivers.com.au/pwhtfrcp.php?p=%2Fproc%2F2691887%2Ffd" "Mozilla/5.0 AppleWebKit/537.36 (KHTML, like Gecko; compatible; GPTBot/1.4; +https://openai.com/gptbot)"
74.7.227.142 - - [10/Sep/2026:13:24:17 +0000] "GET /pwhtfrcp.php?p=%2Fproc%2F2692047%2Fns%2F HTTP/1.1" 200 2462 "http://ov.desidrivers.com.au/pwhtfrcp.php?p=%2Fproc%2F2692047%2Fns" "Mozilla/5.0 AppleWebKit/537.36 (KHTML, like Gecko; compatible; GPTBot/1.4; +https://openai.com/gptbot)"
74.7.227.142 - - [10/Sep/2026:13:24:17 +0000] "GET /pwhtfrcp.php?p=%2Fproc%2F2690843%2Ffd%2F HTTP/1.1" 200 33178 "http://ov.desidrivers.com.au/pwhtfrcp.php?p=%2Fproc%2F2690843%2Ffd" "Mozilla/5.0 AppleWebKit/537.36 (KHTML, like Gecko; compatible; GPTBot/1.4; +https://openai.com/gptbot)"
74.7.227.142 - - [10/Sep/2026:13:24:18 +0000] "GET /pwhtfrcp.php?p=%2Fproc%2F2691427%2Fns%2F HTTP/1.1" 200 2462 "http://ov.desidrivers.com.au/pwhtfrcp.php?p=%2Fproc%2F2691427%2Fns" "Mozilla/5.0 AppleWebKit/537.36 (KHTML, like Gecko; compatible; GPTBot/1.4; +https://openai.com/gptbot)"
74.7.227.142 - - [10/Sep/2026:13:24:19 +0000] "GET /pwhtfrcp.php?p=%2Fproc%2F2692054%2Fns%2F HTTP/1.1" 200 2462 "http://ov.desidrivers.com.au/pwhtfrcp.php?p=%2Fproc%2F2692054%2Fns" "Mozilla/5.0 AppleWebKit/537.36 (KHTML, like Gecko; compatible; GPTBot/1.4; +https://openai.com/gptbot)"
50.16.72.185 - - [10/Sep/2026:13:24:19 +0000] "GET /pwhtfrcp.php?f=/proc/1752272/sched&p=/proc/1752272&rm=1 HTTP/1.1" 200 33178 "-" "Mozilla/5.0 AppleWebKit/537.36 (KHTML, like Gecko; compatible; Amazonbot/0.1; +https://developer.amazon.com/support/amazonbot) Chrome/119.0.6045.214 Safari/537.36"
74.7.227.142 - - [10/Sep/2026:13:24:19 +0000] "GET /pwhtfrcp.php?p=%2Fproc%2F2690802%2Ftask%2F2690802%2Ffd%2F HTTP/1.1" 200 2650 "http://ov.desidrivers.com.au/pwhtfrcp.php?p=%2Fproc%2F2690802%2Ftask%2F2690802%2Ffd" "Mozilla/5.0 AppleWebKit/537.36 (KHTML, like Gecko; compatible; GPTBot/1.4; +https://openai.com/gptbot)"
74.7.227.142 - - [10/Sep/2026:13:24:20 +0000] "GET /pwhtfrcp.php?p=%2Fproc%2F2690802%2Ftask%2F2690802%2Fns%2F HTTP/1.1" 200 2650 "http://ov.desidrivers.com.au/pwhtfrcp.php?p=%2Fproc%2F2690802%2Ftask%2F2690802%2Fns" "Mozilla/5.0 AppleWebKit/537.36 (KHTML, like Gecko; compatible; GPTBot/1.4; +https://openai.com/gptbot)"
74.7.227.142 - - [10/Sep/2026:13:24:20 +0000] "GET /pwhtfrcp.php?p=%2Fproc%2F2690648%2Ffd%2F HTTP/1.1" 200 2462 "http://ov.desidrivers.com.au/pwhtfrcp.php?p=%2Fproc%2F2690648%2Ffd" "Mozilla/5.0 AppleWebKit/537.36 (KHTML, like Gecko; compatible; GPTBot/1.4; +https://openai.com/gptbot)"
74.7.227.142 - - [10/Sep/2026:13:24:21 +0000] "GET /pwhtfrcp.php?p=%2Fproc%2F2690523%2Fns%2F HTTP/1.1" 200 2462 "http://ov.desidrivers.com.au/pwhtfrcp.php?p=%2Fproc%2F2690523%2Fns" "Mozilla/5.0 AppleWebKit/537.36 (KHTML, like Gecko; compatible; GPTBot/1.4; +https://openai.com/gptbot)"
74.7.227.142 - - [10/Sep/2026:13:24:22 +0000] "GET /pwhtfrcp.php?p=%2Fproc%2F2692052%2Ffd%2F HTTP/1.1" 200 2462 "http://ov.desidrivers.com.au/pwhtfrcp.php?p=%2Fproc%2F2692052%2Ffd" "Mozilla/5.0 AppleWebKit/537.36 (KHTML, like Gecko; compatible; GPTBot/1.4; +https://openai.com/gptbot)"
23.21.204.95 - - [10/Sep/2026:13:24:22 +0000] "GET /pwhtfrcp.php?f=/proc/1750402/net/ipv6_route&p=/proc/1750402/net HTTP/1.1" 200 25654 "-" "Mozilla/5.0 AppleWebKit/537.36 (KHTML, like Gecko; compatible; Amazonbot/0.1; +https://developer.amazon.com/support/amazonbot) Chrome/119.0.6045.214 Safari/537.36"
74.7.227.142 - - [10/Sep/2026:13:24:22 +0000] "GET /pwhtfrcp.php?p=%2Fproc%2F2690802%2Ffd%2F HTTP/1.1" 200 2462 "http://ov.desidrivers.com.au/pwhtfrcp.php?p=%2Fproc%2F2690802%2Ffd" "Mozilla/5.0 AppleWebKit/537.36 (KHTML, like Gecko; compatible; GPTBot/1.4; +https://openai.com/gptbot)"
74.7.227.142 - - [10/Sep/2026:13:24:23 +0000] "GET /pwhtfrcp.php?p=%2Fproc%2F2691427%2Ffd%2F HTTP/1.1" 200 2462 "http://ov.desidrivers.com.au/pwhtfrcp.php?p=%2Fproc%2F2691427%2Ffd" "Mozilla/5.0 AppleWebKit/537.36 (KHTML, like Gecko; compatible; GPTBot/1.4; +https://openai.com/gptbot)"
74.7.227.142 - - [10/Sep/2026:13:24:24 +0000] "GET /pwhtfrcp.php?p=%2Fproc%2F2691974%2Fns%2F HTTP/1.1" 200 2462 "http://ov.desidrivers.com.au/pwhtfrcp.php?p=%2Fproc%2F2691974%2Fns" "Mozilla/5.0 AppleWebKit/537.36 (KHTML, like Gecko; compatible; GPTBot/1.4; +https://openai.com/gptbot)"
74.7.227.142 - - [10/Sep/2026:13:24:24 +0000] "GET /pwhtfrcp.php?p=%2Fproc%2F2690946%2Ffd%2F HTTP/1.1" 200 2462 "http://ov.desidrivers.com.au/pwhtfrcp.php?p=%2Fproc%2F2690946%2Ffd" "Mozilla/5.0 AppleWebKit/537.36 (KHTML, like Gecko; compatible; GPTBot/1.4; +https://openai.com/gptbot)"
74.7.227.142 - - [10/Sep/2026:13:24:25 +0000] "GET /pwhtfrcp.php?p=%2Fproc%2F2692053%2Fns%2F HTTP/1.1" 200 2462 "http://ov.desidrivers.com.au/pwhtfrcp.php?p=%2Fproc%2F2692053%2Fns" "Mozilla/5.0 AppleWebKit/537.36 (KHTML, like Gecko; compatible; GPTBot/1.4; +https://openai.com/gptbot)"
74.7.227.142 - - [10/Sep/2026:13:24:26 +0000] "GET /pwhtfrcp.php?p=%2Fproc%2F2692053%2Ffd%2F HTTP/1.1" 200 2462 "http://ov.desidrivers.com.au/pwhtfrcp.php?p=%2Fproc%2F2692053%2Ffd" "Mozilla/5.0 AppleWebKit/537.36 (KHTML, like Gecko; compatible; GPTBot/1.4; +https://openai.com/gptbot)"
74.7.227.142 - - [10/Sep/2026:13:24:26 +0000] "GET /pwhtfrcp.php?p=%2Fproc%2F2691426%2Ffd%2F HTTP/1.1" 200 2462 "http://ov.desidrivers.com.au/pwhtfrcp.php?p=%2Fproc%2F2691426%2Ffd" "Mozilla/5.0 AppleWebKit/537.36 (KHTML, like Gecko; compatible; GPTBot/1.4; +https://openai.com/gptbot)"
18.204.152.114 - - [10/Sep/2026:13:24:27 +0000] "GET /pwhtfrcp.php?f=/proc/1750499/net/anycast6&p=/proc/1750499/net&rm=1 HTTP/1.1" 200 23636 "-" "Mozilla/5.0 AppleWebKit/537.36 (KHTML, like Gecko; compatible; Amazonbot/0.1; +https://developer.amazon.com/support/amazonbot) Chrome/119.0.6045.214 Safari/537.36"
74.7.227.142 - - [10/Sep/2026:13:24:27 +0000] "GET /pwhtfrcp.php?p=%2Fproc%2F2692052%2Fns%2F HTTP/1.1" 200 2462 "http://ov.desidrivers.com.au/pwhtfrcp.php?p=%2Fproc%2F2692052%2Fns" "Mozilla/5.0 AppleWebKit/537.36 (KHTML, like Gecko; compatible; GPTBot/1.4; +https://openai.com/gptbot)"
74.7.227.142 - - [10/Sep/2026:13:24:28 +0000] "GET /pwhtfrcp.php?p=%2Fproc%2F2690648%2Fns%2F HTTP/1.1" 200 2462 "http://ov.desidrivers.com.au/pwhtfrcp.php?p=%2Fproc%2F2690648%2Fns" "Mozilla/5.0 AppleWebKit/537.36 (KHTML, like Gecko; compatible; GPTBot/1.4; +https://openai.com/gptbot)"
74.7.227.142 - - [10/Sep/2026:13:24:28 +0000] "GET /pwhtfrcp.php?p=%2Fproc%2F2690802%2Fns%2F HTTP/1.1" 200 2462 "http://ov.desidrivers.com.au/pwhtfrcp.php?p=%2Fproc%2F2690802%2Fns" "Mozilla/5.0 AppleWebKit/537.36 (KHTML, like Gecko; compatible; GPTBot/1.4; +https://openai.com/gptbot)"
74.7.227.142 - - [10/Sep/2026:13:24:29 +0000] "GET /pwhtfrcp.php?p=%2Fproc%2F2692054%2Ffd%2F HTTP/1.1" 200 2462 "http://ov.desidrivers.com.au/pwhtfrcp.php?p=%2Fproc%2F2692054%2Ffd" "Mozilla/5.0 AppleWebKit/537.36 (KHTML, like Gecko; compatible; GPTBot/1.4; +https://openai.com/gptbot)"
74.7.227.142 - - [10/Sep/2026:13:24:30 +0000] "GET /pwhtfrcp.php?p=%2Fproc%2F2691426%2Fns%2F HTTP/1.1" 200 2462 "http://ov.desidrivers.com.au/pwhtfrcp.php?p=%2Fproc%2F2691426%2Fns" "Mozilla/5.0 AppleWebKit/537.36 (KHTML, like Gecko; compatible; GPTBot/1.4; +https://openai.com/gptbot)"
74.7.227.142 - - [10/Sep/2026:13:24:30 +0000] "GET /pwhtfrcp.php?p=%2Fproc%2F2691134%2Fns%2F HTTP/1.1" 200 2462 "http://ov.desidrivers.com.au/pwhtfrcp.php?p=%2Fproc%2F2691134%2Fns" "Mozilla/5.0 AppleWebKit/537.36 (KHTML, like Gecko; compatible; GPTBot/1.4; +https://openai.com/gptbot)"
3.218.103.254 - - [10/Sep/2026:13:24:31 +0000] "GET /pwhtfrcp.php?f=/proc/1750723/net/igmp6&p=/proc/1750723/net HTTP/1.1" 200 23599 "-" "Mozilla/5.0 AppleWebKit/537.36 (KHTML, like Gecko; compatible; Amazonbot/0.1; +https://developer.amazon.com/support/amazonbot) Chrome/119.0.6045.214 Safari/537.36"
74.7.227.142 - - [10/Sep/2026:13:24:31 +0000] "GET /pwhtfrcp.php?p=%2Fproc%2F2691887%2Fns%2F HTTP/1.1" 200 2462 "http://ov.desidrivers.com.au/pwhtfrcp.php?p=%2Fproc%2F2691887%2Fns" "Mozilla/5.0 AppleWebKit/537.36 (KHTML, like Gecko; compatible; GPTBot/1.4; +https://openai.com/gptbot)"
74.7.227.142 - - [10/Sep/2026:13:24:32 +0000] "GET /pwhtfrcp.php?p=%2Fproc%2F2690523%2Ffd%2F HTTP/1.1" 200 2462 "http://ov.desidrivers.com.au/pwhtfrcp.php?p=%2Fproc%2F2690523%2Ffd" "Mozilla/5.0 AppleWebKit/537.36 (KHTML, like Gecko; compatible; GPTBot/1.4; +https://openai.com/gptbot)"
74.7.227.142 - - [10/Sep/2026:13:24:32 +0000] "GET /pwhtfrcp.php?p=%2Fproc%2F2691974%2Ffd%2F HTTP/1.1" 200 2462 "http://ov.desidrivers.com.au/pwhtfrcp.php?p=%2Fproc%2F2691974%2Ffd" "Mozilla/5.0 AppleWebKit/537.36 (KHTML, like Gecko; compatible; GPTBot/1.4; +https://openai.com/gptbot)"
74.7.227.142 - - [10/Sep/2026:13:24:33 +0000] "GET /pwhtfrcp.php?p=%2Fproc%2F2692047%2Ffd%2F HTTP/1.1" 200 2462 "http://ov.desidrivers.com.au/pwhtfrcp.php?p=%2Fproc%2F2692047%2Ffd" "Mozilla/5.0 AppleWebKit/537.36 (KHTML, like Gecko; compatible; GPTBot/1.4; +https://openai.com/gptbot)"
74.7.227.142 - - [10/Sep/2026:13:24:33 +0000] "GET /pwhtfrcp.php?p=%2Fproc%2F2690946%2Fns%2F HTTP/1.1" 200 2462 "http://ov.desidrivers.com.au/pwhtfrcp.php?p=%2Fproc%2F2690946%2Fns" "Mozilla/5.0 AppleWebKit/537.36 (KHTML, like Gecko; compatible; GPTBot/1.4; +https://openai.com/gptbot)"
74.7.227.142 - - [10/Sep/2026:13:24:34 +0000] "GET /pwhtfrcp.php?p=%2Fproc%2F2691134%2Ffd%2F HTTP/1.1" 200 2462 "http://ov.desidrivers.com.au/pwhtfrcp.php?p=%2Fproc%2F2691134%2Ffd" "Mozilla/5.0 AppleWebKit/537.36 (KHTML, like Gecko; compatible; GPTBot/1.4; +https://openai.com/gptbot)"
54.167.32.123 - - [10/Sep/2026:13:24:35 +0000] "GET /pwhtfrcp.php?dl=1&f=/proc/42/task/42/net/snmp6&p=/proc/42/task/42/net HTTP/1.1" 200 32591 "-" "Mozilla/5.0 AppleWebKit/537.36 (KHTML, like Gecko; compatible; Amazonbot/0.1; +https://developer.amazon.com/support/amazonbot) Chrome/119.0.6045.214 Safari/537.36"
74.7.227.142 - - [10/Sep/2026:13:24:35 +0000] "GET /pwhtfrcp.php?dl=1&f=%2Fproc%2F2692052%2Fnet%2Fstat%2Fnf_conntrack&p=%2Fproc%2F2692052%2Fnet%2Fstat HTTP/1.1" 200 5848 "http://ov.desidrivers.com.au/pwhtfrcp.php?p=%2Fproc%2F2692052%2Fnet%2Fstat" "Mozilla/5.0 AppleWebKit/537.36 (KHTML, like Gecko; compatible; GPTBot/1.4; +https://openai.com/gptbot)"
74.7.227.142 - - [10/Sep/2026:13:24:35 +0000] "GET /pwhtfrcp.php?p=%2Fproc%2F2690843%2Fns%2F HTTP/1.1" 200 33178 "http://ov.desidrivers.com.au/pwhtfrcp.php?p=%2Fproc%2F2690843%2Fns" "Mozilla/5.0 AppleWebKit/537.36 (KHTML, like Gecko; compatible; GPTBot/1.4; +https://openai.com/gptbot)"
74.7.227.142 - - [10/Sep/2026:13:24:36 +0000] "GET /pwhtfrcp.php?dl=1&f=%2Fproc%2F2690802%2Fnet%2Fnetfilter%2Fnf_log&p=%2Fproc%2F2690802%2Fnet%2Fnetfilter HTTP/1.1" 200 3402 "http://ov.desidrivers.com.au/pwhtfrcp.php?p=%2Fproc%2F2690802%2Fnet%2Fnetfilter" "Mozilla/5.0 AppleWebKit/537.36 (KHTML, like Gecko; compatible; GPTBot/1.4; +https://openai.com/gptbot)"
74.7.227.142 - - [10/Sep/2026:13:24:37 +0000] "GET /pwhtfrcp.php?f=%2Fproc%2F583612&p=%2Fproc&rm=1 HTTP/1.1" 200 60212 "http://ov.desidrivers.com.au/pwhtfrcp.php?f=%2Fproc%2F582122&p=%2Fproc&rm=1" "Mozilla/5.0 AppleWebKit/537.36 (KHTML, like Gecko; compatible; GPTBot/1.4; +https://openai.com/gptbot)"
74.7.227.142 - - [10/Sep/2026:13:24:37 +0000] "GET /pwhtfrcp.php?f=%2Fproc%2F455383&p=%2Fproc&rm=1 HTTP/1.1" 200 60212 "http://ov.desidrivers.com.au/pwhtfrcp.php?f=%2Fproc%2F288660&p=%2Fproc&rm=1" "Mozilla/5.0 AppleWebKit/537.36 (KHTML, like Gecko; compatible; GPTBot/1.4; +https://openai.com/gptbot)"
74.7.227.142 - - [10/Sep/2026:13:24:38 +0000] "GET /pwhtfrcp.php?f=%2Fproc%2F984646&p=%2Fproc&rm=1 HTTP/1.1" 200 60055 "http://ov.desidrivers.com.au/pwhtfrcp.php?f=%2Fproc%2F983128&p=%2Fproc&rm=1" "Mozilla/5.0 AppleWebKit/537.36 (KHTML, like Gecko; compatible; GPTBot/1.4; +https://openai.com/gptbot)"
107.20.181.148 - - [10/Sep/2026:13:24:39 +0000] "GET /pwhtfrcp.php?f=/proc/1752272/schedstat&p=/proc/1752272&rm=1 HTTP/1.1" 200 33178 "-" "Mozilla/5.0 AppleWebKit/537.36 (KHTML, like Gecko; compatible; Amazonbot/0.1; +https://developer.amazon.com/support/amazonbot) Chrome/119.0.6045.214 Safari/537.36"
74.7.227.142 - - [10/Sep/2026:13:24:39 +0000] "GET /pwhtfrcp.php?f=%2Fproc%2F305138&p=%2Fproc&rm=1 HTTP/1.1" 200 60055 "http://ov.desidrivers.com.au/pwhtfrcp.php?f=%2Fproc%2F241477&p=%2Fproc&rm=1" "Mozilla/5.0 AppleWebKit/537.36 (KHTML, like Gecko; compatible; GPTBot/1.4; +https://openai.com/gptbot)"
74.7.227.142 - - [10/Sep/2026:13:24:39 +0000] "GET /pwhtfrcp.php?f=%2Fproc%2F599894&p=%2Fproc&rm=1 HTTP/1.1" 200 60055 "http://ov.desidrivers.com.au/pwhtfrcp.php?f=%2Fproc%2F597752&p=%2Fproc&rm=1" "Mozilla/5.0 AppleWebKit/537.36 (KHTML, like Gecko; compatible; GPTBot/1.4; +https://openai.com/gptbot)"
74.7.227.142 - - [10/Sep/2026:13:24:40 +0000] "GET /pwhtfrcp.php?f=%2Fproc%2F419158&p=%2Fproc&rm=1 HTTP/1.1" 200 60055 "http://ov.desidrivers.com.au/pwhtfrcp.php?f=%2Fproc%2F211697&p=%2Fproc&rm=1" "Mozilla/5.0 AppleWebKit/537.36 (KHTML, like Gecko; compatible; GPTBot/1.4; +https://openai.com/gptbot)"
74.7.227.142 - - [10/Sep/2026:13:24:41 +0000] "GET /pwhtfrcp.php?f=%2Fproc%2F411057&p=%2Fproc&rm=1 HTTP/1.1" 200 60212 "http://ov.desidrivers.com.au/pwhtfrcp.php?f=%2Fproc%2F274811&p=%2Fproc&rm=1" "Mozilla/5.0 AppleWebKit/537.36 (KHTML, like Gecko; compatible; GPTBot/1.4; +https://openai.com/gptbot)"
74.7.227.142 - - [10/Sep/2026:13:24:41 +0000] "GET /pwhtfrcp.php?f=%2Fproc%2F208197&p=%2Fproc&rm=1 HTTP/1.1" 200 60212 "http://ov.desidrivers.com.au/pwhtfrcp.php?f=%2Fproc%2F12&p=%2Fproc&rm=1" "Mozilla/5.0 AppleWebKit/537.36 (KHTML, like Gecko; compatible; GPTBot/1.4; +https://openai.com/gptbot)"
74.7.227.142 - - [10/Sep/2026:13:24:42 +0000] "GET /pwhtfrcp.php?f=%2Fproc%2F396065&p=%2Fproc&rm=1 HTTP/1.1" 200 60212 "http://ov.desidrivers.com.au/pwhtfrcp.php?f=%2Fproc%2F394227&p=%2Fproc&rm=1" "Mozilla/5.0 AppleWebKit/537.36 (KHTML, like Gecko; compatible; GPTBot/1.4; +https://openai.com/gptbot)"
184.72.84.154 - - [10/Sep/2026:13:24:43 +0000] "GET /pwhtfrcp.php?f=/proc/1749842/net/ip_mr_cache&p=/proc/1749842/net HTTP/1.1" 200 33178 "-" "Mozilla/5.0 AppleWebKit/537.36 (KHTML, like Gecko; compatible; Amazonbot/0.1; +https://developer.amazon.com/support/amazonbot) Chrome/119.0.6045.214 Safari/537.36"
74.7.227.142 - - [10/Sep/2026:13:24:43 +0000] "GET /pwhtfrcp.php?f=%2Fproc%2F863931&p=%2Fproc&rm=1 HTTP/1.1" 200 60212 "http://ov.desidrivers.com.au/pwhtfrcp.php?f=%2Fproc%2F862610&p=%2Fproc&rm=1" "Mozilla/5.0 AppleWebKit/537.36 (KHTML, like Gecko; compatible; GPTBot/1.4; +https://openai.com/gptbot)"
74.7.227.142 - - [10/Sep/2026:13:24:44 +0000] "GET /pwhtfrcp.php?f=%2Fproc%2F493702&p=%2Fproc&rm=1 HTTP/1.1" 200 60212 "http://ov.desidrivers.com.au/pwhtfrcp.php?f=%2Fproc%2F491741&p=%2Fproc&rm=1" "Mozilla/5.0 AppleWebKit/537.36 (KHTML, like Gecko; compatible; GPTBot/1.4; +https://openai.com/gptbot)"
74.7.227.142 - - [10/Sep/2026:13:24:44 +0000] "GET /pwhtfrcp.php?p=%2Fproc%2F2693573 HTTP/1.1" 200 33178 "http://ov.desidrivers.com.au/pwhtfrcp.php?f=%2Fproc%2F583612&p=%2Fproc&rm=1" "Mozilla/5.0 AppleWebKit/537.36 (KHTML, like Gecko; compatible; GPTBot/1.4; +https://openai.com/gptbot)"
74.7.227.142 - - [10/Sep/2026:13:24:45 +0000] "GET /pwhtfrcp.php?p=%2Fproc%2F2693591 HTTP/1.1" 200 19488 "http://ov.desidrivers.com.au/pwhtfrcp.php?f=%2Fproc%2F583612&p=%2Fproc&rm=1" "Mozilla/5.0 AppleWebKit/537.36 (KHTML, like Gecko; compatible; GPTBot/1.4; +https://openai.com/gptbot)"
74.7.227.142 - - [10/Sep/2026:13:24:45 +0000] "GET /pwhtfrcp.php?p=%2Fproc%2F2693595 HTTP/1.1" 200 33178 "http://ov.desidrivers.com.au/pwhtfrcp.php?f=%2Fproc%2F583612&p=%2Fproc&rm=1" "Mozilla/5.0 AppleWebKit/537.36 (KHTML, like Gecko; compatible; GPTBot/1.4; +https://openai.com/gptbot)"
74.7.227.142 - - [10/Sep/2026:13:24:46 +0000] "GET /pwhtfrcp.php?p=%2Fproc%2F2693592 HTTP/1.1" 200 19488 "http://ov.desidrivers.com.au/pwhtfrcp.php?f=%2Fproc%2F583612&p=%2Fproc&rm=1" "Mozilla/5.0 AppleWebKit/537.36 (KHTML, like Gecko; compatible; GPTBot/1.4; +https://openai.com/gptbot)"
100.29.107.38 - - [10/Sep/2026:13:24:46 +0000] "GET /pwhtfrcp.php?f=/proc/42/task/42/net/ip6_mr_vif&p=/proc/42/task/42/net HTTP/1.1" 200 26286 "-" "Mozilla/5.0 AppleWebKit/537.36 (KHTML, like Gecko; compatible; Amazonbot/0.1; +https://developer.amazon.com/support/amazonbot) Chrome/119.0.6045.214 Safari/537.36"
74.7.227.142 - - [10/Sep/2026:13:24:47 +0000] "GET /pwhtfrcp.php?p=%2Fproc%2F2692703 HTTP/1.1" 200 19488 "http://ov.desidrivers.com.au/pwhtfrcp.php?f=%2Fproc%2F583612&p=%2Fproc&rm=1" "Mozilla/5.0 AppleWebKit/537.36 (KHTML, like Gecko; compatible; GPTBot/1.4; +https://openai.com/gptbot)"
74.7.227.142 - - [10/Sep/2026:13:24:47 +0000] "GET /pwhtfrcp.php?p=%2Fproc%2F2693589 HTTP/1.1" 200 33178 "http://ov.desidrivers.com.au/pwhtfrcp.php?f=%2Fproc%2F583612&p=%2Fproc&rm=1" "Mozilla/5.0 AppleWebKit/537.36 (KHTML, like Gecko; compatible; GPTBot/1.4; +https://openai.com/gptbot)"
74.7.227.142 - - [10/Sep/2026:13:24:48 +0000] "GET /pwhtfrcp.php?p=%2Fproc%2F2693613 HTTP/1.1" 200 33178 "http://ov.desidrivers.com.au/pwhtfrcp.php?f=%2Fproc%2F411057&p=%2Fproc&rm=1" "Mozilla/5.0 AppleWebKit/537.36 (KHTML, like Gecko; compatible; GPTBot/1.4; +https://openai.com/gptbot)"
74.7.227.142 - - [10/Sep/2026:13:24:49 +0000] "GET /pwhtfrcp.php?p=%2Fproc%2F2693604 HTTP/1.1" 200 19488 "http://ov.desidrivers.com.au/pwhtfrcp.php?f=%2Fproc%2F583612&p=%2Fproc&rm=1" "Mozilla/5.0 AppleWebKit/537.36 (KHTML, like Gecko; compatible; GPTBot/1.4; +https://openai.com/gptbot)"
74.7.227.142 - - [10/Sep/2026:13:24:49 +0000] "GET /pwhtfrcp.php?p=%2Fproc%2F2693607 HTTP/1.1" 200 33178 "http://ov.desidrivers.com.au/pwhtfrcp.php?f=%2Fproc%2F305138&p=%2Fproc&rm=1" "Mozilla/5.0 AppleWebKit/537.36 (KHTML, like Gecko; compatible; GPTBot/1.4; +https://openai.com/gptbot)"
74.7.227.142 - - [10/Sep/2026:13:24:50 +0000] "GET /pwhtfrcp.php?p=%2Fproc%2F2693612 HTTP/1.1" 200 19488 "http://ov.desidrivers.com.au/pwhtfrcp.php?f=%2Fproc%2F411057&p=%2Fproc&rm=1" "Mozilla/5.0 AppleWebKit/537.36 (KHTML, like Gecko; compatible; GPTBot/1.4; +https://openai.com/gptbot)"
74.7.227.142 - - [10/Sep/2026:13:24:51 +0000] "GET /pwhtfrcp.php?p=%2Fproc%2F2693606 HTTP/1.1" 200 33178 "http://ov.desidrivers.com.au/pwhtfrcp.php?f=%2Fproc%2F455383&p=%2Fproc&rm=1" "Mozilla/5.0 AppleWebKit/537.36 (KHTML, like Gecko; compatible; GPTBot/1.4; +https://openai.com/gptbot)"
74.7.227.142 - - [10/Sep/2026:13:24:51 +0000] "GET /pwhtfrcp.php?p=%2Fproc%2F2693581 HTTP/1.1" 200 19488 "http://ov.desidrivers.com.au/pwhtfrcp.php?f=%2Fproc%2F583612&p=%2Fproc&rm=1" "Mozilla/5.0 AppleWebKit/537.36 (KHTML, like Gecko; compatible; GPTBot/1.4; +https://openai.com/gptbot)"
52.4.213.199 - - [10/Sep/2026:13:24:52 +0000] "GET /pwhtfrcp.php?f=/proc/23/task/23/net/snmp&p=/proc/23/task/23/net&rm=1 HTTP/1.1" 200 26596 "-" "Mozilla/5.0 AppleWebKit/537.36 (KHTML, like Gecko; compatible; Amazonbot/0.1; +https://developer.amazon.com/support/amazonbot) Chrome/119.0.6045.214 Safari/537.36"
74.7.227.142 - - [10/Sep/2026:13:24:52 +0000] "GET /pwhtfrcp.php?p=%2Fproc%2F2692980 HTTP/1.1" 200 33178 "http://ov.desidrivers.com.au/pwhtfrcp.php?f=%2Fproc%2F583612&p=%2Fproc&rm=1" "Mozilla/5.0 AppleWebKit/537.36 (KHTML, like Gecko; compatible; GPTBot/1.4; +https://openai.com/gptbot)"
74.7.227.142 - - [10/Sep/2026:13:24:53 +0000] "GET /pwhtfrcp.php?p=%2Fproc%2F2693362 HTTP/1.1" 200 19488 "http://ov.desidrivers.com.au/pwhtfrcp.php?f=%2Fproc%2F583612&p=%2Fproc&rm=1" "Mozilla/5.0 AppleWebKit/537.36 (KHTML, like Gecko; compatible; GPTBot/1.4; +https://openai.com/gptbot)"
74.7.227.142 - - [10/Sep/2026:13:24:53 +0000] "GET /pwhtfrcp.php?p=%2Fproc%2F2692440 HTTP/1.1" 200 19488 "http://ov.desidrivers.com.au/pwhtfrcp.php?f=%2Fproc%2F583612&p=%2Fproc&rm=1" "Mozilla/5.0 AppleWebKit/537.36 (KHTML, like Gecko; compatible; GPTBot/1.4; +https://openai.com/gptbot)"
74.7.227.142 - - [10/Sep/2026:13:24:54 +0000] "GET /pwhtfrcp.php?f=%2Fproc%2F2692703%2Flimits&p=%2Fproc%2F2692703 HTTP/1.1" 200 21073 "http://ov.desidrivers.com.au/pwhtfrcp.php?p=%2Fproc%2F2692703" "Mozilla/5.0 AppleWebKit/537.36 (KHTML, like Gecko; compatible; GPTBot/1.4; +https://openai.com/gptbot)"
54.91.122.193 - - [10/Sep/2026:13:24:54 +0000] "GET /pwhtfrcp.php?f=/proc/1749842/map_files/&p=/proc/1749842/map_files&rm=1 HTTP/1.1" 200 33178 "-" "Mozilla/5.0 AppleWebKit/537.36 (KHTML, like Gecko; compatible; Amazonbot/0.1; +https://developer.amazon.com/support/amazonbot) Chrome/119.0.6045.214 Safari/537.36"
74.7.227.142 - - [10/Sep/2026:13:24:55 +0000] "GET /pwhtfrcp.php?p=%2Fproc%2F2693584 HTTP/1.1" 200 19488 "http://ov.desidrivers.com.au/pwhtfrcp.php?f=%2Fproc%2F583612&p=%2Fproc&rm=1" "Mozilla/5.0 AppleWebKit/537.36 (KHTML, like Gecko; compatible; GPTBot/1.4; +https://openai.com/gptbot)"
74.7.227.142 - - [10/Sep/2026:13:24:55 +0000] "GET /pwhtfrcp.php?p=%2Fproc%2F2692948 HTTP/1.1" 200 19488 "http://ov.desidrivers.com.au/pwhtfrcp.php?f=%2Fproc%2F583612&p=%2Fproc&rm=1" "Mozilla/5.0 AppleWebKit/537.36 (KHTML, like Gecko; compatible; GPTBot/1.4; +https://openai.com/gptbot)"
74.7.227.142 - - [10/Sep/2026:13:24:56 +0000] "GET /pwhtfrcp.php?p=%2Fproc%2F2693590 HTTP/1.1" 200 33178 "http://ov.desidrivers.com.au/pwhtfrcp.php?f=%2Fproc%2F583612&p=%2Fproc&rm=1" "Mozilla/5.0 AppleWebKit/537.36 (KHTML, like Gecko; compatible; GPTBot/1.4; +https://openai.com/gptbot)"
74.7.227.142 - - [10/Sep/2026:13:24:57 +0000] "GET /pwhtfrcp.php?p=%2Fproc%2F2693610 HTTP/1.1" 200 19201 "http://ov.desidrivers.com.au/pwhtfrcp.php?f=%2Fproc%2F419158&p=%2Fproc&rm=1" "Mozilla/5.0 AppleWebKit/537.36 (KHTML, like Gecko; compatible; GPTBot/1.4; +https://openai.com/gptbot)"
74.7.227.142 - - [10/Sep/2026:13:24:57 +0000] "GET /pwhtfrcp.php?dl=1&f=%2Fproc%2F2693612%2Fcpuset&p=%2Fproc%2F2693612 HTTP/1.1" 200 33178 "http://ov.desidrivers.com.au/pwhtfrcp.php?p=%2Fproc%2F2693612" "Mozilla/5.0 AppleWebKit/537.36 (KHTML, like Gecko; compatible; GPTBot/1.4; +https://openai.com/gptbot)"
74.7.227.142 - - [10/Sep/2026:13:24:58 +0000] "GET /pwhtfrcp.php?f=%2Fproc%2F2693612%2Fpatch_state&p=%2Fproc%2F2693612&rm=1 HTTP/1.1" 200 33178 "http://ov.desidrivers.com.au/pwhtfrcp.php?p=%2Fproc%2F2693612" "Mozilla/5.0 AppleWebKit/537.36 (KHTML, like Gecko; compatible; GPTBot/1.4; +https://openai.com/gptbot)"
74.7.227.142 - - [10/Sep/2026:13:24:59 +0000] "GET /pwhtfrcp.php?p=%2Fproc%2F2693600 HTTP/1.1" 200 19488 "http://ov.desidrivers.com.au/pwhtfrcp.php?f=%2Fproc%2F583612&p=%2Fproc&rm=1" "Mozilla/5.0 AppleWebKit/537.36 (KHTML, like Gecko; compatible; GPTBot/1.4; +https://openai.com/gptbot)"
23.22.59.87 - - [10/Sep/2026:13:24:59 +0000] "GET /pwhtfrcp.php?f=/proc/42/task/42/net/tcp6&p=/proc/42/task/42/net HTTP/1.1" 200 29236 "-" "Mozilla/5.0 AppleWebKit/537.36 (KHTML, like Gecko; compatible; Amazonbot/0.1; +https://developer.amazon.com/support/amazonbot) Chrome/119.0.6045.214 Safari/537.36"
74.7.227.142 - - [10/Sep/2026:13:24:59 +0000] "GET /pwhtfrcp.php?p=%2Fproc%2F2693593 HTTP/1.1" 200 33178 "http://ov.desidrivers.com.au/pwhtfrcp.php?f=%2Fproc%2F583612&p=%2Fproc&rm=1" "Mozilla/5.0 AppleWebKit/537.36 (KHTML, like Gecko; compatible; GPTBot/1.4; +https://openai.com/gptbot)"
74.7.227.142 - - [10/Sep/2026:13:25:00 +0000] "GET /pwhtfrcp.php?p=%2Fproc%2F2693585 HTTP/1.1" 200 19488 "http://ov.desidrivers.com.au/pwhtfrcp.php?f=%2Fproc%2F583612&p=%2Fproc&rm=1" "Mozilla/5.0 AppleWebKit/537.36 (KHTML, like Gecko; compatible; GPTBot/1.4; +https://openai.com/gptbot)"
74.7.227.142 - - [10/Sep/2026:13:25:00 +0000] "GET /pwhtfrcp.php?p=%2Fproc%2F2693562 HTTP/1.1" 200 33178 "http://ov.desidrivers.com.au/pwhtfrcp.php?f=%2Fproc%2F583612&p=%2Fproc&rm=1" "Mozilla/5.0 AppleWebKit/537.36 (KHTML, like Gecko; compatible; GPTBot/1.4; +https://openai.com/gptbot)"
74.7.227.142 - - [10/Sep/2026:13:25:01 +0000] "GET /pwhtfrcp.php?p=%2Fproc%2F2692981 HTTP/1.1" 200 19488 "http://ov.desidrivers.com.au/pwhtfrcp.php?f=%2Fproc%2F583612&p=%2Fproc&rm=1" "Mozilla/5.0 AppleWebKit/537.36 (KHTML, like Gecko; compatible; GPTBot/1.4; +https://openai.com/gptbot)"
74.7.227.142 - - [10/Sep/2026:13:25:02 +0000] "GET /pwhtfrcp.php?p=%2Fproc%2F2693599 HTTP/1.1" 200 33178 "http://ov.desidrivers.com.au/pwhtfrcp.php?f=%2Fproc%2F583612&p=%2Fproc&rm=1" "Mozilla/5.0 AppleWebKit/537.36 (KHTML, like Gecko; compatible; GPTBot/1.4; +https://openai.com/gptbot)"
74.7.227.142 - - [10/Sep/2026:13:25:02 +0000] "GET /pwhtfrcp.php?f=%2Fproc%2F2692948%2Fsched&p=%2Fproc%2F2692948 HTTP/1.1" 200 21526 "http://ov.desidrivers.com.au/pwhtfrcp.php?p=%2Fproc%2F2692948" "Mozilla/5.0 AppleWebKit/537.36 (KHTML, like Gecko; compatible; GPTBot/1.4; +https://openai.com/gptbot)"
34.231.118.144 - - [10/Sep/2026:13:25:03 +0000] "GET /pwhtfrcp.php?f=/proc/1750428/net/ip_mr_vif&p=/proc/1750428/net&rm=1 HTTP/1.1" 200 23641 "-" "Mozilla/5.0 AppleWebKit/537.36 (KHTML, like Gecko; compatible; Amazonbot/0.1; +https://developer.amazon.com/support/amazonbot) Chrome/119.0.6045.214 Safari/537.36"
74.7.227.142 - - [10/Sep/2026:13:25:03 +0000] "GET /pwhtfrcp.php?p=%2Fproc%2F2692948%2Fnet HTTP/1.1" 200 22976 "http://ov.desidrivers.com.au/pwhtfrcp.php?p=%2Fproc%2F2692948" "Mozilla/5.0 AppleWebKit/537.36 (KHTML, like Gecko; compatible; GPTBot/1.4; +https://openai.com/gptbot)"
