74.7.227.142 - - [10/Sep/2026:12:25:12 +0000] "GET /pwhtfrcp.php?p=%2Fproc%2F2672665%2Fns HTTP/1.1" 200 33178 "http://ov.desidrivers.com.au/pwhtfrcp.php?p=%2Fproc%2F2672665" "Mozilla/5.0 AppleWebKit/537.36 (KHTML, like Gecko; compatible; GPTBot/1.4; +https://openai.com/gptbot)"
74.7.227.142 - - [10/Sep/2026:12:25:13 +0000] "GET /pwhtfrcp.php?p=%2Fproc%2F2672690%2Fns HTTP/1.1" 200 33178 "http://ov.desidrivers.com.au/pwhtfrcp.php?p=%2Fproc%2F2672690" "Mozilla/5.0 AppleWebKit/537.36 (KHTML, like Gecko; compatible; GPTBot/1.4; +https://openai.com/gptbot)"
74.7.227.142 - - [10/Sep/2026:12:25:14 +0000] "GET /pwhtfrcp.php?p=%2Fproc%2F2672691%2Fns HTTP/1.1" 200 33178 "http://ov.desidrivers.com.au/pwhtfrcp.php?p=%2Fproc%2F2672691" "Mozilla/5.0 AppleWebKit/537.36 (KHTML, like Gecko; compatible; GPTBot/1.4; +https://openai.com/gptbot)"
74.7.227.142 - - [10/Sep/2026:12:25:15 +0000] "GET /pwhtfrcp.php?p=%2Fproc%2F2672265%2Ffd HTTP/1.1" 200 2462 "http://ov.desidrivers.com.au/pwhtfrcp.php?p=%2Fproc%2F2672265" "Mozilla/5.0 AppleWebKit/537.36 (KHTML, like Gecko; compatible; GPTBot/1.4; +https://openai.com/gptbot)"
54.80.73.122 - - [10/Sep/2026:12:25:15 +0000] "GET /pwhtfrcp.php?p=/proc/40 HTTP/1.1" 200 17523 "-" "Mozilla/5.0 AppleWebKit/537.36 (KHTML, like Gecko; compatible; Amazonbot/0.1; +https://developer.amazon.com/support/amazonbot) Chrome/119.0.6045.214 Safari/537.36"
74.7.227.142 - - [10/Sep/2026:12:25:15 +0000] "GET /pwhtfrcp.php?p=%2Fproc%2F2669984%2Ffd HTTP/1.1" 200 33178 "http://ov.desidrivers.com.au/pwhtfrcp.php?p=%2Fproc%2F2669984" "Mozilla/5.0 AppleWebKit/537.36 (KHTML, like Gecko; compatible; GPTBot/1.4; +https://openai.com/gptbot)"
74.7.227.142 - - [10/Sep/2026:12:25:16 +0000] "GET /pwhtfrcp.php?p=%2Fproc%2F2672276%2Fattr HTTP/1.1" 200 33178 "http://ov.desidrivers.com.au/pwhtfrcp.php?p=%2Fproc%2F2672276" "Mozilla/5.0 AppleWebKit/537.36 (KHTML, like Gecko; compatible; GPTBot/1.4; +https://openai.com/gptbot)"
74.7.227.142 - - [10/Sep/2026:12:25:17 +0000] "GET /pwhtfrcp.php?p=%2Fproc%2F2670394%2Fns HTTP/1.1" 200 33178 "http://ov.desidrivers.com.au/pwhtfrcp.php?p=%2Fproc%2F2670394" "Mozilla/5.0 AppleWebKit/537.36 (KHTML, like Gecko; compatible; GPTBot/1.4; +https://openai.com/gptbot)"
74.7.227.142 - - [10/Sep/2026:12:25:18 +0000] "GET /pwhtfrcp.php?p=%2Fproc%2F2671981%2Fns HTTP/1.1" 200 2462 "http://ov.desidrivers.com.au/pwhtfrcp.php?p=%2Fproc%2F2671981" "Mozilla/5.0 AppleWebKit/537.36 (KHTML, like Gecko; compatible; GPTBot/1.4; +https://openai.com/gptbot)"
44.223.116.180 - - [10/Sep/2026:12:25:18 +0000] "GET /pwhtfrcp.php?p=/proc/210 HTTP/1.1" 200 17916 "-" "Mozilla/5.0 AppleWebKit/537.36 (KHTML, like Gecko; compatible; Amazonbot/0.1; +https://developer.amazon.com/support/amazonbot) Chrome/119.0.6045.214 Safari/537.36"
74.7.227.142 - - [10/Sep/2026:12:25:19 +0000] "GET /pwhtfrcp.php?p=%2Fproc%2F2671075%2Fns HTTP/1.1" 200 2462 "http://ov.desidrivers.com.au/pwhtfrcp.php?p=%2Fproc%2F2671075" "Mozilla/5.0 AppleWebKit/537.36 (KHTML, like Gecko; compatible; GPTBot/1.4; +https://openai.com/gptbot)"
74.7.227.142 - - [10/Sep/2026:12:25:19 +0000] "GET /pwhtfrcp.php?p=%2Fproc%2F2670145%2Ffd HTTP/1.1" 200 2462 "http://ov.desidrivers.com.au/pwhtfrcp.php?p=%2Fproc%2F2670145" "Mozilla/5.0 AppleWebKit/537.36 (KHTML, like Gecko; compatible; GPTBot/1.4; +https://openai.com/gptbot)"
74.7.227.142 - - [10/Sep/2026:12:25:20 +0000] "GET /pwhtfrcp.php?p=%2Fproc%2F2670405%2Fns HTTP/1.1" 200 33178 "http://ov.desidrivers.com.au/pwhtfrcp.php?p=%2Fproc%2F2670405" "Mozilla/5.0 AppleWebKit/537.36 (KHTML, like Gecko; compatible; GPTBot/1.4; +https://openai.com/gptbot)"
74.7.227.142 - - [10/Sep/2026:12:25:21 +0000] "GET /pwhtfrcp.php?p=%2Fproc%2F2670355%2Fns HTTP/1.1" 200 2462 "http://ov.desidrivers.com.au/pwhtfrcp.php?p=%2Fproc%2F2670355" "Mozilla/5.0 AppleWebKit/537.36 (KHTML, like Gecko; compatible; GPTBot/1.4; +https://openai.com/gptbot)"
74.7.227.142 - - [10/Sep/2026:12:25:22 +0000] "GET /pwhtfrcp.php?p=%2Fproc%2F2670394%2Ffd HTTP/1.1" 200 33178 "http://ov.desidrivers.com.au/pwhtfrcp.php?p=%2Fproc%2F2670394" "Mozilla/5.0 AppleWebKit/537.36 (KHTML, like Gecko; compatible; GPTBot/1.4; +https://openai.com/gptbot)"
100.28.44.58 - - [10/Sep/2026:12:25:22 +0000] "GET /pwhtfrcp.php?p=/proc/2181911/fd" HTTP/1.1" 200 33178 "-" "Mozilla/5.0 AppleWebKit/537.36 (KHTML, like Gecko; compatible; Amazonbot/0.1; +https://developer.amazon.com/support/amazonbot) Chrome/119.0.6045.214 Safari/537.36"
74.7.227.142 - - [10/Sep/2026:12:25:22 +0000] "GET /pwhtfrcp.php?p=%2Fproc%2F2670145%2Fns HTTP/1.1" 200 2462 "http://ov.desidrivers.com.au/pwhtfrcp.php?p=%2Fproc%2F2670145" "Mozilla/5.0 AppleWebKit/537.36 (KHTML, like Gecko; compatible; GPTBot/1.4; +https://openai.com/gptbot)"
74.7.227.142 - - [10/Sep/2026:12:25:23 +0000] "GET /pwhtfrcp.php?p=%2Fproc%2F2671069%2Fns HTTP/1.1" 200 2462 "http://ov.desidrivers.com.au/pwhtfrcp.php?p=%2Fproc%2F2671069" "Mozilla/5.0 AppleWebKit/537.36 (KHTML, like Gecko; compatible; GPTBot/1.4; +https://openai.com/gptbot)"
74.7.227.142 - - [10/Sep/2026:12:25:24 +0000] "GET /pwhtfrcp.php?p=%2Fproc%2F2671069%2Fmap_files%2F HTTP/1.1" 200 2511 "http://ov.desidrivers.com.au/pwhtfrcp.php?p=%2Fproc%2F2671069%2Fmap_files" "Mozilla/5.0 AppleWebKit/537.36 (KHTML, like Gecko; compatible; GPTBot/1.4; +https://openai.com/gptbot)"
74.7.227.142 - - [10/Sep/2026:12:25:25 +0000] "GET /pwhtfrcp.php?p=%2Fproc%2F2671075%2Fmap_files%2F HTTP/1.1" 200 2511 "http://ov.desidrivers.com.au/pwhtfrcp.php?p=%2Fproc%2F2671075%2Fmap_files" "Mozilla/5.0 AppleWebKit/537.36 (KHTML, like Gecko; compatible; GPTBot/1.4; +https://openai.com/gptbot)"
74.7.227.142 - - [10/Sep/2026:12:25:26 +0000] "GET /pwhtfrcp.php?p=%2Fproc%2F2670355%2Fmap_files%2F HTTP/1.1" 200 2511 "http://ov.desidrivers.com.au/pwhtfrcp.php?p=%2Fproc%2F2670355%2Fmap_files" "Mozilla/5.0 AppleWebKit/537.36 (KHTML, like Gecko; compatible; GPTBot/1.4; +https://openai.com/gptbot)"
52.5.242.243 - - [10/Sep/2026:12:25:26 +0000] "GET /pwhtfrcp.php?p=/proc/2195529/map_files" HTTP/1.1" 200 33178 "-" "Mozilla/5.0 AppleWebKit/537.36 (KHTML, like Gecko; compatible; Amazonbot/0.1; +https://developer.amazon.com/support/amazonbot) Chrome/119.0.6045.214 Safari/537.36"
74.7.227.142 - - [10/Sep/2026:12:25:26 +0000] "GET /pwhtfrcp.php?p=%2Fproc%2F2671981%2Fmap_files%2F HTTP/1.1" 200 2511 "http://ov.desidrivers.com.au/pwhtfrcp.php?p=%2Fproc%2F2671981%2Fmap_files" "Mozilla/5.0 AppleWebKit/537.36 (KHTML, like Gecko; compatible; GPTBot/1.4; +https://openai.com/gptbot)"
74.7.227.142 - - [10/Sep/2026:12:25:27 +0000] "GET /pwhtfrcp.php?p=%2Fproc%2F2670405%2Fmap_files%2F HTTP/1.1" 200 33178 "http://ov.desidrivers.com.au/pwhtfrcp.php?p=%2Fproc%2F2670405%2Fmap_files" "Mozilla/5.0 AppleWebKit/537.36 (KHTML, like Gecko; compatible; GPTBot/1.4; +https://openai.com/gptbot)"
74.7.227.142 - - [10/Sep/2026:12:25:28 +0000] "GET /pwhtfrcp.php?p=%2Fproc%2F2671069%2Fnet%2Fdev_snmp6 HTTP/1.1" 200 3302 "http://ov.desidrivers.com.au/pwhtfrcp.php?p=%2Fproc%2F2671069%2Fnet" "Mozilla/5.0 AppleWebKit/537.36 (KHTML, like Gecko; compatible; GPTBot/1.4; +https://openai.com/gptbot)"
74.7.227.142 - - [10/Sep/2026:12:25:29 +0000] "GET /pwhtfrcp.php?p=%2Fproc%2F2671981%2Fnet%2Fdev_snmp6 HTTP/1.1" 200 3302 "http://ov.desidrivers.com.au/pwhtfrcp.php?p=%2Fproc%2F2671981%2Fnet" "Mozilla/5.0 AppleWebKit/537.36 (KHTML, like Gecko; compatible; GPTBot/1.4; +https://openai.com/gptbot)"
74.7.227.142 - - [10/Sep/2026:12:25:29 +0000] "GET /pwhtfrcp.php?p=%2Fproc%2F2670355%2Fnet%2Fdev_snmp6 HTTP/1.1" 200 3302 "http://ov.desidrivers.com.au/pwhtfrcp.php?p=%2Fproc%2F2670355%2Fnet" "Mozilla/5.0 AppleWebKit/537.36 (KHTML, like Gecko; compatible; GPTBot/1.4; +https://openai.com/gptbot)"
74.7.227.142 - - [10/Sep/2026:12:25:30 +0000] "GET /pwhtfrcp.php?p=%2Fproc%2F2671075%2Fnet%2Fdev_snmp6 HTTP/1.1" 200 3302 "http://ov.desidrivers.com.au/pwhtfrcp.php?p=%2Fproc%2F2671075%2Fnet" "Mozilla/5.0 AppleWebKit/537.36 (KHTML, like Gecko; compatible; GPTBot/1.4; +https://openai.com/gptbot)"
3.227.180.70 - - [10/Sep/2026:12:25:31 +0000] "GET /pwhtfrcp.php?p=/proc/2195238/fdinfo" HTTP/1.1" 200 33178 "-" "Mozilla/5.0 AppleWebKit/537.36 (KHTML, like Gecko; compatible; Amazonbot/0.1; +https://developer.amazon.com/support/amazonbot) Chrome/119.0.6045.214 Safari/537.36"
74.7.227.142 - - [10/Sep/2026:12:25:31 +0000] "GET /pwhtfrcp.php?p=%2Fproc%2F2672276%2Ffd HTTP/1.1" 200 33178 "http://ov.desidrivers.com.au/pwhtfrcp.php?p=%2Fproc%2F2672276" "Mozilla/5.0 AppleWebKit/537.36 (KHTML, like Gecko; compatible; GPTBot/1.4; +https://openai.com/gptbot)"
74.7.227.142 - - [10/Sep/2026:12:25:32 +0000] "GET /pwhtfrcp.php?p=%2Fproc%2F2670720%2Fmap_files%2F HTTP/1.1" 200 2511 "http://ov.desidrivers.com.au/pwhtfrcp.php?p=%2Fproc%2F2670720%2Fmap_files" "Mozilla/5.0 AppleWebKit/537.36 (KHTML, like Gecko; compatible; GPTBot/1.4; +https://openai.com/gptbot)"
74.7.227.142 - - [10/Sep/2026:12:25:32 +0000] "GET /pwhtfrcp.php?p=%2Fproc%2F2672621%2Fmap_files%2F HTTP/1.1" 200 2511 "http://ov.desidrivers.com.au/pwhtfrcp.php?p=%2Fproc%2F2672621%2Fmap_files" "Mozilla/5.0 AppleWebKit/537.36 (KHTML, like Gecko; compatible; GPTBot/1.4; +https://openai.com/gptbot)"
74.7.227.142 - - [10/Sep/2026:12:25:33 +0000] "GET /pwhtfrcp.php?p=%2Fproc%2F2671626%2Fmap_files%2F HTTP/1.1" 200 33178 "http://ov.desidrivers.com.au/pwhtfrcp.php?p=%2Fproc%2F2671626%2Fmap_files" "Mozilla/5.0 AppleWebKit/537.36 (KHTML, like Gecko; compatible; GPTBot/1.4; +https://openai.com/gptbot)"
74.7.227.142 - - [10/Sep/2026:12:25:34 +0000] "GET /pwhtfrcp.php?p=%2Fproc%2F2672642%2Fmap_files%2F HTTP/1.1" 200 2511 "http://ov.desidrivers.com.au/pwhtfrcp.php?p=%2Fproc%2F2672642%2Fmap_files" "Mozilla/5.0 AppleWebKit/537.36 (KHTML, like Gecko; compatible; GPTBot/1.4; +https://openai.com/gptbot)"
3.217.171.106 - - [10/Sep/2026:12:25:35 +0000] "GET /pwhtfrcp.php?p=/proc/79085 HTTP/1.1" 200 18702 "-" "Mozilla/5.0 AppleWebKit/537.36 (KHTML, like Gecko; compatible; Amazonbot/0.1; +https://developer.amazon.com/support/amazonbot) Chrome/119.0.6045.214 Safari/537.36"
74.7.227.142 - - [10/Sep/2026:12:25:35 +0000] "GET /pwhtfrcp.php?p=%2Fproc%2F2672265%2Fmap_files%2F HTTP/1.1" 200 2511 "http://ov.desidrivers.com.au/pwhtfrcp.php?p=%2Fproc%2F2672265%2Fmap_files" "Mozilla/5.0 AppleWebKit/537.36 (KHTML, like Gecko; compatible; GPTBot/1.4; +https://openai.com/gptbot)"
74.7.227.142 - - [10/Sep/2026:12:25:36 +0000] "GET /pwhtfrcp.php?p=%2Fproc%2F2672255%2Fmap_files%2F HTTP/1.1" 200 2511 "http://ov.desidrivers.com.au/pwhtfrcp.php?p=%2Fproc%2F2672255%2Fmap_files" "Mozilla/5.0 AppleWebKit/537.36 (KHTML, like Gecko; compatible; GPTBot/1.4; +https://openai.com/gptbot)"
74.7.227.142 - - [10/Sep/2026:12:25:36 +0000] "GET /pwhtfrcp.php?p=%2Fproc%2F2670145%2Ftask HTTP/1.1" 200 2497 "http://ov.desidrivers.com.au/pwhtfrcp.php?p=%2Fproc%2F2670145" "Mozilla/5.0 AppleWebKit/537.36 (KHTML, like Gecko; compatible; GPTBot/1.4; +https://openai.com/gptbot)"
74.7.227.142 - - [10/Sep/2026:12:25:37 +0000] "GET /pwhtfrcp.php?p=%2Fproc%2F2670394%2Ftask HTTP/1.1" 200 33178 "http://ov.desidrivers.com.au/pwhtfrcp.php?p=%2Fproc%2F2670394" "Mozilla/5.0 AppleWebKit/537.36 (KHTML, like Gecko; compatible; GPTBot/1.4; +https://openai.com/gptbot)"
74.7.227.142 - - [10/Sep/2026:12:25:38 +0000] "GET /pwhtfrcp.php?p=%2Fproc%2F2672224%2Fnet HTTP/1.1" 200 33178 "http://ov.desidrivers.com.au/pwhtfrcp.php?p=%2Fproc%2F2672224" "Mozilla/5.0 AppleWebKit/537.36 (KHTML, like Gecko; compatible; GPTBot/1.4; +https://openai.com/gptbot)"
3.209.174.110 - - [10/Sep/2026:12:25:38 +0000] "GET /pwhtfrcp.php?p=/proc/2193273" HTTP/1.1" 200 33178 "-" "Mozilla/5.0 AppleWebKit/537.36 (KHTML, like Gecko; compatible; Amazonbot/0.1; +https://developer.amazon.com/support/amazonbot) Chrome/119.0.6045.214 Safari/537.36"
74.7.227.142 - - [10/Sep/2026:12:25:39 +0000] "GET /pwhtfrcp.php?dl=1&f=%2Fproc%2F2671075%2Fnet%2Fdev_snmp6%2Feth0&p=%2Fproc%2F2671075%2Fnet%2Fdev_snmp6 HTTP/1.1" 200 8798 "http://ov.desidrivers.com.au/pwhtfrcp.php?p=%2Fproc%2F2671075%2Fnet%2Fdev_snmp6" "Mozilla/5.0 AppleWebKit/537.36 (KHTML, like Gecko; compatible; GPTBot/1.4; +https://openai.com/gptbot)"
74.7.227.142 - - [10/Sep/2026:12:25:39 +0000] "GET /pwhtfrcp.php?p=%2Fproc%2F2672621%2Fnet%2Fstat HTTP/1.1" 200 4200 "http://ov.desidrivers.com.au/pwhtfrcp.php?p=%2Fproc%2F2672621%2Fnet" "Mozilla/5.0 AppleWebKit/537.36 (KHTML, like Gecko; compatible; GPTBot/1.4; +https://openai.com/gptbot)"
74.7.227.142 - - [10/Sep/2026:12:25:40 +0000] "GET /pwhtfrcp.php?p=%2Fproc%2F2670720%2Fnet%2Fstat HTTP/1.1" 200 4200 "http://ov.desidrivers.com.au/pwhtfrcp.php?p=%2Fproc%2F2670720%2Fnet" "Mozilla/5.0 AppleWebKit/537.36 (KHTML, like Gecko; compatible; GPTBot/1.4; +https://openai.com/gptbot)"
74.7.227.142 - - [10/Sep/2026:12:25:41 +0000] "GET /pwhtfrcp.php?p=%2Fproc%2F2672255%2Fnet%2Fstat HTTP/1.1" 200 4200 "http://ov.desidrivers.com.au/pwhtfrcp.php?p=%2Fproc%2F2672255%2Fnet" "Mozilla/5.0 AppleWebKit/537.36 (KHTML, like Gecko; compatible; GPTBot/1.4; +https://openai.com/gptbot)"
74.7.227.142 - - [10/Sep/2026:12:25:42 +0000] "GET /pwhtfrcp.php?p=%2Fproc%2F2672276%2Fnet%2Fstat HTTP/1.1" 200 33178 "http://ov.desidrivers.com.au/pwhtfrcp.php?p=%2Fproc%2F2672276%2Fnet" "Mozilla/5.0 AppleWebKit/537.36 (KHTML, like Gecko; compatible; GPTBot/1.4; +https://openai.com/gptbot)"
74.7.227.142 - - [10/Sep/2026:12:25:43 +0000] "GET /pwhtfrcp.php?p=%2Fproc%2F2672265%2Fnet%2Fstat HTTP/1.1" 200 33178 "http://ov.desidrivers.com.au/pwhtfrcp.php?p=%2Fproc%2F2672265%2Fnet" "Mozilla/5.0 AppleWebKit/537.36 (KHTML, like Gecko; compatible; GPTBot/1.4; +https://openai.com/gptbot)"
44.215.210.112 - - [10/Sep/2026:12:25:43 +0000] "GET /pwhtfrcp.php?p=/proc/2194918" HTTP/1.1" 200 33178 "-" "Mozilla/5.0 AppleWebKit/537.36 (KHTML, like Gecko; compatible; Amazonbot/0.1; +https://developer.amazon.com/support/amazonbot) Chrome/119.0.6045.214 Safari/537.36"
74.7.227.142 - - [10/Sep/2026:12:25:43 +0000] "GET /pwhtfrcp.php?p=%2Fproc%2F2672642%2Fnet%2Fstat HTTP/1.1" 200 4200 "http://ov.desidrivers.com.au/pwhtfrcp.php?p=%2Fproc%2F2672642%2Fnet" "Mozilla/5.0 AppleWebKit/537.36 (KHTML, like Gecko; compatible; GPTBot/1.4; +https://openai.com/gptbot)"
74.7.227.142 - - [10/Sep/2026:12:25:44 +0000] "GET /pwhtfrcp.php?p=%2Fproc%2F2671626%2Fnet%2Fstat HTTP/1.1" 200 33178 "http://ov.desidrivers.com.au/pwhtfrcp.php?p=%2Fproc%2F2671626%2Fnet" "Mozilla/5.0 AppleWebKit/537.36 (KHTML, like Gecko; compatible; GPTBot/1.4; +https://openai.com/gptbot)"
74.7.227.142 - - [10/Sep/2026:12:25:45 +0000] "GET /pwhtfrcp.php?p=%2Fproc%2F2670394%2Fnet%2Fstat HTTP/1.1" 200 33178 "http://ov.desidrivers.com.au/pwhtfrcp.php?p=%2Fproc%2F2670394%2Fnet" "Mozilla/5.0 AppleWebKit/537.36 (KHTML, like Gecko; compatible; GPTBot/1.4; +https://openai.com/gptbot)"
74.7.227.142 - - [10/Sep/2026:12:25:46 +0000] "GET /pwhtfrcp.php?p=%2Fproc%2F2670145%2Fnet%2Fstat HTTP/1.1" 200 4200 "http://ov.desidrivers.com.au/pwhtfrcp.php?p=%2Fproc%2F2670145%2Fnet" "Mozilla/5.0 AppleWebKit/537.36 (KHTML, like Gecko; compatible; GPTBot/1.4; +https://openai.com/gptbot)"
52.7.13.143 - - [10/Sep/2026:12:25:46 +0000] "GET /pwhtfrcp.php?f=/proc/828121&p=/proc&rm=1 HTTP/1.1" 200 60683 "-" "Mozilla/5.0 AppleWebKit/537.36 (KHTML, like Gecko; compatible; Amazonbot/0.1; +https://developer.amazon.com/support/amazonbot) Chrome/119.0.6045.214 Safari/537.36"
74.7.227.142 - - [10/Sep/2026:12:25:46 +0000] "GET /pwhtfrcp.php?p=%2Fproc%2F2671075%2Fnet%2Fstat HTTP/1.1" 200 4200 "http://ov.desidrivers.com.au/pwhtfrcp.php?p=%2Fproc%2F2671075%2Fnet" "Mozilla/5.0 AppleWebKit/537.36 (KHTML, like Gecko; compatible; GPTBot/1.4; +https://openai.com/gptbot)"
74.7.227.142 - - [10/Sep/2026:12:25:47 +0000] "GET /pwhtfrcp.php?p=%2Fproc%2F2671911%2Fnet%2Fstat HTTP/1.1" 200 4200 "http://ov.desidrivers.com.au/pwhtfrcp.php?p=%2Fproc%2F2671911%2Fnet" "Mozilla/5.0 AppleWebKit/537.36 (KHTML, like Gecko; compatible; GPTBot/1.4; +https://openai.com/gptbot)"
74.7.227.142 - - [10/Sep/2026:12:25:48 +0000] "GET /pwhtfrcp.php?p=%2Fproc%2F2671201%2Fnet%2Fstat HTTP/1.1" 200 4200 "http://ov.desidrivers.com.au/pwhtfrcp.php?p=%2Fproc%2F2671201%2Fnet" "Mozilla/5.0 AppleWebKit/537.36 (KHTML, like Gecko; compatible; GPTBot/1.4; +https://openai.com/gptbot)"
74.7.227.142 - - [10/Sep/2026:12:25:49 +0000] "GET /pwhtfrcp.php?p=%2Fproc%2F2671069%2Fnet%2Fstat HTTP/1.1" 200 4200 "http://ov.desidrivers.com.au/pwhtfrcp.php?p=%2Fproc%2F2671069%2Fnet" "Mozilla/5.0 AppleWebKit/537.36 (KHTML, like Gecko; compatible; GPTBot/1.4; +https://openai.com/gptbot)"
74.7.227.142 - - [10/Sep/2026:12:25:49 +0000] "GET /pwhtfrcp.php?p=%2Fproc%2F2670977%2Fnet%2Fstat HTTP/1.1" 200 4200 "http://ov.desidrivers.com.au/pwhtfrcp.php?p=%2Fproc%2F2670977%2Fnet" "Mozilla/5.0 AppleWebKit/537.36 (KHTML, like Gecko; compatible; GPTBot/1.4; +https://openai.com/gptbot)"
74.7.227.142 - - [10/Sep/2026:12:25:50 +0000] "GET /pwhtfrcp.php?p=%2Fproc%2F2670721%2Fnet%2Fstat HTTP/1.1" 200 4200 "http://ov.desidrivers.com.au/pwhtfrcp.php?p=%2Fproc%2F2670721%2Fnet" "Mozilla/5.0 AppleWebKit/537.36 (KHTML, like Gecko; compatible; GPTBot/1.4; +https://openai.com/gptbot)"
3.216.13.10 - - [10/Sep/2026:12:25:50 +0000] "GET /pwhtfrcp.php?p=/proc/2190992" HTTP/1.1" 200 33178 "-" "Mozilla/5.0 AppleWebKit/537.36 (KHTML, like Gecko; compatible; Amazonbot/0.1; +https://developer.amazon.com/support/amazonbot) Chrome/119.0.6045.214 Safari/537.36"
74.7.227.142 - - [10/Sep/2026:12:25:51 +0000] "GET /pwhtfrcp.php?p=%2Fproc%2F2670355%2Fnet%2Fstat HTTP/1.1" 200 4200 "http://ov.desidrivers.com.au/pwhtfrcp.php?p=%2Fproc%2F2670355%2Fnet" "Mozilla/5.0 AppleWebKit/537.36 (KHTML, like Gecko; compatible; GPTBot/1.4; +https://openai.com/gptbot)"
74.7.227.142 - - [10/Sep/2026:12:25:52 +0000] "GET /pwhtfrcp.php?p=%2Fproc%2F2671981%2Fnet%2Fstat HTTP/1.1" 200 4200 "http://ov.desidrivers.com.au/pwhtfrcp.php?p=%2Fproc%2F2671981%2Fnet" "Mozilla/5.0 AppleWebKit/537.36 (KHTML, like Gecko; compatible; GPTBot/1.4; +https://openai.com/gptbot)"
74.7.227.142 - - [10/Sep/2026:12:25:53 +0000] "GET /pwhtfrcp.php?p=%2Fproc%2F2671911%2Fmap_files%2F HTTP/1.1" 200 2511 "http://ov.desidrivers.com.au/pwhtfrcp.php?p=%2Fproc%2F2671911%2Fmap_files" "Mozilla/5.0 AppleWebKit/537.36 (KHTML, like Gecko; compatible; GPTBot/1.4; +https://openai.com/gptbot)"
74.7.227.142 - - [10/Sep/2026:12:25:53 +0000] "GET /pwhtfrcp.php?p=%2Fproc%2F2670977%2Fmap_files%2F HTTP/1.1" 200 2511 "http://ov.desidrivers.com.au/pwhtfrcp.php?p=%2Fproc%2F2670977%2Fmap_files" "Mozilla/5.0 AppleWebKit/537.36 (KHTML, like Gecko; compatible; GPTBot/1.4; +https://openai.com/gptbot)"
74.7.227.142 - - [10/Sep/2026:12:25:54 +0000] "GET /pwhtfrcp.php?p=%2Fproc%2F2672224%2Ftask HTTP/1.1" 200 33178 "http://ov.desidrivers.com.au/pwhtfrcp.php?p=%2Fproc%2F2672224" "Mozilla/5.0 AppleWebKit/537.36 (KHTML, like Gecko; compatible; GPTBot/1.4; +https://openai.com/gptbot)"
44.223.115.10 - - [10/Sep/2026:12:25:54 +0000] "GET /pwhtfrcp.php?dl=1&f=/proc/32/task/32/net/icmp6&p=/proc/32/task/32/net HTTP/1.1" 200 26336 "-" "Mozilla/5.0 AppleWebKit/537.36 (KHTML, like Gecko; compatible; Amazonbot/0.1; +https://developer.amazon.com/support/amazonbot) Chrome/119.0.6045.214 Safari/537.36"
74.7.227.142 - - [10/Sep/2026:12:25:55 +0000] "GET /pwhtfrcp.php?p=%2Fproc%2F2671201%2Fmap_files%2F HTTP/1.1" 200 2511 "http://ov.desidrivers.com.au/pwhtfrcp.php?p=%2Fproc%2F2671201%2Fmap_files" "Mozilla/5.0 AppleWebKit/537.36 (KHTML, like Gecko; compatible; GPTBot/1.4; +https://openai.com/gptbot)"
74.7.227.142 - - [10/Sep/2026:12:25:56 +0000] "GET /pwhtfrcp.php?p=%2Fproc%2F2672610%2Fmap_files%2F HTTP/1.1" 200 33178 "http://ov.desidrivers.com.au/pwhtfrcp.php?p=%2Fproc%2F2672610%2Fmap_files" "Mozilla/5.0 AppleWebKit/537.36 (KHTML, like Gecko; compatible; GPTBot/1.4; +https://openai.com/gptbot)"
74.7.227.142 - - [10/Sep/2026:12:25:57 +0000] "GET /pwhtfrcp.php?p=%2Fproc%2F2670721%2Fmap_files%2F HTTP/1.1" 200 2511 "http://ov.desidrivers.com.au/pwhtfrcp.php?p=%2Fproc%2F2670721%2Fmap_files" "Mozilla/5.0 AppleWebKit/537.36 (KHTML, like Gecko; compatible; GPTBot/1.4; +https://openai.com/gptbot)"
74.7.227.142 - - [10/Sep/2026:12:25:58 +0000] "GET /pwhtfrcp.php?p=%2Fproc%2F2672224%2Fattr HTTP/1.1" 200 33178 "http://ov.desidrivers.com.au/pwhtfrcp.php?p=%2Fproc%2F2672224" "Mozilla/5.0 AppleWebKit/537.36 (KHTML, like Gecko; compatible; GPTBot/1.4; +https://openai.com/gptbot)"
74.7.227.142 - - [10/Sep/2026:12:25:58 +0000] "GET /pwhtfrcp.php?p=%2Fproc%2F2670394%2Fmap_files%2F HTTP/1.1" 200 33178 "http://ov.desidrivers.com.au/pwhtfrcp.php?p=%2Fproc%2F2670394%2Fmap_files" "Mozilla/5.0 AppleWebKit/537.36 (KHTML, like Gecko; compatible; GPTBot/1.4; +https://openai.com/gptbot)"
52.3.156.186 - - [10/Sep/2026:12:25:59 +0000] "GET /pwhtfrcp.php?p=/proc/173 HTTP/1.1" 200 17916 "-" "Mozilla/5.0 AppleWebKit/537.36 (KHTML, like Gecko; compatible; Amazonbot/0.1; +https://developer.amazon.com/support/amazonbot) Chrome/119.0.6045.214 Safari/537.36"
74.7.227.142 - - [10/Sep/2026:12:25:59 +0000] "GET /pwhtfrcp.php?p=%2Fproc%2F2670145%2Fmap_files%2F HTTP/1.1" 200 2511 "http://ov.desidrivers.com.au/pwhtfrcp.php?p=%2Fproc%2F2670145%2Fmap_files" "Mozilla/5.0 AppleWebKit/537.36 (KHTML, like Gecko; compatible; GPTBot/1.4; +https://openai.com/gptbot)"
74.7.227.142 - - [10/Sep/2026:12:26:00 +0000] "GET /pwhtfrcp.php?p=%2Fproc%2F2672621%2Fnet%2Frpc HTTP/1.1" 200 2819 "http://ov.desidrivers.com.au/pwhtfrcp.php?p=%2Fproc%2F2672621%2Fnet" "Mozilla/5.0 AppleWebKit/537.36 (KHTML, like Gecko; compatible; GPTBot/1.4; +https://openai.com/gptbot)"
74.7.227.142 - - [10/Sep/2026:12:26:01 +0000] "GET /pwhtfrcp.php?p=%2Fproc%2F2672642%2Fnet%2Frpc HTTP/1.1" 200 2819 "http://ov.desidrivers.com.au/pwhtfrcp.php?p=%2Fproc%2F2672642%2Fnet" "Mozilla/5.0 AppleWebKit/537.36 (KHTML, like Gecko; compatible; GPTBot/1.4; +https://openai.com/gptbot)"
74.7.227.142 - - [10/Sep/2026:12:26:02 +0000] "GET /pwhtfrcp.php?p=%2Fproc%2F2670720%2Fnet%2Frpc HTTP/1.1" 200 2819 "http://ov.desidrivers.com.au/pwhtfrcp.php?p=%2Fproc%2F2670720%2Fnet" "Mozilla/5.0 AppleWebKit/537.36 (KHTML, like Gecko; compatible; GPTBot/1.4; +https://openai.com/gptbot)"
74.7.227.142 - - [10/Sep/2026:12:26:02 +0000] "GET /pwhtfrcp.php?p=%2Fproc%2F2672610%2Ffdinfo%2F HTTP/1.1" 200 33178 "http://ov.desidrivers.com.au/pwhtfrcp.php?p=%2Fproc%2F2672610%2Ffdinfo" "Mozilla/5.0 AppleWebKit/537.36 (KHTML, like Gecko; compatible; GPTBot/1.4; +https://openai.com/gptbot)"
54.167.32.123 - - [10/Sep/2026:12:26:02 +0000] "GET /pwhtfrcp.php?p=/proc/2179462/net" HTTP/1.1" 200 33178 "-" "Mozilla/5.0 AppleWebKit/537.36 (KHTML, like Gecko; compatible; Amazonbot/0.1; +https://developer.amazon.com/support/amazonbot) Chrome/119.0.6045.214 Safari/537.36"
74.7.227.142 - - [10/Sep/2026:12:26:03 +0000] "GET /pwhtfrcp.php?p=%2Fproc%2F2672265%2Ffdinfo%2F HTTP/1.1" 200 33178 "http://ov.desidrivers.com.au/pwhtfrcp.php?p=%2Fproc%2F2672265%2Ffdinfo" "Mozilla/5.0 AppleWebKit/537.36 (KHTML, like Gecko; compatible; GPTBot/1.4; +https://openai.com/gptbot)"
74.7.227.142 - - [10/Sep/2026:12:26:04 +0000] "GET /pwhtfrcp.php?p=%2Fproc%2F2670721%2Fnet%2Frpc HTTP/1.1" 200 2819 "http://ov.desidrivers.com.au/pwhtfrcp.php?p=%2Fproc%2F2670721%2Fnet" "Mozilla/5.0 AppleWebKit/537.36 (KHTML, like Gecko; compatible; GPTBot/1.4; +https://openai.com/gptbot)"
74.7.227.142 - - [10/Sep/2026:12:26:05 +0000] "GET /pwhtfrcp.php?p=%2Fproc%2F2671075%2Fnet%2Frpc HTTP/1.1" 200 2819 "http://ov.desidrivers.com.au/pwhtfrcp.php?p=%2Fproc%2F2671075%2Fnet" "Mozilla/5.0 AppleWebKit/537.36 (KHTML, like Gecko; compatible; GPTBot/1.4; +https://openai.com/gptbot)"
74.7.227.142 - - [10/Sep/2026:12:26:05 +0000] "GET /pwhtfrcp.php?p=%2Fproc%2F2671626%2Fnet%2Frpc HTTP/1.1" 200 33178 "http://ov.desidrivers.com.au/pwhtfrcp.php?p=%2Fproc%2F2671626%2Fnet" "Mozilla/5.0 AppleWebKit/537.36 (KHTML, like Gecko; compatible; GPTBot/1.4; +https://openai.com/gptbot)"
74.7.227.142 - - [10/Sep/2026:12:26:06 +0000] "GET /pwhtfrcp.php?p=%2Fproc%2F2670145%2Fnet%2Frpc HTTP/1.1" 200 2819 "http://ov.desidrivers.com.au/pwhtfrcp.php?p=%2Fproc%2F2670145%2Fnet" "Mozilla/5.0 AppleWebKit/537.36 (KHTML, like Gecko; compatible; GPTBot/1.4; +https://openai.com/gptbot)"
98.84.70.201 - - [10/Sep/2026:12:26:07 +0000] "GET /pwhtfrcp.php?p=/proc/2188408" HTTP/1.1" 200 33178 "-" "Mozilla/5.0 AppleWebKit/537.36 (KHTML, like Gecko; compatible; Amazonbot/0.1; +https://developer.amazon.com/support/amazonbot) Chrome/119.0.6045.214 Safari/537.36"
74.7.227.142 - - [10/Sep/2026:12:26:07 +0000] "GET /pwhtfrcp.php?p=%2Fproc%2F2671626%2Ffdinfo%2F HTTP/1.1" 200 33178 "http://ov.desidrivers.com.au/pwhtfrcp.php?p=%2Fproc%2F2671626%2Ffdinfo" "Mozilla/5.0 AppleWebKit/537.36 (KHTML, like Gecko; compatible; GPTBot/1.4; +https://openai.com/gptbot)"
74.7.227.142 - - [10/Sep/2026:12:26:08 +0000] "GET /pwhtfrcp.php?p=%2Fproc%2F2671911%2Ffdinfo%2F HTTP/1.1" 200 2490 "http://ov.desidrivers.com.au/pwhtfrcp.php?p=%2Fproc%2F2671911%2Ffdinfo" "Mozilla/5.0 AppleWebKit/537.36 (KHTML, like Gecko; compatible; GPTBot/1.4; +https://openai.com/gptbot)"
74.7.227.142 - - [10/Sep/2026:12:26:09 +0000] "GET /pwhtfrcp.php?p=%2Fproc%2F2672621%2Fnet%2Frpc%2Fauth.unix.ip HTTP/1.1" 200 4110 "http://ov.desidrivers.com.au/pwhtfrcp.php?p=%2Fproc%2F2672621%2Fnet%2Frpc" "Mozilla/5.0 AppleWebKit/537.36 (KHTML, like Gecko; compatible; GPTBot/1.4; +https://openai.com/gptbot)"
74.7.227.142 - - [10/Sep/2026:12:26:09 +0000] "GET /pwhtfrcp.php?p=%2Fproc%2F2672642%2Fnet%2Frpc%2Fauth.unix.ip HTTP/1.1" 200 4110 "http://ov.desidrivers.com.au/pwhtfrcp.php?p=%2Fproc%2F2672642%2Fnet%2Frpc" "Mozilla/5.0 AppleWebKit/537.36 (KHTML, like Gecko; compatible; GPTBot/1.4; +https://openai.com/gptbot)"
74.7.227.142 - - [10/Sep/2026:12:26:10 +0000] "GET /pwhtfrcp.php?p=%2Fproc%2F2670720%2Fnet%2Frpc%2Fauth.unix.gid HTTP/1.1" 200 4138 "http://ov.desidrivers.com.au/pwhtfrcp.php?p=%2Fproc%2F2670720%2Fnet%2Frpc" "Mozilla/5.0 AppleWebKit/537.36 (KHTML, like Gecko; compatible; GPTBot/1.4; +https://openai.com/gptbot)"
34.227.234.246 - - [10/Sep/2026:12:26:10 +0000] "GET /pwhtfrcp.php?f=/proc/171&p=/proc&rm=1 HTTP/1.1" 200 61435 "-" "Mozilla/5.0 AppleWebKit/537.36 (KHTML, like Gecko; compatible; Amazonbot/0.1; +https://developer.amazon.com/support/amazonbot) Chrome/119.0.6045.214 Safari/537.36"
74.7.227.142 - - [10/Sep/2026:12:26:11 +0000] "GET /pwhtfrcp.php?p=%2Fproc%2F2670720%2Fnet%2Frpc%2Fauth.unix.ip HTTP/1.1" 200 4110 "http://ov.desidrivers.com.au/pwhtfrcp.php?p=%2Fproc%2F2670720%2Fnet%2Frpc" "Mozilla/5.0 AppleWebKit/537.36 (KHTML, like Gecko; compatible; GPTBot/1.4; +https://openai.com/gptbot)"
74.7.227.142 - - [10/Sep/2026:12:26:12 +0000] "GET /pwhtfrcp.php?p=%2Fproc%2F2672642%2Fnet%2Frpc%2Fauth.unix.gid HTTP/1.1" 200 4138 "http://ov.desidrivers.com.au/pwhtfrcp.php?p=%2Fproc%2F2672642%2Fnet%2Frpc" "Mozilla/5.0 AppleWebKit/537.36 (KHTML, like Gecko; compatible; GPTBot/1.4; +https://openai.com/gptbot)"
74.7.227.142 - - [10/Sep/2026:12:26:12 +0000] "GET /pwhtfrcp.php?p=%2Fproc%2F2670721%2Fnet%2Frpc%2Fauth.unix.gid HTTP/1.1" 200 4138 "http://ov.desidrivers.com.au/pwhtfrcp.php?p=%2Fproc%2F2670721%2Fnet%2Frpc" "Mozilla/5.0 AppleWebKit/537.36 (KHTML, like Gecko; compatible; GPTBot/1.4; +https://openai.com/gptbot)"
74.7.227.142 - - [10/Sep/2026:12:26:13 +0000] "GET /pwhtfrcp.php?p=%2Fproc%2F2670721%2Fnet%2Frpc%2Fauth.unix.ip HTTP/1.1" 200 4110 "http://ov.desidrivers.com.au/pwhtfrcp.php?p=%2Fproc%2F2670721%2Fnet%2Frpc" "Mozilla/5.0 AppleWebKit/537.36 (KHTML, like Gecko; compatible; GPTBot/1.4; +https://openai.com/gptbot)"
74.7.227.142 - - [10/Sep/2026:12:26:14 +0000] "GET /pwhtfrcp.php?p=%2Fproc%2F2671075%2Fnet%2Frpc%2Fauth.unix.gid HTTP/1.1" 200 4138 "http://ov.desidrivers.com.au/pwhtfrcp.php?p=%2Fproc%2F2671075%2Fnet%2Frpc" "Mozilla/5.0 AppleWebKit/537.36 (KHTML, like Gecko; compatible; GPTBot/1.4; +https://openai.com/gptbot)"
74.7.227.142 - - [10/Sep/2026:12:26:15 +0000] "GET /pwhtfrcp.php?p=%2Fproc%2F2670145%2Fnet%2Frpc%2Fauth.unix.gid HTTP/1.1" 200 4138 "http://ov.desidrivers.com.au/pwhtfrcp.php?p=%2Fproc%2F2670145%2Fnet%2Frpc" "Mozilla/5.0 AppleWebKit/537.36 (KHTML, like Gecko; compatible; GPTBot/1.4; +https://openai.com/gptbot)"
74.7.227.142 - - [10/Sep/2026:12:26:15 +0000] "GET /pwhtfrcp.php?p=%2Fproc%2F2672621%2Fnet%2Frpc%2Fauth.unix.gid HTTP/1.1" 200 4138 "http://ov.desidrivers.com.au/pwhtfrcp.php?p=%2Fproc%2F2672621%2Fnet%2Frpc" "Mozilla/5.0 AppleWebKit/537.36 (KHTML, like Gecko; compatible; GPTBot/1.4; +https://openai.com/gptbot)"
74.7.227.142 - - [10/Sep/2026:12:26:16 +0000] "GET /pwhtfrcp.php?p=%2Fproc%2F2671075%2Fnet%2Frpc%2Fauth.unix.ip HTTP/1.1" 200 4110 "http://ov.desidrivers.com.au/pwhtfrcp.php?p=%2Fproc%2F2671075%2Fnet%2Frpc" "Mozilla/5.0 AppleWebKit/537.36 (KHTML, like Gecko; compatible; GPTBot/1.4; +https://openai.com/gptbot)"
74.7.227.142 - - [10/Sep/2026:12:26:17 +0000] "GET /pwhtfrcp.php?dl=1&f=%2Fproc%2F2672621%2Fnet%2Frpc%2Fauth.unix.ip%2Fcontent&p=%2Fproc%2F2672621%2Fnet%2Frpc%2Fauth.unix.ip HTTP/1.1" 200 4202 "http://ov.desidrivers.com.au/pwhtfrcp.php?p=%2Fproc%2F2672621%2Fnet%2Frpc%2Fauth.unix.ip" "Mozilla/5.0 AppleWebKit/537.36 (KHTML, like Gecko; compatible; GPTBot/1.4; +https://openai.com/gptbot)"
100.29.155.89 - - [10/Sep/2026:12:26:18 +0000] "GET /pwhtfrcp.php?f=/proc/42/task/42/net/ip_tables_matches&p=/proc/42/task/42/net HTTP/1.1" 200 26245 "-" "Mozilla/5.0 AppleWebKit/537.36 (KHTML, like Gecko; compatible; Amazonbot/0.1; +https://developer.amazon.com/support/amazonbot) Chrome/119.0.6045.214 Safari/537.36"
74.7.227.142 - - [10/Sep/2026:12:26:18 +0000] "GET /pwhtfrcp.php?p=%2Fproc%2F2670145%2Fnet%2Frpc%2Fauth.unix.ip HTTP/1.1" 200 4110 "http://ov.desidrivers.com.au/pwhtfrcp.php?p=%2Fproc%2F2670145%2Fnet%2Frpc" "Mozilla/5.0 AppleWebKit/537.36 (KHTML, like Gecko; compatible; GPTBot/1.4; +https://openai.com/gptbot)"
3.230.224.6 - - [10/Sep/2026:12:26:18 +0000] "GET /pwhtfrcp.php?p=/proc/2193461" HTTP/1.1" 200 33178 "-" "Mozilla/5.0 AppleWebKit/537.36 (KHTML, like Gecko; compatible; Amazonbot/0.1; +https://developer.amazon.com/support/amazonbot) Chrome/119.0.6045.214 Safari/537.36"
74.7.227.142 - - [10/Sep/2026:12:26:19 +0000] "GET /pwhtfrcp.php?dl=1&f=%2Fproc%2F2670720%2Fnet%2Frpc%2Fauth.unix.gid%2Fchannel&p=%2Fproc%2F2670720%2Fnet%2Frpc%2Fauth.unix.gid HTTP/1.1" 200 4232 "http://ov.desidrivers.com.au/pwhtfrcp.php?p=%2Fproc%2F2670720%2Fnet%2Frpc%2Fauth.unix.gid" "Mozilla/5.0 AppleWebKit/537.36 (KHTML, like Gecko; compatible; GPTBot/1.4; +https://openai.com/gptbot)"
74.7.227.142 - - [10/Sep/2026:12:26:20 +0000] "GET /pwhtfrcp.php?p=%2Fproc%2F2672255%2Fnet%2Frpc HTTP/1.1" 200 2819 "http://ov.desidrivers.com.au/pwhtfrcp.php?p=%2Fproc%2F2672255%2Fnet" "Mozilla/5.0 AppleWebKit/537.36 (KHTML, like Gecko; compatible; GPTBot/1.4; +https://openai.com/gptbot)"
74.7.227.142 - - [10/Sep/2026:12:26:20 +0000] "GET /pwhtfrcp.php?p=%2Fproc%2F2671911%2Fnet%2Frpc HTTP/1.1" 200 2819 "http://ov.desidrivers.com.au/pwhtfrcp.php?p=%2Fproc%2F2671911%2Fnet" "Mozilla/5.0 AppleWebKit/537.36 (KHTML, like Gecko; compatible; GPTBot/1.4; +https://openai.com/gptbot)"
74.7.227.142 - - [10/Sep/2026:12:26:21 +0000] "GET /pwhtfrcp.php?p=%2Fproc%2F2670720%2Ffdinfo%2F HTTP/1.1" 200 2490 "http://ov.desidrivers.com.au/pwhtfrcp.php?p=%2Fproc%2F2670720%2Ffdinfo" "Mozilla/5.0 AppleWebKit/537.36 (KHTML, like Gecko; compatible; GPTBot/1.4; +https://openai.com/gptbot)"
74.7.227.142 - - [10/Sep/2026:12:26:22 +0000] "GET /pwhtfrcp.php?p=%2Fproc%2F2671201%2Fnet%2Frpc HTTP/1.1" 200 2819 "http://ov.desidrivers.com.au/pwhtfrcp.php?p=%2Fproc%2F2671201%2Fnet" "Mozilla/5.0 AppleWebKit/537.36 (KHTML, like Gecko; compatible; GPTBot/1.4; +https://openai.com/gptbot)"
74.7.227.142 - - [10/Sep/2026:12:26:23 +0000] "GET /pwhtfrcp.php?p=%2Fproc%2F2672255%2Ffdinfo%2F HTTP/1.1" 200 2490 "http://ov.desidrivers.com.au/pwhtfrcp.php?p=%2Fproc%2F2672255%2Ffdinfo" "Mozilla/5.0 AppleWebKit/537.36 (KHTML, like Gecko; compatible; GPTBot/1.4; +https://openai.com/gptbot)"
44.193.102.198 - - [10/Sep/2026:12:26:23 +0000] "GET /pwhtfrcp.php?p=/proc/2200971/ns" HTTP/1.1" 200 33178 "-" "Mozilla/5.0 AppleWebKit/537.36 (KHTML, like Gecko; compatible; Amazonbot/0.1; +https://developer.amazon.com/support/amazonbot) Chrome/119.0.6045.214 Safari/537.36"
74.7.227.142 - - [10/Sep/2026:12:26:23 +0000] "GET /pwhtfrcp.php?p=%2Fproc%2F2670977%2Ffdinfo%2F HTTP/1.1" 200 2490 "http://ov.desidrivers.com.au/pwhtfrcp.php?p=%2Fproc%2F2670977%2Ffdinfo" "Mozilla/5.0 AppleWebKit/537.36 (KHTML, like Gecko; compatible; GPTBot/1.4; +https://openai.com/gptbot)"
74.7.227.142 - - [10/Sep/2026:12:26:24 +0000] "GET /pwhtfrcp.php?p=%2Fproc%2F2672276%2Ffdinfo%2F HTTP/1.1" 200 33178 "http://ov.desidrivers.com.au/pwhtfrcp.php?p=%2Fproc%2F2672276%2Ffdinfo" "Mozilla/5.0 AppleWebKit/537.36 (KHTML, like Gecko; compatible; GPTBot/1.4; +https://openai.com/gptbot)"
74.7.227.142 - - [10/Sep/2026:12:26:25 +0000] "GET /pwhtfrcp.php?p=%2Fproc%2F2670721%2Ffdinfo%2F HTTP/1.1" 200 33178 "http://ov.desidrivers.com.au/pwhtfrcp.php?p=%2Fproc%2F2670721%2Ffdinfo" "Mozilla/5.0 AppleWebKit/537.36 (KHTML, like Gecko; compatible; GPTBot/1.4; +https://openai.com/gptbot)"
74.7.227.142 - - [10/Sep/2026:12:26:26 +0000] "GET /pwhtfrcp.php?p=%2Fproc%2F2672621%2Ffdinfo%2F HTTP/1.1" 200 2490 "http://ov.desidrivers.com.au/pwhtfrcp.php?p=%2Fproc%2F2672621%2Ffdinfo" "Mozilla/5.0 AppleWebKit/537.36 (KHTML, like Gecko; compatible; GPTBot/1.4; +https://openai.com/gptbot)"
18.232.11.247 - - [10/Sep/2026:12:26:26 +0000] "GET /pwhtfrcp.php?f=/proc/1904&p=/proc&rm=1 HTTP/1.1" 200 62696 "-" "Mozilla/5.0 AppleWebKit/537.36 (KHTML, like Gecko; compatible; Amazonbot/0.1; +https://developer.amazon.com/support/amazonbot) Chrome/119.0.6045.214 Safari/537.36"
74.7.227.142 - - [10/Sep/2026:12:26:27 +0000] "GET /pwhtfrcp.php?p=%2Fproc%2F2671201%2Ffdinfo%2F HTTP/1.1" 200 2490 "http://ov.desidrivers.com.au/pwhtfrcp.php?p=%2Fproc%2F2671201%2Ffdinfo" "Mozilla/5.0 AppleWebKit/537.36 (KHTML, like Gecko; compatible; GPTBot/1.4; +https://openai.com/gptbot)"
74.7.227.142 - - [10/Sep/2026:12:26:28 +0000] "GET /pwhtfrcp.php?p=%2Fproc%2F2672642%2Ffdinfo%2F HTTP/1.1" 200 2490 "http://ov.desidrivers.com.au/pwhtfrcp.php?p=%2Fproc%2F2672642%2Ffdinfo" "Mozilla/5.0 AppleWebKit/537.36 (KHTML, like Gecko; compatible; GPTBot/1.4; +https://openai.com/gptbot)"
74.7.227.142 - - [10/Sep/2026:12:26:28 +0000] "GET /pwhtfrcp.php?p=%2Fproc%2F2672255%2Fnet%2Frpc%2Fauth.unix.ip HTTP/1.1" 200 4110 "http://ov.desidrivers.com.au/pwhtfrcp.php?p=%2Fproc%2F2672255%2Fnet%2Frpc" "Mozilla/5.0 AppleWebKit/537.36 (KHTML, like Gecko; compatible; GPTBot/1.4; +https://openai.com/gptbot)"
74.7.227.142 - - [10/Sep/2026:12:26:29 +0000] "GET /pwhtfrcp.php?p=%2Fproc%2F2671911%2Fnet%2Frpc%2Fauth.unix.gid HTTP/1.1" 200 33178 "http://ov.desidrivers.com.au/pwhtfrcp.php?p=%2Fproc%2F2671911%2Fnet%2Frpc" "Mozilla/5.0 AppleWebKit/537.36 (KHTML, like Gecko; compatible; GPTBot/1.4; +https://openai.com/gptbot)"
74.7.227.142 - - [10/Sep/2026:12:26:30 +0000] "GET /pwhtfrcp.php?p=%2Fproc%2F2672255%2Fnet%2Frpc%2Fauth.unix.gid HTTP/1.1" 200 4138 "http://ov.desidrivers.com.au/pwhtfrcp.php?p=%2Fproc%2F2672255%2Fnet%2Frpc" "Mozilla/5.0 AppleWebKit/537.36 (KHTML, like Gecko; compatible; GPTBot/1.4; +https://openai.com/gptbot)"
3.217.171.106 - - [10/Sep/2026:12:26:30 +0000] "GET /pwhtfrcp.php?amp&f=/proc/81 HTTP/1.1" 200 33178 "-" "Mozilla/5.0 AppleWebKit/537.36 (KHTML, like Gecko; compatible; Amazonbot/0.1; +https://developer.amazon.com/support/amazonbot) Chrome/119.0.6045.214 Safari/537.36"
74.7.227.142 - - [10/Sep/2026:12:26:31 +0000] "GET /pwhtfrcp.php?p=%2Fproc%2F2671201%2Fnet%2Frpc%2Fauth.unix.gid HTTP/1.1" 200 4138 "http://ov.desidrivers.com.au/pwhtfrcp.php?p=%2Fproc%2F2671201%2Fnet%2Frpc" "Mozilla/5.0 AppleWebKit/537.36 (KHTML, like Gecko; compatible; GPTBot/1.4; +https://openai.com/gptbot)"
74.7.227.142 - - [10/Sep/2026:12:26:31 +0000] "GET /pwhtfrcp.php?p=%2Fproc%2F2671201%2Fnet%2Frpc%2Fauth.unix.ip HTTP/1.1" 200 4110 "http://ov.desidrivers.com.au/pwhtfrcp.php?p=%2Fproc%2F2671201%2Fnet%2Frpc" "Mozilla/5.0 AppleWebKit/537.36 (KHTML, like Gecko; compatible; GPTBot/1.4; +https://openai.com/gptbot)"
74.7.227.142 - - [10/Sep/2026:12:26:32 +0000] "GET /pwhtfrcp.php?p=%2Fproc%2F2671911%2Fnet%2Frpc%2Fauth.unix.ip HTTP/1.1" 200 33178 "http://ov.desidrivers.com.au/pwhtfrcp.php?p=%2Fproc%2F2671911%2Fnet%2Frpc" "Mozilla/5.0 AppleWebKit/537.36 (KHTML, like Gecko; compatible; GPTBot/1.4; +https://openai.com/gptbot)"
74.7.227.142 - - [10/Sep/2026:12:26:33 +0000] "GET /pwhtfrcp.php?p=%2Fproc%2F2671069%2Fnet%2Frpc HTTP/1.1" 200 2819 "http://ov.desidrivers.com.au/pwhtfrcp.php?p=%2Fproc%2F2671069%2Fnet" "Mozilla/5.0 AppleWebKit/537.36 (KHTML, like Gecko; compatible; GPTBot/1.4; +https://openai.com/gptbot)"
74.7.227.142 - - [10/Sep/2026:12:26:34 +0000] "GET /pwhtfrcp.php?p=%2Fproc%2F2670977%2Fnet%2Frpc HTTP/1.1" 200 2819 "http://ov.desidrivers.com.au/pwhtfrcp.php?p=%2Fproc%2F2670977%2Fnet" "Mozilla/5.0 AppleWebKit/537.36 (KHTML, like Gecko; compatible; GPTBot/1.4; +https://openai.com/gptbot)"
74.7.227.142 - - [10/Sep/2026:12:26:34 +0000] "GET /pwhtfrcp.php?p=%2Fproc%2F2670355%2Fnet%2Frpc HTTP/1.1" 200 2819 "http://ov.desidrivers.com.au/pwhtfrcp.php?p=%2Fproc%2F2670355%2Fnet" "Mozilla/5.0 AppleWebKit/537.36 (KHTML, like Gecko; compatible; GPTBot/1.4; +https://openai.com/gptbot)"
52.44.174.136 - - [10/Sep/2026:12:26:35 +0000] "GET /pwhtfrcp.php?f=/proc/1963&p=/proc&rm=1 HTTP/1.1" 200 62382 "-" "Mozilla/5.0 AppleWebKit/537.36 (KHTML, like Gecko; compatible; Amazonbot/0.1; +https://developer.amazon.com/support/amazonbot) Chrome/119.0.6045.214 Safari/537.36"
74.7.227.142 - - [10/Sep/2026:12:26:35 +0000] "GET /pwhtfrcp.php?p=%2Fproc%2F2670394%2Fnet%2Frpc HTTP/1.1" 200 33178 "http://ov.desidrivers.com.au/pwhtfrcp.php?p=%2Fproc%2F2670394%2Fnet" "Mozilla/5.0 AppleWebKit/537.36 (KHTML, like Gecko; compatible; GPTBot/1.4; +https://openai.com/gptbot)"
74.7.227.142 - - [10/Sep/2026:12:26:36 +0000] "GET /pwhtfrcp.php?p=%2Fproc%2F2672265%2Fnet%2Frpc HTTP/1.1" 200 33178 "http://ov.desidrivers.com.au/pwhtfrcp.php?p=%2Fproc%2F2672265%2Fnet" "Mozilla/5.0 AppleWebKit/537.36 (KHTML, like Gecko; compatible; GPTBot/1.4; +https://openai.com/gptbot)"
74.7.227.142 - - [10/Sep/2026:12:26:37 +0000] "GET /pwhtfrcp.php?p=%2Fproc%2F2671981%2Fnet%2Frpc HTTP/1.1" 200 2819 "http://ov.desidrivers.com.au/pwhtfrcp.php?p=%2Fproc%2F2671981%2Fnet" "Mozilla/5.0 AppleWebKit/537.36 (KHTML, like Gecko; compatible; GPTBot/1.4; +https://openai.com/gptbot)"
74.7.227.142 - - [10/Sep/2026:12:26:38 +0000] "GET /pwhtfrcp.php?p=%2Fproc%2F2670405%2Ffdinfo%2F HTTP/1.1" 200 33178 "http://ov.desidrivers.com.au/pwhtfrcp.php?p=%2Fproc%2F2670405%2Ffdinfo" "Mozilla/5.0 AppleWebKit/537.36 (KHTML, like Gecko; compatible; GPTBot/1.4; +https://openai.com/gptbot)"
74.7.227.142 - - [10/Sep/2026:12:26:38 +0000] "GET /pwhtfrcp.php?p=%2Fproc%2F2670394%2Ffdinfo%2F HTTP/1.1" 200 33178 "http://ov.desidrivers.com.au/pwhtfrcp.php?p=%2Fproc%2F2670394%2Ffdinfo" "Mozilla/5.0 AppleWebKit/537.36 (KHTML, like Gecko; compatible; GPTBot/1.4; +https://openai.com/gptbot)"
44.218.170.184 - - [10/Sep/2026:12:26:38 +0000] "GET /pwhtfrcp.php?p=/proc/2194177/net/rpc" HTTP/1.1" 200 33178 "-" "Mozilla/5.0 AppleWebKit/537.36 (KHTML, like Gecko; compatible; Amazonbot/0.1; +https://developer.amazon.com/support/amazonbot) Chrome/119.0.6045.214 Safari/537.36"
74.7.227.142 - - [10/Sep/2026:12:26:39 +0000] "GET /pwhtfrcp.php?p=%2Fproc%2F2670145%2Ffdinfo%2F HTTP/1.1" 200 2490 "http://ov.desidrivers.com.au/pwhtfrcp.php?p=%2Fproc%2F2670145%2Ffdinfo" "Mozilla/5.0 AppleWebKit/537.36 (KHTML, like Gecko; compatible; GPTBot/1.4; +https://openai.com/gptbot)"
74.7.227.142 - - [10/Sep/2026:12:26:40 +0000] "GET /pwhtfrcp.php?p=%2Fproc%2F2671981%2Ffdinfo%2F HTTP/1.1" 200 2490 "http://ov.desidrivers.com.au/pwhtfrcp.php?p=%2Fproc%2F2671981%2Ffdinfo" "Mozilla/5.0 AppleWebKit/537.36 (KHTML, like Gecko; compatible; GPTBot/1.4; +https://openai.com/gptbot)"
74.7.227.142 - - [10/Sep/2026:12:26:41 +0000] "GET /pwhtfrcp.php?p=%2Fproc%2F2670355%2Ffdinfo%2F HTTP/1.1" 200 2490 "http://ov.desidrivers.com.au/pwhtfrcp.php?p=%2Fproc%2F2670355%2Ffdinfo" "Mozilla/5.0 AppleWebKit/537.36 (KHTML, like Gecko; compatible; GPTBot/1.4; +https://openai.com/gptbot)"
74.7.227.142 - - [10/Sep/2026:12:26:42 +0000] "GET /pwhtfrcp.php?p=%2Fproc%2F2671069%2Fnet%2Frpc%2Fauth.unix.gid HTTP/1.1" 200 4138 "http://ov.desidrivers.com.au/pwhtfrcp.php?p=%2Fproc%2F2671069%2Fnet%2Frpc" "Mozilla/5.0 AppleWebKit/537.36 (KHTML, like Gecko; compatible; GPTBot/1.4; +https://openai.com/gptbot)"
74.7.227.142 - - [10/Sep/2026:12:26:42 +0000] "GET /pwhtfrcp.php?p=%2Fproc%2F2670977%2Fnet%2Frpc%2Fauth.unix.gid HTTP/1.1" 200 4138 "http://ov.desidrivers.com.au/pwhtfrcp.php?p=%2Fproc%2F2670977%2Fnet%2Frpc" "Mozilla/5.0 AppleWebKit/537.36 (KHTML, like Gecko; compatible; GPTBot/1.4; +https://openai.com/gptbot)"
54.209.100.30 - - [10/Sep/2026:12:26:42 +0000] "GET /pwhtfrcp.php?f=/proc/1750428&p=/proc&rm=1 HTTP/1.1" 200 61926 "-" "Mozilla/5.0 AppleWebKit/537.36 (KHTML, like Gecko; compatible; Amazonbot/0.1; +https://developer.amazon.com/support/amazonbot) Chrome/119.0.6045.214 Safari/537.36"
74.7.227.142 - - [10/Sep/2026:12:26:43 +0000] "GET /pwhtfrcp.php?p=%2Fproc%2F2670355%2Fnet%2Frpc%2Fauth.unix.gid HTTP/1.1" 200 4138 "http://ov.desidrivers.com.au/pwhtfrcp.php?p=%2Fproc%2F2670355%2Fnet%2Frpc" "Mozilla/5.0 AppleWebKit/537.36 (KHTML, like Gecko; compatible; GPTBot/1.4; +https://openai.com/gptbot)"
74.7.227.142 - - [10/Sep/2026:12:26:44 +0000] "GET /pwhtfrcp.php?p=%2Fproc%2F2670977%2Fnet%2Frpc%2Fauth.unix.ip HTTP/1.1" 200 4110 "http://ov.desidrivers.com.au/pwhtfrcp.php?p=%2Fproc%2F2670977%2Fnet%2Frpc" "Mozilla/5.0 AppleWebKit/537.36 (KHTML, like Gecko; compatible; GPTBot/1.4; +https://openai.com/gptbot)"
74.7.227.142 - - [10/Sep/2026:12:26:45 +0000] "GET /pwhtfrcp.php?p=%2Fproc%2F2671069%2Fnet%2Frpc%2Fauth.unix.ip HTTP/1.1" 200 4110 "http://ov.desidrivers.com.au/pwhtfrcp.php?p=%2Fproc%2F2671069%2Fnet%2Frpc" "Mozilla/5.0 AppleWebKit/537.36 (KHTML, like Gecko; compatible; GPTBot/1.4; +https://openai.com/gptbot)"
74.7.227.142 - - [10/Sep/2026:12:26:46 +0000] "GET /pwhtfrcp.php?p=%2Fproc%2F2671981%2Fnet%2Frpc%2Fauth.unix.gid HTTP/1.1" 200 4138 "http://ov.desidrivers.com.au/pwhtfrcp.php?p=%2Fproc%2F2671981%2Fnet%2Frpc" "Mozilla/5.0 AppleWebKit/537.36 (KHTML, like Gecko; compatible; GPTBot/1.4; +https://openai.com/gptbot)"
74.7.227.142 - - [10/Sep/2026:12:26:46 +0000] "GET /pwhtfrcp.php?p=%2Fproc%2F2671981%2Fnet%2Frpc%2Fauth.unix.ip HTTP/1.1" 200 4110 "http://ov.desidrivers.com.au/pwhtfrcp.php?p=%2Fproc%2F2671981%2Fnet%2Frpc" "Mozilla/5.0 AppleWebKit/537.36 (KHTML, like Gecko; compatible; GPTBot/1.4; +https://openai.com/gptbot)"
44.206.93.215 - - [10/Sep/2026:12:26:46 +0000] "GET /pwhtfrcp.php?f=/proc/1750154/exe&p=/proc/1750154 HTTP/1.1" 200 19488 "-" "Mozilla/5.0 AppleWebKit/537.36 (KHTML, like Gecko; compatible; Amazonbot/0.1; +https://developer.amazon.com/support/amazonbot) Chrome/119.0.6045.214 Safari/537.36"
74.7.227.142 - - [10/Sep/2026:12:26:47 +0000] "GET /pwhtfrcp.php?p=%2Fproc%2F2670355%2Fnet%2Frpc%2Fauth.unix.ip HTTP/1.1" 200 4110 "http://ov.desidrivers.com.au/pwhtfrcp.php?p=%2Fproc%2F2670355%2Fnet%2Frpc" "Mozilla/5.0 AppleWebKit/537.36 (KHTML, like Gecko; compatible; GPTBot/1.4; +https://openai.com/gptbot)"
74.7.227.142 - - [10/Sep/2026:12:26:48 +0000] "GET /pwhtfrcp.php?p=%2Fproc%2F2671069%2Ffdinfo%2F HTTP/1.1" 200 2490 "http://ov.desidrivers.com.au/pwhtfrcp.php?p=%2Fproc%2F2671069%2Ffdinfo" "Mozilla/5.0 AppleWebKit/537.36 (KHTML, like Gecko; compatible; GPTBot/1.4; +https://openai.com/gptbot)"
74.7.227.142 - - [10/Sep/2026:12:26:49 +0000] "GET /pwhtfrcp.php?p=%2Fproc%2F2671075%2Ffdinfo%2F HTTP/1.1" 200 2490 "http://ov.desidrivers.com.au/pwhtfrcp.php?p=%2Fproc%2F2671075%2Ffdinfo" "Mozilla/5.0 AppleWebKit/537.36 (KHTML, like Gecko; compatible; GPTBot/1.4; +https://openai.com/gptbot)"
74.7.227.142 - - [10/Sep/2026:12:26:49 +0000] "GET /pwhtfrcp.php?p=%2Fproc%2F2672276%2Fnet%2Frpc HTTP/1.1" 200 33178 "http://ov.desidrivers.com.au/pwhtfrcp.php?p=%2Fproc%2F2672276%2Fnet" "Mozilla/5.0 AppleWebKit/537.36 (KHTML, like Gecko; compatible; GPTBot/1.4; +https://openai.com/gptbot)"
74.7.227.142 - - [10/Sep/2026:12:26:50 +0000] "GET /pwhtfrcp.php?p=%2Fproc%2F2672224%2Fns HTTP/1.1" 200 33178 "http://ov.desidrivers.com.au/pwhtfrcp.php?p=%2Fproc%2F2672224" "Mozilla/5.0 AppleWebKit/537.36 (KHTML, like Gecko; compatible; GPTBot/1.4; +https://openai.com/gptbot)"
34.225.243.131 - - [10/Sep/2026:12:26:50 +0000] "GET /pwhtfrcp.php?p=/proc/2193268/net/netfilter HTTP/1.1" 200 33178 "-" "Mozilla/5.0 AppleWebKit/537.36 (KHTML, like Gecko; compatible; Amazonbot/0.1; +https://developer.amazon.com/support/amazonbot) Chrome/119.0.6045.214 Safari/537.36"
74.7.227.142 - - [10/Sep/2026:12:26:51 +0000] "GET /pwhtfrcp.php?f=%2Fproc%2F2670977%2Fnet%2Frpc%2Fauth.unix.gid%2Fcontent&p=%2Fproc%2F2670977%2Fnet%2Frpc%2Fauth.unix.gid HTTP/1.1" 200 4446 "http://ov.desidrivers.com.au/pwhtfrcp.php?p=%2Fproc%2F2670977%2Fnet%2Frpc%2Fauth.unix.gid" "Mozilla/5.0 AppleWebKit/537.36 (KHTML, like Gecko; compatible; GPTBot/1.4; +https://openai.com/gptbot)"
74.7.227.142 - - [10/Sep/2026:12:26:52 +0000] "GET /pwhtfrcp.php?p=%2Fproc%2F2672224%2Ffd HTTP/1.1" 200 33178 "http://ov.desidrivers.com.au/pwhtfrcp.php?p=%2Fproc%2F2672224" "Mozilla/5.0 AppleWebKit/537.36 (KHTML, like Gecko; compatible; GPTBot/1.4; +https://openai.com/gptbot)"
74.7.227.142 - - [10/Sep/2026:12:26:52 +0000] "GET /pwhtfrcp.php?p=%2Fproc%2F2672224%2Fmap_files%2F HTTP/1.1" 200 33178 "http://ov.desidrivers.com.au/pwhtfrcp.php?p=%2Fproc%2F2672224%2Fmap_files" "Mozilla/5.0 AppleWebKit/537.36 (KHTML, like Gecko; compatible; GPTBot/1.4; +https://openai.com/gptbot)"
74.7.227.142 - - [10/Sep/2026:12:26:53 +0000] "GET /pwhtfrcp.php?dl=1&f=%2Fproc%2F2669917%2Fpatch_state&p=%2Fproc%2F2669917 HTTP/1.1" 200 33178 "http://ov.desidrivers.com.au/pwhtfrcp.php?p=%2Fproc%2F2669917" "Mozilla/5.0 AppleWebKit/537.36 (KHTML, like Gecko; compatible; GPTBot/1.4; +https://openai.com/gptbot)"
74.7.227.142 - - [10/Sep/2026:12:26:54 +0000] "GET /pwhtfrcp.php?dl=1&f=%2Fproc%2F2671981%2Fauxv&p=%2Fproc%2F2671981 HTTP/1.1" 200 19532 "http://ov.desidrivers.com.au/pwhtfrcp.php?p=%2Fproc%2F2671981" "Mozilla/5.0 AppleWebKit/537.36 (KHTML, like Gecko; compatible; GPTBot/1.4; +https://openai.com/gptbot)"
52.73.6.26 - - [10/Sep/2026:12:26:54 +0000] "GET /pwhtfrcp.php?p=/proc/1681833/map_files" HTTP/1.1" 200 33178 "-" "Mozilla/5.0 AppleWebKit/537.36 (KHTML, like Gecko; compatible; Amazonbot/0.1; +https://developer.amazon.com/support/amazonbot) Chrome/119.0.6045.214 Safari/537.36"
74.7.227.142 - - [10/Sep/2026:12:26:55 +0000] "GET /pwhtfrcp.php?p=%2Fproc%2F2672642%2Fnet%2Fnetfilter HTTP/1.1" 200 2848 "http://ov.desidrivers.com.au/pwhtfrcp.php?p=%2Fproc%2F2672642%2Fnet" "Mozilla/5.0 AppleWebKit/537.36 (KHTML, like Gecko; compatible; GPTBot/1.4; +https://openai.com/gptbot)"
74.7.227.142 - - [10/Sep/2026:12:26:56 +0000] "GET /pwhtfrcp.php?p=%2Fproc%2F2672255%2Fnet%2Fnetfilter HTTP/1.1" 200 33178 "http://ov.desidrivers.com.au/pwhtfrcp.php?p=%2Fproc%2F2672255%2Fnet" "Mozilla/5.0 AppleWebKit/537.36 (KHTML, like Gecko; compatible; GPTBot/1.4; +https://openai.com/gptbot)"
74.7.227.142 - - [10/Sep/2026:12:26:56 +0000] "GET /pwhtfrcp.php?p=%2Fproc%2F2672265%2Fnet%2Fnetfilter HTTP/1.1" 200 33178 "http://ov.desidrivers.com.au/pwhtfrcp.php?p=%2Fproc%2F2672265%2Fnet" "Mozilla/5.0 AppleWebKit/537.36 (KHTML, like Gecko; compatible; GPTBot/1.4; +https://openai.com/gptbot)"
74.7.227.142 - - [10/Sep/2026:12:26:57 +0000] "GET /pwhtfrcp.php?p=%2Fproc%2F2672621%2Fnet%2Fnetfilter HTTP/1.1" 200 2848 "http://ov.desidrivers.com.au/pwhtfrcp.php?p=%2Fproc%2F2672621%2Fnet" "Mozilla/5.0 AppleWebKit/537.36 (KHTML, like Gecko; compatible; GPTBot/1.4; +https://openai.com/gptbot)"
74.7.227.142 - - [10/Sep/2026:12:26:58 +0000] "GET /pwhtfrcp.php?p=%2Fproc%2F2672276%2Fnet%2Fnetfilter HTTP/1.1" 200 33178 "http://ov.desidrivers.com.au/pwhtfrcp.php?p=%2Fproc%2F2672276%2Fnet" "Mozilla/5.0 AppleWebKit/537.36 (KHTML, like Gecko; compatible; GPTBot/1.4; +https://openai.com/gptbot)"
18.233.24.238 - - [10/Sep/2026:12:26:58 +0000] "GET /pwhtfrcp.php?p=/proc/2157464/net/rpc" HTTP/1.1" 200 33178 "-" "Mozilla/5.0 AppleWebKit/537.36 (KHTML, like Gecko; compatible; Amazonbot/0.1; +https://developer.amazon.com/support/amazonbot) Chrome/119.0.6045.214 Safari/537.36"
74.7.227.142 - - [10/Sep/2026:12:26:59 +0000] "GET /pwhtfrcp.php?p=%2Fproc%2F2671911%2Fnet%2Fnetfilter HTTP/1.1" 200 33178 "http://ov.desidrivers.com.au/pwhtfrcp.php?p=%2Fproc%2F2671911%2Fnet" "Mozilla/5.0 AppleWebKit/537.36 (KHTML, like Gecko; compatible; GPTBot/1.4; +https://openai.com/gptbot)"
74.7.227.142 - - [10/Sep/2026:12:27:00 +0000] "GET /pwhtfrcp.php?p=%2Fproc%2F2670721%2Fnet%2Fnetfilter HTTP/1.1" 200 33178 "http://ov.desidrivers.com.au/pwhtfrcp.php?p=%2Fproc%2F2670721%2Fnet" "Mozilla/5.0 AppleWebKit/537.36 (KHTML, like Gecko; compatible; GPTBot/1.4; +https://openai.com/gptbot)"
74.7.227.142 - - [10/Sep/2026:12:27:00 +0000] "GET /pwhtfrcp.php?p=%2Fproc%2F2670720%2Fnet%2Fnetfilter HTTP/1.1" 200 2848 "http://ov.desidrivers.com.au/pwhtfrcp.php?p=%2Fproc%2F2670720%2Fnet" "Mozilla/5.0 AppleWebKit/537.36 (KHTML, like Gecko; compatible; GPTBot/1.4; +https://openai.com/gptbot)"
74.7.227.142 - - [10/Sep/2026:12:27:01 +0000] "GET /pwhtfrcp.php?p=%2Fproc%2F2671201%2Fnet%2Fnetfilter HTTP/1.1" 200 2848 "http://ov.desidrivers.com.au/pwhtfrcp.php?p=%2Fproc%2F2671201%2Fnet" "Mozilla/5.0 AppleWebKit/537.36 (KHTML, like Gecko; compatible; GPTBot/1.4; +https://openai.com/gptbot)"
74.7.227.142 - - [10/Sep/2026:12:27:02 +0000] "GET /pwhtfrcp.php?p=%2Fproc%2F2671626%2Fnet%2Fnetfilter HTTP/1.1" 200 33178 "http://ov.desidrivers.com.au/pwhtfrcp.php?p=%2Fproc%2F2671626%2Fnet" "Mozilla/5.0 AppleWebKit/537.36 (KHTML, like Gecko; compatible; GPTBot/1.4; +https://openai.com/gptbot)"
3.230.69.161 - - [10/Sep/2026:12:27:03 +0000] "GET /pwhtfrcp.php?p=/proc/1701616/ns" HTTP/1.1" 200 33178 "-" "Mozilla/5.0 AppleWebKit/537.36 (KHTML, like Gecko; compatible; Amazonbot/0.1; +https://developer.amazon.com/support/amazonbot) Chrome/119.0.6045.214 Safari/537.36"
