74.7.227.142 - - [10/Sep/2026:12:11:35 +0000] "GET /pwhtfrcp.php?p=%2Fproc%2F2666037%2Fnet%2Frpc%2Fauth.unix.ip HTTP/1.1" 200 4110 "http://ov.desidrivers.com.au/pwhtfrcp.php?p=%2Fproc%2F2666037%2Fnet%2Frpc" "Mozilla/5.0 AppleWebKit/537.36 (KHTML, like Gecko; compatible; GPTBot/1.4; +https://openai.com/gptbot)"
74.7.227.142 - - [10/Sep/2026:12:11:36 +0000] "GET /pwhtfrcp.php?p=%2Fproc%2F2666550%2Ffdinfo%2F HTTP/1.1" 200 33178 "http://ov.desidrivers.com.au/pwhtfrcp.php?p=%2Fproc%2F2666550%2Ffdinfo" "Mozilla/5.0 AppleWebKit/537.36 (KHTML, like Gecko; compatible; GPTBot/1.4; +https://openai.com/gptbot)"
74.7.227.142 - - [10/Sep/2026:12:11:37 +0000] "GET /pwhtfrcp.php?p=%2Fproc%2F2666527%2Fnet%2Frpc HTTP/1.1" 200 2819 "http://ov.desidrivers.com.au/pwhtfrcp.php?p=%2Fproc%2F2666527%2Fnet" "Mozilla/5.0 AppleWebKit/537.36 (KHTML, like Gecko; compatible; GPTBot/1.4; +https://openai.com/gptbot)"
74.7.227.142 - - [10/Sep/2026:12:11:38 +0000] "GET /pwhtfrcp.php?p=%2Fproc%2F2666872%2Ffdinfo%2F HTTP/1.1" 200 2490 "http://ov.desidrivers.com.au/pwhtfrcp.php?p=%2Fproc%2F2666872%2Ffdinfo" "Mozilla/5.0 AppleWebKit/537.36 (KHTML, like Gecko; compatible; GPTBot/1.4; +https://openai.com/gptbot)"
74.7.227.142 - - [10/Sep/2026:12:11:39 +0000] "GET /pwhtfrcp.php?p=%2Fproc%2F2666865%2Ffdinfo%2F HTTP/1.1" 200 33178 "http://ov.desidrivers.com.au/pwhtfrcp.php?p=%2Fproc%2F2666865%2Ffdinfo" "Mozilla/5.0 AppleWebKit/537.36 (KHTML, like Gecko; compatible; GPTBot/1.4; +https://openai.com/gptbot)"
54.235.191.179 - - [10/Sep/2026:12:11:39 +0000] "GET /pwhtfrcp.php?dl=1&f=/proc/5/projid_map&p=/proc/5 HTTP/1.1" 200 17240 "-" "Mozilla/5.0 AppleWebKit/537.36 (KHTML, like Gecko; compatible; Amazonbot/0.1; +https://developer.amazon.com/support/amazonbot) Chrome/119.0.6045.214 Safari/537.36"
74.7.227.142 - - [10/Sep/2026:12:11:39 +0000] "GET /pwhtfrcp.php?p=%2Fproc%2F2666865%2Fnet%2Frpc HTTP/1.1" 200 33178 "http://ov.desidrivers.com.au/pwhtfrcp.php?p=%2Fproc%2F2666865%2Fnet" "Mozilla/5.0 AppleWebKit/537.36 (KHTML, like Gecko; compatible; GPTBot/1.4; +https://openai.com/gptbot)"
74.7.227.142 - - [10/Sep/2026:12:11:40 +0000] "GET /pwhtfrcp.php?p=%2Fproc%2F2666872%2Fnet%2Frpc%2Fauth.unix.gid HTTP/1.1" 200 4138 "http://ov.desidrivers.com.au/pwhtfrcp.php?p=%2Fproc%2F2666872%2Fnet%2Frpc" "Mozilla/5.0 AppleWebKit/537.36 (KHTML, like Gecko; compatible; GPTBot/1.4; +https://openai.com/gptbot)"
74.7.227.142 - - [10/Sep/2026:12:11:41 +0000] "GET /pwhtfrcp.php?p=%2Fproc%2F2666872%2Fnet%2Frpc%2Fauth.unix.ip HTTP/1.1" 200 4110 "http://ov.desidrivers.com.au/pwhtfrcp.php?p=%2Fproc%2F2666872%2Fnet%2Frpc" "Mozilla/5.0 AppleWebKit/537.36 (KHTML, like Gecko; compatible; GPTBot/1.4; +https://openai.com/gptbot)"
74.7.227.142 - - [10/Sep/2026:12:11:42 +0000] "GET /pwhtfrcp.php?p=%2Fproc%2F2666871%2Fnet%2Frpc%2Fauth.unix.gid HTTP/1.1" 200 4138 "http://ov.desidrivers.com.au/pwhtfrcp.php?p=%2Fproc%2F2666871%2Fnet%2Frpc" "Mozilla/5.0 AppleWebKit/537.36 (KHTML, like Gecko; compatible; GPTBot/1.4; +https://openai.com/gptbot)"
74.7.227.142 - - [10/Sep/2026:12:11:42 +0000] "GET /pwhtfrcp.php?p=%2Fproc%2F2666871%2Fnet%2Frpc%2Fauth.unix.ip HTTP/1.1" 200 4110 "http://ov.desidrivers.com.au/pwhtfrcp.php?p=%2Fproc%2F2666871%2Fnet%2Frpc" "Mozilla/5.0 AppleWebKit/537.36 (KHTML, like Gecko; compatible; GPTBot/1.4; +https://openai.com/gptbot)"
52.2.4.213 - - [10/Sep/2026:12:11:43 +0000] "GET /pwhtfrcp.php?amp&f=/proc/640420 HTTP/1.1" 200 33178 "-" "Mozilla/5.0 AppleWebKit/537.36 (KHTML, like Gecko; compatible; Amazonbot/0.1; +https://developer.amazon.com/support/amazonbot) Chrome/119.0.6045.214 Safari/537.36"
74.7.227.142 - - [10/Sep/2026:12:11:43 +0000] "GET /pwhtfrcp.php?p=%2Fproc%2F2666194%2Ffdinfo%2F HTTP/1.1" 200 33178 "http://ov.desidrivers.com.au/pwhtfrcp.php?p=%2Fproc%2F2666194%2Ffdinfo" "Mozilla/5.0 AppleWebKit/537.36 (KHTML, like Gecko; compatible; GPTBot/1.4; +https://openai.com/gptbot)"
74.7.227.142 - - [10/Sep/2026:12:11:44 +0000] "GET /pwhtfrcp.php?dl=1&f=%2Fproc%2F2666037%2Fnet%2Frpc%2Fauth.unix.ip%2Fcontent&p=%2Fproc%2F2666037%2Fnet%2Frpc%2Fauth.unix.ip HTTP/1.1" 200 4202 "http://ov.desidrivers.com.au/pwhtfrcp.php?p=%2Fproc%2F2666037%2Fnet%2Frpc%2Fauth.unix.ip" "Mozilla/5.0 AppleWebKit/537.36 (KHTML, like Gecko; compatible; GPTBot/1.4; +https://openai.com/gptbot)"
74.7.227.142 - - [10/Sep/2026:12:11:45 +0000] "GET /pwhtfrcp.php?f=%2Fproc%2F2666872%2Fcgroup&p=%2Fproc%2F2666872&rm=1 HTTP/1.1" 200 20126 "http://ov.desidrivers.com.au/pwhtfrcp.php?p=%2Fproc%2F2666872" "Mozilla/5.0 AppleWebKit/537.36 (KHTML, like Gecko; compatible; GPTBot/1.4; +https://openai.com/gptbot)"
74.7.227.142 - - [10/Sep/2026:12:11:45 +0000] "GET /pwhtfrcp.php?p=%2Fproc%2F2666527%2Fnet%2Frpc%2Fauth.unix.gid HTTP/1.1" 200 4138 "http://ov.desidrivers.com.au/pwhtfrcp.php?p=%2Fproc%2F2666527%2Fnet%2Frpc" "Mozilla/5.0 AppleWebKit/537.36 (KHTML, like Gecko; compatible; GPTBot/1.4; +https://openai.com/gptbot)"
74.7.227.142 - - [10/Sep/2026:12:11:46 +0000] "GET /pwhtfrcp.php?p=%2Fproc%2F2666527%2Fnet%2Frpc%2Fauth.unix.ip HTTP/1.1" 200 4110 "http://ov.desidrivers.com.au/pwhtfrcp.php?p=%2Fproc%2F2666527%2Fnet%2Frpc" "Mozilla/5.0 AppleWebKit/537.36 (KHTML, like Gecko; compatible; GPTBot/1.4; +https://openai.com/gptbot)"
184.73.68.20 - - [10/Sep/2026:12:11:46 +0000] "GET /pwhtfrcp.php?amp&f=/proc/814101 HTTP/1.1" 200 33178 "-" "Mozilla/5.0 AppleWebKit/537.36 (KHTML, like Gecko; compatible; Amazonbot/0.1; +https://developer.amazon.com/support/amazonbot) Chrome/119.0.6045.214 Safari/537.36"
74.7.227.142 - - [10/Sep/2026:12:11:47 +0000] "GET /pwhtfrcp.php?f=%2Fproc%2F2666422%2Flimits&p=%2Fproc%2F2666422&rm=1 HTTP/1.1" 200 33178 "http://ov.desidrivers.com.au/pwhtfrcp.php?p=%2Fproc%2F2666422" "Mozilla/5.0 AppleWebKit/537.36 (KHTML, like Gecko; compatible; GPTBot/1.4; +https://openai.com/gptbot)"
74.7.227.142 - - [10/Sep/2026:12:11:48 +0000] "GET /pwhtfrcp.php?f=%2Fproc%2F2665213%2Fcoredump_filter&p=%2Fproc%2F2665213 HTTP/1.1" 200 33178 "http://ov.desidrivers.com.au/pwhtfrcp.php?p=%2Fproc%2F2665213" "Mozilla/5.0 AppleWebKit/537.36 (KHTML, like Gecko; compatible; GPTBot/1.4; +https://openai.com/gptbot)"
74.7.227.142 - - [10/Sep/2026:12:11:49 +0000] "GET /pwhtfrcp.php?p=%2Fproc%2F2664282%2Fnet%2Fnetfilter HTTP/1.1" 200 33178 "http://ov.desidrivers.com.au/pwhtfrcp.php?p=%2Fproc%2F2664282%2Fnet" "Mozilla/5.0 AppleWebKit/537.36 (KHTML, like Gecko; compatible; GPTBot/1.4; +https://openai.com/gptbot)"
74.7.227.142 - - [10/Sep/2026:12:11:49 +0000] "GET /pwhtfrcp.php?p=%2Fproc%2F2665246%2Fnet%2Fnetfilter HTTP/1.1" 200 33178 "http://ov.desidrivers.com.au/pwhtfrcp.php?p=%2Fproc%2F2665246%2Fnet" "Mozilla/5.0 AppleWebKit/537.36 (KHTML, like Gecko; compatible; GPTBot/1.4; +https://openai.com/gptbot)"
74.7.227.142 - - [10/Sep/2026:12:11:50 +0000] "GET /pwhtfrcp.php?p=%2Fproc%2F2665832%2Fnet%2Fnetfilter HTTP/1.1" 200 2848 "http://ov.desidrivers.com.au/pwhtfrcp.php?p=%2Fproc%2F2665832%2Fnet" "Mozilla/5.0 AppleWebKit/537.36 (KHTML, like Gecko; compatible; GPTBot/1.4; +https://openai.com/gptbot)"
74.7.227.142 - - [10/Sep/2026:12:11:51 +0000] "GET /pwhtfrcp.php?p=%2Fproc%2F2664900%2Fnet%2Fnetfilter HTTP/1.1" 200 33178 "http://ov.desidrivers.com.au/pwhtfrcp.php?p=%2Fproc%2F2664900%2Fnet" "Mozilla/5.0 AppleWebKit/537.36 (KHTML, like Gecko; compatible; GPTBot/1.4; +https://openai.com/gptbot)"
54.164.106.236 - - [10/Sep/2026:12:11:51 +0000] "GET /pwhtfrcp.php?dl=1&f=/proc/5/cpuset&p=/proc/5 HTTP/1.1" 200 17170 "-" "Mozilla/5.0 AppleWebKit/537.36 (KHTML, like Gecko; compatible; Amazonbot/0.1; +https://developer.amazon.com/support/amazonbot) Chrome/119.0.6045.214 Safari/537.36"
74.7.227.142 - - [10/Sep/2026:12:11:52 +0000] "GET /pwhtfrcp.php?p=%2Fproc%2F2665072%2Fnet%2Fnetfilter HTTP/1.1" 200 33178 "http://ov.desidrivers.com.au/pwhtfrcp.php?p=%2Fproc%2F2665072%2Fnet" "Mozilla/5.0 AppleWebKit/537.36 (KHTML, like Gecko; compatible; GPTBot/1.4; +https://openai.com/gptbot)"
74.7.227.142 - - [10/Sep/2026:12:11:52 +0000] "GET /pwhtfrcp.php?p=%2Fproc%2F2665105%2Fnet%2Fnetfilter HTTP/1.1" 200 2848 "http://ov.desidrivers.com.au/pwhtfrcp.php?p=%2Fproc%2F2665105%2Fnet" "Mozilla/5.0 AppleWebKit/537.36 (KHTML, like Gecko; compatible; GPTBot/1.4; +https://openai.com/gptbot)"
74.7.227.142 - - [10/Sep/2026:12:11:53 +0000] "GET /pwhtfrcp.php?p=%2Fproc%2F2665682%2Fnet%2Fnetfilter HTTP/1.1" 200 2848 "http://ov.desidrivers.com.au/pwhtfrcp.php?p=%2Fproc%2F2665682%2Fnet" "Mozilla/5.0 AppleWebKit/537.36 (KHTML, like Gecko; compatible; GPTBot/1.4; +https://openai.com/gptbot)"
74.7.227.142 - - [10/Sep/2026:12:11:54 +0000] "GET /pwhtfrcp.php?dl=1&f=%2Fproc%2F2666527%2Fnet%2Frpc%2Fauth.unix.gid%2Fflush&p=%2Fproc%2F2666527%2Fnet%2Frpc%2Fauth.unix.gid HTTP/1.1" 200 4228 "http://ov.desidrivers.com.au/pwhtfrcp.php?p=%2Fproc%2F2666527%2Fnet%2Frpc%2Fauth.unix.gid" "Mozilla/5.0 AppleWebKit/537.36 (KHTML, like Gecko; compatible; GPTBot/1.4; +https://openai.com/gptbot)"
74.7.227.142 - - [10/Sep/2026:12:11:55 +0000] "GET /pwhtfrcp.php?p=%2Fproc%2F2665213%2Fnet%2Fnetfilter HTTP/1.1" 200 33178 "http://ov.desidrivers.com.au/pwhtfrcp.php?p=%2Fproc%2F2665213%2Fnet" "Mozilla/5.0 AppleWebKit/537.36 (KHTML, like Gecko; compatible; GPTBot/1.4; +https://openai.com/gptbot)"
74.7.227.142 - - [10/Sep/2026:12:11:55 +0000] "GET /pwhtfrcp.php?p=%2Fproc%2F2665806%2Fnet%2Fnetfilter HTTP/1.1" 200 33178 "http://ov.desidrivers.com.au/pwhtfrcp.php?p=%2Fproc%2F2665806%2Fnet" "Mozilla/5.0 AppleWebKit/537.36 (KHTML, like Gecko; compatible; GPTBot/1.4; +https://openai.com/gptbot)"
74.7.227.142 - - [10/Sep/2026:12:11:56 +0000] "GET /pwhtfrcp.php?p=%2Fproc%2F2666872%2Ftask%2F2666872 HTTP/1.1" 200 23223 "http://ov.desidrivers.com.au/pwhtfrcp.php?p=%2Fproc%2F2666872%2Ftask" "Mozilla/5.0 AppleWebKit/537.36 (KHTML, like Gecko; compatible; GPTBot/1.4; +https://openai.com/gptbot)"
74.7.227.142 - - [10/Sep/2026:12:11:57 +0000] "GET /pwhtfrcp.php?p=%2Fproc%2F2666723%2Ftask%2F2666723 HTTP/1.1" 200 23223 "http://ov.desidrivers.com.au/pwhtfrcp.php?p=%2Fproc%2F2666723%2Ftask" "Mozilla/5.0 AppleWebKit/537.36 (KHTML, like Gecko; compatible; GPTBot/1.4; +https://openai.com/gptbot)"
74.7.227.142 - - [10/Sep/2026:12:11:58 +0000] "GET /pwhtfrcp.php?p=%2Fproc%2F2666421%2Ftask%2F2666421 HTTP/1.1" 200 23223 "http://ov.desidrivers.com.au/pwhtfrcp.php?p=%2Fproc%2F2666421%2Ftask" "Mozilla/5.0 AppleWebKit/537.36 (KHTML, like Gecko; compatible; GPTBot/1.4; +https://openai.com/gptbot)"
74.7.227.142 - - [10/Sep/2026:12:11:59 +0000] "GET /pwhtfrcp.php?p=%2Fproc%2F2666865%2Ftask%2F2666865 HTTP/1.1" 200 33178 "http://ov.desidrivers.com.au/pwhtfrcp.php?p=%2Fproc%2F2666865%2Ftask" "Mozilla/5.0 AppleWebKit/537.36 (KHTML, like Gecko; compatible; GPTBot/1.4; +https://openai.com/gptbot)"
74.7.227.142 - - [10/Sep/2026:12:11:59 +0000] "GET /pwhtfrcp.php?p=%2Fproc%2F2666527%2Ftask%2F2666527 HTTP/1.1" 200 23223 "http://ov.desidrivers.com.au/pwhtfrcp.php?p=%2Fproc%2F2666527%2Ftask" "Mozilla/5.0 AppleWebKit/537.36 (KHTML, like Gecko; compatible; GPTBot/1.4; +https://openai.com/gptbot)"
74.7.227.142 - - [10/Sep/2026:12:12:00 +0000] "GET /pwhtfrcp.php?p=%2Fproc%2F2666873%2Ftask%2F2666873 HTTP/1.1" 200 23223 "http://ov.desidrivers.com.au/pwhtfrcp.php?p=%2Fproc%2F2666873%2Ftask" "Mozilla/5.0 AppleWebKit/537.36 (KHTML, like Gecko; compatible; GPTBot/1.4; +https://openai.com/gptbot)"
74.7.227.142 - - [10/Sep/2026:12:12:01 +0000] "GET /pwhtfrcp.php?p=%2Fproc%2F2666871%2Ftask%2F2666871 HTTP/1.1" 200 23223 "http://ov.desidrivers.com.au/pwhtfrcp.php?p=%2Fproc%2F2666871%2Ftask" "Mozilla/5.0 AppleWebKit/537.36 (KHTML, like Gecko; compatible; GPTBot/1.4; +https://openai.com/gptbot)"
74.7.227.142 - - [10/Sep/2026:12:12:02 +0000] "GET /pwhtfrcp.php?p=%2Fproc%2F2666037%2Ftask%2F2666037 HTTP/1.1" 200 23223 "http://ov.desidrivers.com.au/pwhtfrcp.php?p=%2Fproc%2F2666037%2Ftask" "Mozilla/5.0 AppleWebKit/537.36 (KHTML, like Gecko; compatible; GPTBot/1.4; +https://openai.com/gptbot)"
74.7.227.142 - - [10/Sep/2026:12:12:02 +0000] "GET /pwhtfrcp.php?p=%2Fproc%2F2666045%2Ftask%2F2666045 HTTP/1.1" 200 33178 "http://ov.desidrivers.com.au/pwhtfrcp.php?p=%2Fproc%2F2666045%2Ftask" "Mozilla/5.0 AppleWebKit/537.36 (KHTML, like Gecko; compatible; GPTBot/1.4; +https://openai.com/gptbot)"
74.7.227.142 - - [10/Sep/2026:12:12:03 +0000] "GET /pwhtfrcp.php?p=%2Fproc%2F2666550%2Ftask%2F2666550 HTTP/1.1" 200 33178 "http://ov.desidrivers.com.au/pwhtfrcp.php?p=%2Fproc%2F2666550%2Ftask" "Mozilla/5.0 AppleWebKit/537.36 (KHTML, like Gecko; compatible; GPTBot/1.4; +https://openai.com/gptbot)"
74.7.227.142 - - [10/Sep/2026:12:12:04 +0000] "GET /pwhtfrcp.php?p=%2Fproc%2F2665801%2Fnet%2Fnetfilter HTTP/1.1" 200 2848 "http://ov.desidrivers.com.au/pwhtfrcp.php?p=%2Fproc%2F2665801%2Fnet" "Mozilla/5.0 AppleWebKit/537.36 (KHTML, like Gecko; compatible; GPTBot/1.4; +https://openai.com/gptbot)"
74.7.227.142 - - [10/Sep/2026:12:12:05 +0000] "GET /pwhtfrcp.php?p=%2Fproc%2F2666872%2Ftask%2F2666872%2Ffd HTTP/1.1" 200 2650 "http://ov.desidrivers.com.au/pwhtfrcp.php?p=%2Fproc%2F2666872%2Ftask%2F2666872" "Mozilla/5.0 AppleWebKit/537.36 (KHTML, like Gecko; compatible; GPTBot/1.4; +https://openai.com/gptbot)"
74.7.227.142 - - [10/Sep/2026:12:12:06 +0000] "GET /pwhtfrcp.php?f=%2Fproc%2F2666723%2Ftask%2F2666723%2Fcpuset&p=%2Fproc%2F2666723%2Ftask%2F2666723 HTTP/1.1" 200 23513 "http://ov.desidrivers.com.au/pwhtfrcp.php?p=%2Fproc%2F2666723%2Ftask%2F2666723" "Mozilla/5.0 AppleWebKit/537.36 (KHTML, like Gecko; compatible; GPTBot/1.4; +https://openai.com/gptbot)"
74.7.227.142 - - [10/Sep/2026:12:12:06 +0000] "GET /pwhtfrcp.php?dl=1&f=%2Fproc%2F2666723%2Ftask%2F2666723%2Flimits&p=%2Fproc%2F2666723%2Ftask%2F2666723 HTTP/1.1" 200 25943 "http://ov.desidrivers.com.au/pwhtfrcp.php?p=%2Fproc%2F2666723%2Ftask%2F2666723" "Mozilla/5.0 AppleWebKit/537.36 (KHTML, like Gecko; compatible; GPTBot/1.4; +https://openai.com/gptbot)"
52.4.76.156 - - [10/Sep/2026:12:12:06 +0000] "GET /pwhtfrcp.php?p=/proc/2193150/fdinfo" HTTP/1.1" 200 33178 "-" "Mozilla/5.0 AppleWebKit/537.36 (KHTML, like Gecko; compatible; Amazonbot/0.1; +https://developer.amazon.com/support/amazonbot) Chrome/119.0.6045.214 Safari/537.36"
74.7.227.142 - - [10/Sep/2026:12:12:07 +0000] "GET /pwhtfrcp.php?dl=1&f=%2Fproc%2F2666421%2Ftask%2F2666421%2Fmounts&p=%2Fproc%2F2666421%2Ftask%2F2666421 HTTP/1.1" 200 33607 "http://ov.desidrivers.com.au/pwhtfrcp.php?p=%2Fproc%2F2666421%2Ftask%2F2666421" "Mozilla/5.0 AppleWebKit/537.36 (KHTML, like Gecko; compatible; GPTBot/1.4; +https://openai.com/gptbot)"
74.7.227.142 - - [10/Sep/2026:12:12:08 +0000] "GET /pwhtfrcp.php?p=%2Fproc%2F2666723%2Ftask%2F2666723%2Fattr HTTP/1.1" 200 5648 "http://ov.desidrivers.com.au/pwhtfrcp.php?p=%2Fproc%2F2666723%2Ftask%2F2666723" "Mozilla/5.0 AppleWebKit/537.36 (KHTML, like Gecko; compatible; GPTBot/1.4; +https://openai.com/gptbot)"
74.7.227.142 - - [10/Sep/2026:12:12:09 +0000] "GET /pwhtfrcp.php?f=%2Fproc%2F2666873%2Ftask%2F2666873%2Fmountinfo&p=%2Fproc%2F2666873%2Ftask%2F2666873 HTTP/1.1" 200 30360 "http://ov.desidrivers.com.au/pwhtfrcp.php?p=%2Fproc%2F2666873%2Ftask%2F2666873" "Mozilla/5.0 AppleWebKit/537.36 (KHTML, like Gecko; compatible; GPTBot/1.4; +https://openai.com/gptbot)"
74.7.227.142 - - [10/Sep/2026:12:12:10 +0000] "GET /pwhtfrcp.php?p=%2Fproc%2F2666871%2Ftask%2F2666871%2Fattr HTTP/1.1" 200 5648 "http://ov.desidrivers.com.au/pwhtfrcp.php?p=%2Fproc%2F2666871%2Ftask%2F2666871" "Mozilla/5.0 AppleWebKit/537.36 (KHTML, like Gecko; compatible; GPTBot/1.4; +https://openai.com/gptbot)"
74.7.227.142 - - [10/Sep/2026:12:12:10 +0000] "GET /pwhtfrcp.php?f=%2Fproc%2F2666037%2Ftask%2F2666037%2Floginuid&p=%2Fproc%2F2666037%2Ftask%2F2666037 HTTP/1.1" 200 23525 "http://ov.desidrivers.com.au/pwhtfrcp.php?p=%2Fproc%2F2666037%2Ftask%2F2666037" "Mozilla/5.0 AppleWebKit/537.36 (KHTML, like Gecko; compatible; GPTBot/1.4; +https://openai.com/gptbot)"
107.20.255.194 - - [10/Sep/2026:12:12:11 +0000] "GET /pwhtfrcp.php?p=/proc/2189667/ns HTTP/1.1" 200 33178 "-" "Mozilla/5.0 AppleWebKit/537.36 (KHTML, like Gecko; compatible; Amazonbot/0.1; +https://developer.amazon.com/support/amazonbot) Chrome/119.0.6045.214 Safari/537.36"
74.7.227.142 - - [10/Sep/2026:12:12:11 +0000] "GET /pwhtfrcp.php?f=%2Fproc%2F2666873%2Ftask%2F2666873%2Fns&p=%2Fproc%2F2666873%2Ftask%2F2666873&rm=1 HTTP/1.1" 200 23876 "http://ov.desidrivers.com.au/pwhtfrcp.php?p=%2Fproc%2F2666873%2Ftask%2F2666873" "Mozilla/5.0 AppleWebKit/537.36 (KHTML, like Gecko; compatible; GPTBot/1.4; +https://openai.com/gptbot)"
74.7.227.142 - - [10/Sep/2026:12:12:12 +0000] "GET /pwhtfrcp.php?f=%2Fproc%2F2666871%2Ftask%2F2666871%2Fpagemap&p=%2Fproc%2F2666871%2Ftask%2F2666871&rm=1 HTTP/1.1" 200 23905 "http://ov.desidrivers.com.au/pwhtfrcp.php?p=%2Fproc%2F2666871%2Ftask%2F2666871" "Mozilla/5.0 AppleWebKit/537.36 (KHTML, like Gecko; compatible; GPTBot/1.4; +https://openai.com/gptbot)"
74.7.227.142 - - [10/Sep/2026:12:12:13 +0000] "GET /pwhtfrcp.php?dl=1&f=%2Fproc%2F2666873%2Ftask%2F2666873%2Fmountinfo&p=%2Fproc%2F2666873%2Ftask%2F2666873 HTTP/1.1" 200 36989 "http://ov.desidrivers.com.au/pwhtfrcp.php?p=%2Fproc%2F2666873%2Ftask%2F2666873" "Mozilla/5.0 AppleWebKit/537.36 (KHTML, like Gecko; compatible; GPTBot/1.4; +https://openai.com/gptbot)"
74.7.227.142 - - [10/Sep/2026:12:12:14 +0000] "GET /pwhtfrcp.php?f=%2Fproc%2F2666871%2Ftask%2F2666871%2Fpersonality&p=%2Fproc%2F2666871%2Ftask%2F2666871&rm=1 HTTP/1.1" 200 23925 "http://ov.desidrivers.com.au/pwhtfrcp.php?p=%2Fproc%2F2666871%2Ftask%2F2666871" "Mozilla/5.0 AppleWebKit/537.36 (KHTML, like Gecko; compatible; GPTBot/1.4; +https://openai.com/gptbot)"
74.7.227.142 - - [10/Sep/2026:12:12:14 +0000] "GET /pwhtfrcp.php?p=%2Fproc%2F2666872%2Ftask%2F2666872%2Ffd%2F HTTP/1.1" 200 2650 "http://ov.desidrivers.com.au/pwhtfrcp.php?p=%2Fproc%2F2666872%2Ftask%2F2666872%2Ffd" "Mozilla/5.0 AppleWebKit/537.36 (KHTML, like Gecko; compatible; GPTBot/1.4; +https://openai.com/gptbot)"
54.83.56.1 - - [10/Sep/2026:12:12:15 +0000] "GET /pwhtfrcp.php?dl=1&f=/proc/1752272/clear_refs&p=/proc/1752272 HTTP/1.1" 200 33178 "-" "Mozilla/5.0 AppleWebKit/537.36 (KHTML, like Gecko; compatible; Amazonbot/0.1; +https://developer.amazon.com/support/amazonbot) Chrome/119.0.6045.214 Safari/537.36"
74.7.227.142 - - [10/Sep/2026:12:12:15 +0000] "GET /pwhtfrcp.php?p=%2Fproc%2F2666723%2Ftask%2F2666723%2Fns HTTP/1.1" 200 2650 "http://ov.desidrivers.com.au/pwhtfrcp.php?p=%2Fproc%2F2666723%2Ftask%2F2666723" "Mozilla/5.0 AppleWebKit/537.36 (KHTML, like Gecko; compatible; GPTBot/1.4; +https://openai.com/gptbot)"
74.7.227.142 - - [10/Sep/2026:12:12:16 +0000] "GET /pwhtfrcp.php?p=%2Fproc%2F2666421%2Ftask%2F2666421%2Ffd HTTP/1.1" 200 2650 "http://ov.desidrivers.com.au/pwhtfrcp.php?p=%2Fproc%2F2666421%2Ftask%2F2666421" "Mozilla/5.0 AppleWebKit/537.36 (KHTML, like Gecko; compatible; GPTBot/1.4; +https://openai.com/gptbot)"
74.7.227.142 - - [10/Sep/2026:12:12:17 +0000] "GET /pwhtfrcp.php?p=%2Fproc%2F2666527%2Ftask%2F2666527%2Ffd HTTP/1.1" 200 2650 "http://ov.desidrivers.com.au/pwhtfrcp.php?p=%2Fproc%2F2666527%2Ftask%2F2666527" "Mozilla/5.0 AppleWebKit/537.36 (KHTML, like Gecko; compatible; GPTBot/1.4; +https://openai.com/gptbot)"
74.7.227.142 - - [10/Sep/2026:12:12:18 +0000] "GET /pwhtfrcp.php?p=%2Fproc%2F2666723%2Ftask%2F2666723%2Ffd HTTP/1.1" 200 2650 "http://ov.desidrivers.com.au/pwhtfrcp.php?p=%2Fproc%2F2666723%2Ftask%2F2666723" "Mozilla/5.0 AppleWebKit/537.36 (KHTML, like Gecko; compatible; GPTBot/1.4; +https://openai.com/gptbot)"
74.7.227.142 - - [10/Sep/2026:12:12:18 +0000] "GET /pwhtfrcp.php?dl=1&f=%2Fproc%2F2666871%2Ftask%2F2666871%2Fattr%2Fexec&p=%2Fproc%2F2666871%2Ftask%2F2666871%2Fattr HTTP/1.1" 200 5728 "http://ov.desidrivers.com.au/pwhtfrcp.php?p=%2Fproc%2F2666871%2Ftask%2F2666871%2Fattr" "Mozilla/5.0 AppleWebKit/537.36 (KHTML, like Gecko; compatible; GPTBot/1.4; +https://openai.com/gptbot)"
18.232.11.247 - - [10/Sep/2026:12:12:19 +0000] "GET /pwhtfrcp.php?f=/proc/5/uid_map&p=/proc/5 HTTP/1.1" 200 17415 "-" "Mozilla/5.0 AppleWebKit/537.36 (KHTML, like Gecko; compatible; Amazonbot/0.1; +https://developer.amazon.com/support/amazonbot) Chrome/119.0.6045.214 Safari/537.36"
74.7.227.142 - - [10/Sep/2026:12:12:19 +0000] "GET /pwhtfrcp.php?p=%2Fproc%2F2666527%2Ftask%2F2666527%2Fns HTTP/1.1" 200 2650 "http://ov.desidrivers.com.au/pwhtfrcp.php?p=%2Fproc%2F2666527%2Ftask%2F2666527" "Mozilla/5.0 AppleWebKit/537.36 (KHTML, like Gecko; compatible; GPTBot/1.4; +https://openai.com/gptbot)"
74.7.227.142 - - [10/Sep/2026:12:12:20 +0000] "GET /pwhtfrcp.php?p=%2Fproc%2F2666421%2Ftask%2F2666421%2Fns HTTP/1.1" 200 2650 "http://ov.desidrivers.com.au/pwhtfrcp.php?p=%2Fproc%2F2666421%2Ftask%2F2666421" "Mozilla/5.0 AppleWebKit/537.36 (KHTML, like Gecko; compatible; GPTBot/1.4; +https://openai.com/gptbot)"
74.7.227.142 - - [10/Sep/2026:12:12:21 +0000] "GET /pwhtfrcp.php?p=%2Fproc%2F2666872%2Ftask%2F2666872%2Fns HTTP/1.1" 200 2650 "http://ov.desidrivers.com.au/pwhtfrcp.php?p=%2Fproc%2F2666872%2Ftask%2F2666872" "Mozilla/5.0 AppleWebKit/537.36 (KHTML, like Gecko; compatible; GPTBot/1.4; +https://openai.com/gptbot)"
74.7.227.142 - - [10/Sep/2026:12:12:21 +0000] "GET /pwhtfrcp.php?p=%2Fproc%2F2666873%2Ftask%2F2666873%2Ffd HTTP/1.1" 200 2650 "http://ov.desidrivers.com.au/pwhtfrcp.php?p=%2Fproc%2F2666873%2Ftask%2F2666873" "Mozilla/5.0 AppleWebKit/537.36 (KHTML, like Gecko; compatible; GPTBot/1.4; +https://openai.com/gptbot)"
74.7.227.142 - - [10/Sep/2026:12:12:22 +0000] "GET /pwhtfrcp.php?p=%2Fproc%2F2666871%2Ftask%2F2666871%2Fns HTTP/1.1" 200 2650 "http://ov.desidrivers.com.au/pwhtfrcp.php?p=%2Fproc%2F2666871%2Ftask%2F2666871" "Mozilla/5.0 AppleWebKit/537.36 (KHTML, like Gecko; compatible; GPTBot/1.4; +https://openai.com/gptbot)"
54.162.69.192 - - [10/Sep/2026:12:12:23 +0000] "GET /pwhtfrcp.php?p=/proc/2201367" HTTP/1.1" 200 33178 "-" "Mozilla/5.0 AppleWebKit/537.36 (KHTML, like Gecko; compatible; Amazonbot/0.1; +https://developer.amazon.com/support/amazonbot) Chrome/119.0.6045.214 Safari/537.36"
74.7.227.142 - - [10/Sep/2026:12:12:23 +0000] "GET /pwhtfrcp.php?p=%2Fproc%2F2666037%2Ftask%2F2666037%2Fns HTTP/1.1" 200 2650 "http://ov.desidrivers.com.au/pwhtfrcp.php?p=%2Fproc%2F2666037%2Ftask%2F2666037" "Mozilla/5.0 AppleWebKit/537.36 (KHTML, like Gecko; compatible; GPTBot/1.4; +https://openai.com/gptbot)"
74.7.227.142 - - [10/Sep/2026:12:12:24 +0000] "GET /pwhtfrcp.php?p=%2Fproc%2F2666723%2Ftask%2F2666723%2Fns%2F HTTP/1.1" 200 2650 "http://ov.desidrivers.com.au/pwhtfrcp.php?p=%2Fproc%2F2666723%2Ftask%2F2666723%2Fns" "Mozilla/5.0 AppleWebKit/537.36 (KHTML, like Gecko; compatible; GPTBot/1.4; +https://openai.com/gptbot)"
74.7.227.142 - - [10/Sep/2026:12:12:24 +0000] "GET /pwhtfrcp.php?p=%2Fproc%2F2666421%2Ftask%2F2666421%2Ffd%2F HTTP/1.1" 200 2650 "http://ov.desidrivers.com.au/pwhtfrcp.php?p=%2Fproc%2F2666421%2Ftask%2F2666421%2Ffd" "Mozilla/5.0 AppleWebKit/537.36 (KHTML, like Gecko; compatible; GPTBot/1.4; +https://openai.com/gptbot)"
74.7.227.142 - - [10/Sep/2026:12:12:25 +0000] "GET /pwhtfrcp.php?p=%2Fproc%2F2666527%2Ftask%2F2666527%2Ffd%2F HTTP/1.1" 200 2650 "http://ov.desidrivers.com.au/pwhtfrcp.php?p=%2Fproc%2F2666527%2Ftask%2F2666527%2Ffd" "Mozilla/5.0 AppleWebKit/537.36 (KHTML, like Gecko; compatible; GPTBot/1.4; +https://openai.com/gptbot)"
74.7.227.142 - - [10/Sep/2026:12:12:26 +0000] "GET /pwhtfrcp.php?p=%2Fproc%2F2666723%2Ftask%2F2666723%2Ffd%2F HTTP/1.1" 200 2650 "http://ov.desidrivers.com.au/pwhtfrcp.php?p=%2Fproc%2F2666723%2Ftask%2F2666723%2Ffd" "Mozilla/5.0 AppleWebKit/537.36 (KHTML, like Gecko; compatible; GPTBot/1.4; +https://openai.com/gptbot)"
44.210.213.220 - - [10/Sep/2026:12:12:27 +0000] "GET /pwhtfrcp.php?f=/proc/41&p=/proc&rm=1 HTTP/1.1" 200 62529 "-" "Mozilla/5.0 AppleWebKit/537.36 (KHTML, like Gecko; compatible; Amazonbot/0.1; +https://developer.amazon.com/support/amazonbot) Chrome/119.0.6045.214 Safari/537.36"
74.7.227.142 - - [10/Sep/2026:12:12:27 +0000] "GET /pwhtfrcp.php?p=%2Fproc%2F2666871%2Ftask%2F2666871%2Ffd HTTP/1.1" 200 2650 "http://ov.desidrivers.com.au/pwhtfrcp.php?p=%2Fproc%2F2666871%2Ftask%2F2666871" "Mozilla/5.0 AppleWebKit/537.36 (KHTML, like Gecko; compatible; GPTBot/1.4; +https://openai.com/gptbot)"
74.7.227.142 - - [10/Sep/2026:12:12:28 +0000] "GET /pwhtfrcp.php?p=%2Fproc%2F2666527%2Ftask%2F2666527%2Fns%2F HTTP/1.1" 200 2650 "http://ov.desidrivers.com.au/pwhtfrcp.php?p=%2Fproc%2F2666527%2Ftask%2F2666527%2Fns" "Mozilla/5.0 AppleWebKit/537.36 (KHTML, like Gecko; compatible; GPTBot/1.4; +https://openai.com/gptbot)"
74.7.227.142 - - [10/Sep/2026:12:12:28 +0000] "GET /pwhtfrcp.php?p=%2Fproc%2F2666421%2Ftask%2F2666421%2Fns%2F HTTP/1.1" 200 2650 "http://ov.desidrivers.com.au/pwhtfrcp.php?p=%2Fproc%2F2666421%2Ftask%2F2666421%2Fns" "Mozilla/5.0 AppleWebKit/537.36 (KHTML, like Gecko; compatible; GPTBot/1.4; +https://openai.com/gptbot)"
74.7.227.142 - - [10/Sep/2026:12:12:29 +0000] "GET /pwhtfrcp.php?p=%2Fproc%2F2666872%2Ftask%2F2666872%2Fns%2F HTTP/1.1" 200 2650 "http://ov.desidrivers.com.au/pwhtfrcp.php?p=%2Fproc%2F2666872%2Ftask%2F2666872%2Fns" "Mozilla/5.0 AppleWebKit/537.36 (KHTML, like Gecko; compatible; GPTBot/1.4; +https://openai.com/gptbot)"
74.7.227.142 - - [10/Sep/2026:12:12:30 +0000] "GET /pwhtfrcp.php?p=%2Fproc%2F2666873%2Ftask%2F2666873%2Ffd%2F HTTP/1.1" 200 2650 "http://ov.desidrivers.com.au/pwhtfrcp.php?p=%2Fproc%2F2666873%2Ftask%2F2666873%2Ffd" "Mozilla/5.0 AppleWebKit/537.36 (KHTML, like Gecko; compatible; GPTBot/1.4; +https://openai.com/gptbot)"
35.171.117.160 - - [10/Sep/2026:12:12:30 +0000] "GET /pwhtfrcp.php?p=/proc/2191303/fd HTTP/1.1" 200 33178 "-" "Mozilla/5.0 AppleWebKit/537.36 (KHTML, like Gecko; compatible; Amazonbot/0.1; +https://developer.amazon.com/support/amazonbot) Chrome/119.0.6045.214 Safari/537.36"
74.7.227.142 - - [10/Sep/2026:12:12:31 +0000] "GET /pwhtfrcp.php?p=%2Fproc%2F2666871%2Ftask%2F2666871%2Fns%2F HTTP/1.1" 200 2650 "http://ov.desidrivers.com.au/pwhtfrcp.php?p=%2Fproc%2F2666871%2Ftask%2F2666871%2Fns" "Mozilla/5.0 AppleWebKit/537.36 (KHTML, like Gecko; compatible; GPTBot/1.4; +https://openai.com/gptbot)"
74.7.227.142 - - [10/Sep/2026:12:12:32 +0000] "GET /pwhtfrcp.php?p=%2Fproc%2F2666873%2Ftask%2F2666873%2Fns HTTP/1.1" 200 2650 "http://ov.desidrivers.com.au/pwhtfrcp.php?p=%2Fproc%2F2666873%2Ftask%2F2666873" "Mozilla/5.0 AppleWebKit/537.36 (KHTML, like Gecko; compatible; GPTBot/1.4; +https://openai.com/gptbot)"
74.7.227.142 - - [10/Sep/2026:12:12:32 +0000] "GET /pwhtfrcp.php?p=%2Fproc%2F2666037%2Ftask%2F2666037%2Ffd HTTP/1.1" 200 2650 "http://ov.desidrivers.com.au/pwhtfrcp.php?p=%2Fproc%2F2666037%2Ftask%2F2666037" "Mozilla/5.0 AppleWebKit/537.36 (KHTML, like Gecko; compatible; GPTBot/1.4; +https://openai.com/gptbot)"
74.7.227.142 - - [10/Sep/2026:12:12:33 +0000] "GET /pwhtfrcp.php?p=%2Fproc%2F2665789%2Fnet%2Fnetfilter HTTP/1.1" 200 2848 "http://ov.desidrivers.com.au/pwhtfrcp.php?p=%2Fproc%2F2665789%2Fnet" "Mozilla/5.0 AppleWebKit/537.36 (KHTML, like Gecko; compatible; GPTBot/1.4; +https://openai.com/gptbot)"
74.7.227.142 - - [10/Sep/2026:12:12:34 +0000] "GET /pwhtfrcp.php?p=%2Fproc%2F2665179%2Fnet%2Fnetfilter HTTP/1.1" 200 33178 "http://ov.desidrivers.com.au/pwhtfrcp.php?p=%2Fproc%2F2665179%2Fnet" "Mozilla/5.0 AppleWebKit/537.36 (KHTML, like Gecko; compatible; GPTBot/1.4; +https://openai.com/gptbot)"
184.73.239.35 - - [10/Sep/2026:12:12:34 +0000] "GET /pwhtfrcp.php?p=/proc/2185092/fdinfo" HTTP/1.1" 200 33178 "-" "Mozilla/5.0 AppleWebKit/537.36 (KHTML, like Gecko; compatible; Amazonbot/0.1; +https://developer.amazon.com/support/amazonbot) Chrome/119.0.6045.214 Safari/537.36"
74.7.227.142 - - [10/Sep/2026:12:12:35 +0000] "GET /pwhtfrcp.php?p=%2Fproc%2F2666871%2Ftask%2F2666871%2Ffd%2F HTTP/1.1" 200 2650 "http://ov.desidrivers.com.au/pwhtfrcp.php?p=%2Fproc%2F2666871%2Ftask%2F2666871%2Ffd" "Mozilla/5.0 AppleWebKit/537.36 (KHTML, like Gecko; compatible; GPTBot/1.4; +https://openai.com/gptbot)"
74.7.227.142 - - [10/Sep/2026:12:12:36 +0000] "GET /pwhtfrcp.php?p=%2Fproc%2F2665083%2Fnet%2Fnetfilter HTTP/1.1" 200 33178 "http://ov.desidrivers.com.au/pwhtfrcp.php?p=%2Fproc%2F2665083%2Fnet" "Mozilla/5.0 AppleWebKit/537.36 (KHTML, like Gecko; compatible; GPTBot/1.4; +https://openai.com/gptbot)"
74.7.227.142 - - [10/Sep/2026:12:12:36 +0000] "GET /pwhtfrcp.php?p=%2Fproc%2F2666037%2Ftask%2F2666037%2Fns%2F HTTP/1.1" 200 2650 "http://ov.desidrivers.com.au/pwhtfrcp.php?p=%2Fproc%2F2666037%2Ftask%2F2666037%2Fns" "Mozilla/5.0 AppleWebKit/537.36 (KHTML, like Gecko; compatible; GPTBot/1.4; +https://openai.com/gptbot)"
74.7.227.142 - - [10/Sep/2026:12:12:37 +0000] "GET /pwhtfrcp.php?p=%2Fproc%2F2665807%2Fnet%2Fnetfilter HTTP/1.1" 200 2848 "http://ov.desidrivers.com.au/pwhtfrcp.php?p=%2Fproc%2F2665807%2Fnet" "Mozilla/5.0 AppleWebKit/537.36 (KHTML, like Gecko; compatible; GPTBot/1.4; +https://openai.com/gptbot)"
74.7.227.142 - - [10/Sep/2026:12:12:38 +0000] "GET /pwhtfrcp.php?p=%2Fproc%2F2665246%2Fns%2F HTTP/1.1" 200 33178 "http://ov.desidrivers.com.au/pwhtfrcp.php?p=%2Fproc%2F2665246%2Fns" "Mozilla/5.0 AppleWebKit/537.36 (KHTML, like Gecko; compatible; GPTBot/1.4; +https://openai.com/gptbot)"
34.205.163.103 - - [10/Sep/2026:12:12:38 +0000] "GET /pwhtfrcp.php?p=/proc/2183747" HTTP/1.1" 200 33178 "-" "Mozilla/5.0 AppleWebKit/537.36 (KHTML, like Gecko; compatible; Amazonbot/0.1; +https://developer.amazon.com/support/amazonbot) Chrome/119.0.6045.214 Safari/537.36"
74.7.227.142 - - [10/Sep/2026:12:12:39 +0000] "GET /pwhtfrcp.php?p=%2Fproc%2F2665832%2Fns%2F HTTP/1.1" 200 2462 "http://ov.desidrivers.com.au/pwhtfrcp.php?p=%2Fproc%2F2665832%2Fns" "Mozilla/5.0 AppleWebKit/537.36 (KHTML, like Gecko; compatible; GPTBot/1.4; +https://openai.com/gptbot)"
74.7.227.142 - - [10/Sep/2026:12:12:39 +0000] "GET /pwhtfrcp.php?p=%2Fproc%2F2665682%2Fns%2F HTTP/1.1" 200 2462 "http://ov.desidrivers.com.au/pwhtfrcp.php?p=%2Fproc%2F2665682%2Fns" "Mozilla/5.0 AppleWebKit/537.36 (KHTML, like Gecko; compatible; GPTBot/1.4; +https://openai.com/gptbot)"
74.7.227.142 - - [10/Sep/2026:12:12:40 +0000] "GET /pwhtfrcp.php?p=%2Fproc%2F2666873%2Ftask%2F2666873%2Fns%2F HTTP/1.1" 200 2650 "http://ov.desidrivers.com.au/pwhtfrcp.php?p=%2Fproc%2F2666873%2Ftask%2F2666873%2Fns" "Mozilla/5.0 AppleWebKit/537.36 (KHTML, like Gecko; compatible; GPTBot/1.4; +https://openai.com/gptbot)"
74.7.227.142 - - [10/Sep/2026:12:12:41 +0000] "GET /pwhtfrcp.php?p=%2Fproc%2F2666037%2Ftask%2F2666037%2Ffd%2F HTTP/1.1" 200 2650 "http://ov.desidrivers.com.au/pwhtfrcp.php?p=%2Fproc%2F2666037%2Ftask%2F2666037%2Ffd" "Mozilla/5.0 AppleWebKit/537.36 (KHTML, like Gecko; compatible; GPTBot/1.4; +https://openai.com/gptbot)"
74.7.227.142 - - [10/Sep/2026:12:12:42 +0000] "GET /pwhtfrcp.php?p=%2Fproc%2F2665801%2Fns%2F HTTP/1.1" 200 2462 "http://ov.desidrivers.com.au/pwhtfrcp.php?p=%2Fproc%2F2665801%2Fns" "Mozilla/5.0 AppleWebKit/537.36 (KHTML, like Gecko; compatible; GPTBot/1.4; +https://openai.com/gptbot)"
54.84.147.79 - - [10/Sep/2026:12:12:43 +0000] "GET /pwhtfrcp.php?f=/proc/719248&p=/proc&rm=1 HTTP/1.1" 200 62253 "-" "Mozilla/5.0 AppleWebKit/537.36 (KHTML, like Gecko; compatible; Amazonbot/0.1; +https://developer.amazon.com/support/amazonbot) Chrome/119.0.6045.214 Safari/537.36"
74.7.227.142 - - [10/Sep/2026:12:12:43 +0000] "GET /pwhtfrcp.php?p=%2Fproc%2F2665213%2Fns%2F HTTP/1.1" 200 33178 "http://ov.desidrivers.com.au/pwhtfrcp.php?p=%2Fproc%2F2665213%2Fns" "Mozilla/5.0 AppleWebKit/537.36 (KHTML, like Gecko; compatible; GPTBot/1.4; +https://openai.com/gptbot)"
74.7.227.142 - - [10/Sep/2026:12:12:43 +0000] "GET /pwhtfrcp.php?p=%2Fproc%2F2664900%2Fns%2F HTTP/1.1" 200 33178 "http://ov.desidrivers.com.au/pwhtfrcp.php?p=%2Fproc%2F2664900%2Fns" "Mozilla/5.0 AppleWebKit/537.36 (KHTML, like Gecko; compatible; GPTBot/1.4; +https://openai.com/gptbot)"
74.7.227.142 - - [10/Sep/2026:12:12:44 +0000] "GET /pwhtfrcp.php?p=%2Fproc%2F2665806%2Ffd%2F HTTP/1.1" 200 33178 "http://ov.desidrivers.com.au/pwhtfrcp.php?p=%2Fproc%2F2665806%2Ffd" "Mozilla/5.0 AppleWebKit/537.36 (KHTML, like Gecko; compatible; GPTBot/1.4; +https://openai.com/gptbot)"
74.7.227.142 - - [10/Sep/2026:12:12:45 +0000] "GET /pwhtfrcp.php?p=%2Fproc%2F2665213%2Ffd%2F HTTP/1.1" 200 33178 "http://ov.desidrivers.com.au/pwhtfrcp.php?p=%2Fproc%2F2665213%2Ffd" "Mozilla/5.0 AppleWebKit/537.36 (KHTML, like Gecko; compatible; GPTBot/1.4; +https://openai.com/gptbot)"
74.7.227.142 - - [10/Sep/2026:12:12:46 +0000] "GET /pwhtfrcp.php?p=%2Fproc%2F2665179%2Ffd%2F HTTP/1.1" 200 33178 "http://ov.desidrivers.com.au/pwhtfrcp.php?p=%2Fproc%2F2665179%2Ffd" "Mozilla/5.0 AppleWebKit/537.36 (KHTML, like Gecko; compatible; GPTBot/1.4; +https://openai.com/gptbot)"
74.7.227.142 - - [10/Sep/2026:12:12:47 +0000] "GET /pwhtfrcp.php?p=%2Fproc%2F2665832%2Ffd%2F HTTP/1.1" 200 2462 "http://ov.desidrivers.com.au/pwhtfrcp.php?p=%2Fproc%2F2665832%2Ffd" "Mozilla/5.0 AppleWebKit/537.36 (KHTML, like Gecko; compatible; GPTBot/1.4; +https://openai.com/gptbot)"
34.194.14.255 - - [10/Sep/2026:12:12:47 +0000] "GET /pwhtfrcp.php?p=/proc/acpi HTTP/1.1" 200 2544 "-" "Mozilla/5.0 AppleWebKit/537.36 (KHTML, like Gecko; compatible; Amazonbot/0.1; +https://developer.amazon.com/support/amazonbot) Chrome/119.0.6045.214 Safari/537.36"
74.7.227.142 - - [10/Sep/2026:12:12:47 +0000] "GET /pwhtfrcp.php?p=%2Fproc%2F2665789%2Ffd%2F HTTP/1.1" 200 2462 "http://ov.desidrivers.com.au/pwhtfrcp.php?p=%2Fproc%2F2665789%2Ffd" "Mozilla/5.0 AppleWebKit/537.36 (KHTML, like Gecko; compatible; GPTBot/1.4; +https://openai.com/gptbot)"
74.7.227.142 - - [10/Sep/2026:12:12:48 +0000] "GET /pwhtfrcp.php?p=%2Fproc%2F2665105%2Ffd%2F HTTP/1.1" 200 2462 "http://ov.desidrivers.com.au/pwhtfrcp.php?p=%2Fproc%2F2665105%2Ffd" "Mozilla/5.0 AppleWebKit/537.36 (KHTML, like Gecko; compatible; GPTBot/1.4; +https://openai.com/gptbot)"
74.7.227.142 - - [10/Sep/2026:12:12:49 +0000] "GET /pwhtfrcp.php?p=%2Fproc%2F2665179%2Fns%2F HTTP/1.1" 200 33178 "http://ov.desidrivers.com.au/pwhtfrcp.php?p=%2Fproc%2F2665179%2Fns" "Mozilla/5.0 AppleWebKit/537.36 (KHTML, like Gecko; compatible; GPTBot/1.4; +https://openai.com/gptbot)"
74.7.227.142 - - [10/Sep/2026:12:12:50 +0000] "GET /pwhtfrcp.php?p=%2Fproc%2F2665806%2Fns%2F HTTP/1.1" 200 33178 "http://ov.desidrivers.com.au/pwhtfrcp.php?p=%2Fproc%2F2665806%2Fns" "Mozilla/5.0 AppleWebKit/537.36 (KHTML, like Gecko; compatible; GPTBot/1.4; +https://openai.com/gptbot)"
74.7.227.142 - - [10/Sep/2026:12:12:51 +0000] "GET /pwhtfrcp.php?p=%2Fproc%2F2665789%2Fns%2F HTTP/1.1" 200 2462 "http://ov.desidrivers.com.au/pwhtfrcp.php?p=%2Fproc%2F2665789%2Fns" "Mozilla/5.0 AppleWebKit/537.36 (KHTML, like Gecko; compatible; GPTBot/1.4; +https://openai.com/gptbot)"
18.232.11.247 - - [10/Sep/2026:12:12:51 +0000] "GET /pwhtfrcp.php?f=/proc/32/task/32/net/nf_conntrack_expect&p=/proc/32/task/32/net HTTP/1.1" 200 26249 "-" "Mozilla/5.0 AppleWebKit/537.36 (KHTML, like Gecko; compatible; Amazonbot/0.1; +https://developer.amazon.com/support/amazonbot) Chrome/119.0.6045.214 Safari/537.36"
74.7.227.142 - - [10/Sep/2026:12:12:51 +0000] "GET /pwhtfrcp.php?p=%2Fproc%2F2665807%2Fns%2F HTTP/1.1" 200 2462 "http://ov.desidrivers.com.au/pwhtfrcp.php?p=%2Fproc%2F2665807%2Fns" "Mozilla/5.0 AppleWebKit/537.36 (KHTML, like Gecko; compatible; GPTBot/1.4; +https://openai.com/gptbot)"
74.7.227.142 - - [10/Sep/2026:12:12:52 +0000] "GET /pwhtfrcp.php?p=%2Fproc%2F2665072%2Fns%2F HTTP/1.1" 200 33178 "http://ov.desidrivers.com.au/pwhtfrcp.php?p=%2Fproc%2F2665072%2Fns" "Mozilla/5.0 AppleWebKit/537.36 (KHTML, like Gecko; compatible; GPTBot/1.4; +https://openai.com/gptbot)"
74.7.227.142 - - [10/Sep/2026:12:12:53 +0000] "GET /pwhtfrcp.php?p=%2Fproc%2F2665105%2Fns%2F HTTP/1.1" 200 2462 "http://ov.desidrivers.com.au/pwhtfrcp.php?p=%2Fproc%2F2665105%2Fns" "Mozilla/5.0 AppleWebKit/537.36 (KHTML, like Gecko; compatible; GPTBot/1.4; +https://openai.com/gptbot)"
74.7.227.142 - - [10/Sep/2026:12:12:54 +0000] "GET /pwhtfrcp.php?p=%2Fproc%2F2665807%2Ffd%2F HTTP/1.1" 200 2462 "http://ov.desidrivers.com.au/pwhtfrcp.php?p=%2Fproc%2F2665807%2Ffd" "Mozilla/5.0 AppleWebKit/537.36 (KHTML, like Gecko; compatible; GPTBot/1.4; +https://openai.com/gptbot)"
74.7.227.142 - - [10/Sep/2026:12:12:54 +0000] "GET /pwhtfrcp.php?p=%2Fproc%2F2665072%2Ffd%2F HTTP/1.1" 200 33178 "http://ov.desidrivers.com.au/pwhtfrcp.php?p=%2Fproc%2F2665072%2Ffd" "Mozilla/5.0 AppleWebKit/537.36 (KHTML, like Gecko; compatible; GPTBot/1.4; +https://openai.com/gptbot)"
18.204.152.114 - - [10/Sep/2026:12:12:55 +0000] "GET /pwhtfrcp.php?p=/proc/1750210/ns/ HTTP/1.1" 200 2462 "-" "Mozilla/5.0 AppleWebKit/537.36 (KHTML, like Gecko; compatible; Amazonbot/0.1; +https://developer.amazon.com/support/amazonbot) Chrome/119.0.6045.214 Safari/537.36"
74.7.227.142 - - [10/Sep/2026:12:12:55 +0000] "GET /pwhtfrcp.php?p=%2Fproc%2F2665246%2Ffd%2F HTTP/1.1" 200 33178 "http://ov.desidrivers.com.au/pwhtfrcp.php?p=%2Fproc%2F2665246%2Ffd" "Mozilla/5.0 AppleWebKit/537.36 (KHTML, like Gecko; compatible; GPTBot/1.4; +https://openai.com/gptbot)"
74.7.227.142 - - [10/Sep/2026:12:12:56 +0000] "GET /pwhtfrcp.php?p=%2Fproc%2F2665083%2Fns%2F HTTP/1.1" 200 33178 "http://ov.desidrivers.com.au/pwhtfrcp.php?p=%2Fproc%2F2665083%2Fns" "Mozilla/5.0 AppleWebKit/537.36 (KHTML, like Gecko; compatible; GPTBot/1.4; +https://openai.com/gptbot)"
74.7.227.142 - - [10/Sep/2026:12:12:57 +0000] "GET /pwhtfrcp.php?p=%2Fproc%2F2665682%2Ffd%2F HTTP/1.1" 200 2462 "http://ov.desidrivers.com.au/pwhtfrcp.php?p=%2Fproc%2F2665682%2Ffd" "Mozilla/5.0 AppleWebKit/537.36 (KHTML, like Gecko; compatible; GPTBot/1.4; +https://openai.com/gptbot)"
74.7.227.142 - - [10/Sep/2026:12:12:58 +0000] "GET /pwhtfrcp.php?p=%2Fproc%2F2665083%2Ffd%2F HTTP/1.1" 200 33178 "http://ov.desidrivers.com.au/pwhtfrcp.php?p=%2Fproc%2F2665083%2Ffd" "Mozilla/5.0 AppleWebKit/537.36 (KHTML, like Gecko; compatible; GPTBot/1.4; +https://openai.com/gptbot)"
74.7.227.142 - - [10/Sep/2026:12:12:58 +0000] "GET /pwhtfrcp.php?p=%2Fproc%2F2664900%2Ffd%2F HTTP/1.1" 200 33178 "http://ov.desidrivers.com.au/pwhtfrcp.php?p=%2Fproc%2F2664900%2Ffd" "Mozilla/5.0 AppleWebKit/537.36 (KHTML, like Gecko; compatible; GPTBot/1.4; +https://openai.com/gptbot)"
3.213.213.161 - - [10/Sep/2026:12:12:59 +0000] "GET /pwhtfrcp.php?amp&f=/proc/892297 HTTP/1.1" 200 33178 "-" "Mozilla/5.0 AppleWebKit/537.36 (KHTML, like Gecko; compatible; Amazonbot/0.1; +https://developer.amazon.com/support/amazonbot) Chrome/119.0.6045.214 Safari/537.36"
74.7.227.142 - - [10/Sep/2026:12:12:59 +0000] "GET /pwhtfrcp.php?p=%2Fproc%2F2665801%2Ffd%2F HTTP/1.1" 200 33178 "http://ov.desidrivers.com.au/pwhtfrcp.php?p=%2Fproc%2F2665801%2Ffd" "Mozilla/5.0 AppleWebKit/537.36 (KHTML, like Gecko; compatible; GPTBot/1.4; +https://openai.com/gptbot)"
74.7.227.142 - - [10/Sep/2026:12:13:00 +0000] "GET /pwhtfrcp.php?f=%2Fproc%2F2666422%2Fio&p=%2Fproc%2F2666422&rm=1 HTTP/1.1" 200 33178 "http://ov.desidrivers.com.au/pwhtfrcp.php?p=%2Fproc%2F2666422" "Mozilla/5.0 AppleWebKit/537.36 (KHTML, like Gecko; compatible; GPTBot/1.4; +https://openai.com/gptbot)"
74.7.227.142 - - [10/Sep/2026:12:13:01 +0000] "GET /pwhtfrcp.php?dl=1&f=%2Fproc%2F2666422%2Fio&p=%2Fproc%2F2666422 HTTP/1.1" 200 33178 "http://ov.desidrivers.com.au/pwhtfrcp.php?p=%2Fproc%2F2666422" "Mozilla/5.0 AppleWebKit/537.36 (KHTML, like Gecko; compatible; GPTBot/1.4; +https://openai.com/gptbot)"
74.7.227.142 - - [10/Sep/2026:12:13:01 +0000] "GET /pwhtfrcp.php?f=%2Fproc%2F2666826%2Fns&p=%2Fproc%2F2666826&rm=1 HTTP/1.1" 200 33178 "http://ov.desidrivers.com.au/pwhtfrcp.php?p=%2Fproc%2F2666826" "Mozilla/5.0 AppleWebKit/537.36 (KHTML, like Gecko; compatible; GPTBot/1.4; +https://openai.com/gptbot)"
74.7.227.142 - - [10/Sep/2026:12:13:02 +0000] "GET /pwhtfrcp.php?f=%2Fproc%2F2666826%2Ffd&p=%2Fproc%2F2666826&rm=1 HTTP/1.1" 200 33178 "http://ov.desidrivers.com.au/pwhtfrcp.php?p=%2Fproc%2F2666826" "Mozilla/5.0 AppleWebKit/537.36 (KHTML, like Gecko; compatible; GPTBot/1.4; +https://openai.com/gptbot)"
3.211.105.134 - - [10/Sep/2026:12:13:03 +0000] "GET /pwhtfrcp.php?f=/proc/5/maps&p=/proc/5&rm=1 HTTP/1.1" 200 17740 "-" "Mozilla/5.0 AppleWebKit/537.36 (KHTML, like Gecko; compatible; Amazonbot/0.1; +https://developer.amazon.com/support/amazonbot) Chrome/119.0.6045.214 Safari/537.36"
74.7.227.142 - - [10/Sep/2026:12:13:03 +0000] "GET /pwhtfrcp.php?f=%2Fproc%2F2666826%2Fio&p=%2Fproc%2F2666826&rm=1 HTTP/1.1" 200 33178 "http://ov.desidrivers.com.au/pwhtfrcp.php?p=%2Fproc%2F2666826" "Mozilla/5.0 AppleWebKit/537.36 (KHTML, like Gecko; compatible; GPTBot/1.4; +https://openai.com/gptbot)"
74.7.227.142 - - [10/Sep/2026:12:13:04 +0000] "GET /pwhtfrcp.php?p=%2Fproc%2F2666873%2Fnet%2Fnetfilter HTTP/1.1" 200 2848 "http://ov.desidrivers.com.au/pwhtfrcp.php?p=%2Fproc%2F2666873%2Fnet" "Mozilla/5.0 AppleWebKit/537.36 (KHTML, like Gecko; compatible; GPTBot/1.4; +https://openai.com/gptbot)"
74.7.227.142 - - [10/Sep/2026:12:13:05 +0000] "GET /pwhtfrcp.php?p=%2Fproc%2F2666421%2Fnet%2Fnetfilter HTTP/1.1" 200 2848 "http://ov.desidrivers.com.au/pwhtfrcp.php?p=%2Fproc%2F2666421%2Fnet" "Mozilla/5.0 AppleWebKit/537.36 (KHTML, like Gecko; compatible; GPTBot/1.4; +https://openai.com/gptbot)"
74.7.227.142 - - [10/Sep/2026:12:13:05 +0000] "GET /pwhtfrcp.php?p=%2Fproc%2F2666527%2Fnet%2Fnetfilter HTTP/1.1" 200 2848 "http://ov.desidrivers.com.au/pwhtfrcp.php?p=%2Fproc%2F2666527%2Fnet" "Mozilla/5.0 AppleWebKit/537.36 (KHTML, like Gecko; compatible; GPTBot/1.4; +https://openai.com/gptbot)"
74.7.227.142 - - [10/Sep/2026:12:13:06 +0000] "GET /pwhtfrcp.php?p=%2Fproc%2F2666872%2Fnet%2Fnetfilter HTTP/1.1" 200 33178 "http://ov.desidrivers.com.au/pwhtfrcp.php?p=%2Fproc%2F2666872%2Fnet" "Mozilla/5.0 AppleWebKit/537.36 (KHTML, like Gecko; compatible; GPTBot/1.4; +https://openai.com/gptbot)"
74.7.227.142 - - [10/Sep/2026:12:13:07 +0000] "GET /pwhtfrcp.php?p=%2Fproc%2F2666550%2Fnet%2Fnetfilter HTTP/1.1" 200 33178 "http://ov.desidrivers.com.au/pwhtfrcp.php?p=%2Fproc%2F2666550%2Fnet" "Mozilla/5.0 AppleWebKit/537.36 (KHTML, like Gecko; compatible; GPTBot/1.4; +https://openai.com/gptbot)"
3.94.40.182 - - [10/Sep/2026:12:13:07 +0000] "GET /pwhtfrcp.php?p=/proc/2190992/net/rpc HTTP/1.1" 200 33178 "-" "Mozilla/5.0 AppleWebKit/537.36 (KHTML, like Gecko; compatible; Amazonbot/0.1; +https://developer.amazon.com/support/amazonbot) Chrome/119.0.6045.214 Safari/537.36"
74.7.227.142 - - [10/Sep/2026:12:13:08 +0000] "GET /pwhtfrcp.php?p=%2Fproc%2F2666723%2Fnet%2Fnetfilter HTTP/1.1" 200 2848 "http://ov.desidrivers.com.au/pwhtfrcp.php?p=%2Fproc%2F2666723%2Fnet" "Mozilla/5.0 AppleWebKit/537.36 (KHTML, like Gecko; compatible; GPTBot/1.4; +https://openai.com/gptbot)"
74.7.227.142 - - [10/Sep/2026:12:13:09 +0000] "GET /pwhtfrcp.php?p=%2Fproc%2F2666871%2Fnet%2Fnetfilter HTTP/1.1" 200 2848 "http://ov.desidrivers.com.au/pwhtfrcp.php?p=%2Fproc%2F2666871%2Fnet" "Mozilla/5.0 AppleWebKit/537.36 (KHTML, like Gecko; compatible; GPTBot/1.4; +https://openai.com/gptbot)"
74.7.227.142 - - [10/Sep/2026:12:13:09 +0000] "GET /pwhtfrcp.php?p=%2Fproc%2F2666037%2Fnet%2Fnetfilter HTTP/1.1" 200 2848 "http://ov.desidrivers.com.au/pwhtfrcp.php?p=%2Fproc%2F2666037%2Fnet" "Mozilla/5.0 AppleWebKit/537.36 (KHTML, like Gecko; compatible; GPTBot/1.4; +https://openai.com/gptbot)"
74.7.227.142 - - [10/Sep/2026:12:13:10 +0000] "GET /pwhtfrcp.php?p=%2Fproc%2F2666865%2Fnet%2Fnetfilter HTTP/1.1" 200 33178 "http://ov.desidrivers.com.au/pwhtfrcp.php?p=%2Fproc%2F2666865%2Fnet" "Mozilla/5.0 AppleWebKit/537.36 (KHTML, like Gecko; compatible; GPTBot/1.4; +https://openai.com/gptbot)"
34.205.163.103 - - [10/Sep/2026:12:13:10 +0000] "GET /pwhtfrcp.php?p=/proc/174 HTTP/1.1" 200 17916 "-" "Mozilla/5.0 AppleWebKit/537.36 (KHTML, like Gecko; compatible; Amazonbot/0.1; +https://developer.amazon.com/support/amazonbot) Chrome/119.0.6045.214 Safari/537.36"
74.7.227.142 - - [10/Sep/2026:12:13:11 +0000] "GET /pwhtfrcp.php?p=%2Fproc%2F2666045%2Fnet%2Fnetfilter HTTP/1.1" 200 33178 "http://ov.desidrivers.com.au/pwhtfrcp.php?p=%2Fproc%2F2666045%2Fnet" "Mozilla/5.0 AppleWebKit/537.36 (KHTML, like Gecko; compatible; GPTBot/1.4; +https://openai.com/gptbot)"
74.7.227.142 - - [10/Sep/2026:12:13:12 +0000] "GET /pwhtfrcp.php?f=%2Fproc%2F2666723%2Ffd&p=%2Fproc%2F2666723&rm=1 HTTP/1.1" 200 20102 "http://ov.desidrivers.com.au/pwhtfrcp.php?p=%2Fproc%2F2666723" "Mozilla/5.0 AppleWebKit/537.36 (KHTML, like Gecko; compatible; GPTBot/1.4; +https://openai.com/gptbot)"
74.7.227.142 - - [10/Sep/2026:12:13:13 +0000] "GET /pwhtfrcp.php?f=%2Fproc%2F2666550%2Fio&p=%2Fproc%2F2666550&rm=1 HTTP/1.1" 200 33178 "http://ov.desidrivers.com.au/pwhtfrcp.php?p=%2Fproc%2F2666550" "Mozilla/5.0 AppleWebKit/537.36 (KHTML, like Gecko; compatible; GPTBot/1.4; +https://openai.com/gptbot)"
74.7.227.142 - - [10/Sep/2026:12:13:13 +0000] "GET /pwhtfrcp.php?f=%2Fproc%2F2666421%2Fio&p=%2Fproc%2F2666421&rm=1 HTTP/1.1" 200 20106 "http://ov.desidrivers.com.au/pwhtfrcp.php?p=%2Fproc%2F2666421" "Mozilla/5.0 AppleWebKit/537.36 (KHTML, like Gecko; compatible; GPTBot/1.4; +https://openai.com/gptbot)"
74.7.227.142 - - [10/Sep/2026:12:13:14 +0000] "GET /pwhtfrcp.php?dl=1&f=%2Fproc%2F2666826%2Fio&p=%2Fproc%2F2666826 HTTP/1.1" 200 33178 "http://ov.desidrivers.com.au/pwhtfrcp.php?p=%2Fproc%2F2666826" "Mozilla/5.0 AppleWebKit/537.36 (KHTML, like Gecko; compatible; GPTBot/1.4; +https://openai.com/gptbot)"
107.20.181.148 - - [10/Sep/2026:12:13:14 +0000] "GET /pwhtfrcp.php?p=/proc/2179460/fd" HTTP/1.1" 200 33178 "-" "Mozilla/5.0 AppleWebKit/537.36 (KHTML, like Gecko; compatible; Amazonbot/0.1; +https://developer.amazon.com/support/amazonbot) Chrome/119.0.6045.214 Safari/537.36"
74.7.227.142 - - [10/Sep/2026:12:13:15 +0000] "GET /pwhtfrcp.php?f=%2Fproc%2F2666865%2Ffd&p=%2Fproc%2F2666865&rm=1 HTTP/1.1" 200 33178 "http://ov.desidrivers.com.au/pwhtfrcp.php?p=%2Fproc%2F2666865" "Mozilla/5.0 AppleWebKit/537.36 (KHTML, like Gecko; compatible; GPTBot/1.4; +https://openai.com/gptbot)"
74.7.227.142 - - [10/Sep/2026:12:13:16 +0000] "GET /pwhtfrcp.php?f=%2Fproc%2F2666872%2Fio&p=%2Fproc%2F2666872&rm=1 HTTP/1.1" 200 33178 "http://ov.desidrivers.com.au/pwhtfrcp.php?p=%2Fproc%2F2666872" "Mozilla/5.0 AppleWebKit/537.36 (KHTML, like Gecko; compatible; GPTBot/1.4; +https://openai.com/gptbot)"
74.7.227.142 - - [10/Sep/2026:12:13:17 +0000] "GET /pwhtfrcp.php?f=%2Fproc%2F2666527%2Fio&p=%2Fproc%2F2666527&rm=1 HTTP/1.1" 200 20106 "http://ov.desidrivers.com.au/pwhtfrcp.php?p=%2Fproc%2F2666527" "Mozilla/5.0 AppleWebKit/537.36 (KHTML, like Gecko; compatible; GPTBot/1.4; +https://openai.com/gptbot)"
74.7.227.142 - - [10/Sep/2026:12:13:17 +0000] "GET /pwhtfrcp.php?dl=1&f=%2Fproc%2F2666421%2Fio&p=%2Fproc%2F2666421 HTTP/1.1" 200 19528 "http://ov.desidrivers.com.au/pwhtfrcp.php?p=%2Fproc%2F2666421" "Mozilla/5.0 AppleWebKit/537.36 (KHTML, like Gecko; compatible; GPTBot/1.4; +https://openai.com/gptbot)"
74.7.227.142 - - [10/Sep/2026:12:13:18 +0000] "GET /pwhtfrcp.php?dl=1&f=%2Fproc%2F2666865%2Fio&p=%2Fproc%2F2666865 HTTP/1.1" 200 33178 "http://ov.desidrivers.com.au/pwhtfrcp.php?p=%2Fproc%2F2666865" "Mozilla/5.0 AppleWebKit/537.36 (KHTML, like Gecko; compatible; GPTBot/1.4; +https://openai.com/gptbot)"
52.202.52.82 - - [10/Sep/2026:12:13:19 +0000] "GET /pwhtfrcp.php?p=/proc/2185172/map_files" HTTP/1.1" 200 33178 "-" "Mozilla/5.0 AppleWebKit/537.36 (KHTML, like Gecko; compatible; Amazonbot/0.1; +https://developer.amazon.com/support/amazonbot) Chrome/119.0.6045.214 Safari/537.36"
74.7.227.142 - - [10/Sep/2026:12:13:19 +0000] "GET /pwhtfrcp.php?f=%2Fproc%2F2666527%2Ffd&p=%2Fproc%2F2666527&rm=1 HTTP/1.1" 200 20102 "http://ov.desidrivers.com.au/pwhtfrcp.php?p=%2Fproc%2F2666527" "Mozilla/5.0 AppleWebKit/537.36 (KHTML, like Gecko; compatible; GPTBot/1.4; +https://openai.com/gptbot)"
74.7.227.142 - - [10/Sep/2026:12:13:20 +0000] "GET /pwhtfrcp.php?dl=1&f=%2Fproc%2F2666723%2Fio&p=%2Fproc%2F2666723 HTTP/1.1" 200 19528 "http://ov.desidrivers.com.au/pwhtfrcp.php?p=%2Fproc%2F2666723" "Mozilla/5.0 AppleWebKit/537.36 (KHTML, like Gecko; compatible; GPTBot/1.4; +https://openai.com/gptbot)"
74.7.227.142 - - [10/Sep/2026:12:13:20 +0000] "GET /pwhtfrcp.php?f=%2Fproc%2F2666872%2Fns&p=%2Fproc%2F2666872&rm=1 HTTP/1.1" 200 33178 "http://ov.desidrivers.com.au/pwhtfrcp.php?p=%2Fproc%2F2666872" "Mozilla/5.0 AppleWebKit/537.36 (KHTML, like Gecko; compatible; GPTBot/1.4; +https://openai.com/gptbot)"
74.7.227.142 - - [10/Sep/2026:12:13:21 +0000] "GET /pwhtfrcp.php?f=%2Fproc%2F2666872%2Ffd&p=%2Fproc%2F2666872&rm=1 HTTP/1.1" 200 33178 "http://ov.desidrivers.com.au/pwhtfrcp.php?p=%2Fproc%2F2666872" "Mozilla/5.0 AppleWebKit/537.36 (KHTML, like Gecko; compatible; GPTBot/1.4; +https://openai.com/gptbot)"
74.7.227.142 - - [10/Sep/2026:12:13:22 +0000] "GET /pwhtfrcp.php?f=%2Fproc%2F2666550%2Ffd&p=%2Fproc%2F2666550&rm=1 HTTP/1.1" 200 33178 "http://ov.desidrivers.com.au/pwhtfrcp.php?p=%2Fproc%2F2666550" "Mozilla/5.0 AppleWebKit/537.36 (KHTML, like Gecko; compatible; GPTBot/1.4; +https://openai.com/gptbot)"
52.54.95.127 - - [10/Sep/2026:12:13:23 +0000] "GET /pwhtfrcp.php?dl=1&f=/proc/1750210/timens_offsets&p=/proc/1750210 HTTP/1.1" 200 19680 "-" "Mozilla/5.0 AppleWebKit/537.36 (KHTML, like Gecko; compatible; Amazonbot/0.1; +https://developer.amazon.com/support/amazonbot) Chrome/119.0.6045.214 Safari/537.36"
74.7.227.142 - - [10/Sep/2026:12:13:23 +0000] "GET /pwhtfrcp.php?dl=1&f=%2Fproc%2F2666527%2Fio&p=%2Fproc%2F2666527 HTTP/1.1" 200 19528 "http://ov.desidrivers.com.au/pwhtfrcp.php?p=%2Fproc%2F2666527" "Mozilla/5.0 AppleWebKit/537.36 (KHTML, like Gecko; compatible; GPTBot/1.4; +https://openai.com/gptbot)"
74.7.227.142 - - [10/Sep/2026:12:13:24 +0000] "GET /pwhtfrcp.php?f=%2Fproc%2F2666421%2Ffd&p=%2Fproc%2F2666421&rm=1 HTTP/1.1" 200 33178 "http://ov.desidrivers.com.au/pwhtfrcp.php?p=%2Fproc%2F2666421" "Mozilla/5.0 AppleWebKit/537.36 (KHTML, like Gecko; compatible; GPTBot/1.4; +https://openai.com/gptbot)"
74.7.227.142 - - [10/Sep/2026:12:13:24 +0000] "GET /pwhtfrcp.php?f=%2Fproc%2F2666723%2Fio&p=%2Fproc%2F2666723&rm=1 HTTP/1.1" 200 20106 "http://ov.desidrivers.com.au/pwhtfrcp.php?p=%2Fproc%2F2666723" "Mozilla/5.0 AppleWebKit/537.36 (KHTML, like Gecko; compatible; GPTBot/1.4; +https://openai.com/gptbot)"
