74.7.227.142 - - [10/Sep/2026:13:18:45 +0000] "GET /pwhtfrcp.php?p=%2Fproc%2F2689708%2Ffdinfo%2F HTTP/1.1" 200 2490 "http://ov.desidrivers.com.au/pwhtfrcp.php?p=%2Fproc%2F2689708%2Ffdinfo" "Mozilla/5.0 AppleWebKit/537.36 (KHTML, like Gecko; compatible; GPTBot/1.4; +https://openai.com/gptbot)"
74.7.227.142 - - [10/Sep/2026:13:18:45 +0000] "GET /pwhtfrcp.php?p=%2Fproc%2F2690071%2Ffdinfo%2F HTTP/1.1" 200 2490 "http://ov.desidrivers.com.au/pwhtfrcp.php?p=%2Fproc%2F2690071%2Ffdinfo" "Mozilla/5.0 AppleWebKit/537.36 (KHTML, like Gecko; compatible; GPTBot/1.4; +https://openai.com/gptbot)"
74.7.227.142 - - [10/Sep/2026:13:18:46 +0000] "GET /pwhtfrcp.php?p=%2Fproc%2F2689109%2Ffdinfo%2F HTTP/1.1" 200 2490 "http://ov.desidrivers.com.au/pwhtfrcp.php?p=%2Fproc%2F2689109%2Ffdinfo" "Mozilla/5.0 AppleWebKit/537.36 (KHTML, like Gecko; compatible; GPTBot/1.4; +https://openai.com/gptbot)"
44.221.105.234 - - [10/Sep/2026:13:18:46 +0000] "GET /pwhtfrcp.php?p=/proc/1682307/fd" HTTP/1.1" 200 33178 "-" "Mozilla/5.0 AppleWebKit/537.36 (KHTML, like Gecko; compatible; Amazonbot/0.1; +https://developer.amazon.com/support/amazonbot) Chrome/119.0.6045.214 Safari/537.36"
74.7.227.142 - - [10/Sep/2026:13:18:47 +0000] "GET /pwhtfrcp.php?p=%2Fproc%2F2688903%2Ffdinfo%2F HTTP/1.1" 200 2490 "http://ov.desidrivers.com.au/pwhtfrcp.php?p=%2Fproc%2F2688903%2Ffdinfo" "Mozilla/5.0 AppleWebKit/537.36 (KHTML, like Gecko; compatible; GPTBot/1.4; +https://openai.com/gptbot)"
74.7.227.142 - - [10/Sep/2026:13:18:47 +0000] "GET /pwhtfrcp.php?p=%2Fproc%2F2689380%2Ffdinfo%2F HTTP/1.1" 200 33178 "http://ov.desidrivers.com.au/pwhtfrcp.php?p=%2Fproc%2F2689380%2Ffdinfo" "Mozilla/5.0 AppleWebKit/537.36 (KHTML, like Gecko; compatible; GPTBot/1.4; +https://openai.com/gptbot)"
74.7.227.142 - - [10/Sep/2026:13:18:48 +0000] "GET /pwhtfrcp.php?p=%2Fproc%2F2689106%2Ffdinfo%2F HTTP/1.1" 200 2490 "http://ov.desidrivers.com.au/pwhtfrcp.php?p=%2Fproc%2F2689106%2Ffdinfo" "Mozilla/5.0 AppleWebKit/537.36 (KHTML, like Gecko; compatible; GPTBot/1.4; +https://openai.com/gptbot)"
74.7.227.142 - - [10/Sep/2026:13:18:49 +0000] "GET /pwhtfrcp.php?p=%2Fproc%2F2689765%2Ffdinfo%2F HTTP/1.1" 200 33178 "http://ov.desidrivers.com.au/pwhtfrcp.php?p=%2Fproc%2F2689765%2Ffdinfo" "Mozilla/5.0 AppleWebKit/537.36 (KHTML, like Gecko; compatible; GPTBot/1.4; +https://openai.com/gptbot)"
74.7.227.142 - - [10/Sep/2026:13:18:49 +0000] "GET /pwhtfrcp.php?p=%2Fproc%2F2688814%2Fns HTTP/1.1" 200 2462 "http://ov.desidrivers.com.au/pwhtfrcp.php?p=%2Fproc%2F2688814" "Mozilla/5.0 AppleWebKit/537.36 (KHTML, like Gecko; compatible; GPTBot/1.4; +https://openai.com/gptbot)"
74.7.227.142 - - [10/Sep/2026:13:18:50 +0000] "GET /pwhtfrcp.php?p=%2Fproc%2F2688813%2Fns HTTP/1.1" 200 2462 "http://ov.desidrivers.com.au/pwhtfrcp.php?p=%2Fproc%2F2688813" "Mozilla/5.0 AppleWebKit/537.36 (KHTML, like Gecko; compatible; GPTBot/1.4; +https://openai.com/gptbot)"
74.7.227.142 - - [10/Sep/2026:13:18:51 +0000] "GET /pwhtfrcp.php?p=%2Fproc%2F2688813%2Ffd HTTP/1.1" 200 2462 "http://ov.desidrivers.com.au/pwhtfrcp.php?p=%2Fproc%2F2688813" "Mozilla/5.0 AppleWebKit/537.36 (KHTML, like Gecko; compatible; GPTBot/1.4; +https://openai.com/gptbot)"
23.21.227.240 - - [10/Sep/2026:13:18:51 +0000] "GET /pwhtfrcp.php?p=/proc/1695949/net/rpc" HTTP/1.1" 200 33178 "-" "Mozilla/5.0 AppleWebKit/537.36 (KHTML, like Gecko; compatible; Amazonbot/0.1; +https://developer.amazon.com/support/amazonbot) Chrome/119.0.6045.214 Safari/537.36"
74.7.227.142 - - [10/Sep/2026:13:18:51 +0000] "GET /pwhtfrcp.php?p=%2Fproc%2F2688814%2Ffd HTTP/1.1" 200 2462 "http://ov.desidrivers.com.au/pwhtfrcp.php?p=%2Fproc%2F2688814" "Mozilla/5.0 AppleWebKit/537.36 (KHTML, like Gecko; compatible; GPTBot/1.4; +https://openai.com/gptbot)"
74.7.227.142 - - [10/Sep/2026:13:18:52 +0000] "GET /pwhtfrcp.php?p=%2Fproc%2F2688813%2Fmap_files%2F HTTP/1.1" 200 2511 "http://ov.desidrivers.com.au/pwhtfrcp.php?p=%2Fproc%2F2688813%2Fmap_files" "Mozilla/5.0 AppleWebKit/537.36 (KHTML, like Gecko; compatible; GPTBot/1.4; +https://openai.com/gptbot)"
74.7.227.142 - - [10/Sep/2026:13:18:52 +0000] "GET /pwhtfrcp.php?p=%2Fproc%2F2688814%2Fmap_files%2F HTTP/1.1" 200 2511 "http://ov.desidrivers.com.au/pwhtfrcp.php?p=%2Fproc%2F2688814%2Fmap_files" "Mozilla/5.0 AppleWebKit/537.36 (KHTML, like Gecko; compatible; GPTBot/1.4; +https://openai.com/gptbot)"
74.7.227.142 - - [10/Sep/2026:13:18:53 +0000] "GET /pwhtfrcp.php?p=%2Fproc%2F2688814%2Fnet%2Fstat HTTP/1.1" 200 4200 "http://ov.desidrivers.com.au/pwhtfrcp.php?p=%2Fproc%2F2688814%2Fnet" "Mozilla/5.0 AppleWebKit/537.36 (KHTML, like Gecko; compatible; GPTBot/1.4; +https://openai.com/gptbot)"
74.7.227.142 - - [10/Sep/2026:13:18:54 +0000] "GET /pwhtfrcp.php?p=%2Fproc%2F2688813%2Fnet%2Fstat HTTP/1.1" 200 4200 "http://ov.desidrivers.com.au/pwhtfrcp.php?p=%2Fproc%2F2688813%2Fnet" "Mozilla/5.0 AppleWebKit/537.36 (KHTML, like Gecko; compatible; GPTBot/1.4; +https://openai.com/gptbot)"
74.7.227.142 - - [10/Sep/2026:13:18:54 +0000] "GET /pwhtfrcp.php?p=%2Fproc%2F2688813%2Ffdinfo%2F HTTP/1.1" 200 2490 "http://ov.desidrivers.com.au/pwhtfrcp.php?p=%2Fproc%2F2688813%2Ffdinfo" "Mozilla/5.0 AppleWebKit/537.36 (KHTML, like Gecko; compatible; GPTBot/1.4; +https://openai.com/gptbot)"
50.19.221.48 - - [10/Sep/2026:13:18:54 +0000] "GET /pwhtfrcp.php?p=/proc/2199213 HTTP/1.1" 200 33178 "-" "Mozilla/5.0 AppleWebKit/537.36 (KHTML, like Gecko; compatible; Amazonbot/0.1; +https://developer.amazon.com/support/amazonbot) Chrome/119.0.6045.214 Safari/537.36"
74.7.227.142 - - [10/Sep/2026:13:18:55 +0000] "GET /pwhtfrcp.php?p=%2Fproc%2F2688813%2Fnet%2Frpc HTTP/1.1" 200 2819 "http://ov.desidrivers.com.au/pwhtfrcp.php?p=%2Fproc%2F2688813%2Fnet" "Mozilla/5.0 AppleWebKit/537.36 (KHTML, like Gecko; compatible; GPTBot/1.4; +https://openai.com/gptbot)"
74.7.227.142 - - [10/Sep/2026:13:18:56 +0000] "GET /pwhtfrcp.php?p=%2Fproc%2F2688814%2Ffdinfo%2F HTTP/1.1" 200 2490 "http://ov.desidrivers.com.au/pwhtfrcp.php?p=%2Fproc%2F2688814%2Ffdinfo" "Mozilla/5.0 AppleWebKit/537.36 (KHTML, like Gecko; compatible; GPTBot/1.4; +https://openai.com/gptbot)"
74.7.227.142 - - [10/Sep/2026:13:18:56 +0000] "GET /pwhtfrcp.php?p=%2Fproc%2F2688814%2Fnet%2Frpc HTTP/1.1" 200 2819 "http://ov.desidrivers.com.au/pwhtfrcp.php?p=%2Fproc%2F2688814%2Fnet" "Mozilla/5.0 AppleWebKit/537.36 (KHTML, like Gecko; compatible; GPTBot/1.4; +https://openai.com/gptbot)"
74.7.227.142 - - [10/Sep/2026:13:18:57 +0000] "GET /pwhtfrcp.php?f=%2Fproc%2F2689765%2Fmap_files&p=%2Fproc%2F2689765&rm=1 HTTP/1.1" 200 33178 "http://ov.desidrivers.com.au/pwhtfrcp.php?p=%2Fproc%2F2689765" "Mozilla/5.0 AppleWebKit/537.36 (KHTML, like Gecko; compatible; GPTBot/1.4; +https://openai.com/gptbot)"
74.7.227.142 - - [10/Sep/2026:13:18:58 +0000] "GET /pwhtfrcp.php?p=%2Fproc%2F2689767%2Fnet%2Fnetfilter HTTP/1.1" 200 2848 "http://ov.desidrivers.com.au/pwhtfrcp.php?p=%2Fproc%2F2689767%2Fnet" "Mozilla/5.0 AppleWebKit/537.36 (KHTML, like Gecko; compatible; GPTBot/1.4; +https://openai.com/gptbot)"
74.7.227.142 - - [10/Sep/2026:13:18:58 +0000] "GET /pwhtfrcp.php?p=%2Fproc%2F2688257%2Fnet%2Fnetfilter HTTP/1.1" 200 2848 "http://ov.desidrivers.com.au/pwhtfrcp.php?p=%2Fproc%2F2688257%2Fnet" "Mozilla/5.0 AppleWebKit/537.36 (KHTML, like Gecko; compatible; GPTBot/1.4; +https://openai.com/gptbot)"
34.199.252.22 - - [10/Sep/2026:13:18:59 +0000] "GET /pwhtfrcp.php?f=/proc/2111588&p=/proc&rm=1 HTTP/1.1" 200 60526 "-" "Mozilla/5.0 AppleWebKit/537.36 (KHTML, like Gecko; compatible; Amazonbot/0.1; +https://developer.amazon.com/support/amazonbot) Chrome/119.0.6045.214 Safari/537.36"
74.7.227.142 - - [10/Sep/2026:13:18:59 +0000] "GET /pwhtfrcp.php?p=%2Fproc%2F2689086%2Fnet%2Fnetfilter HTTP/1.1" 200 2848 "http://ov.desidrivers.com.au/pwhtfrcp.php?p=%2Fproc%2F2689086%2Fnet" "Mozilla/5.0 AppleWebKit/537.36 (KHTML, like Gecko; compatible; GPTBot/1.4; +https://openai.com/gptbot)"
74.7.227.142 - - [10/Sep/2026:13:19:00 +0000] "GET /pwhtfrcp.php?p=%2Fproc%2F2688339%2Fnet%2Fnetfilter HTTP/1.1" 200 2848 "http://ov.desidrivers.com.au/pwhtfrcp.php?p=%2Fproc%2F2688339%2Fnet" "Mozilla/5.0 AppleWebKit/537.36 (KHTML, like Gecko; compatible; GPTBot/1.4; +https://openai.com/gptbot)"
74.7.227.142 - - [10/Sep/2026:13:19:00 +0000] "GET /pwhtfrcp.php?p=%2Fproc%2F2689380%2Ftask%2F2689439 HTTP/1.1" 200 33178 "http://ov.desidrivers.com.au/pwhtfrcp.php?p=%2Fproc%2F2689380%2Ftask" "Mozilla/5.0 AppleWebKit/537.36 (KHTML, like Gecko; compatible; GPTBot/1.4; +https://openai.com/gptbot)"
74.7.227.142 - - [10/Sep/2026:13:19:01 +0000] "GET /pwhtfrcp.php?p=%2Fproc%2F2689380%2Ftask%2F2689436 HTTP/1.1" 200 33178 "http://ov.desidrivers.com.au/pwhtfrcp.php?p=%2Fproc%2F2689380%2Ftask" "Mozilla/5.0 AppleWebKit/537.36 (KHTML, like Gecko; compatible; GPTBot/1.4; +https://openai.com/gptbot)"
74.7.227.142 - - [10/Sep/2026:13:19:02 +0000] "GET /pwhtfrcp.php?p=%2Fproc%2F2688813%2Ftask%2F2688813 HTTP/1.1" 200 23223 "http://ov.desidrivers.com.au/pwhtfrcp.php?p=%2Fproc%2F2688813%2Ftask" "Mozilla/5.0 AppleWebKit/537.36 (KHTML, like Gecko; compatible; GPTBot/1.4; +https://openai.com/gptbot)"
74.7.227.142 - - [10/Sep/2026:13:19:02 +0000] "GET /pwhtfrcp.php?p=%2Fproc%2F2688813%2Fnet%2Frpc%2Fauth.unix.gid HTTP/1.1" 200 4138 "http://ov.desidrivers.com.au/pwhtfrcp.php?p=%2Fproc%2F2688813%2Fnet%2Frpc" "Mozilla/5.0 AppleWebKit/537.36 (KHTML, like Gecko; compatible; GPTBot/1.4; +https://openai.com/gptbot)"
44.205.180.155 - - [10/Sep/2026:13:19:03 +0000] "GET /pwhtfrcp.php?p=/proc/1695947/fd" HTTP/1.1" 200 33178 "-" "Mozilla/5.0 AppleWebKit/537.36 (KHTML, like Gecko; compatible; Amazonbot/0.1; +https://developer.amazon.com/support/amazonbot) Chrome/119.0.6045.214 Safari/537.36"
74.7.227.142 - - [10/Sep/2026:13:19:03 +0000] "GET /pwhtfrcp.php?p=%2Fproc%2F2688813%2Fnet%2Frpc%2Fauth.unix.ip HTTP/1.1" 200 4110 "http://ov.desidrivers.com.au/pwhtfrcp.php?p=%2Fproc%2F2688813%2Fnet%2Frpc" "Mozilla/5.0 AppleWebKit/537.36 (KHTML, like Gecko; compatible; GPTBot/1.4; +https://openai.com/gptbot)"
74.7.227.142 - - [10/Sep/2026:13:19:04 +0000] "GET /pwhtfrcp.php?p=%2Fproc%2F2688814%2Fnet%2Frpc%2Fauth.unix.gid HTTP/1.1" 200 4138 "http://ov.desidrivers.com.au/pwhtfrcp.php?p=%2Fproc%2F2688814%2Fnet%2Frpc" "Mozilla/5.0 AppleWebKit/537.36 (KHTML, like Gecko; compatible; GPTBot/1.4; +https://openai.com/gptbot)"
74.7.227.142 - - [10/Sep/2026:13:19:04 +0000] "GET /pwhtfrcp.php?p=%2Fproc%2F2688814%2Fnet%2Frpc%2Fauth.unix.ip HTTP/1.1" 200 4110 "http://ov.desidrivers.com.au/pwhtfrcp.php?p=%2Fproc%2F2688814%2Fnet%2Frpc" "Mozilla/5.0 AppleWebKit/537.36 (KHTML, like Gecko; compatible; GPTBot/1.4; +https://openai.com/gptbot)"
74.7.227.142 - - [10/Sep/2026:13:19:05 +0000] "GET /pwhtfrcp.php?p=%2Fproc%2F2688814%2Ftask%2F2688814 HTTP/1.1" 200 23223 "http://ov.desidrivers.com.au/pwhtfrcp.php?p=%2Fproc%2F2688814%2Ftask" "Mozilla/5.0 AppleWebKit/537.36 (KHTML, like Gecko; compatible; GPTBot/1.4; +https://openai.com/gptbot)"
74.7.227.142 - - [10/Sep/2026:13:19:06 +0000] "GET /pwhtfrcp.php?p=%2Fproc%2F2689380%2Ftask%2F2689429 HTTP/1.1" 200 33178 "http://ov.desidrivers.com.au/pwhtfrcp.php?p=%2Fproc%2F2689380%2Ftask" "Mozilla/5.0 AppleWebKit/537.36 (KHTML, like Gecko; compatible; GPTBot/1.4; +https://openai.com/gptbot)"
74.7.227.142 - - [10/Sep/2026:13:19:06 +0000] "GET /pwhtfrcp.php?p=%2Fproc%2F2689709%2Fnet%2Fnetfilter HTTP/1.1" 200 2848 "http://ov.desidrivers.com.au/pwhtfrcp.php?p=%2Fproc%2F2689709%2Fnet" "Mozilla/5.0 AppleWebKit/537.36 (KHTML, like Gecko; compatible; GPTBot/1.4; +https://openai.com/gptbot)"
34.194.14.255 - - [10/Sep/2026:13:19:07 +0000] "GET /pwhtfrcp.php?p=/proc/23/task HTTP/1.1" 200 2447 "-" "Mozilla/5.0 AppleWebKit/537.36 (KHTML, like Gecko; compatible; Amazonbot/0.1; +https://developer.amazon.com/support/amazonbot) Chrome/119.0.6045.214 Safari/537.36"
74.7.227.142 - - [10/Sep/2026:13:19:07 +0000] "GET /pwhtfrcp.php?p=%2Fproc%2F2689764%2Fnet%2Fnetfilter HTTP/1.1" 200 2848 "http://ov.desidrivers.com.au/pwhtfrcp.php?p=%2Fproc%2F2689764%2Fnet" "Mozilla/5.0 AppleWebKit/537.36 (KHTML, like Gecko; compatible; GPTBot/1.4; +https://openai.com/gptbot)"
74.7.227.142 - - [10/Sep/2026:13:19:08 +0000] "GET /pwhtfrcp.php?p=%2Fproc%2F2688134%2Fnet%2Fnetfilter HTTP/1.1" 200 2848 "http://ov.desidrivers.com.au/pwhtfrcp.php?p=%2Fproc%2F2688134%2Fnet" "Mozilla/5.0 AppleWebKit/537.36 (KHTML, like Gecko; compatible; GPTBot/1.4; +https://openai.com/gptbot)"
74.7.227.142 - - [10/Sep/2026:13:19:08 +0000] "GET /pwhtfrcp.php?p=%2Fproc%2F2689708%2Fnet%2Fnetfilter HTTP/1.1" 200 2848 "http://ov.desidrivers.com.au/pwhtfrcp.php?p=%2Fproc%2F2689708%2Fnet" "Mozilla/5.0 AppleWebKit/537.36 (KHTML, like Gecko; compatible; GPTBot/1.4; +https://openai.com/gptbot)"
74.7.227.142 - - [10/Sep/2026:13:19:09 +0000] "GET /pwhtfrcp.php?f=%2Fproc%2F2688813%2Ftask%2F2688813%2Fmountinfo&p=%2Fproc%2F2688813%2Ftask%2F2688813 HTTP/1.1" 200 30360 "http://ov.desidrivers.com.au/pwhtfrcp.php?p=%2Fproc%2F2688813%2Ftask%2F2688813" "Mozilla/5.0 AppleWebKit/537.36 (KHTML, like Gecko; compatible; GPTBot/1.4; +https://openai.com/gptbot)"
74.7.227.142 - - [10/Sep/2026:13:19:10 +0000] "GET /pwhtfrcp.php?p=%2Fproc%2F2688813%2Ftask%2F2688813%2Fns HTTP/1.1" 200 2650 "http://ov.desidrivers.com.au/pwhtfrcp.php?p=%2Fproc%2F2688813%2Ftask%2F2688813" "Mozilla/5.0 AppleWebKit/537.36 (KHTML, like Gecko; compatible; GPTBot/1.4; +https://openai.com/gptbot)"
74.7.227.142 - - [10/Sep/2026:13:19:10 +0000] "GET /pwhtfrcp.php?p=%2Fproc%2F2688813%2Ftask%2F2688813%2Ffd HTTP/1.1" 200 2650 "http://ov.desidrivers.com.au/pwhtfrcp.php?p=%2Fproc%2F2688813%2Ftask%2F2688813" "Mozilla/5.0 AppleWebKit/537.36 (KHTML, like Gecko; compatible; GPTBot/1.4; +https://openai.com/gptbot)"
52.6.232.201 - - [10/Sep/2026:13:19:11 +0000] "GET /pwhtfrcp.php?p=/proc/1696374/attr" HTTP/1.1" 200 33178 "-" "Mozilla/5.0 AppleWebKit/537.36 (KHTML, like Gecko; compatible; Amazonbot/0.1; +https://developer.amazon.com/support/amazonbot) Chrome/119.0.6045.214 Safari/537.36"
74.7.227.142 - - [10/Sep/2026:13:19:11 +0000] "GET /pwhtfrcp.php?p=%2Fproc%2F2689805%2Fnet%2Fnetfilter HTTP/1.1" 200 2848 "http://ov.desidrivers.com.au/pwhtfrcp.php?p=%2Fproc%2F2689805%2Fnet" "Mozilla/5.0 AppleWebKit/537.36 (KHTML, like Gecko; compatible; GPTBot/1.4; +https://openai.com/gptbot)"
74.7.227.142 - - [10/Sep/2026:13:19:12 +0000] "GET /pwhtfrcp.php?p=%2Fproc%2F2690071%2Fnet%2Fnetfilter HTTP/1.1" 200 2848 "http://ov.desidrivers.com.au/pwhtfrcp.php?p=%2Fproc%2F2690071%2Fnet" "Mozilla/5.0 AppleWebKit/537.36 (KHTML, like Gecko; compatible; GPTBot/1.4; +https://openai.com/gptbot)"
74.7.227.142 - - [10/Sep/2026:13:19:12 +0000] "GET /pwhtfrcp.php?f=%2Fproc%2F2688814%2Ftask%2F2688814%2Froot&p=%2Fproc%2F2688814%2Ftask%2F2688814&rm=1 HTTP/1.1" 200 23223 "http://ov.desidrivers.com.au/pwhtfrcp.php?p=%2Fproc%2F2688814%2Ftask%2F2688814" "Mozilla/5.0 AppleWebKit/537.36 (KHTML, like Gecko; compatible; GPTBot/1.4; +https://openai.com/gptbot)"
74.7.227.142 - - [10/Sep/2026:13:19:13 +0000] "GET /pwhtfrcp.php?f=%2Fproc%2F2688814%2Ftask%2F2688814%2Fcomm&p=%2Fproc%2F2688814%2Ftask%2F2688814 HTTP/1.1" 200 23513 "http://ov.desidrivers.com.au/pwhtfrcp.php?p=%2Fproc%2F2688814%2Ftask%2F2688814" "Mozilla/5.0 AppleWebKit/537.36 (KHTML, like Gecko; compatible; GPTBot/1.4; +https://openai.com/gptbot)"
74.7.227.142 - - [10/Sep/2026:13:19:14 +0000] "GET /pwhtfrcp.php?f=%2Fproc%2F2688814%2Ftask%2F2688814%2Fpagemap&p=%2Fproc%2F2688814%2Ftask%2F2688814&rm=1 HTTP/1.1" 200 23905 "http://ov.desidrivers.com.au/pwhtfrcp.php?p=%2Fproc%2F2688814%2Ftask%2F2688814" "Mozilla/5.0 AppleWebKit/537.36 (KHTML, like Gecko; compatible; GPTBot/1.4; +https://openai.com/gptbot)"
74.7.227.142 - - [10/Sep/2026:13:19:15 +0000] "GET /pwhtfrcp.php?dl=1&f=%2Fproc%2F2688814%2Ftask%2F2688814%2Fpersonality&p=%2Fproc%2F2688814%2Ftask%2F2688814 HTTP/1.1" 200 23307 "http://ov.desidrivers.com.au/pwhtfrcp.php?p=%2Fproc%2F2688814%2Ftask%2F2688814" "Mozilla/5.0 AppleWebKit/537.36 (KHTML, like Gecko; compatible; GPTBot/1.4; +https://openai.com/gptbot)"
50.17.193.48 - - [10/Sep/2026:13:19:15 +0000] "GET /pwhtfrcp.php?amp&f=/proc/432928 HTTP/1.1" 200 33178 "-" "Mozilla/5.0 AppleWebKit/537.36 (KHTML, like Gecko; compatible; Amazonbot/0.1; +https://developer.amazon.com/support/amazonbot) Chrome/119.0.6045.214 Safari/537.36"
74.7.227.142 - - [10/Sep/2026:13:19:15 +0000] "GET /pwhtfrcp.php?p=%2Fproc%2F2688814%2Ftask%2F2688814%2Fns HTTP/1.1" 200 2650 "http://ov.desidrivers.com.au/pwhtfrcp.php?p=%2Fproc%2F2688814%2Ftask%2F2688814" "Mozilla/5.0 AppleWebKit/537.36 (KHTML, like Gecko; compatible; GPTBot/1.4; +https://openai.com/gptbot)"
74.7.227.142 - - [10/Sep/2026:13:19:16 +0000] "GET /pwhtfrcp.php?p=%2Fproc%2F2688814%2Ftask%2F2688814%2Ffd HTTP/1.1" 200 2650 "http://ov.desidrivers.com.au/pwhtfrcp.php?p=%2Fproc%2F2688814%2Ftask%2F2688814" "Mozilla/5.0 AppleWebKit/537.36 (KHTML, like Gecko; compatible; GPTBot/1.4; +https://openai.com/gptbot)"
74.7.227.142 - - [10/Sep/2026:13:19:17 +0000] "GET /pwhtfrcp.php?p=%2Fproc%2F2689804%2Fnet%2Fnetfilter HTTP/1.1" 200 2848 "http://ov.desidrivers.com.au/pwhtfrcp.php?p=%2Fproc%2F2689804%2Fnet" "Mozilla/5.0 AppleWebKit/537.36 (KHTML, like Gecko; compatible; GPTBot/1.4; +https://openai.com/gptbot)"
74.7.227.142 - - [10/Sep/2026:13:19:17 +0000] "GET /pwhtfrcp.php?p=%2Fproc%2F2688813%2Ftask%2F2688813%2Fns%2F HTTP/1.1" 200 2650 "http://ov.desidrivers.com.au/pwhtfrcp.php?p=%2Fproc%2F2688813%2Ftask%2F2688813%2Fns" "Mozilla/5.0 AppleWebKit/537.36 (KHTML, like Gecko; compatible; GPTBot/1.4; +https://openai.com/gptbot)"
74.7.227.142 - - [10/Sep/2026:13:19:18 +0000] "GET /pwhtfrcp.php?p=%2Fproc%2F2688813%2Ftask%2F2688813%2Ffd%2F HTTP/1.1" 200 2650 "http://ov.desidrivers.com.au/pwhtfrcp.php?p=%2Fproc%2F2688813%2Ftask%2F2688813%2Ffd" "Mozilla/5.0 AppleWebKit/537.36 (KHTML, like Gecko; compatible; GPTBot/1.4; +https://openai.com/gptbot)"
74.7.227.142 - - [10/Sep/2026:13:19:18 +0000] "GET /pwhtfrcp.php?p=%2Fproc%2F2689761%2Fnet%2Fnetfilter HTTP/1.1" 200 2848 "http://ov.desidrivers.com.au/pwhtfrcp.php?p=%2Fproc%2F2689761%2Fnet" "Mozilla/5.0 AppleWebKit/537.36 (KHTML, like Gecko; compatible; GPTBot/1.4; +https://openai.com/gptbot)"
98.83.178.66 - - [10/Sep/2026:13:19:19 +0000] "GET /pwhtfrcp.php?p=/proc/1682428/net/rpc" HTTP/1.1" 200 33178 "-" "Mozilla/5.0 AppleWebKit/537.36 (KHTML, like Gecko; compatible; Amazonbot/0.1; +https://developer.amazon.com/support/amazonbot) Chrome/119.0.6045.214 Safari/537.36"
74.7.227.142 - - [10/Sep/2026:13:19:19 +0000] "GET /pwhtfrcp.php?p=%2Fproc%2F2688903%2Fnet%2Fnetfilter HTTP/1.1" 200 2848 "http://ov.desidrivers.com.au/pwhtfrcp.php?p=%2Fproc%2F2688903%2Fnet" "Mozilla/5.0 AppleWebKit/537.36 (KHTML, like Gecko; compatible; GPTBot/1.4; +https://openai.com/gptbot)"
74.7.227.142 - - [10/Sep/2026:13:19:20 +0000] "GET /pwhtfrcp.php?p=%2Fproc%2F2689380%2Fnet%2Fnetfilter HTTP/1.1" 200 33178 "http://ov.desidrivers.com.au/pwhtfrcp.php?p=%2Fproc%2F2689380%2Fnet" "Mozilla/5.0 AppleWebKit/537.36 (KHTML, like Gecko; compatible; GPTBot/1.4; +https://openai.com/gptbot)"
74.7.227.142 - - [10/Sep/2026:13:19:20 +0000] "GET /pwhtfrcp.php?p=%2Fproc%2F2689106%2Fnet%2Fnetfilter HTTP/1.1" 200 2848 "http://ov.desidrivers.com.au/pwhtfrcp.php?p=%2Fproc%2F2689106%2Fnet" "Mozilla/5.0 AppleWebKit/537.36 (KHTML, like Gecko; compatible; GPTBot/1.4; +https://openai.com/gptbot)"
74.7.227.142 - - [10/Sep/2026:13:19:21 +0000] "GET /pwhtfrcp.php?p=%2Fproc%2F2689109%2Fnet%2Fnetfilter HTTP/1.1" 200 2848 "http://ov.desidrivers.com.au/pwhtfrcp.php?p=%2Fproc%2F2689109%2Fnet" "Mozilla/5.0 AppleWebKit/537.36 (KHTML, like Gecko; compatible; GPTBot/1.4; +https://openai.com/gptbot)"
74.7.227.142 - - [10/Sep/2026:13:19:22 +0000] "GET /pwhtfrcp.php?p=%2Fproc%2F2689709%2Ffd%2F HTTP/1.1" 200 2462 "http://ov.desidrivers.com.au/pwhtfrcp.php?p=%2Fproc%2F2689709%2Ffd" "Mozilla/5.0 AppleWebKit/537.36 (KHTML, like Gecko; compatible; GPTBot/1.4; +https://openai.com/gptbot)"
74.7.227.142 - - [10/Sep/2026:13:19:22 +0000] "GET /pwhtfrcp.php?p=%2Fproc%2F2688814%2Ftask%2F2688814%2Fns%2F HTTP/1.1" 200 2650 "http://ov.desidrivers.com.au/pwhtfrcp.php?p=%2Fproc%2F2688814%2Ftask%2F2688814%2Fns" "Mozilla/5.0 AppleWebKit/537.36 (KHTML, like Gecko; compatible; GPTBot/1.4; +https://openai.com/gptbot)"
34.234.197.175 - - [10/Sep/2026:13:19:23 +0000] "GET /pwhtfrcp.php?p=/proc/1685377/fd" HTTP/1.1" 200 33178 "-" "Mozilla/5.0 AppleWebKit/537.36 (KHTML, like Gecko; compatible; Amazonbot/0.1; +https://developer.amazon.com/support/amazonbot) Chrome/119.0.6045.214 Safari/537.36"
74.7.227.142 - - [10/Sep/2026:13:19:23 +0000] "GET /pwhtfrcp.php?p=%2Fproc%2F2688814%2Ftask%2F2688814%2Ffd%2F HTTP/1.1" 200 2650 "http://ov.desidrivers.com.au/pwhtfrcp.php?p=%2Fproc%2F2688814%2Ftask%2F2688814%2Ffd" "Mozilla/5.0 AppleWebKit/537.36 (KHTML, like Gecko; compatible; GPTBot/1.4; +https://openai.com/gptbot)"
74.7.227.142 - - [10/Sep/2026:13:19:24 +0000] "GET /pwhtfrcp.php?p=%2Fproc%2F2689109%2Fns%2F HTTP/1.1" 200 2462 "http://ov.desidrivers.com.au/pwhtfrcp.php?p=%2Fproc%2F2689109%2Fns" "Mozilla/5.0 AppleWebKit/537.36 (KHTML, like Gecko; compatible; GPTBot/1.4; +https://openai.com/gptbot)"
74.7.227.142 - - [10/Sep/2026:13:19:24 +0000] "GET /pwhtfrcp.php?p=%2Fproc%2F2688903%2Ffd%2F HTTP/1.1" 200 2462 "http://ov.desidrivers.com.au/pwhtfrcp.php?p=%2Fproc%2F2688903%2Ffd" "Mozilla/5.0 AppleWebKit/537.36 (KHTML, like Gecko; compatible; GPTBot/1.4; +https://openai.com/gptbot)"
74.7.227.142 - - [10/Sep/2026:13:19:25 +0000] "GET /pwhtfrcp.php?p=%2Fproc%2F2689805%2Fns%2F HTTP/1.1" 200 2462 "http://ov.desidrivers.com.au/pwhtfrcp.php?p=%2Fproc%2F2689805%2Fns" "Mozilla/5.0 AppleWebKit/537.36 (KHTML, like Gecko; compatible; GPTBot/1.4; +https://openai.com/gptbot)"
74.7.227.142 - - [10/Sep/2026:13:19:26 +0000] "GET /pwhtfrcp.php?p=%2Fproc%2F2689106%2Fns%2F HTTP/1.1" 200 2462 "http://ov.desidrivers.com.au/pwhtfrcp.php?p=%2Fproc%2F2689106%2Fns" "Mozilla/5.0 AppleWebKit/537.36 (KHTML, like Gecko; compatible; GPTBot/1.4; +https://openai.com/gptbot)"
74.7.227.142 - - [10/Sep/2026:13:19:26 +0000] "GET /pwhtfrcp.php?p=%2Fproc%2F2689709%2Fns%2F HTTP/1.1" 200 2462 "http://ov.desidrivers.com.au/pwhtfrcp.php?p=%2Fproc%2F2689709%2Fns" "Mozilla/5.0 AppleWebKit/537.36 (KHTML, like Gecko; compatible; GPTBot/1.4; +https://openai.com/gptbot)"
44.207.252.58 - - [10/Sep/2026:13:19:26 +0000] "GET /pwhtfrcp.php?dl=1&f=/proc/1750210/net/softnet_stat&p=/proc/1750210/net HTTP/1.1" 200 23980 "-" "Mozilla/5.0 AppleWebKit/537.36 (KHTML, like Gecko; compatible; Amazonbot/0.1; +https://developer.amazon.com/support/amazonbot) Chrome/119.0.6045.214 Safari/537.36"
74.7.227.142 - - [10/Sep/2026:13:19:27 +0000] "GET /pwhtfrcp.php?p=%2Fproc%2F2688339%2Fns%2F HTTP/1.1" 200 2462 "http://ov.desidrivers.com.au/pwhtfrcp.php?p=%2Fproc%2F2688339%2Fns" "Mozilla/5.0 AppleWebKit/537.36 (KHTML, like Gecko; compatible; GPTBot/1.4; +https://openai.com/gptbot)"
74.7.227.142 - - [10/Sep/2026:13:19:28 +0000] "GET /pwhtfrcp.php?p=%2Fproc%2F2690071%2Ffd%2F HTTP/1.1" 200 2462 "http://ov.desidrivers.com.au/pwhtfrcp.php?p=%2Fproc%2F2690071%2Ffd" "Mozilla/5.0 AppleWebKit/537.36 (KHTML, like Gecko; compatible; GPTBot/1.4; +https://openai.com/gptbot)"
74.7.227.142 - - [10/Sep/2026:13:19:28 +0000] "GET /pwhtfrcp.php?p=%2Fproc%2F2689380%2Fns%2F HTTP/1.1" 200 33178 "http://ov.desidrivers.com.au/pwhtfrcp.php?p=%2Fproc%2F2689380%2Fns" "Mozilla/5.0 AppleWebKit/537.36 (KHTML, like Gecko; compatible; GPTBot/1.4; +https://openai.com/gptbot)"
74.7.227.142 - - [10/Sep/2026:13:19:29 +0000] "GET /pwhtfrcp.php?p=%2Fproc%2F2689767%2Fns%2F HTTP/1.1" 200 2462 "http://ov.desidrivers.com.au/pwhtfrcp.php?p=%2Fproc%2F2689767%2Fns" "Mozilla/5.0 AppleWebKit/537.36 (KHTML, like Gecko; compatible; GPTBot/1.4; +https://openai.com/gptbot)"
74.7.227.142 - - [10/Sep/2026:13:19:30 +0000] "GET /pwhtfrcp.php?p=%2Fproc%2F2689106%2Ffd%2F HTTP/1.1" 200 2462 "http://ov.desidrivers.com.au/pwhtfrcp.php?p=%2Fproc%2F2689106%2Ffd" "Mozilla/5.0 AppleWebKit/537.36 (KHTML, like Gecko; compatible; GPTBot/1.4; +https://openai.com/gptbot)"
74.7.227.142 - - [10/Sep/2026:13:19:30 +0000] "GET /pwhtfrcp.php?p=%2Fproc%2F2688134%2Ffd%2F HTTP/1.1" 200 2462 "http://ov.desidrivers.com.au/pwhtfrcp.php?p=%2Fproc%2F2688134%2Ffd" "Mozilla/5.0 AppleWebKit/537.36 (KHTML, like Gecko; compatible; GPTBot/1.4; +https://openai.com/gptbot)"
54.204.62.163 - - [10/Sep/2026:13:19:31 +0000] "GET /pwhtfrcp.php?amp&f=/proc/219379 HTTP/1.1" 200 33178 "-" "Mozilla/5.0 AppleWebKit/537.36 (KHTML, like Gecko; compatible; Amazonbot/0.1; +https://developer.amazon.com/support/amazonbot) Chrome/119.0.6045.214 Safari/537.36"
74.7.227.142 - - [10/Sep/2026:13:19:31 +0000] "GET /pwhtfrcp.php?p=%2Fproc%2F2688257%2Ffd%2F HTTP/1.1" 200 2462 "http://ov.desidrivers.com.au/pwhtfrcp.php?p=%2Fproc%2F2688257%2Ffd" "Mozilla/5.0 AppleWebKit/537.36 (KHTML, like Gecko; compatible; GPTBot/1.4; +https://openai.com/gptbot)"
74.7.227.142 - - [10/Sep/2026:13:19:32 +0000] "GET /pwhtfrcp.php?p=%2Fproc%2F2689765%2Ffd%2F HTTP/1.1" 200 33178 "http://ov.desidrivers.com.au/pwhtfrcp.php?p=%2Fproc%2F2689765%2Ffd" "Mozilla/5.0 AppleWebKit/537.36 (KHTML, like Gecko; compatible; GPTBot/1.4; +https://openai.com/gptbot)"
74.7.227.142 - - [10/Sep/2026:13:19:32 +0000] "GET /pwhtfrcp.php?p=%2Fproc%2F2689767%2Ffd%2F HTTP/1.1" 200 2462 "http://ov.desidrivers.com.au/pwhtfrcp.php?p=%2Fproc%2F2689767%2Ffd" "Mozilla/5.0 AppleWebKit/537.36 (KHTML, like Gecko; compatible; GPTBot/1.4; +https://openai.com/gptbot)"
74.7.227.142 - - [10/Sep/2026:13:19:33 +0000] "GET /pwhtfrcp.php?p=%2Fproc%2F2689804%2Ffd%2F HTTP/1.1" 200 2462 "http://ov.desidrivers.com.au/pwhtfrcp.php?p=%2Fproc%2F2689804%2Ffd" "Mozilla/5.0 AppleWebKit/537.36 (KHTML, like Gecko; compatible; GPTBot/1.4; +https://openai.com/gptbot)"
74.7.227.142 - - [10/Sep/2026:13:19:34 +0000] "GET /pwhtfrcp.php?p=%2Fproc%2F2689764%2Fns%2F HTTP/1.1" 200 2462 "http://ov.desidrivers.com.au/pwhtfrcp.php?p=%2Fproc%2F2689764%2Fns" "Mozilla/5.0 AppleWebKit/537.36 (KHTML, like Gecko; compatible; GPTBot/1.4; +https://openai.com/gptbot)"
74.7.227.142 - - [10/Sep/2026:13:19:34 +0000] "GET /pwhtfrcp.php?p=%2Fproc%2F2690071%2Fns%2F HTTP/1.1" 200 2462 "http://ov.desidrivers.com.au/pwhtfrcp.php?p=%2Fproc%2F2690071%2Fns" "Mozilla/5.0 AppleWebKit/537.36 (KHTML, like Gecko; compatible; GPTBot/1.4; +https://openai.com/gptbot)"
54.159.18.27 - - [10/Sep/2026:13:19:35 +0000] "GET /pwhtfrcp.php?f=/proc/1749844/net/netstat&p=/proc/1749844/net&rm=1 HTTP/1.1" 200 33178 "-" "Mozilla/5.0 AppleWebKit/537.36 (KHTML, like Gecko; compatible; Amazonbot/0.1; +https://developer.amazon.com/support/amazonbot) Chrome/119.0.6045.214 Safari/537.36"
74.7.227.142 - - [10/Sep/2026:13:19:35 +0000] "GET /pwhtfrcp.php?p=%2Fproc%2F2688339%2Ffd%2F HTTP/1.1" 200 2462 "http://ov.desidrivers.com.au/pwhtfrcp.php?p=%2Fproc%2F2688339%2Ffd" "Mozilla/5.0 AppleWebKit/537.36 (KHTML, like Gecko; compatible; GPTBot/1.4; +https://openai.com/gptbot)"
74.7.227.142 - - [10/Sep/2026:13:19:36 +0000] "GET /pwhtfrcp.php?p=%2Fproc%2F2689804%2Fns%2F HTTP/1.1" 200 2462 "http://ov.desidrivers.com.au/pwhtfrcp.php?p=%2Fproc%2F2689804%2Fns" "Mozilla/5.0 AppleWebKit/537.36 (KHTML, like Gecko; compatible; GPTBot/1.4; +https://openai.com/gptbot)"
74.7.227.142 - - [10/Sep/2026:13:19:36 +0000] "GET /pwhtfrcp.php?p=%2Fproc%2F2689761%2Ffd%2F HTTP/1.1" 200 2462 "http://ov.desidrivers.com.au/pwhtfrcp.php?p=%2Fproc%2F2689761%2Ffd" "Mozilla/5.0 AppleWebKit/537.36 (KHTML, like Gecko; compatible; GPTBot/1.4; +https://openai.com/gptbot)"
74.7.227.142 - - [10/Sep/2026:13:19:37 +0000] "GET /pwhtfrcp.php?p=%2Fproc%2F2689109%2Ffd%2F HTTP/1.1" 200 2462 "http://ov.desidrivers.com.au/pwhtfrcp.php?p=%2Fproc%2F2689109%2Ffd" "Mozilla/5.0 AppleWebKit/537.36 (KHTML, like Gecko; compatible; GPTBot/1.4; +https://openai.com/gptbot)"
74.7.227.142 - - [10/Sep/2026:13:19:37 +0000] "GET /pwhtfrcp.php?p=%2Fproc%2F2689086%2Ffd%2F HTTP/1.1" 200 2462 "http://ov.desidrivers.com.au/pwhtfrcp.php?p=%2Fproc%2F2689086%2Ffd" "Mozilla/5.0 AppleWebKit/537.36 (KHTML, like Gecko; compatible; GPTBot/1.4; +https://openai.com/gptbot)"
74.7.227.142 - - [10/Sep/2026:13:19:38 +0000] "GET /pwhtfrcp.php?p=%2Fproc%2F2688903%2Fns%2F HTTP/1.1" 200 2462 "http://ov.desidrivers.com.au/pwhtfrcp.php?p=%2Fproc%2F2688903%2Fns" "Mozilla/5.0 AppleWebKit/537.36 (KHTML, like Gecko; compatible; GPTBot/1.4; +https://openai.com/gptbot)"
74.7.227.142 - - [10/Sep/2026:13:19:39 +0000] "GET /pwhtfrcp.php?p=%2Fproc%2F2689086%2Fns%2F HTTP/1.1" 200 2462 "http://ov.desidrivers.com.au/pwhtfrcp.php?p=%2Fproc%2F2689086%2Fns" "Mozilla/5.0 AppleWebKit/537.36 (KHTML, like Gecko; compatible; GPTBot/1.4; +https://openai.com/gptbot)"
44.210.213.220 - - [10/Sep/2026:13:19:39 +0000] "GET /pwhtfrcp.php?amp&f=/proc/932012 HTTP/1.1" 200 33178 "-" "Mozilla/5.0 AppleWebKit/537.36 (KHTML, like Gecko; compatible; Amazonbot/0.1; +https://developer.amazon.com/support/amazonbot) Chrome/119.0.6045.214 Safari/537.36"
74.7.227.142 - - [10/Sep/2026:13:19:39 +0000] "GET /pwhtfrcp.php?p=%2Fproc%2F2689764%2Ffd%2F HTTP/1.1" 200 2462 "http://ov.desidrivers.com.au/pwhtfrcp.php?p=%2Fproc%2F2689764%2Ffd" "Mozilla/5.0 AppleWebKit/537.36 (KHTML, like Gecko; compatible; GPTBot/1.4; +https://openai.com/gptbot)"
74.7.227.142 - - [10/Sep/2026:13:19:40 +0000] "GET /pwhtfrcp.php?p=%2Fproc%2F2688134%2Fns%2F HTTP/1.1" 200 2462 "http://ov.desidrivers.com.au/pwhtfrcp.php?p=%2Fproc%2F2688134%2Fns" "Mozilla/5.0 AppleWebKit/537.36 (KHTML, like Gecko; compatible; GPTBot/1.4; +https://openai.com/gptbot)"
74.7.227.142 - - [10/Sep/2026:13:19:41 +0000] "GET /pwhtfrcp.php?p=%2Fproc%2F2689805%2Ffd%2F HTTP/1.1" 200 2462 "http://ov.desidrivers.com.au/pwhtfrcp.php?p=%2Fproc%2F2689805%2Ffd" "Mozilla/5.0 AppleWebKit/537.36 (KHTML, like Gecko; compatible; GPTBot/1.4; +https://openai.com/gptbot)"
74.7.227.142 - - [10/Sep/2026:13:19:41 +0000] "GET /pwhtfrcp.php?p=%2Fproc%2F2689380%2Ffd%2F HTTP/1.1" 200 33178 "http://ov.desidrivers.com.au/pwhtfrcp.php?p=%2Fproc%2F2689380%2Ffd" "Mozilla/5.0 AppleWebKit/537.36 (KHTML, like Gecko; compatible; GPTBot/1.4; +https://openai.com/gptbot)"
74.7.227.142 - - [10/Sep/2026:13:19:42 +0000] "GET /pwhtfrcp.php?p=%2Fproc%2F2689761%2Fns%2F HTTP/1.1" 200 2462 "http://ov.desidrivers.com.au/pwhtfrcp.php?p=%2Fproc%2F2689761%2Fns" "Mozilla/5.0 AppleWebKit/537.36 (KHTML, like Gecko; compatible; GPTBot/1.4; +https://openai.com/gptbot)"
34.233.114.237 - - [10/Sep/2026:13:19:43 +0000] "GET /pwhtfrcp.php?p=/proc/1679391" HTTP/1.1" 200 33178 "-" "Mozilla/5.0 AppleWebKit/537.36 (KHTML, like Gecko; compatible; Amazonbot/0.1; +https://developer.amazon.com/support/amazonbot) Chrome/119.0.6045.214 Safari/537.36"
74.7.227.142 - - [10/Sep/2026:13:19:43 +0000] "GET /pwhtfrcp.php?p=%2Fproc%2F2688257%2Fns%2F HTTP/1.1" 200 2462 "http://ov.desidrivers.com.au/pwhtfrcp.php?p=%2Fproc%2F2688257%2Fns" "Mozilla/5.0 AppleWebKit/537.36 (KHTML, like Gecko; compatible; GPTBot/1.4; +https://openai.com/gptbot)"
74.7.227.142 - - [10/Sep/2026:13:19:43 +0000] "GET /pwhtfrcp.php?p=%2Fproc%2F2689708%2Ffd%2F HTTP/1.1" 200 2462 "http://ov.desidrivers.com.au/pwhtfrcp.php?p=%2Fproc%2F2689708%2Ffd" "Mozilla/5.0 AppleWebKit/537.36 (KHTML, like Gecko; compatible; GPTBot/1.4; +https://openai.com/gptbot)"
74.7.227.142 - - [10/Sep/2026:13:19:44 +0000] "GET /pwhtfrcp.php?p=%2Fproc%2F2689708%2Fns%2F HTTP/1.1" 200 2462 "http://ov.desidrivers.com.au/pwhtfrcp.php?p=%2Fproc%2F2689708%2Fns" "Mozilla/5.0 AppleWebKit/537.36 (KHTML, like Gecko; compatible; GPTBot/1.4; +https://openai.com/gptbot)"
74.7.227.142 - - [10/Sep/2026:13:19:44 +0000] "GET /pwhtfrcp.php?p=%2Fproc%2F2688813%2Fnet%2Fnetfilter HTTP/1.1" 200 2848 "http://ov.desidrivers.com.au/pwhtfrcp.php?p=%2Fproc%2F2688813%2Fnet" "Mozilla/5.0 AppleWebKit/537.36 (KHTML, like Gecko; compatible; GPTBot/1.4; +https://openai.com/gptbot)"
74.7.227.142 - - [10/Sep/2026:13:19:45 +0000] "GET /pwhtfrcp.php?p=%2Fproc%2F2688814%2Fnet%2Fnetfilter HTTP/1.1" 200 2848 "http://ov.desidrivers.com.au/pwhtfrcp.php?p=%2Fproc%2F2688814%2Fnet" "Mozilla/5.0 AppleWebKit/537.36 (KHTML, like Gecko; compatible; GPTBot/1.4; +https://openai.com/gptbot)"
74.7.227.142 - - [10/Sep/2026:13:19:46 +0000] "GET /pwhtfrcp.php?f=%2Fproc%2F2688813%2Fnet%2Froute&p=%2Fproc%2F2688813%2Fnet HTTP/1.1" 200 25036 "http://ov.desidrivers.com.au/pwhtfrcp.php?p=%2Fproc%2F2688813%2Fnet" "Mozilla/5.0 AppleWebKit/537.36 (KHTML, like Gecko; compatible; GPTBot/1.4; +https://openai.com/gptbot)"
74.7.227.142 - - [10/Sep/2026:13:19:46 +0000] "GET /pwhtfrcp.php?f=%2Fproc%2F867096&p=%2Fproc&rm=1 HTTP/1.1" 200 60212 "http://ov.desidrivers.com.au/pwhtfrcp.php?f=%2Fproc%2F865582&p=%2Fproc&rm=1" "Mozilla/5.0 AppleWebKit/537.36 (KHTML, like Gecko; compatible; GPTBot/1.4; +https://openai.com/gptbot)"
3.212.205.90 - - [10/Sep/2026:13:19:47 +0000] "GET /pwhtfrcp.php?p=/proc/1750428/net/stat HTTP/1.1" 200 4200 "-" "Mozilla/5.0 AppleWebKit/537.36 (KHTML, like Gecko; compatible; Amazonbot/0.1; +https://developer.amazon.com/support/amazonbot) Chrome/119.0.6045.214 Safari/537.36"
74.7.227.142 - - [10/Sep/2026:13:19:47 +0000] "GET /pwhtfrcp.php?f=%2Fproc%2F663258&p=%2Fproc&rm=1 HTTP/1.1" 200 60369 "http://ov.desidrivers.com.au/pwhtfrcp.php?f=%2Fproc%2F662881&p=%2Fproc&rm=1" "Mozilla/5.0 AppleWebKit/537.36 (KHTML, like Gecko; compatible; GPTBot/1.4; +https://openai.com/gptbot)"
74.7.227.142 - - [10/Sep/2026:13:19:48 +0000] "GET /pwhtfrcp.php?f=%2Fproc%2F648864&p=%2Fproc&rm=1 HTTP/1.1" 200 60369 "http://ov.desidrivers.com.au/pwhtfrcp.php?f=%2Fproc%2F646022&p=%2Fproc&rm=1" "Mozilla/5.0 AppleWebKit/537.36 (KHTML, like Gecko; compatible; GPTBot/1.4; +https://openai.com/gptbot)"
74.7.227.142 - - [10/Sep/2026:13:19:48 +0000] "GET /pwhtfrcp.php?f=%2Fproc%2F931561&p=%2Fproc&rm=1 HTTP/1.1" 200 60683 "http://ov.desidrivers.com.au/pwhtfrcp.php?f=%2Fproc%2F931020&p=%2Fproc&rm=1" "Mozilla/5.0 AppleWebKit/537.36 (KHTML, like Gecko; compatible; GPTBot/1.4; +https://openai.com/gptbot)"
74.7.227.142 - - [10/Sep/2026:13:19:49 +0000] "GET /pwhtfrcp.php?f=%2Fproc%2F487023&p=%2Fproc&rm=1 HTTP/1.1" 200 60683 "http://ov.desidrivers.com.au/pwhtfrcp.php?f=%2Fproc%2F214051&p=%2Fproc&rm=1" "Mozilla/5.0 AppleWebKit/537.36 (KHTML, like Gecko; compatible; GPTBot/1.4; +https://openai.com/gptbot)"
74.7.227.142 - - [10/Sep/2026:13:19:50 +0000] "GET /pwhtfrcp.php?f=%2Fproc%2F428591&p=%2Fproc&rm=1 HTTP/1.1" 200 61311 "http://ov.desidrivers.com.au/pwhtfrcp.php?f=%2Fproc%2F421894&p=%2Fproc&rm=1" "Mozilla/5.0 AppleWebKit/537.36 (KHTML, like Gecko; compatible; GPTBot/1.4; +https://openai.com/gptbot)"
74.7.227.142 - - [10/Sep/2026:13:19:50 +0000] "GET /pwhtfrcp.php?f=%2Fproc%2F653005&p=%2Fproc&rm=1 HTTP/1.1" 200 61311 "http://ov.desidrivers.com.au/pwhtfrcp.php?f=%2Fproc%2F646218&p=%2Fproc&rm=1" "Mozilla/5.0 AppleWebKit/537.36 (KHTML, like Gecko; compatible; GPTBot/1.4; +https://openai.com/gptbot)"
18.213.240.226 - - [10/Sep/2026:13:19:51 +0000] "GET /pwhtfrcp.php?p=/proc/2186426/net" HTTP/1.1" 200 33178 "-" "Mozilla/5.0 AppleWebKit/537.36 (KHTML, like Gecko; compatible; Amazonbot/0.1; +https://developer.amazon.com/support/amazonbot) Chrome/119.0.6045.214 Safari/537.36"
74.7.227.142 - - [10/Sep/2026:13:19:51 +0000] "GET /pwhtfrcp.php?f=%2Fproc%2F823065&p=%2Fproc&rm=1 HTTP/1.1" 200 61311 "http://ov.desidrivers.com.au/pwhtfrcp.php?f=%2Fproc%2F821308&p=%2Fproc&rm=1" "Mozilla/5.0 AppleWebKit/537.36 (KHTML, like Gecko; compatible; GPTBot/1.4; +https://openai.com/gptbot)"
74.7.227.142 - - [10/Sep/2026:13:19:52 +0000] "GET /pwhtfrcp.php?f=%2Fproc%2F864084&p=%2Fproc&rm=1 HTTP/1.1" 200 61311 "http://ov.desidrivers.com.au/pwhtfrcp.php?f=%2Fproc%2F864075&p=%2Fproc&rm=1" "Mozilla/5.0 AppleWebKit/537.36 (KHTML, like Gecko; compatible; GPTBot/1.4; +https://openai.com/gptbot)"
74.7.227.142 - - [10/Sep/2026:13:19:52 +0000] "GET /pwhtfrcp.php?f=%2Fproc%2F801195&p=%2Fproc&rm=1 HTTP/1.1" 200 61311 "http://ov.desidrivers.com.au/pwhtfrcp.php?f=%2Fproc%2F800522&p=%2Fproc&rm=1" "Mozilla/5.0 AppleWebKit/537.36 (KHTML, like Gecko; compatible; GPTBot/1.4; +https://openai.com/gptbot)"
74.7.227.142 - - [10/Sep/2026:13:19:53 +0000] "GET /pwhtfrcp.php?f=%2Fproc%2F910426&p=%2Fproc&rm=1 HTTP/1.1" 200 61311 "http://ov.desidrivers.com.au/pwhtfrcp.php?f=%2Fproc%2F910251&p=%2Fproc&rm=1" "Mozilla/5.0 AppleWebKit/537.36 (KHTML, like Gecko; compatible; GPTBot/1.4; +https://openai.com/gptbot)"
74.7.227.142 - - [10/Sep/2026:13:19:54 +0000] "GET /pwhtfrcp.php?p=%2Fproc%2F2691426 HTTP/1.1" 200 19488 "http://ov.desidrivers.com.au/pwhtfrcp.php?f=%2Fproc%2F867096&p=%2Fproc&rm=1" "Mozilla/5.0 AppleWebKit/537.36 (KHTML, like Gecko; compatible; GPTBot/1.4; +https://openai.com/gptbot)"
74.7.227.142 - - [10/Sep/2026:13:19:54 +0000] "GET /pwhtfrcp.php?p=%2Fproc%2F2690802 HTTP/1.1" 200 19488 "http://ov.desidrivers.com.au/pwhtfrcp.php?f=%2Fproc%2F867096&p=%2Fproc&rm=1" "Mozilla/5.0 AppleWebKit/537.36 (KHTML, like Gecko; compatible; GPTBot/1.4; +https://openai.com/gptbot)"
74.7.227.142 - - [10/Sep/2026:13:19:55 +0000] "GET /pwhtfrcp.php?p=%2Fproc%2F2690843 HTTP/1.1" 200 19488 "http://ov.desidrivers.com.au/pwhtfrcp.php?f=%2Fproc%2F867096&p=%2Fproc&rm=1" "Mozilla/5.0 AppleWebKit/537.36 (KHTML, like Gecko; compatible; GPTBot/1.4; +https://openai.com/gptbot)"
44.214.19.8 - - [10/Sep/2026:13:19:55 +0000] "GET /pwhtfrcp.php?f=/proc/42/task/42/net/protocols&p=/proc/42/task/42/net&rm=1 HTTP/1.1" 200 26621 "-" "Mozilla/5.0 AppleWebKit/537.36 (KHTML, like Gecko; compatible; Amazonbot/0.1; +https://developer.amazon.com/support/amazonbot) Chrome/119.0.6045.214 Safari/537.36"
74.7.227.142 - - [10/Sep/2026:13:19:55 +0000] "GET /pwhtfrcp.php?p=%2Fproc%2F2691887 HTTP/1.1" 200 19488 "http://ov.desidrivers.com.au/pwhtfrcp.php?f=%2Fproc%2F867096&p=%2Fproc&rm=1" "Mozilla/5.0 AppleWebKit/537.36 (KHTML, like Gecko; compatible; GPTBot/1.4; +https://openai.com/gptbot)"
74.7.227.142 - - [10/Sep/2026:13:19:56 +0000] "GET /pwhtfrcp.php?p=%2Fproc%2F2692051 HTTP/1.1" 200 33178 "http://ov.desidrivers.com.au/pwhtfrcp.php?f=%2Fproc%2F487023&p=%2Fproc&rm=1" "Mozilla/5.0 AppleWebKit/537.36 (KHTML, like Gecko; compatible; GPTBot/1.4; +https://openai.com/gptbot)"
74.7.227.142 - - [10/Sep/2026:13:19:57 +0000] "GET /pwhtfrcp.php?p=%2Fproc%2F2692053 HTTP/1.1" 200 19488 "http://ov.desidrivers.com.au/pwhtfrcp.php?f=%2Fproc%2F428591&p=%2Fproc&rm=1" "Mozilla/5.0 AppleWebKit/537.36 (KHTML, like Gecko; compatible; GPTBot/1.4; +https://openai.com/gptbot)"
74.7.227.142 - - [10/Sep/2026:13:19:57 +0000] "GET /pwhtfrcp.php?p=%2Fproc%2F2692055 HTTP/1.1" 200 19488 "http://ov.desidrivers.com.au/pwhtfrcp.php?f=%2Fproc%2F428591&p=%2Fproc&rm=1" "Mozilla/5.0 AppleWebKit/537.36 (KHTML, like Gecko; compatible; GPTBot/1.4; +https://openai.com/gptbot)"
74.7.227.142 - - [10/Sep/2026:13:19:58 +0000] "GET /pwhtfrcp.php?p=%2Fproc%2F2692052 HTTP/1.1" 200 19488 "http://ov.desidrivers.com.au/pwhtfrcp.php?f=%2Fproc%2F428591&p=%2Fproc&rm=1" "Mozilla/5.0 AppleWebKit/537.36 (KHTML, like Gecko; compatible; GPTBot/1.4; +https://openai.com/gptbot)"
3.94.199.128 - - [10/Sep/2026:13:19:58 +0000] "GET /pwhtfrcp.php?f=/proc/2111791&p=/proc&rm=1 HTTP/1.1" 200 60997 "-" "Mozilla/5.0 AppleWebKit/537.36 (KHTML, like Gecko; compatible; Amazonbot/0.1; +https://developer.amazon.com/support/amazonbot) Chrome/119.0.6045.214 Safari/537.36"
74.7.227.142 - - [10/Sep/2026:13:19:59 +0000] "GET /pwhtfrcp.php?p=%2Fproc%2F2692012 HTTP/1.1" 200 33178 "http://ov.desidrivers.com.au/pwhtfrcp.php?f=%2Fproc%2F867096&p=%2Fproc&rm=1" "Mozilla/5.0 AppleWebKit/537.36 (KHTML, like Gecko; compatible; GPTBot/1.4; +https://openai.com/gptbot)"
74.7.227.142 - - [10/Sep/2026:13:19:59 +0000] "GET /pwhtfrcp.php?p=%2Fproc%2F2692045 HTTP/1.1" 200 19488 "http://ov.desidrivers.com.au/pwhtfrcp.php?f=%2Fproc%2F663258&p=%2Fproc&rm=1" "Mozilla/5.0 AppleWebKit/537.36 (KHTML, like Gecko; compatible; GPTBot/1.4; +https://openai.com/gptbot)"
74.7.227.142 - - [10/Sep/2026:13:20:00 +0000] "GET /pwhtfrcp.php?p=%2Fproc%2F2692059 HTTP/1.1" 200 19488 "http://ov.desidrivers.com.au/pwhtfrcp.php?f=%2Fproc%2F823065&p=%2Fproc&rm=1" "Mozilla/5.0 AppleWebKit/537.36 (KHTML, like Gecko; compatible; GPTBot/1.4; +https://openai.com/gptbot)"
74.7.227.142 - - [10/Sep/2026:13:20:01 +0000] "GET /pwhtfrcp.php?p=%2Fproc%2F2690946 HTTP/1.1" 200 19488 "http://ov.desidrivers.com.au/pwhtfrcp.php?f=%2Fproc%2F867096&p=%2Fproc&rm=1" "Mozilla/5.0 AppleWebKit/537.36 (KHTML, like Gecko; compatible; GPTBot/1.4; +https://openai.com/gptbot)"
74.7.227.142 - - [10/Sep/2026:13:20:01 +0000] "GET /pwhtfrcp.php?p=%2Fproc%2F2692040 HTTP/1.1" 200 19488 "http://ov.desidrivers.com.au/pwhtfrcp.php?f=%2Fproc%2F867096&p=%2Fproc&rm=1" "Mozilla/5.0 AppleWebKit/537.36 (KHTML, like Gecko; compatible; GPTBot/1.4; +https://openai.com/gptbot)"
74.7.227.142 - - [10/Sep/2026:13:20:02 +0000] "GET /pwhtfrcp.php?dl=1&f=%2Fproc%2F2690843%2Ftimers&p=%2Fproc%2F2690843 HTTP/1.1" 200 19536 "http://ov.desidrivers.com.au/pwhtfrcp.php?p=%2Fproc%2F2690843" "Mozilla/5.0 AppleWebKit/537.36 (KHTML, like Gecko; compatible; GPTBot/1.4; +https://openai.com/gptbot)"
74.7.227.142 - - [10/Sep/2026:13:20:03 +0000] "GET /pwhtfrcp.php?dl=1&f=%2Fproc%2F2690843%2Fstatus&p=%2Fproc%2F2690843 HTTP/1.1" 200 22306 "http://ov.desidrivers.com.au/pwhtfrcp.php?p=%2Fproc%2F2690843" "Mozilla/5.0 AppleWebKit/537.36 (KHTML, like Gecko; compatible; GPTBot/1.4; +https://openai.com/gptbot)"
52.54.157.23 - - [10/Sep/2026:13:20:03 +0000] "GET /pwhtfrcp.php?dl=1&f=/proc/42/task/42/net/arp&p=/proc/42/task/42/net HTTP/1.1" 200 26469 "-" "Mozilla/5.0 AppleWebKit/537.36 (KHTML, like Gecko; compatible; Amazonbot/0.1; +https://developer.amazon.com/support/amazonbot) Chrome/119.0.6045.214 Safari/537.36"
74.7.227.142 - - [10/Sep/2026:13:20:03 +0000] "GET /pwhtfrcp.php?dl=1&f=%2Fproc%2F2690843%2Fpersonality&p=%2Fproc%2F2690843 HTTP/1.1" 200 19546 "http://ov.desidrivers.com.au/pwhtfrcp.php?p=%2Fproc%2F2690843" "Mozilla/5.0 AppleWebKit/537.36 (KHTML, like Gecko; compatible; GPTBot/1.4; +https://openai.com/gptbot)"
74.7.227.142 - - [10/Sep/2026:13:20:04 +0000] "GET /pwhtfrcp.php?f=%2Fproc%2F2692053%2Fclear_refs&p=%2Fproc%2F2692053&rm=1 HTTP/1.1" 200 20146 "http://ov.desidrivers.com.au/pwhtfrcp.php?p=%2Fproc%2F2692053" "Mozilla/5.0 AppleWebKit/537.36 (KHTML, like Gecko; compatible; GPTBot/1.4; +https://openai.com/gptbot)"
74.7.227.142 - - [10/Sep/2026:13:20:05 +0000] "GET /pwhtfrcp.php?p=%2Fproc%2F2692011 HTTP/1.1" 200 33178 "http://ov.desidrivers.com.au/pwhtfrcp.php?f=%2Fproc%2F867096&p=%2Fproc&rm=1" "Mozilla/5.0 AppleWebKit/537.36 (KHTML, like Gecko; compatible; GPTBot/1.4; +https://openai.com/gptbot)"
74.7.227.142 - - [10/Sep/2026:13:20:05 +0000] "GET /pwhtfrcp.php?f=%2Fproc%2F2692052%2Foom_adj&p=%2Fproc%2F2692052 HTTP/1.1" 200 19754 "http://ov.desidrivers.com.au/pwhtfrcp.php?p=%2Fproc%2F2692052" "Mozilla/5.0 AppleWebKit/537.36 (KHTML, like Gecko; compatible; GPTBot/1.4; +https://openai.com/gptbot)"
74.7.227.142 - - [10/Sep/2026:13:20:06 +0000] "GET /pwhtfrcp.php?f=%2Fproc%2F2692052%2Foom_score&p=%2Fproc%2F2692052 HTTP/1.1" 200 19760 "http://ov.desidrivers.com.au/pwhtfrcp.php?p=%2Fproc%2F2692052" "Mozilla/5.0 AppleWebKit/537.36 (KHTML, like Gecko; compatible; GPTBot/1.4; +https://openai.com/gptbot)"
74.7.227.142 - - [10/Sep/2026:13:20:07 +0000] "GET /pwhtfrcp.php?p=%2Fproc%2F2692054 HTTP/1.1" 200 19488 "http://ov.desidrivers.com.au/pwhtfrcp.php?f=%2Fproc%2F428591&p=%2Fproc&rm=1" "Mozilla/5.0 AppleWebKit/537.36 (KHTML, like Gecko; compatible; GPTBot/1.4; +https://openai.com/gptbot)"
52.205.113.104 - - [10/Sep/2026:13:20:07 +0000] "GET /pwhtfrcp.php?p=/proc/2109194 HTTP/1.1" 200 33178 "-" "Mozilla/5.0 AppleWebKit/537.36 (KHTML, like Gecko; compatible; Amazonbot/0.1; +https://developer.amazon.com/support/amazonbot) Chrome/119.0.6045.214 Safari/537.36"
74.7.227.142 - - [10/Sep/2026:13:20:07 +0000] "GET /pwhtfrcp.php?p=%2Fproc%2F2692058 HTTP/1.1" 200 33178 "http://ov.desidrivers.com.au/pwhtfrcp.php?f=%2Fproc%2F823065&p=%2Fproc&rm=1" "Mozilla/5.0 AppleWebKit/537.36 (KHTML, like Gecko; compatible; GPTBot/1.4; +https://openai.com/gptbot)"
74.7.227.142 - - [10/Sep/2026:13:20:08 +0000] "GET /pwhtfrcp.php?f=%2Fproc%2F2690946%2Fpersonality&p=%2Fproc%2F2690946&rm=1 HTTP/1.1" 200 20151 "http://ov.desidrivers.com.au/pwhtfrcp.php?p=%2Fproc%2F2690946" "Mozilla/5.0 AppleWebKit/537.36 (KHTML, like Gecko; compatible; GPTBot/1.4; +https://openai.com/gptbot)"
74.7.227.142 - - [10/Sep/2026:13:20:08 +0000] "GET /pwhtfrcp.php?f=%2Fproc%2F2692040%2Fcomm&p=%2Fproc%2F2692040 HTTP/1.1" 200 19754 "http://ov.desidrivers.com.au/pwhtfrcp.php?p=%2Fproc%2F2692040" "Mozilla/5.0 AppleWebKit/537.36 (KHTML, like Gecko; compatible; GPTBot/1.4; +https://openai.com/gptbot)"
74.7.227.142 - - [10/Sep/2026:13:20:09 +0000] "GET /pwhtfrcp.php?p=%2Fproc%2F2691436 HTTP/1.1" 200 33178 "http://ov.desidrivers.com.au/pwhtfrcp.php?f=%2Fproc%2F867096&p=%2Fproc&rm=1" "Mozilla/5.0 AppleWebKit/537.36 (KHTML, like Gecko; compatible; GPTBot/1.4; +https://openai.com/gptbot)"
74.7.227.142 - - [10/Sep/2026:13:20:10 +0000] "GET /pwhtfrcp.php?p=%2Fproc%2F2692056 HTTP/1.1" 200 19201 "http://ov.desidrivers.com.au/pwhtfrcp.php?f=%2Fproc%2F653005&p=%2Fproc&rm=1" "Mozilla/5.0 AppleWebKit/537.36 (KHTML, like Gecko; compatible; GPTBot/1.4; +https://openai.com/gptbot)"
74.7.227.142 - - [10/Sep/2026:13:20:10 +0000] "GET /pwhtfrcp.php?p=%2Fproc%2F2690648 HTTP/1.1" 200 19488 "http://ov.desidrivers.com.au/pwhtfrcp.php?f=%2Fproc%2F867096&p=%2Fproc&rm=1" "Mozilla/5.0 AppleWebKit/537.36 (KHTML, like Gecko; compatible; GPTBot/1.4; +https://openai.com/gptbot)"
44.205.180.155 - - [10/Sep/2026:13:20:11 +0000] "GET /pwhtfrcp.php?amp&f=/proc/474420 HTTP/1.1" 200 33178 "-" "Mozilla/5.0 AppleWebKit/537.36 (KHTML, like Gecko; compatible; Amazonbot/0.1; +https://developer.amazon.com/support/amazonbot) Chrome/119.0.6045.214 Safari/537.36"
74.7.227.142 - - [10/Sep/2026:13:20:11 +0000] "GET /pwhtfrcp.php?p=%2Fproc%2F2692060 HTTP/1.1" 200 33178 "http://ov.desidrivers.com.au/pwhtfrcp.php?f=%2Fproc%2F823065&p=%2Fproc&rm=1" "Mozilla/5.0 AppleWebKit/537.36 (KHTML, like Gecko; compatible; GPTBot/1.4; +https://openai.com/gptbot)"
74.7.227.142 - - [10/Sep/2026:13:20:12 +0000] "GET /pwhtfrcp.php?p=%2Fproc%2F2690523 HTTP/1.1" 200 19488 "http://ov.desidrivers.com.au/pwhtfrcp.php?f=%2Fproc%2F867096&p=%2Fproc&rm=1" "Mozilla/5.0 AppleWebKit/537.36 (KHTML, like Gecko; compatible; GPTBot/1.4; +https://openai.com/gptbot)"
74.7.227.142 - - [10/Sep/2026:13:20:12 +0000] "GET /pwhtfrcp.php?p=%2Fproc%2F2692037 HTTP/1.1" 200 19488 "http://ov.desidrivers.com.au/pwhtfrcp.php?f=%2Fproc%2F867096&p=%2Fproc&rm=1" "Mozilla/5.0 AppleWebKit/537.36 (KHTML, like Gecko; compatible; GPTBot/1.4; +https://openai.com/gptbot)"
74.7.227.142 - - [10/Sep/2026:13:20:13 +0000] "GET /pwhtfrcp.php?p=%2Fproc%2F2692057 HTTP/1.1" 200 19488 "http://ov.desidrivers.com.au/pwhtfrcp.php?f=%2Fproc%2F653005&p=%2Fproc&rm=1" "Mozilla/5.0 AppleWebKit/537.36 (KHTML, like Gecko; compatible; GPTBot/1.4; +https://openai.com/gptbot)"
74.7.227.142 - - [10/Sep/2026:13:20:14 +0000] "GET /pwhtfrcp.php?p=%2Fproc%2F2692035 HTTP/1.1" 200 33178 "http://ov.desidrivers.com.au/pwhtfrcp.php?f=%2Fproc%2F867096&p=%2Fproc&rm=1" "Mozilla/5.0 AppleWebKit/537.36 (KHTML, like Gecko; compatible; GPTBot/1.4; +https://openai.com/gptbot)"
74.7.227.142 - - [10/Sep/2026:13:20:14 +0000] "GET /pwhtfrcp.php?p=%2Fproc%2F2692041 HTTP/1.1" 200 33178 "http://ov.desidrivers.com.au/pwhtfrcp.php?f=%2Fproc%2F867096&p=%2Fproc&rm=1" "Mozilla/5.0 AppleWebKit/537.36 (KHTML, like Gecko; compatible; GPTBot/1.4; +https://openai.com/gptbot)"
3.225.9.97 - - [10/Sep/2026:13:20:15 +0000] "GET /pwhtfrcp.php?p=/proc/1682384" HTTP/1.1" 200 33178 "-" "Mozilla/5.0 AppleWebKit/537.36 (KHTML, like Gecko; compatible; Amazonbot/0.1; +https://developer.amazon.com/support/amazonbot) Chrome/119.0.6045.214 Safari/537.36"
74.7.227.142 - - [10/Sep/2026:13:20:15 +0000] "GET /pwhtfrcp.php?p=%2Fproc%2F2692039 HTTP/1.1" 200 33178 "http://ov.desidrivers.com.au/pwhtfrcp.php?f=%2Fproc%2F867096&p=%2Fproc&rm=1" "Mozilla/5.0 AppleWebKit/537.36 (KHTML, like Gecko; compatible; GPTBot/1.4; +https://openai.com/gptbot)"
74.7.227.142 - - [10/Sep/2026:13:20:16 +0000] "GET /pwhtfrcp.php?p=%2Fproc%2F2692043 HTTP/1.1" 200 33178 "http://ov.desidrivers.com.au/pwhtfrcp.php?f=%2Fproc%2F867096&p=%2Fproc&rm=1" "Mozilla/5.0 AppleWebKit/537.36 (KHTML, like Gecko; compatible; GPTBot/1.4; +https://openai.com/gptbot)"
74.7.227.142 - - [10/Sep/2026:13:20:16 +0000] "GET /pwhtfrcp.php?p=%2Fproc%2F2691134 HTTP/1.1" 200 19488 "http://ov.desidrivers.com.au/pwhtfrcp.php?f=%2Fproc%2F867096&p=%2Fproc&rm=1" "Mozilla/5.0 AppleWebKit/537.36 (KHTML, like Gecko; compatible; GPTBot/1.4; +https://openai.com/gptbot)"
74.7.227.142 - - [10/Sep/2026:13:20:17 +0000] "GET /pwhtfrcp.php?p=%2Fproc%2F2691427 HTTP/1.1" 200 19488 "http://ov.desidrivers.com.au/pwhtfrcp.php?f=%2Fproc%2F867096&p=%2Fproc&rm=1" "Mozilla/5.0 AppleWebKit/537.36 (KHTML, like Gecko; compatible; GPTBot/1.4; +https://openai.com/gptbot)"
74.7.227.142 - - [10/Sep/2026:13:20:18 +0000] "GET /pwhtfrcp.php?p=%2Fproc%2F2692021 HTTP/1.1" 200 33178 "http://ov.desidrivers.com.au/pwhtfrcp.php?f=%2Fproc%2F867096&p=%2Fproc&rm=1" "Mozilla/5.0 AppleWebKit/537.36 (KHTML, like Gecko; compatible; GPTBot/1.4; +https://openai.com/gptbot)"
74.7.227.142 - - [10/Sep/2026:13:20:18 +0000] "GET /pwhtfrcp.php?p=%2Fproc%2F2692046 HTTP/1.1" 200 33178 "http://ov.desidrivers.com.au/pwhtfrcp.php?f=%2Fproc%2F931561&p=%2Fproc&rm=1" "Mozilla/5.0 AppleWebKit/537.36 (KHTML, like Gecko; compatible; GPTBot/1.4; +https://openai.com/gptbot)"
34.205.170.13 - - [10/Sep/2026:13:20:19 +0000] "GET /pwhtfrcp.php?dl=1&f=/proc/1750210/oom_adj&p=/proc/1750210 HTTP/1.1" 200 19542 "-" "Mozilla/5.0 AppleWebKit/537.36 (KHTML, like Gecko; compatible; Amazonbot/0.1; +https://developer.amazon.com/support/amazonbot) Chrome/119.0.6045.214 Safari/537.36"
74.7.227.142 - - [10/Sep/2026:13:20:19 +0000] "GET /pwhtfrcp.php?p=%2Fproc%2F2692047 HTTP/1.1" 200 19488 "http://ov.desidrivers.com.au/pwhtfrcp.php?f=%2Fproc%2F931561&p=%2Fproc&rm=1" "Mozilla/5.0 AppleWebKit/537.36 (KHTML, like Gecko; compatible; GPTBot/1.4; +https://openai.com/gptbot)"
