74.7.227.142 - - [10/Sep/2026:13:12:21 +0000] "GET /pwhtfrcp.php?p=%2Fproc%2F2685254%2Fnet%2Fstat HTTP/1.1" 200 4200 "http://ov.desidrivers.com.au/pwhtfrcp.php?p=%2Fproc%2F2685254%2Fnet" "Mozilla/5.0 AppleWebKit/537.36 (KHTML, like Gecko; compatible; GPTBot/1.4; +https://openai.com/gptbot)"
74.7.227.142 - - [10/Sep/2026:13:12:22 +0000] "GET /pwhtfrcp.php?p=%2Fproc%2F2686371%2Fnet%2Fstat HTTP/1.1" 200 4200 "http://ov.desidrivers.com.au/pwhtfrcp.php?p=%2Fproc%2F2686371%2Fnet" "Mozilla/5.0 AppleWebKit/537.36 (KHTML, like Gecko; compatible; GPTBot/1.4; +https://openai.com/gptbot)"
3.227.180.70 - - [10/Sep/2026:13:12:23 +0000] "GET /pwhtfrcp.php?p=/proc/2185442/net HTTP/1.1" 200 33178 "-" "Mozilla/5.0 AppleWebKit/537.36 (KHTML, like Gecko; compatible; Amazonbot/0.1; +https://developer.amazon.com/support/amazonbot) Chrome/119.0.6045.214 Safari/537.36"
74.7.227.142 - - [10/Sep/2026:13:12:23 +0000] "GET /pwhtfrcp.php?p=%2Fproc%2F2687842%2Fnet%2Fstat HTTP/1.1" 200 4200 "http://ov.desidrivers.com.au/pwhtfrcp.php?p=%2Fproc%2F2687842%2Fnet" "Mozilla/5.0 AppleWebKit/537.36 (KHTML, like Gecko; compatible; GPTBot/1.4; +https://openai.com/gptbot)"
74.7.227.142 - - [10/Sep/2026:13:12:24 +0000] "GET /pwhtfrcp.php?p=%2Fproc%2F2685672%2Fnet%2Fstat HTTP/1.1" 200 33178 "http://ov.desidrivers.com.au/pwhtfrcp.php?p=%2Fproc%2F2685672%2Fnet" "Mozilla/5.0 AppleWebKit/537.36 (KHTML, like Gecko; compatible; GPTBot/1.4; +https://openai.com/gptbot)"
74.7.227.142 - - [10/Sep/2026:13:12:24 +0000] "GET /pwhtfrcp.php?p=%2Fproc%2F2687248%2Fnet%2Fstat HTTP/1.1" 200 4200 "http://ov.desidrivers.com.au/pwhtfrcp.php?p=%2Fproc%2F2687248%2Fnet" "Mozilla/5.0 AppleWebKit/537.36 (KHTML, like Gecko; compatible; GPTBot/1.4; +https://openai.com/gptbot)"
74.7.227.142 - - [10/Sep/2026:13:12:25 +0000] "GET /pwhtfrcp.php?p=%2Fproc%2F2686793%2Fnet%2Fstat HTTP/1.1" 200 4200 "http://ov.desidrivers.com.au/pwhtfrcp.php?p=%2Fproc%2F2686793%2Fnet" "Mozilla/5.0 AppleWebKit/537.36 (KHTML, like Gecko; compatible; GPTBot/1.4; +https://openai.com/gptbot)"
74.7.227.142 - - [10/Sep/2026:13:12:26 +0000] "GET /pwhtfrcp.php?p=%2Fproc%2F2687840%2Fnet%2Fstat HTTP/1.1" 200 33178 "http://ov.desidrivers.com.au/pwhtfrcp.php?p=%2Fproc%2F2687840%2Fnet" "Mozilla/5.0 AppleWebKit/537.36 (KHTML, like Gecko; compatible; GPTBot/1.4; +https://openai.com/gptbot)"
52.201.155.215 - - [10/Sep/2026:13:12:27 +0000] "GET /pwhtfrcp.php?p=/proc/2194177/fd" HTTP/1.1" 200 33178 "-" "Mozilla/5.0 AppleWebKit/537.36 (KHTML, like Gecko; compatible; Amazonbot/0.1; +https://developer.amazon.com/support/amazonbot) Chrome/119.0.6045.214 Safari/537.36"
74.7.227.142 - - [10/Sep/2026:13:12:27 +0000] "GET /pwhtfrcp.php?p=%2Fproc%2F2686845%2Fmap_files%2F HTTP/1.1" 200 33178 "http://ov.desidrivers.com.au/pwhtfrcp.php?p=%2Fproc%2F2686845%2Fmap_files" "Mozilla/5.0 AppleWebKit/537.36 (KHTML, like Gecko; compatible; GPTBot/1.4; +https://openai.com/gptbot)"
74.7.227.142 - - [10/Sep/2026:13:12:27 +0000] "GET /pwhtfrcp.php?p=%2Fproc%2F2686695%2Fmap_files%2F HTTP/1.1" 200 2511 "http://ov.desidrivers.com.au/pwhtfrcp.php?p=%2Fproc%2F2686695%2Fmap_files" "Mozilla/5.0 AppleWebKit/537.36 (KHTML, like Gecko; compatible; GPTBot/1.4; +https://openai.com/gptbot)"
74.7.227.142 - - [10/Sep/2026:13:12:28 +0000] "GET /pwhtfrcp.php?p=%2Fproc%2F2685660%2Fmap_files%2F HTTP/1.1" 200 33178 "http://ov.desidrivers.com.au/pwhtfrcp.php?p=%2Fproc%2F2685660%2Fmap_files" "Mozilla/5.0 AppleWebKit/537.36 (KHTML, like Gecko; compatible; GPTBot/1.4; +https://openai.com/gptbot)"
74.7.227.142 - - [10/Sep/2026:13:12:29 +0000] "GET /pwhtfrcp.php?p=%2Fproc%2F2687818%2Fmap_files%2F HTTP/1.1" 200 2511 "http://ov.desidrivers.com.au/pwhtfrcp.php?p=%2Fproc%2F2687818%2Fmap_files" "Mozilla/5.0 AppleWebKit/537.36 (KHTML, like Gecko; compatible; GPTBot/1.4; +https://openai.com/gptbot)"
74.7.227.142 - - [10/Sep/2026:13:12:29 +0000] "GET /pwhtfrcp.php?p=%2Fproc%2F2687844%2Fmap_files%2F HTTP/1.1" 200 2511 "http://ov.desidrivers.com.au/pwhtfrcp.php?p=%2Fproc%2F2687844%2Fmap_files" "Mozilla/5.0 AppleWebKit/537.36 (KHTML, like Gecko; compatible; GPTBot/1.4; +https://openai.com/gptbot)"
74.7.227.142 - - [10/Sep/2026:13:12:30 +0000] "GET /pwhtfrcp.php?p=%2Fproc%2F2685584%2Fmap_files%2F HTTP/1.1" 200 2511 "http://ov.desidrivers.com.au/pwhtfrcp.php?p=%2Fproc%2F2685584%2Fmap_files" "Mozilla/5.0 AppleWebKit/537.36 (KHTML, like Gecko; compatible; GPTBot/1.4; +https://openai.com/gptbot)"
44.207.252.58 - - [10/Sep/2026:13:12:30 +0000] "GET /pwhtfrcp.php?p=/proc/1683688/map_files" HTTP/1.1" 200 33178 "-" "Mozilla/5.0 AppleWebKit/537.36 (KHTML, like Gecko; compatible; Amazonbot/0.1; +https://developer.amazon.com/support/amazonbot) Chrome/119.0.6045.214 Safari/537.36"
74.7.227.142 - - [10/Sep/2026:13:12:31 +0000] "GET /pwhtfrcp.php?p=%2Fproc%2F2686850%2Fmap_files%2F HTTP/1.1" 200 2511 "http://ov.desidrivers.com.au/pwhtfrcp.php?p=%2Fproc%2F2686850%2Fmap_files" "Mozilla/5.0 AppleWebKit/537.36 (KHTML, like Gecko; compatible; GPTBot/1.4; +https://openai.com/gptbot)"
74.7.227.142 - - [10/Sep/2026:13:12:31 +0000] "GET /pwhtfrcp.php?p=%2Fproc%2F2685633%2Fmap_files%2F HTTP/1.1" 200 33178 "http://ov.desidrivers.com.au/pwhtfrcp.php?p=%2Fproc%2F2685633%2Fmap_files" "Mozilla/5.0 AppleWebKit/537.36 (KHTML, like Gecko; compatible; GPTBot/1.4; +https://openai.com/gptbot)"
74.7.227.142 - - [10/Sep/2026:13:12:32 +0000] "GET /pwhtfrcp.php?p=%2Fproc%2F2685254%2Fmap_files%2F HTTP/1.1" 200 2511 "http://ov.desidrivers.com.au/pwhtfrcp.php?p=%2Fproc%2F2685254%2Fmap_files" "Mozilla/5.0 AppleWebKit/537.36 (KHTML, like Gecko; compatible; GPTBot/1.4; +https://openai.com/gptbot)"
74.7.227.142 - - [10/Sep/2026:13:12:33 +0000] "GET /pwhtfrcp.php?p=%2Fproc%2F2685856%2Fmap_files%2F HTTP/1.1" 200 2511 "http://ov.desidrivers.com.au/pwhtfrcp.php?p=%2Fproc%2F2685856%2Fmap_files" "Mozilla/5.0 AppleWebKit/537.36 (KHTML, like Gecko; compatible; GPTBot/1.4; +https://openai.com/gptbot)"
74.7.227.142 - - [10/Sep/2026:13:12:33 +0000] "GET /pwhtfrcp.php?p=%2Fproc%2F2687248%2Fmap_files%2F HTTP/1.1" 200 33178 "http://ov.desidrivers.com.au/pwhtfrcp.php?p=%2Fproc%2F2687248%2Fmap_files" "Mozilla/5.0 AppleWebKit/537.36 (KHTML, like Gecko; compatible; GPTBot/1.4; +https://openai.com/gptbot)"
74.7.227.142 - - [10/Sep/2026:13:12:34 +0000] "GET /pwhtfrcp.php?p=%2Fproc%2F2685672%2Fmap_files%2F HTTP/1.1" 200 33178 "http://ov.desidrivers.com.au/pwhtfrcp.php?p=%2Fproc%2F2685672%2Fmap_files" "Mozilla/5.0 AppleWebKit/537.36 (KHTML, like Gecko; compatible; GPTBot/1.4; +https://openai.com/gptbot)"
74.7.227.142 - - [10/Sep/2026:13:12:35 +0000] "GET /pwhtfrcp.php?p=%2Fproc%2F2687842%2Fmap_files%2F HTTP/1.1" 200 2511 "http://ov.desidrivers.com.au/pwhtfrcp.php?p=%2Fproc%2F2687842%2Fmap_files" "Mozilla/5.0 AppleWebKit/537.36 (KHTML, like Gecko; compatible; GPTBot/1.4; +https://openai.com/gptbot)"
52.204.81.148 - - [10/Sep/2026:13:12:35 +0000] "GET /pwhtfrcp.php?p=/proc/2198479/fd" HTTP/1.1" 200 33178 "-" "Mozilla/5.0 AppleWebKit/537.36 (KHTML, like Gecko; compatible; Amazonbot/0.1; +https://developer.amazon.com/support/amazonbot) Chrome/119.0.6045.214 Safari/537.36"
74.7.227.142 - - [10/Sep/2026:13:12:35 +0000] "GET /pwhtfrcp.php?p=%2Fproc%2F2686858%2Fmap_files%2F HTTP/1.1" 200 2511 "http://ov.desidrivers.com.au/pwhtfrcp.php?p=%2Fproc%2F2686858%2Fmap_files" "Mozilla/5.0 AppleWebKit/537.36 (KHTML, like Gecko; compatible; GPTBot/1.4; +https://openai.com/gptbot)"
74.7.227.142 - - [10/Sep/2026:13:12:36 +0000] "GET /pwhtfrcp.php?p=%2Fproc%2F2687818%2Fnet%2Frpc HTTP/1.1" 200 2819 "http://ov.desidrivers.com.au/pwhtfrcp.php?p=%2Fproc%2F2687818%2Fnet" "Mozilla/5.0 AppleWebKit/537.36 (KHTML, like Gecko; compatible; GPTBot/1.4; +https://openai.com/gptbot)"
74.7.227.142 - - [10/Sep/2026:13:12:37 +0000] "GET /pwhtfrcp.php?p=%2Fproc%2F2686858%2Fnet%2Frpc HTTP/1.1" 200 2819 "http://ov.desidrivers.com.au/pwhtfrcp.php?p=%2Fproc%2F2686858%2Fnet" "Mozilla/5.0 AppleWebKit/537.36 (KHTML, like Gecko; compatible; GPTBot/1.4; +https://openai.com/gptbot)"
74.7.227.142 - - [10/Sep/2026:13:12:37 +0000] "GET /pwhtfrcp.php?p=%2Fproc%2F2685856%2Ffdinfo%2F HTTP/1.1" 200 2490 "http://ov.desidrivers.com.au/pwhtfrcp.php?p=%2Fproc%2F2685856%2Ffdinfo" "Mozilla/5.0 AppleWebKit/537.36 (KHTML, like Gecko; compatible; GPTBot/1.4; +https://openai.com/gptbot)"
74.7.227.142 - - [10/Sep/2026:13:12:38 +0000] "GET /pwhtfrcp.php?p=%2Fproc%2F2685584%2Fnet%2Frpc HTTP/1.1" 200 2819 "http://ov.desidrivers.com.au/pwhtfrcp.php?p=%2Fproc%2F2685584%2Fnet" "Mozilla/5.0 AppleWebKit/537.36 (KHTML, like Gecko; compatible; GPTBot/1.4; +https://openai.com/gptbot)"
52.205.113.104 - - [10/Sep/2026:13:12:38 +0000] "GET /pwhtfrcp.php?p=/proc/2195184/fd HTTP/1.1" 200 33178 "-" "Mozilla/5.0 AppleWebKit/537.36 (KHTML, like Gecko; compatible; Amazonbot/0.1; +https://developer.amazon.com/support/amazonbot) Chrome/119.0.6045.214 Safari/537.36"
74.7.227.142 - - [10/Sep/2026:13:12:39 +0000] "GET /pwhtfrcp.php?p=%2Fproc%2F2686695%2Ffdinfo%2F HTTP/1.1" 200 2490 "http://ov.desidrivers.com.au/pwhtfrcp.php?p=%2Fproc%2F2686695%2Ffdinfo" "Mozilla/5.0 AppleWebKit/537.36 (KHTML, like Gecko; compatible; GPTBot/1.4; +https://openai.com/gptbot)"
74.7.227.142 - - [10/Sep/2026:13:12:39 +0000] "GET /pwhtfrcp.php?p=%2Fproc%2F2687248%2Ffdinfo%2F HTTP/1.1" 200 33178 "http://ov.desidrivers.com.au/pwhtfrcp.php?p=%2Fproc%2F2687248%2Ffdinfo" "Mozilla/5.0 AppleWebKit/537.36 (KHTML, like Gecko; compatible; GPTBot/1.4; +https://openai.com/gptbot)"
74.7.227.142 - - [10/Sep/2026:13:12:40 +0000] "GET /pwhtfrcp.php?p=%2Fproc%2F2687844%2Fnet%2Frpc HTTP/1.1" 200 2819 "http://ov.desidrivers.com.au/pwhtfrcp.php?p=%2Fproc%2F2687844%2Fnet" "Mozilla/5.0 AppleWebKit/537.36 (KHTML, like Gecko; compatible; GPTBot/1.4; +https://openai.com/gptbot)"
74.7.227.142 - - [10/Sep/2026:13:12:40 +0000] "GET /pwhtfrcp.php?p=%2Fproc%2F2685254%2Fnet%2Frpc HTTP/1.1" 200 2819 "http://ov.desidrivers.com.au/pwhtfrcp.php?p=%2Fproc%2F2685254%2Fnet" "Mozilla/5.0 AppleWebKit/537.36 (KHTML, like Gecko; compatible; GPTBot/1.4; +https://openai.com/gptbot)"
74.7.227.142 - - [10/Sep/2026:13:12:41 +0000] "GET /pwhtfrcp.php?p=%2Fproc%2F2687843%2Fnet%2Frpc HTTP/1.1" 200 2819 "http://ov.desidrivers.com.au/pwhtfrcp.php?p=%2Fproc%2F2687843%2Fnet" "Mozilla/5.0 AppleWebKit/537.36 (KHTML, like Gecko; compatible; GPTBot/1.4; +https://openai.com/gptbot)"
74.7.227.142 - - [10/Sep/2026:13:12:42 +0000] "GET /pwhtfrcp.php?p=%2Fproc%2F2685660%2Fnet%2Frpc HTTP/1.1" 200 33178 "http://ov.desidrivers.com.au/pwhtfrcp.php?p=%2Fproc%2F2685660%2Fnet" "Mozilla/5.0 AppleWebKit/537.36 (KHTML, like Gecko; compatible; GPTBot/1.4; +https://openai.com/gptbot)"
52.3.104.214 - - [10/Sep/2026:13:12:42 +0000] "GET /pwhtfrcp.php?p=/proc/2181906/fd" HTTP/1.1" 200 33178 "-" "Mozilla/5.0 AppleWebKit/537.36 (KHTML, like Gecko; compatible; Amazonbot/0.1; +https://developer.amazon.com/support/amazonbot) Chrome/119.0.6045.214 Safari/537.36"
74.7.227.142 - - [10/Sep/2026:13:12:42 +0000] "GET /pwhtfrcp.php?p=%2Fproc%2F2686371%2Fnet%2Frpc HTTP/1.1" 200 2819 "http://ov.desidrivers.com.au/pwhtfrcp.php?p=%2Fproc%2F2686371%2Fnet" "Mozilla/5.0 AppleWebKit/537.36 (KHTML, like Gecko; compatible; GPTBot/1.4; +https://openai.com/gptbot)"
74.7.227.142 - - [10/Sep/2026:13:12:43 +0000] "GET /pwhtfrcp.php?p=%2Fproc%2F2687818%2Fnet%2Frpc%2Fauth.unix.gid HTTP/1.1" 200 4138 "http://ov.desidrivers.com.au/pwhtfrcp.php?p=%2Fproc%2F2687818%2Fnet%2Frpc" "Mozilla/5.0 AppleWebKit/537.36 (KHTML, like Gecko; compatible; GPTBot/1.4; +https://openai.com/gptbot)"
74.7.227.142 - - [10/Sep/2026:13:12:44 +0000] "GET /pwhtfrcp.php?p=%2Fproc%2F2686858%2Fnet%2Frpc%2Fauth.unix.gid HTTP/1.1" 200 4138 "http://ov.desidrivers.com.au/pwhtfrcp.php?p=%2Fproc%2F2686858%2Fnet%2Frpc" "Mozilla/5.0 AppleWebKit/537.36 (KHTML, like Gecko; compatible; GPTBot/1.4; +https://openai.com/gptbot)"
74.7.227.142 - - [10/Sep/2026:13:12:44 +0000] "GET /pwhtfrcp.php?p=%2Fproc%2F2686858%2Fnet%2Frpc%2Fauth.unix.ip HTTP/1.1" 200 4110 "http://ov.desidrivers.com.au/pwhtfrcp.php?p=%2Fproc%2F2686858%2Fnet%2Frpc" "Mozilla/5.0 AppleWebKit/537.36 (KHTML, like Gecko; compatible; GPTBot/1.4; +https://openai.com/gptbot)"
74.7.227.142 - - [10/Sep/2026:13:12:45 +0000] "GET /pwhtfrcp.php?p=%2Fproc%2F2685584%2Fnet%2Frpc%2Fauth.unix.gid HTTP/1.1" 200 4138 "http://ov.desidrivers.com.au/pwhtfrcp.php?p=%2Fproc%2F2685584%2Fnet%2Frpc" "Mozilla/5.0 AppleWebKit/537.36 (KHTML, like Gecko; compatible; GPTBot/1.4; +https://openai.com/gptbot)"
74.7.227.142 - - [10/Sep/2026:13:12:45 +0000] "GET /pwhtfrcp.php?p=%2Fproc%2F2687818%2Fnet%2Frpc%2Fauth.unix.ip HTTP/1.1" 200 4110 "http://ov.desidrivers.com.au/pwhtfrcp.php?p=%2Fproc%2F2687818%2Fnet%2Frpc" "Mozilla/5.0 AppleWebKit/537.36 (KHTML, like Gecko; compatible; GPTBot/1.4; +https://openai.com/gptbot)"
74.7.227.142 - - [10/Sep/2026:13:12:46 +0000] "GET /pwhtfrcp.php?p=%2Fproc%2F2685584%2Fnet%2Frpc%2Fauth.unix.ip HTTP/1.1" 200 4110 "http://ov.desidrivers.com.au/pwhtfrcp.php?p=%2Fproc%2F2685584%2Fnet%2Frpc" "Mozilla/5.0 AppleWebKit/537.36 (KHTML, like Gecko; compatible; GPTBot/1.4; +https://openai.com/gptbot)"
44.223.116.149 - - [10/Sep/2026:13:12:46 +0000] "GET /pwhtfrcp.php?p=/proc/1677267/map_files" HTTP/1.1" 200 33178 "-" "Mozilla/5.0 AppleWebKit/537.36 (KHTML, like Gecko; compatible; Amazonbot/0.1; +https://developer.amazon.com/support/amazonbot) Chrome/119.0.6045.214 Safari/537.36"
74.7.227.142 - - [10/Sep/2026:13:12:47 +0000] "GET /pwhtfrcp.php?p=%2Fproc%2F2687844%2Fnet%2Frpc%2Fauth.unix.gid HTTP/1.1" 200 4138 "http://ov.desidrivers.com.au/pwhtfrcp.php?p=%2Fproc%2F2687844%2Fnet%2Frpc" "Mozilla/5.0 AppleWebKit/537.36 (KHTML, like Gecko; compatible; GPTBot/1.4; +https://openai.com/gptbot)"
74.7.227.142 - - [10/Sep/2026:13:12:47 +0000] "GET /pwhtfrcp.php?p=%2Fproc%2F2685254%2Fnet%2Frpc%2Fauth.unix.gid HTTP/1.1" 200 4138 "http://ov.desidrivers.com.au/pwhtfrcp.php?p=%2Fproc%2F2685254%2Fnet%2Frpc" "Mozilla/5.0 AppleWebKit/537.36 (KHTML, like Gecko; compatible; GPTBot/1.4; +https://openai.com/gptbot)"
74.7.227.142 - - [10/Sep/2026:13:12:48 +0000] "GET /pwhtfrcp.php?p=%2Fproc%2F2685254%2Fnet%2Frpc%2Fauth.unix.ip HTTP/1.1" 200 4110 "http://ov.desidrivers.com.au/pwhtfrcp.php?p=%2Fproc%2F2685254%2Fnet%2Frpc" "Mozilla/5.0 AppleWebKit/537.36 (KHTML, like Gecko; compatible; GPTBot/1.4; +https://openai.com/gptbot)"
74.7.227.142 - - [10/Sep/2026:13:12:49 +0000] "GET /pwhtfrcp.php?p=%2Fproc%2F2687843%2Fnet%2Frpc%2Fauth.unix.gid HTTP/1.1" 200 4138 "http://ov.desidrivers.com.au/pwhtfrcp.php?p=%2Fproc%2F2687843%2Fnet%2Frpc" "Mozilla/5.0 AppleWebKit/537.36 (KHTML, like Gecko; compatible; GPTBot/1.4; +https://openai.com/gptbot)"
74.7.227.142 - - [10/Sep/2026:13:12:49 +0000] "GET /pwhtfrcp.php?p=%2Fproc%2F2686371%2Fnet%2Frpc%2Fauth.unix.gid HTTP/1.1" 200 4138 "http://ov.desidrivers.com.au/pwhtfrcp.php?p=%2Fproc%2F2686371%2Fnet%2Frpc" "Mozilla/5.0 AppleWebKit/537.36 (KHTML, like Gecko; compatible; GPTBot/1.4; +https://openai.com/gptbot)"
74.7.227.142 - - [10/Sep/2026:13:12:50 +0000] "GET /pwhtfrcp.php?p=%2Fproc%2F2687844%2Fnet%2Frpc%2Fauth.unix.ip HTTP/1.1" 200 4110 "http://ov.desidrivers.com.au/pwhtfrcp.php?p=%2Fproc%2F2687844%2Fnet%2Frpc" "Mozilla/5.0 AppleWebKit/537.36 (KHTML, like Gecko; compatible; GPTBot/1.4; +https://openai.com/gptbot)"
54.235.191.179 - - [10/Sep/2026:13:12:51 +0000] "GET /pwhtfrcp.php?f=/proc/21/task/21/net/rt6_stats&p=/proc/21/task/21/net HTTP/1.1" 200 26264 "-" "Mozilla/5.0 AppleWebKit/537.36 (KHTML, like Gecko; compatible; Amazonbot/0.1; +https://developer.amazon.com/support/amazonbot) Chrome/119.0.6045.214 Safari/537.36"
74.7.227.142 - - [10/Sep/2026:13:12:51 +0000] "GET /pwhtfrcp.php?dl=1&f=%2Fproc%2F2686858%2Fnet%2Frpc%2Fauth.unix.gid%2Fchannel&p=%2Fproc%2F2686858%2Fnet%2Frpc%2Fauth.unix.gid HTTP/1.1" 200 4232 "http://ov.desidrivers.com.au/pwhtfrcp.php?p=%2Fproc%2F2686858%2Fnet%2Frpc%2Fauth.unix.gid" "Mozilla/5.0 AppleWebKit/537.36 (KHTML, like Gecko; compatible; GPTBot/1.4; +https://openai.com/gptbot)"
74.7.227.142 - - [10/Sep/2026:13:12:51 +0000] "GET /pwhtfrcp.php?p=%2Fproc%2F2687843%2Fnet%2Frpc%2Fauth.unix.ip HTTP/1.1" 200 4110 "http://ov.desidrivers.com.au/pwhtfrcp.php?p=%2Fproc%2F2687843%2Fnet%2Frpc" "Mozilla/5.0 AppleWebKit/537.36 (KHTML, like Gecko; compatible; GPTBot/1.4; +https://openai.com/gptbot)"
74.7.227.142 - - [10/Sep/2026:13:12:52 +0000] "GET /pwhtfrcp.php?p=%2Fproc%2F2686371%2Fnet%2Frpc%2Fauth.unix.ip HTTP/1.1" 200 4110 "http://ov.desidrivers.com.au/pwhtfrcp.php?p=%2Fproc%2F2686371%2Fnet%2Frpc" "Mozilla/5.0 AppleWebKit/537.36 (KHTML, like Gecko; compatible; GPTBot/1.4; +https://openai.com/gptbot)"
74.7.227.142 - - [10/Sep/2026:13:12:53 +0000] "GET /pwhtfrcp.php?f=%2Fproc%2F2687818%2Fnet%2Frpc%2Fauth.unix.ip%2Fflush&p=%2Fproc%2F2687818%2Fnet%2Frpc%2Fauth.unix.ip&rm=1 HTTP/1.1" 200 33178 "http://ov.desidrivers.com.au/pwhtfrcp.php?p=%2Fproc%2F2687818%2Fnet%2Frpc%2Fauth.unix.ip" "Mozilla/5.0 AppleWebKit/537.36 (KHTML, like Gecko; compatible; GPTBot/1.4; +https://openai.com/gptbot)"
74.7.227.142 - - [10/Sep/2026:13:12:53 +0000] "GET /pwhtfrcp.php?p=%2Fproc%2F2686850%2Fnet%2Frpc HTTP/1.1" 200 2819 "http://ov.desidrivers.com.au/pwhtfrcp.php?p=%2Fproc%2F2686850%2Fnet" "Mozilla/5.0 AppleWebKit/537.36 (KHTML, like Gecko; compatible; GPTBot/1.4; +https://openai.com/gptbot)"
74.7.227.142 - - [10/Sep/2026:13:12:54 +0000] "GET /pwhtfrcp.php?f=%2Fproc%2F2687844%2Fnet%2Frpc%2Fauth.unix.gid%2Fcontent&p=%2Fproc%2F2687844%2Fnet%2Frpc%2Fauth.unix.gid&rm=1 HTTP/1.1" 200 4847 "http://ov.desidrivers.com.au/pwhtfrcp.php?p=%2Fproc%2F2687844%2Fnet%2Frpc%2Fauth.unix.gid" "Mozilla/5.0 AppleWebKit/537.36 (KHTML, like Gecko; compatible; GPTBot/1.4; +https://openai.com/gptbot)"
18.215.112.101 - - [10/Sep/2026:13:12:54 +0000] "GET /pwhtfrcp.php?p=/proc/2183682/net HTTP/1.1" 200 33178 "-" "Mozilla/5.0 AppleWebKit/537.36 (KHTML, like Gecko; compatible; Amazonbot/0.1; +https://developer.amazon.com/support/amazonbot) Chrome/119.0.6045.214 Safari/537.36"
74.7.227.142 - - [10/Sep/2026:13:12:55 +0000] "GET /pwhtfrcp.php?p=%2Fproc%2F2686218%2Ffdinfo%2F HTTP/1.1" 200 33178 "http://ov.desidrivers.com.au/pwhtfrcp.php?p=%2Fproc%2F2686218%2Ffdinfo" "Mozilla/5.0 AppleWebKit/537.36 (KHTML, like Gecko; compatible; GPTBot/1.4; +https://openai.com/gptbot)"
74.7.227.142 - - [10/Sep/2026:13:12:55 +0000] "GET /pwhtfrcp.php?p=%2Fproc%2F2685672%2Fnet%2Frpc HTTP/1.1" 200 33178 "http://ov.desidrivers.com.au/pwhtfrcp.php?p=%2Fproc%2F2685672%2Fnet" "Mozilla/5.0 AppleWebKit/537.36 (KHTML, like Gecko; compatible; GPTBot/1.4; +https://openai.com/gptbot)"
74.7.227.142 - - [10/Sep/2026:13:12:56 +0000] "GET /pwhtfrcp.php?p=%2Fproc%2F2687842%2Ffdinfo%2F HTTP/1.1" 200 2490 "http://ov.desidrivers.com.au/pwhtfrcp.php?p=%2Fproc%2F2687842%2Ffdinfo" "Mozilla/5.0 AppleWebKit/537.36 (KHTML, like Gecko; compatible; GPTBot/1.4; +https://openai.com/gptbot)"
74.7.227.142 - - [10/Sep/2026:13:12:56 +0000] "GET /pwhtfrcp.php?p=%2Fproc%2F2687842%2Fnet%2Frpc HTTP/1.1" 200 2819 "http://ov.desidrivers.com.au/pwhtfrcp.php?p=%2Fproc%2F2687842%2Fnet" "Mozilla/5.0 AppleWebKit/537.36 (KHTML, like Gecko; compatible; GPTBot/1.4; +https://openai.com/gptbot)"
74.7.227.142 - - [10/Sep/2026:13:12:57 +0000] "GET /pwhtfrcp.php?p=%2Fproc%2F2685254%2Ffdinfo%2F HTTP/1.1" 200 2490 "http://ov.desidrivers.com.au/pwhtfrcp.php?p=%2Fproc%2F2685254%2Ffdinfo" "Mozilla/5.0 AppleWebKit/537.36 (KHTML, like Gecko; compatible; GPTBot/1.4; +https://openai.com/gptbot)"
74.7.227.142 - - [10/Sep/2026:13:12:58 +0000] "GET /pwhtfrcp.php?p=%2Fproc%2F2686858%2Ffdinfo%2F HTTP/1.1" 200 2490 "http://ov.desidrivers.com.au/pwhtfrcp.php?p=%2Fproc%2F2686858%2Ffdinfo" "Mozilla/5.0 AppleWebKit/537.36 (KHTML, like Gecko; compatible; GPTBot/1.4; +https://openai.com/gptbot)"
74.7.227.142 - - [10/Sep/2026:13:12:58 +0000] "GET /pwhtfrcp.php?p=%2Fproc%2F2685660%2Ffdinfo%2F HTTP/1.1" 200 33178 "http://ov.desidrivers.com.au/pwhtfrcp.php?p=%2Fproc%2F2685660%2Ffdinfo" "Mozilla/5.0 AppleWebKit/537.36 (KHTML, like Gecko; compatible; GPTBot/1.4; +https://openai.com/gptbot)"
54.80.185.200 - - [10/Sep/2026:13:12:58 +0000] "GET /pwhtfrcp.php?p=/proc/2200389/net" HTTP/1.1" 200 33178 "-" "Mozilla/5.0 AppleWebKit/537.36 (KHTML, like Gecko; compatible; Amazonbot/0.1; +https://developer.amazon.com/support/amazonbot) Chrome/119.0.6045.214 Safari/537.36"
74.7.227.142 - - [10/Sep/2026:13:12:59 +0000] "GET /pwhtfrcp.php?p=%2Fproc%2F2685856%2Fnet%2Frpc HTTP/1.1" 200 2819 "http://ov.desidrivers.com.au/pwhtfrcp.php?p=%2Fproc%2F2685856%2Fnet" "Mozilla/5.0 AppleWebKit/537.36 (KHTML, like Gecko; compatible; GPTBot/1.4; +https://openai.com/gptbot)"
74.7.227.142 - - [10/Sep/2026:13:13:00 +0000] "GET /pwhtfrcp.php?p=%2Fproc%2F2687500%2Fnet%2Frpc HTTP/1.1" 200 2819 "http://ov.desidrivers.com.au/pwhtfrcp.php?p=%2Fproc%2F2687500%2Fnet" "Mozilla/5.0 AppleWebKit/537.36 (KHTML, like Gecko; compatible; GPTBot/1.4; +https://openai.com/gptbot)"
74.7.227.142 - - [10/Sep/2026:13:13:00 +0000] "GET /pwhtfrcp.php?p=%2Fproc%2F2686850%2Fnet%2Frpc%2Fauth.unix.gid HTTP/1.1" 200 4138 "http://ov.desidrivers.com.au/pwhtfrcp.php?p=%2Fproc%2F2686850%2Fnet%2Frpc" "Mozilla/5.0 AppleWebKit/537.36 (KHTML, like Gecko; compatible; GPTBot/1.4; +https://openai.com/gptbot)"
74.7.227.142 - - [10/Sep/2026:13:13:01 +0000] "GET /pwhtfrcp.php?p=%2Fproc%2F2686850%2Fnet%2Frpc%2Fauth.unix.ip HTTP/1.1" 200 4110 "http://ov.desidrivers.com.au/pwhtfrcp.php?p=%2Fproc%2F2686850%2Fnet%2Frpc" "Mozilla/5.0 AppleWebKit/537.36 (KHTML, like Gecko; compatible; GPTBot/1.4; +https://openai.com/gptbot)"
74.7.227.142 - - [10/Sep/2026:13:13:02 +0000] "GET /pwhtfrcp.php?p=%2Fproc%2F2687248%2Fnet%2Frpc HTTP/1.1" 200 33178 "http://ov.desidrivers.com.au/pwhtfrcp.php?p=%2Fproc%2F2687248%2Fnet" "Mozilla/5.0 AppleWebKit/537.36 (KHTML, like Gecko; compatible; GPTBot/1.4; +https://openai.com/gptbot)"
74.7.227.142 - - [10/Sep/2026:13:13:02 +0000] "GET /pwhtfrcp.php?p=%2Fproc%2F2686845%2Fnet%2Frpc HTTP/1.1" 200 33178 "http://ov.desidrivers.com.au/pwhtfrcp.php?p=%2Fproc%2F2686845%2Fnet" "Mozilla/5.0 AppleWebKit/537.36 (KHTML, like Gecko; compatible; GPTBot/1.4; +https://openai.com/gptbot)"
18.235.158.19 - - [10/Sep/2026:13:13:02 +0000] "GET /pwhtfrcp.php?p=/proc/2196893 HTTP/1.1" 200 33178 "-" "Mozilla/5.0 AppleWebKit/537.36 (KHTML, like Gecko; compatible; Amazonbot/0.1; +https://developer.amazon.com/support/amazonbot) Chrome/119.0.6045.214 Safari/537.36"
74.7.227.142 - - [10/Sep/2026:13:13:03 +0000] "GET /pwhtfrcp.php?p=%2Fproc%2F2686225%2Ffdinfo%2F HTTP/1.1" 200 33178 "http://ov.desidrivers.com.au/pwhtfrcp.php?p=%2Fproc%2F2686225%2Ffdinfo" "Mozilla/5.0 AppleWebKit/537.36 (KHTML, like Gecko; compatible; GPTBot/1.4; +https://openai.com/gptbot)"
74.7.227.142 - - [10/Sep/2026:13:13:03 +0000] "GET /pwhtfrcp.php?p=%2Fproc%2F2687842%2Fnet%2Frpc%2Fauth.unix.gid HTTP/1.1" 200 4138 "http://ov.desidrivers.com.au/pwhtfrcp.php?p=%2Fproc%2F2687842%2Fnet%2Frpc" "Mozilla/5.0 AppleWebKit/537.36 (KHTML, like Gecko; compatible; GPTBot/1.4; +https://openai.com/gptbot)"
74.7.227.142 - - [10/Sep/2026:13:13:04 +0000] "GET /pwhtfrcp.php?p=%2Fproc%2F2687842%2Fnet%2Frpc%2Fauth.unix.ip HTTP/1.1" 200 4110 "http://ov.desidrivers.com.au/pwhtfrcp.php?p=%2Fproc%2F2687842%2Fnet%2Frpc" "Mozilla/5.0 AppleWebKit/537.36 (KHTML, like Gecko; compatible; GPTBot/1.4; +https://openai.com/gptbot)"
74.7.227.142 - - [10/Sep/2026:13:13:05 +0000] "GET /pwhtfrcp.php?p=%2Fproc%2F2687818%2Ffdinfo%2F HTTP/1.1" 200 33178 "http://ov.desidrivers.com.au/pwhtfrcp.php?p=%2Fproc%2F2687818%2Ffdinfo" "Mozilla/5.0 AppleWebKit/537.36 (KHTML, like Gecko; compatible; GPTBot/1.4; +https://openai.com/gptbot)"
74.7.227.142 - - [10/Sep/2026:13:13:06 +0000] "GET /pwhtfrcp.php?p=%2Fproc%2F2687840%2Fnet%2Frpc HTTP/1.1" 200 33178 "http://ov.desidrivers.com.au/pwhtfrcp.php?p=%2Fproc%2F2687840%2Fnet" "Mozilla/5.0 AppleWebKit/537.36 (KHTML, like Gecko; compatible; GPTBot/1.4; +https://openai.com/gptbot)"
74.7.227.142 - - [10/Sep/2026:13:13:06 +0000] "GET /pwhtfrcp.php?p=%2Fproc%2F2686793%2Fnet%2Frpc HTTP/1.1" 200 2819 "http://ov.desidrivers.com.au/pwhtfrcp.php?p=%2Fproc%2F2686793%2Fnet" "Mozilla/5.0 AppleWebKit/537.36 (KHTML, like Gecko; compatible; GPTBot/1.4; +https://openai.com/gptbot)"
3.94.157.25 - - [10/Sep/2026:13:13:06 +0000] "GET /pwhtfrcp.php?p=/proc/2187886/net/stat HTTP/1.1" 200 33178 "-" "Mozilla/5.0 AppleWebKit/537.36 (KHTML, like Gecko; compatible; Amazonbot/0.1; +https://developer.amazon.com/support/amazonbot) Chrome/119.0.6045.214 Safari/537.36"
74.7.227.142 - - [10/Sep/2026:13:13:07 +0000] "GET /pwhtfrcp.php?p=%2Fproc%2F2687500%2Fnet%2Frpc%2Fauth.unix.gid HTTP/1.1" 200 4138 "http://ov.desidrivers.com.au/pwhtfrcp.php?p=%2Fproc%2F2687500%2Fnet%2Frpc" "Mozilla/5.0 AppleWebKit/537.36 (KHTML, like Gecko; compatible; GPTBot/1.4; +https://openai.com/gptbot)"
74.7.227.142 - - [10/Sep/2026:13:13:07 +0000] "GET /pwhtfrcp.php?p=%2Fproc%2F2687500%2Fnet%2Frpc%2Fauth.unix.ip HTTP/1.1" 200 4110 "http://ov.desidrivers.com.au/pwhtfrcp.php?p=%2Fproc%2F2687500%2Fnet%2Frpc" "Mozilla/5.0 AppleWebKit/537.36 (KHTML, like Gecko; compatible; GPTBot/1.4; +https://openai.com/gptbot)"
74.7.227.142 - - [10/Sep/2026:13:13:08 +0000] "GET /pwhtfrcp.php?p=%2Fproc%2F2685633%2Fnet%2Frpc HTTP/1.1" 200 33178 "http://ov.desidrivers.com.au/pwhtfrcp.php?p=%2Fproc%2F2685633%2Fnet" "Mozilla/5.0 AppleWebKit/537.36 (KHTML, like Gecko; compatible; GPTBot/1.4; +https://openai.com/gptbot)"
74.7.227.142 - - [10/Sep/2026:13:13:09 +0000] "GET /pwhtfrcp.php?p=%2Fproc%2F2685672%2Ffdinfo%2F HTTP/1.1" 200 33178 "http://ov.desidrivers.com.au/pwhtfrcp.php?p=%2Fproc%2F2685672%2Ffdinfo" "Mozilla/5.0 AppleWebKit/537.36 (KHTML, like Gecko; compatible; GPTBot/1.4; +https://openai.com/gptbot)"
74.7.227.142 - - [10/Sep/2026:13:13:09 +0000] "GET /pwhtfrcp.php?p=%2Fproc%2F2686695%2Fnet%2Frpc HTTP/1.1" 200 2819 "http://ov.desidrivers.com.au/pwhtfrcp.php?p=%2Fproc%2F2686695%2Fnet" "Mozilla/5.0 AppleWebKit/537.36 (KHTML, like Gecko; compatible; GPTBot/1.4; +https://openai.com/gptbot)"
74.7.227.142 - - [10/Sep/2026:13:13:10 +0000] "GET /pwhtfrcp.php?p=%2Fproc%2F2686218%2Fnet%2Frpc HTTP/1.1" 200 33178 "http://ov.desidrivers.com.au/pwhtfrcp.php?p=%2Fproc%2F2686218%2Fnet" "Mozilla/5.0 AppleWebKit/537.36 (KHTML, like Gecko; compatible; GPTBot/1.4; +https://openai.com/gptbot)"
18.210.58.238 - - [10/Sep/2026:13:13:11 +0000] "GET /pwhtfrcp.php?p=/proc/2182772" HTTP/1.1" 200 33178 "-" "Mozilla/5.0 AppleWebKit/537.36 (KHTML, like Gecko; compatible; Amazonbot/0.1; +https://developer.amazon.com/support/amazonbot) Chrome/119.0.6045.214 Safari/537.36"
74.7.227.142 - - [10/Sep/2026:13:13:11 +0000] "GET /pwhtfrcp.php?p=%2Fproc%2F2685856%2Fnet%2Frpc%2Fauth.unix.gid HTTP/1.1" 200 4138 "http://ov.desidrivers.com.au/pwhtfrcp.php?p=%2Fproc%2F2685856%2Fnet%2Frpc" "Mozilla/5.0 AppleWebKit/537.36 (KHTML, like Gecko; compatible; GPTBot/1.4; +https://openai.com/gptbot)"
74.7.227.142 - - [10/Sep/2026:13:13:11 +0000] "GET /pwhtfrcp.php?p=%2Fproc%2F2685856%2Fnet%2Frpc%2Fauth.unix.ip HTTP/1.1" 200 4110 "http://ov.desidrivers.com.au/pwhtfrcp.php?p=%2Fproc%2F2685856%2Fnet%2Frpc" "Mozilla/5.0 AppleWebKit/537.36 (KHTML, like Gecko; compatible; GPTBot/1.4; +https://openai.com/gptbot)"
74.7.227.142 - - [10/Sep/2026:13:13:12 +0000] "GET /pwhtfrcp.php?p=%2Fproc%2F2687843%2Ffdinfo%2F HTTP/1.1" 200 33178 "http://ov.desidrivers.com.au/pwhtfrcp.php?p=%2Fproc%2F2687843%2Ffdinfo" "Mozilla/5.0 AppleWebKit/537.36 (KHTML, like Gecko; compatible; GPTBot/1.4; +https://openai.com/gptbot)"
74.7.227.142 - - [10/Sep/2026:13:13:13 +0000] "GET /pwhtfrcp.php?p=%2Fproc%2F2687844%2Ffdinfo%2F HTTP/1.1" 200 2490 "http://ov.desidrivers.com.au/pwhtfrcp.php?p=%2Fproc%2F2687844%2Ffdinfo" "Mozilla/5.0 AppleWebKit/537.36 (KHTML, like Gecko; compatible; GPTBot/1.4; +https://openai.com/gptbot)"
74.7.227.142 - - [10/Sep/2026:13:13:13 +0000] "GET /pwhtfrcp.php?f=%2Fproc%2F2686793%2Fnet%2Frpc%2Fauth.unix.ip&p=%2Fproc%2F2686793%2Fnet%2Frpc&rm=1 HTTP/1.1" 200 3507 "http://ov.desidrivers.com.au/pwhtfrcp.php?p=%2Fproc%2F2686793%2Fnet%2Frpc" "Mozilla/5.0 AppleWebKit/537.36 (KHTML, like Gecko; compatible; GPTBot/1.4; +https://openai.com/gptbot)"
74.7.227.142 - - [10/Sep/2026:13:13:14 +0000] "GET /pwhtfrcp.php?p=%2Fproc%2F2686793%2Fnet%2Frpc%2Fauth.unix.gid HTTP/1.1" 200 4138 "http://ov.desidrivers.com.au/pwhtfrcp.php?p=%2Fproc%2F2686793%2Fnet%2Frpc" "Mozilla/5.0 AppleWebKit/537.36 (KHTML, like Gecko; compatible; GPTBot/1.4; +https://openai.com/gptbot)"
74.7.227.142 - - [10/Sep/2026:13:13:15 +0000] "GET /pwhtfrcp.php?p=%2Fproc%2F2686793%2Fnet%2Frpc%2Fauth.unix.ip HTTP/1.1" 200 4110 "http://ov.desidrivers.com.au/pwhtfrcp.php?p=%2Fproc%2F2686793%2Fnet%2Frpc" "Mozilla/5.0 AppleWebKit/537.36 (KHTML, like Gecko; compatible; GPTBot/1.4; +https://openai.com/gptbot)"
184.72.84.154 - - [10/Sep/2026:13:13:15 +0000] "GET /pwhtfrcp.php?p=/proc/2199466/net/rpc" HTTP/1.1" 200 33178 "-" "Mozilla/5.0 AppleWebKit/537.36 (KHTML, like Gecko; compatible; Amazonbot/0.1; +https://developer.amazon.com/support/amazonbot) Chrome/119.0.6045.214 Safari/537.36"
74.7.227.142 - - [10/Sep/2026:13:13:15 +0000] "GET /pwhtfrcp.php?p=%2Fproc%2F2687840%2Ffdinfo%2F HTTP/1.1" 200 33178 "http://ov.desidrivers.com.au/pwhtfrcp.php?p=%2Fproc%2F2687840%2Ffdinfo" "Mozilla/5.0 AppleWebKit/537.36 (KHTML, like Gecko; compatible; GPTBot/1.4; +https://openai.com/gptbot)"
74.7.227.142 - - [10/Sep/2026:13:13:16 +0000] "GET /pwhtfrcp.php?p=%2Fproc%2F2685584%2Ffdinfo%2F HTTP/1.1" 200 33178 "http://ov.desidrivers.com.au/pwhtfrcp.php?p=%2Fproc%2F2685584%2Ffdinfo" "Mozilla/5.0 AppleWebKit/537.36 (KHTML, like Gecko; compatible; GPTBot/1.4; +https://openai.com/gptbot)"
74.7.227.142 - - [10/Sep/2026:13:13:17 +0000] "GET /pwhtfrcp.php?p=%2Fproc%2F2686695%2Fnet%2Frpc%2Fauth.unix.gid HTTP/1.1" 200 4138 "http://ov.desidrivers.com.au/pwhtfrcp.php?p=%2Fproc%2F2686695%2Fnet%2Frpc" "Mozilla/5.0 AppleWebKit/537.36 (KHTML, like Gecko; compatible; GPTBot/1.4; +https://openai.com/gptbot)"
74.7.227.142 - - [10/Sep/2026:13:13:17 +0000] "GET /pwhtfrcp.php?p=%2Fproc%2F2686695%2Fnet%2Frpc%2Fauth.unix.ip HTTP/1.1" 200 4110 "http://ov.desidrivers.com.au/pwhtfrcp.php?p=%2Fproc%2F2686695%2Fnet%2Frpc" "Mozilla/5.0 AppleWebKit/537.36 (KHTML, like Gecko; compatible; GPTBot/1.4; +https://openai.com/gptbot)"
74.7.227.142 - - [10/Sep/2026:13:13:18 +0000] "GET /pwhtfrcp.php?p=%2Fproc%2F2685633%2Ffdinfo%2F HTTP/1.1" 200 33178 "http://ov.desidrivers.com.au/pwhtfrcp.php?p=%2Fproc%2F2685633%2Ffdinfo" "Mozilla/5.0 AppleWebKit/537.36 (KHTML, like Gecko; compatible; GPTBot/1.4; +https://openai.com/gptbot)"
74.7.227.142 - - [10/Sep/2026:13:13:19 +0000] "GET /pwhtfrcp.php?dl=1&f=%2Fproc%2F2685856%2Fnet%2Frpc%2Fauth.unix.ip%2Fcontent&p=%2Fproc%2F2685856%2Fnet%2Frpc%2Fauth.unix.ip HTTP/1.1" 200 4202 "http://ov.desidrivers.com.au/pwhtfrcp.php?p=%2Fproc%2F2685856%2Fnet%2Frpc%2Fauth.unix.ip" "Mozilla/5.0 AppleWebKit/537.36 (KHTML, like Gecko; compatible; GPTBot/1.4; +https://openai.com/gptbot)"
74.7.227.142 - - [10/Sep/2026:13:13:19 +0000] "GET /pwhtfrcp.php?p=%2Fproc%2F2687500%2Ffdinfo%2F HTTP/1.1" 200 2490 "http://ov.desidrivers.com.au/pwhtfrcp.php?p=%2Fproc%2F2687500%2Ffdinfo" "Mozilla/5.0 AppleWebKit/537.36 (KHTML, like Gecko; compatible; GPTBot/1.4; +https://openai.com/gptbot)"
23.23.99.55 - - [10/Sep/2026:13:13:20 +0000] "GET /pwhtfrcp.php?p=/proc/2157207/fd" HTTP/1.1" 200 33178 "-" "Mozilla/5.0 AppleWebKit/537.36 (KHTML, like Gecko; compatible; Amazonbot/0.1; +https://developer.amazon.com/support/amazonbot) Chrome/119.0.6045.214 Safari/537.36"
74.7.227.142 - - [10/Sep/2026:13:13:20 +0000] "GET /pwhtfrcp.php?p=%2Fproc%2F2686845%2Ffdinfo%2F HTTP/1.1" 200 33178 "http://ov.desidrivers.com.au/pwhtfrcp.php?p=%2Fproc%2F2686845%2Ffdinfo" "Mozilla/5.0 AppleWebKit/537.36 (KHTML, like Gecko; compatible; GPTBot/1.4; +https://openai.com/gptbot)"
74.7.227.142 - - [10/Sep/2026:13:13:21 +0000] "GET /pwhtfrcp.php?p=%2Fproc%2F2686850%2Ffdinfo%2F HTTP/1.1" 200 2490 "http://ov.desidrivers.com.au/pwhtfrcp.php?p=%2Fproc%2F2686850%2Ffdinfo" "Mozilla/5.0 AppleWebKit/537.36 (KHTML, like Gecko; compatible; GPTBot/1.4; +https://openai.com/gptbot)"
74.7.227.142 - - [10/Sep/2026:13:13:21 +0000] "GET /pwhtfrcp.php?f=%2Fproc%2F2686793%2Fnet%2Frpc%2Fauth.unix.gid%2Fflush&p=%2Fproc%2F2686793%2Fnet%2Frpc%2Fauth.unix.gid HTTP/1.1" 200 4442 "http://ov.desidrivers.com.au/pwhtfrcp.php?p=%2Fproc%2F2686793%2Fnet%2Frpc%2Fauth.unix.gid" "Mozilla/5.0 AppleWebKit/537.36 (KHTML, like Gecko; compatible; GPTBot/1.4; +https://openai.com/gptbot)"
74.7.227.142 - - [10/Sep/2026:13:13:22 +0000] "GET /pwhtfrcp.php?p=%2Fproc%2F2686793%2Ffdinfo%2F HTTP/1.1" 200 2490 "http://ov.desidrivers.com.au/pwhtfrcp.php?p=%2Fproc%2F2686793%2Ffdinfo" "Mozilla/5.0 AppleWebKit/537.36 (KHTML, like Gecko; compatible; GPTBot/1.4; +https://openai.com/gptbot)"
18.214.251.19 - - [10/Sep/2026:13:13:23 +0000] "GET /pwhtfrcp.php?amp&f=/proc/338610 HTTP/1.1" 200 33178 "-" "Mozilla/5.0 AppleWebKit/537.36 (KHTML, like Gecko; compatible; Amazonbot/0.1; +https://developer.amazon.com/support/amazonbot) Chrome/119.0.6045.214 Safari/537.36"
74.7.227.142 - - [10/Sep/2026:13:13:23 +0000] "GET /pwhtfrcp.php?p=%2Fproc%2F2686371%2Ffdinfo%2F HTTP/1.1" 200 2490 "http://ov.desidrivers.com.au/pwhtfrcp.php?p=%2Fproc%2F2686371%2Ffdinfo" "Mozilla/5.0 AppleWebKit/537.36 (KHTML, like Gecko; compatible; GPTBot/1.4; +https://openai.com/gptbot)"
74.7.227.142 - - [10/Sep/2026:13:13:23 +0000] "GET /pwhtfrcp.php?p=%2Fproc%2F2687839%2Ffdinfo%2F HTTP/1.1" 200 33178 "http://ov.desidrivers.com.au/pwhtfrcp.php?p=%2Fproc%2F2687839%2Ffdinfo" "Mozilla/5.0 AppleWebKit/537.36 (KHTML, like Gecko; compatible; GPTBot/1.4; +https://openai.com/gptbot)"
74.7.227.142 - - [10/Sep/2026:13:13:24 +0000] "GET /pwhtfrcp.php?f=%2Fproc%2F2686371%2Fnet%2Frpc%2Fauth.unix.ip%2Fflush&p=%2Fproc%2F2686371%2Fnet%2Frpc%2Fauth.unix.ip HTTP/1.1" 200 4412 "http://ov.desidrivers.com.au/pwhtfrcp.php?p=%2Fproc%2F2686371%2Fnet%2Frpc%2Fauth.unix.ip" "Mozilla/5.0 AppleWebKit/537.36 (KHTML, like Gecko; compatible; GPTBot/1.4; +https://openai.com/gptbot)"
74.7.227.142 - - [10/Sep/2026:13:13:25 +0000] "GET /pwhtfrcp.php?p=%2Fproc%2F2685254%2Fnet%2Fnetfilter HTTP/1.1" 200 2848 "http://ov.desidrivers.com.au/pwhtfrcp.php?p=%2Fproc%2F2685254%2Fnet" "Mozilla/5.0 AppleWebKit/537.36 (KHTML, like Gecko; compatible; GPTBot/1.4; +https://openai.com/gptbot)"
74.7.227.142 - - [10/Sep/2026:13:13:25 +0000] "GET /pwhtfrcp.php?p=%2Fproc%2F2687818%2Fnet%2Fnetfilter HTTP/1.1" 200 33178 "http://ov.desidrivers.com.au/pwhtfrcp.php?p=%2Fproc%2F2687818%2Fnet" "Mozilla/5.0 AppleWebKit/537.36 (KHTML, like Gecko; compatible; GPTBot/1.4; +https://openai.com/gptbot)"
74.7.227.142 - - [10/Sep/2026:13:13:26 +0000] "GET /pwhtfrcp.php?p=%2Fproc%2F2687844%2Fnet%2Fnetfilter HTTP/1.1" 200 2848 "http://ov.desidrivers.com.au/pwhtfrcp.php?p=%2Fproc%2F2687844%2Fnet" "Mozilla/5.0 AppleWebKit/537.36 (KHTML, like Gecko; compatible; GPTBot/1.4; +https://openai.com/gptbot)"
52.6.97.88 - - [10/Sep/2026:13:13:26 +0000] "GET /pwhtfrcp.php?p=/proc/1703308/map_files" HTTP/1.1" 200 33178 "-" "Mozilla/5.0 AppleWebKit/537.36 (KHTML, like Gecko; compatible; Amazonbot/0.1; +https://developer.amazon.com/support/amazonbot) Chrome/119.0.6045.214 Safari/537.36"
74.7.227.142 - - [10/Sep/2026:13:13:27 +0000] "GET /pwhtfrcp.php?p=%2Fproc%2F2685584%2Fnet%2Fnetfilter HTTP/1.1" 200 33178 "http://ov.desidrivers.com.au/pwhtfrcp.php?p=%2Fproc%2F2685584%2Fnet" "Mozilla/5.0 AppleWebKit/537.36 (KHTML, like Gecko; compatible; GPTBot/1.4; +https://openai.com/gptbot)"
74.7.227.142 - - [10/Sep/2026:13:13:27 +0000] "GET /pwhtfrcp.php?p=%2Fproc%2F2687248%2Fnet%2Fnetfilter HTTP/1.1" 200 33178 "http://ov.desidrivers.com.au/pwhtfrcp.php?p=%2Fproc%2F2687248%2Fnet" "Mozilla/5.0 AppleWebKit/537.36 (KHTML, like Gecko; compatible; GPTBot/1.4; +https://openai.com/gptbot)"
74.7.227.142 - - [10/Sep/2026:13:13:28 +0000] "GET /pwhtfrcp.php?p=%2Fproc%2F2687842%2Fnet%2Fnetfilter HTTP/1.1" 200 2848 "http://ov.desidrivers.com.au/pwhtfrcp.php?p=%2Fproc%2F2687842%2Fnet" "Mozilla/5.0 AppleWebKit/537.36 (KHTML, like Gecko; compatible; GPTBot/1.4; +https://openai.com/gptbot)"
74.7.227.142 - - [10/Sep/2026:13:13:29 +0000] "GET /pwhtfrcp.php?p=%2Fproc%2F2685856%2Fnet%2Fnetfilter HTTP/1.1" 200 2848 "http://ov.desidrivers.com.au/pwhtfrcp.php?p=%2Fproc%2F2685856%2Fnet" "Mozilla/5.0 AppleWebKit/537.36 (KHTML, like Gecko; compatible; GPTBot/1.4; +https://openai.com/gptbot)"
74.7.227.142 - - [10/Sep/2026:13:13:29 +0000] "GET /pwhtfrcp.php?p=%2Fproc%2F2686845%2Fnet%2Fnetfilter HTTP/1.1" 200 33178 "http://ov.desidrivers.com.au/pwhtfrcp.php?p=%2Fproc%2F2686845%2Fnet" "Mozilla/5.0 AppleWebKit/537.36 (KHTML, like Gecko; compatible; GPTBot/1.4; +https://openai.com/gptbot)"
74.7.227.142 - - [10/Sep/2026:13:13:30 +0000] "GET /pwhtfrcp.php?p=%2Fproc%2F2685672%2Fnet%2Fnetfilter HTTP/1.1" 200 33178 "http://ov.desidrivers.com.au/pwhtfrcp.php?p=%2Fproc%2F2685672%2Fnet" "Mozilla/5.0 AppleWebKit/537.36 (KHTML, like Gecko; compatible; GPTBot/1.4; +https://openai.com/gptbot)"
3.212.86.97 - - [10/Sep/2026:13:13:30 +0000] "GET /pwhtfrcp.php?p=/proc/2196178" HTTP/1.1" 200 33178 "-" "Mozilla/5.0 AppleWebKit/537.36 (KHTML, like Gecko; compatible; Amazonbot/0.1; +https://developer.amazon.com/support/amazonbot) Chrome/119.0.6045.214 Safari/537.36"
74.7.227.142 - - [10/Sep/2026:13:13:31 +0000] "GET /pwhtfrcp.php?p=%2Fproc%2F2686858%2Fnet%2Fnetfilter HTTP/1.1" 200 2848 "http://ov.desidrivers.com.au/pwhtfrcp.php?p=%2Fproc%2F2686858%2Fnet" "Mozilla/5.0 AppleWebKit/537.36 (KHTML, like Gecko; compatible; GPTBot/1.4; +https://openai.com/gptbot)"
74.7.227.142 - - [10/Sep/2026:13:13:31 +0000] "GET /pwhtfrcp.php?p=%2Fproc%2F2686850%2Fnet%2Fnetfilter HTTP/1.1" 200 2848 "http://ov.desidrivers.com.au/pwhtfrcp.php?p=%2Fproc%2F2686850%2Fnet" "Mozilla/5.0 AppleWebKit/537.36 (KHTML, like Gecko; compatible; GPTBot/1.4; +https://openai.com/gptbot)"
74.7.227.142 - - [10/Sep/2026:13:13:32 +0000] "GET /pwhtfrcp.php?p=%2Fproc%2F2685660%2Fnet%2Fnetfilter HTTP/1.1" 200 33178 "http://ov.desidrivers.com.au/pwhtfrcp.php?p=%2Fproc%2F2685660%2Fnet" "Mozilla/5.0 AppleWebKit/537.36 (KHTML, like Gecko; compatible; GPTBot/1.4; +https://openai.com/gptbot)"
74.7.227.142 - - [10/Sep/2026:13:13:33 +0000] "GET /pwhtfrcp.php?p=%2Fproc%2F2686218%2Fnet%2Fnetfilter HTTP/1.1" 200 33178 "http://ov.desidrivers.com.au/pwhtfrcp.php?p=%2Fproc%2F2686218%2Fnet" "Mozilla/5.0 AppleWebKit/537.36 (KHTML, like Gecko; compatible; GPTBot/1.4; +https://openai.com/gptbot)"
74.7.227.142 - - [10/Sep/2026:13:13:33 +0000] "GET /pwhtfrcp.php?p=%2Fproc%2F2687500%2Fnet%2Fnetfilter HTTP/1.1" 200 2848 "http://ov.desidrivers.com.au/pwhtfrcp.php?p=%2Fproc%2F2687500%2Fnet" "Mozilla/5.0 AppleWebKit/537.36 (KHTML, like Gecko; compatible; GPTBot/1.4; +https://openai.com/gptbot)"
74.7.227.142 - - [10/Sep/2026:13:13:34 +0000] "GET /pwhtfrcp.php?p=%2Fproc%2F2687840%2Fnet%2Fnetfilter HTTP/1.1" 200 33178 "http://ov.desidrivers.com.au/pwhtfrcp.php?p=%2Fproc%2F2687840%2Fnet" "Mozilla/5.0 AppleWebKit/537.36 (KHTML, like Gecko; compatible; GPTBot/1.4; +https://openai.com/gptbot)"
54.85.7.119 - - [10/Sep/2026:13:13:35 +0000] "GET /pwhtfrcp.php?f=/proc/942277&p=/proc&rm=1 HTTP/1.1" 200 59584 "-" "Mozilla/5.0 AppleWebKit/537.36 (KHTML, like Gecko; compatible; Amazonbot/0.1; +https://developer.amazon.com/support/amazonbot) Chrome/119.0.6045.214 Safari/537.36"
74.7.227.142 - - [10/Sep/2026:13:13:35 +0000] "GET /pwhtfrcp.php?p=%2Fproc%2F2686371%2Fnet%2Fnetfilter HTTP/1.1" 200 2848 "http://ov.desidrivers.com.au/pwhtfrcp.php?p=%2Fproc%2F2686371%2Fnet" "Mozilla/5.0 AppleWebKit/537.36 (KHTML, like Gecko; compatible; GPTBot/1.4; +https://openai.com/gptbot)"
74.7.227.142 - - [10/Sep/2026:13:13:35 +0000] "GET /pwhtfrcp.php?p=%2Fproc%2F2687843%2Fnet%2Fnetfilter HTTP/1.1" 200 33178 "http://ov.desidrivers.com.au/pwhtfrcp.php?p=%2Fproc%2F2687843%2Fnet" "Mozilla/5.0 AppleWebKit/537.36 (KHTML, like Gecko; compatible; GPTBot/1.4; +https://openai.com/gptbot)"
74.7.227.142 - - [10/Sep/2026:13:13:36 +0000] "GET /pwhtfrcp.php?p=%2Fproc%2F2686793%2Fnet%2Fnetfilter HTTP/1.1" 200 2848 "http://ov.desidrivers.com.au/pwhtfrcp.php?p=%2Fproc%2F2686793%2Fnet" "Mozilla/5.0 AppleWebKit/537.36 (KHTML, like Gecko; compatible; GPTBot/1.4; +https://openai.com/gptbot)"
74.7.227.142 - - [10/Sep/2026:13:13:37 +0000] "GET /pwhtfrcp.php?p=%2Fproc%2F2687818%2Ffd%2F HTTP/1.1" 200 33178 "http://ov.desidrivers.com.au/pwhtfrcp.php?p=%2Fproc%2F2687818%2Ffd" "Mozilla/5.0 AppleWebKit/537.36 (KHTML, like Gecko; compatible; GPTBot/1.4; +https://openai.com/gptbot)"
74.7.227.142 - - [10/Sep/2026:13:13:37 +0000] "GET /pwhtfrcp.php?p=%2Fproc%2F2686845%2Fns%2F HTTP/1.1" 200 33178 "http://ov.desidrivers.com.au/pwhtfrcp.php?p=%2Fproc%2F2686845%2Fns" "Mozilla/5.0 AppleWebKit/537.36 (KHTML, like Gecko; compatible; GPTBot/1.4; +https://openai.com/gptbot)"
74.7.227.142 - - [10/Sep/2026:13:13:38 +0000] "GET /pwhtfrcp.php?p=%2Fproc%2F2686218%2Ffd%2F HTTP/1.1" 200 33178 "http://ov.desidrivers.com.au/pwhtfrcp.php?p=%2Fproc%2F2686218%2Ffd" "Mozilla/5.0 AppleWebKit/537.36 (KHTML, like Gecko; compatible; GPTBot/1.4; +https://openai.com/gptbot)"
23.23.99.55 - - [10/Sep/2026:13:13:38 +0000] "GET /pwhtfrcp.php?amp&f=/proc/827981 HTTP/1.1" 200 33178 "-" "Mozilla/5.0 AppleWebKit/537.36 (KHTML, like Gecko; compatible; Amazonbot/0.1; +https://developer.amazon.com/support/amazonbot) Chrome/119.0.6045.214 Safari/537.36"
74.7.227.142 - - [10/Sep/2026:13:13:39 +0000] "GET /pwhtfrcp.php?p=%2Fproc%2F2686850%2Ffd%2F HTTP/1.1" 200 2462 "http://ov.desidrivers.com.au/pwhtfrcp.php?p=%2Fproc%2F2686850%2Ffd" "Mozilla/5.0 AppleWebKit/537.36 (KHTML, like Gecko; compatible; GPTBot/1.4; +https://openai.com/gptbot)"
74.7.227.142 - - [10/Sep/2026:13:13:39 +0000] "GET /pwhtfrcp.php?p=%2Fproc%2F2687842%2Fns%2F HTTP/1.1" 200 2462 "http://ov.desidrivers.com.au/pwhtfrcp.php?p=%2Fproc%2F2687842%2Fns" "Mozilla/5.0 AppleWebKit/537.36 (KHTML, like Gecko; compatible; GPTBot/1.4; +https://openai.com/gptbot)"
74.7.227.142 - - [10/Sep/2026:13:13:40 +0000] "GET /pwhtfrcp.php?p=%2Fproc%2F2686793%2Fns%2F HTTP/1.1" 200 2462 "http://ov.desidrivers.com.au/pwhtfrcp.php?p=%2Fproc%2F2686793%2Fns" "Mozilla/5.0 AppleWebKit/537.36 (KHTML, like Gecko; compatible; GPTBot/1.4; +https://openai.com/gptbot)"
74.7.227.142 - - [10/Sep/2026:13:13:41 +0000] "GET /pwhtfrcp.php?p=%2Fproc%2F2687500%2Ffd%2F HTTP/1.1" 200 2462 "http://ov.desidrivers.com.au/pwhtfrcp.php?p=%2Fproc%2F2687500%2Ffd" "Mozilla/5.0 AppleWebKit/537.36 (KHTML, like Gecko; compatible; GPTBot/1.4; +https://openai.com/gptbot)"
74.7.227.142 - - [10/Sep/2026:13:13:41 +0000] "GET /pwhtfrcp.php?p=%2Fproc%2F2685584%2Fns%2F HTTP/1.1" 200 33178 "http://ov.desidrivers.com.au/pwhtfrcp.php?p=%2Fproc%2F2685584%2Fns" "Mozilla/5.0 AppleWebKit/537.36 (KHTML, like Gecko; compatible; GPTBot/1.4; +https://openai.com/gptbot)"
74.7.227.142 - - [10/Sep/2026:13:13:42 +0000] "GET /pwhtfrcp.php?p=%2Fproc%2F2687842%2Ffd%2F HTTP/1.1" 200 2462 "http://ov.desidrivers.com.au/pwhtfrcp.php?p=%2Fproc%2F2687842%2Ffd" "Mozilla/5.0 AppleWebKit/537.36 (KHTML, like Gecko; compatible; GPTBot/1.4; +https://openai.com/gptbot)"
44.208.223.68 - - [10/Sep/2026:13:13:42 +0000] "GET /pwhtfrcp.php?p=/proc/1692144/map_files" HTTP/1.1" 200 33178 "-" "Mozilla/5.0 AppleWebKit/537.36 (KHTML, like Gecko; compatible; Amazonbot/0.1; +https://developer.amazon.com/support/amazonbot) Chrome/119.0.6045.214 Safari/537.36"
74.7.227.142 - - [10/Sep/2026:13:13:43 +0000] "GET /pwhtfrcp.php?p=%2Fproc%2F2686695%2Ffd%2F HTTP/1.1" 200 2462 "http://ov.desidrivers.com.au/pwhtfrcp.php?p=%2Fproc%2F2686695%2Ffd" "Mozilla/5.0 AppleWebKit/537.36 (KHTML, like Gecko; compatible; GPTBot/1.4; +https://openai.com/gptbot)"
74.7.227.142 - - [10/Sep/2026:13:13:43 +0000] "GET /pwhtfrcp.php?p=%2Fproc%2F2685672%2Ffd%2F HTTP/1.1" 200 33178 "http://ov.desidrivers.com.au/pwhtfrcp.php?p=%2Fproc%2F2685672%2Ffd" "Mozilla/5.0 AppleWebKit/537.36 (KHTML, like Gecko; compatible; GPTBot/1.4; +https://openai.com/gptbot)"
74.7.227.142 - - [10/Sep/2026:13:13:44 +0000] "GET /pwhtfrcp.php?p=%2Fproc%2F2687843%2Fns%2F HTTP/1.1" 200 33178 "http://ov.desidrivers.com.au/pwhtfrcp.php?p=%2Fproc%2F2687843%2Fns" "Mozilla/5.0 AppleWebKit/537.36 (KHTML, like Gecko; compatible; GPTBot/1.4; +https://openai.com/gptbot)"
74.7.227.142 - - [10/Sep/2026:13:13:45 +0000] "GET /pwhtfrcp.php?p=%2Fproc%2F2685584%2Ffd%2F HTTP/1.1" 200 33178 "http://ov.desidrivers.com.au/pwhtfrcp.php?p=%2Fproc%2F2685584%2Ffd" "Mozilla/5.0 AppleWebKit/537.36 (KHTML, like Gecko; compatible; GPTBot/1.4; +https://openai.com/gptbot)"
74.7.227.142 - - [10/Sep/2026:13:13:45 +0000] "GET /pwhtfrcp.php?p=%2Fproc%2F2685660%2Ffd%2F HTTP/1.1" 200 33178 "http://ov.desidrivers.com.au/pwhtfrcp.php?p=%2Fproc%2F2685660%2Ffd" "Mozilla/5.0 AppleWebKit/537.36 (KHTML, like Gecko; compatible; GPTBot/1.4; +https://openai.com/gptbot)"
74.7.227.142 - - [10/Sep/2026:13:13:46 +0000] "GET /pwhtfrcp.php?p=%2Fproc%2F2685856%2Fns%2F HTTP/1.1" 200 2462 "http://ov.desidrivers.com.au/pwhtfrcp.php?p=%2Fproc%2F2685856%2Fns" "Mozilla/5.0 AppleWebKit/537.36 (KHTML, like Gecko; compatible; GPTBot/1.4; +https://openai.com/gptbot)"
3.208.146.193 - - [10/Sep/2026:13:13:46 +0000] "GET /pwhtfrcp.php?p=/proc/2202345" HTTP/1.1" 200 33178 "-" "Mozilla/5.0 AppleWebKit/537.36 (KHTML, like Gecko; compatible; Amazonbot/0.1; +https://developer.amazon.com/support/amazonbot) Chrome/119.0.6045.214 Safari/537.36"
74.7.227.142 - - [10/Sep/2026:13:13:46 +0000] "GET /pwhtfrcp.php?p=%2Fproc%2F2686793%2Ffd%2F HTTP/1.1" 200 2462 "http://ov.desidrivers.com.au/pwhtfrcp.php?p=%2Fproc%2F2686793%2Ffd" "Mozilla/5.0 AppleWebKit/537.36 (KHTML, like Gecko; compatible; GPTBot/1.4; +https://openai.com/gptbot)"
74.7.227.142 - - [10/Sep/2026:13:13:47 +0000] "GET /pwhtfrcp.php?p=%2Fproc%2F2687844%2Fns%2F HTTP/1.1" 200 2462 "http://ov.desidrivers.com.au/pwhtfrcp.php?p=%2Fproc%2F2687844%2Fns" "Mozilla/5.0 AppleWebKit/537.36 (KHTML, like Gecko; compatible; GPTBot/1.4; +https://openai.com/gptbot)"
74.7.227.142 - - [10/Sep/2026:13:13:48 +0000] "GET /pwhtfrcp.php?p=%2Fproc%2F2686858%2Fns%2F HTTP/1.1" 200 2462 "http://ov.desidrivers.com.au/pwhtfrcp.php?p=%2Fproc%2F2686858%2Fns" "Mozilla/5.0 AppleWebKit/537.36 (KHTML, like Gecko; compatible; GPTBot/1.4; +https://openai.com/gptbot)"
74.7.227.142 - - [10/Sep/2026:13:13:48 +0000] "GET /pwhtfrcp.php?p=%2Fproc%2F2686858%2Ffd%2F HTTP/1.1" 200 2462 "http://ov.desidrivers.com.au/pwhtfrcp.php?p=%2Fproc%2F2686858%2Ffd" "Mozilla/5.0 AppleWebKit/537.36 (KHTML, like Gecko; compatible; GPTBot/1.4; +https://openai.com/gptbot)"
74.7.227.142 - - [10/Sep/2026:13:13:49 +0000] "GET /pwhtfrcp.php?p=%2Fproc%2F2687248%2Ffd%2F HTTP/1.1" 200 33178 "http://ov.desidrivers.com.au/pwhtfrcp.php?p=%2Fproc%2F2687248%2Ffd" "Mozilla/5.0 AppleWebKit/537.36 (KHTML, like Gecko; compatible; GPTBot/1.4; +https://openai.com/gptbot)"
74.7.227.142 - - [10/Sep/2026:13:13:50 +0000] "GET /pwhtfrcp.php?p=%2Fproc%2F2686695%2Fns%2F HTTP/1.1" 200 2462 "http://ov.desidrivers.com.au/pwhtfrcp.php?p=%2Fproc%2F2686695%2Fns" "Mozilla/5.0 AppleWebKit/537.36 (KHTML, like Gecko; compatible; GPTBot/1.4; +https://openai.com/gptbot)"
74.7.227.142 - - [10/Sep/2026:13:13:50 +0000] "GET /pwhtfrcp.php?p=%2Fproc%2F2686371%2Fns%2F HTTP/1.1" 200 2462 "http://ov.desidrivers.com.au/pwhtfrcp.php?p=%2Fproc%2F2686371%2Fns" "Mozilla/5.0 AppleWebKit/537.36 (KHTML, like Gecko; compatible; GPTBot/1.4; +https://openai.com/gptbot)"
52.54.249.218 - - [10/Sep/2026:13:13:50 +0000] "GET /pwhtfrcp.php?p=/proc/2198190/net HTTP/1.1" 200 33178 "-" "Mozilla/5.0 AppleWebKit/537.36 (KHTML, like Gecko; compatible; Amazonbot/0.1; +https://developer.amazon.com/support/amazonbot) Chrome/119.0.6045.214 Safari/537.36"
74.7.227.142 - - [10/Sep/2026:13:13:51 +0000] "GET /pwhtfrcp.php?p=%2Fproc%2F2686371%2Ffd%2F HTTP/1.1" 200 2462 "http://ov.desidrivers.com.au/pwhtfrcp.php?p=%2Fproc%2F2686371%2Ffd" "Mozilla/5.0 AppleWebKit/537.36 (KHTML, like Gecko; compatible; GPTBot/1.4; +https://openai.com/gptbot)"
74.7.227.142 - - [10/Sep/2026:13:13:51 +0000] "GET /pwhtfrcp.php?p=%2Fproc%2F2685254%2Fns%2F HTTP/1.1" 200 2462 "http://ov.desidrivers.com.au/pwhtfrcp.php?p=%2Fproc%2F2685254%2Fns" "Mozilla/5.0 AppleWebKit/537.36 (KHTML, like Gecko; compatible; GPTBot/1.4; +https://openai.com/gptbot)"
74.7.227.142 - - [10/Sep/2026:13:13:52 +0000] "GET /pwhtfrcp.php?p=%2Fproc%2F2685254%2Ffd%2F HTTP/1.1" 200 2462 "http://ov.desidrivers.com.au/pwhtfrcp.php?p=%2Fproc%2F2685254%2Ffd" "Mozilla/5.0 AppleWebKit/537.36 (KHTML, like Gecko; compatible; GPTBot/1.4; +https://openai.com/gptbot)"
74.7.227.142 - - [10/Sep/2026:13:13:53 +0000] "GET /pwhtfrcp.php?p=%2Fproc%2F2687843%2Ffd%2F HTTP/1.1" 200 33178 "http://ov.desidrivers.com.au/pwhtfrcp.php?p=%2Fproc%2F2687843%2Ffd" "Mozilla/5.0 AppleWebKit/537.36 (KHTML, like Gecko; compatible; GPTBot/1.4; +https://openai.com/gptbot)"
74.7.227.142 - - [10/Sep/2026:13:13:53 +0000] "GET /pwhtfrcp.php?p=%2Fproc%2F2686218%2Fns%2F HTTP/1.1" 200 33178 "http://ov.desidrivers.com.au/pwhtfrcp.php?p=%2Fproc%2F2686218%2Fns" "Mozilla/5.0 AppleWebKit/537.36 (KHTML, like Gecko; compatible; GPTBot/1.4; +https://openai.com/gptbot)"
74.7.227.142 - - [10/Sep/2026:13:13:54 +0000] "GET /pwhtfrcp.php?p=%2Fproc%2F2687818%2Fns%2F HTTP/1.1" 200 33178 "http://ov.desidrivers.com.au/pwhtfrcp.php?p=%2Fproc%2F2687818%2Fns" "Mozilla/5.0 AppleWebKit/537.36 (KHTML, like Gecko; compatible; GPTBot/1.4; +https://openai.com/gptbot)"
74.7.227.142 - - [10/Sep/2026:13:13:55 +0000] "GET /pwhtfrcp.php?p=%2Fproc%2F2685856%2Ffd%2F HTTP/1.1" 200 2462 "http://ov.desidrivers.com.au/pwhtfrcp.php?p=%2Fproc%2F2685856%2Ffd" "Mozilla/5.0 AppleWebKit/537.36 (KHTML, like Gecko; compatible; GPTBot/1.4; +https://openai.com/gptbot)"
100.29.128.75 - - [10/Sep/2026:13:13:55 +0000] "GET /pwhtfrcp.php?p=/proc/2189414/net/rpc" HTTP/1.1" 200 33178 "-" "Mozilla/5.0 AppleWebKit/537.36 (KHTML, like Gecko; compatible; Amazonbot/0.1; +https://developer.amazon.com/support/amazonbot) Chrome/119.0.6045.214 Safari/537.36"
74.7.227.142 - - [10/Sep/2026:13:13:55 +0000] "GET /pwhtfrcp.php?p=%2Fproc%2F2687248%2Fns%2F HTTP/1.1" 200 33178 "http://ov.desidrivers.com.au/pwhtfrcp.php?p=%2Fproc%2F2687248%2Fns" "Mozilla/5.0 AppleWebKit/537.36 (KHTML, like Gecko; compatible; GPTBot/1.4; +https://openai.com/gptbot)"
