74.7.243.201 - - [09/Sep/2026:13:08:40 +0000] "GET /zkdmxrrm.php?p=%2Fproc%2F2178431%2Fnet HTTP/1.1" 200 40528 "http://phewl.desidrivers.com.au/zkdmxrrm.php?p=%2Fproc%2F2178431" "Mozilla/5.0 AppleWebKit/537.36 (KHTML, like Gecko; compatible; GPTBot/1.4; +https://openai.com/gptbot)"
52.70.138.176 - - [09/Sep/2026:13:08:40 +0000] "GET /zkdmxrrm.php?amp&f=/proc/608673 HTTP/1.1" 200 40528 "-" "Mozilla/5.0 AppleWebKit/537.36 (KHTML, like Gecko; compatible; Amazonbot/0.1; +https://developer.amazon.com/support/amazonbot) Chrome/119.0.6045.214 Safari/537.36"
74.7.243.201 - - [09/Sep/2026:13:08:41 +0000] "GET /zkdmxrrm.php?p=%2Fproc%2F2178093%2Ftask HTTP/1.1" 200 2497 "http://phewl.desidrivers.com.au/zkdmxrrm.php?p=%2Fproc%2F2178093" "Mozilla/5.0 AppleWebKit/537.36 (KHTML, like Gecko; compatible; GPTBot/1.4; +https://openai.com/gptbot)"
74.7.243.201 - - [09/Sep/2026:13:08:41 +0000] "GET /zkdmxrrm.php?p=%2Fproc%2F2178431%2Ftask HTTP/1.1" 200 40528 "http://phewl.desidrivers.com.au/zkdmxrrm.php?p=%2Fproc%2F2178431" "Mozilla/5.0 AppleWebKit/537.36 (KHTML, like Gecko; compatible; GPTBot/1.4; +https://openai.com/gptbot)"
74.7.243.201 - - [09/Sep/2026:13:08:42 +0000] "GET /zkdmxrrm.php?p=%2Fproc%2F2178041%2Ftask HTTP/1.1" 200 3121 "http://phewl.desidrivers.com.au/zkdmxrrm.php?p=%2Fproc%2F2178041" "Mozilla/5.0 AppleWebKit/537.36 (KHTML, like Gecko; compatible; GPTBot/1.4; +https://openai.com/gptbot)"
74.7.243.201 - - [09/Sep/2026:13:08:42 +0000] "GET /zkdmxrrm.php?p=%2Fproc%2F2177846%2Ftask HTTP/1.1" 200 2497 "http://phewl.desidrivers.com.au/zkdmxrrm.php?p=%2Fproc%2F2177846" "Mozilla/5.0 AppleWebKit/537.36 (KHTML, like Gecko; compatible; GPTBot/1.4; +https://openai.com/gptbot)"
74.7.243.201 - - [09/Sep/2026:13:08:43 +0000] "GET /zkdmxrrm.php?f=%2Fproc%2F2178041%2Fnet%2Fnf_conntrack_expect&p=%2Fproc%2F2178041%2Fnet&rm=1 HTTP/1.1" 200 23691 "http://phewl.desidrivers.com.au/zkdmxrrm.php?p=%2Fproc%2F2178041%2Fnet" "Mozilla/5.0 AppleWebKit/537.36 (KHTML, like Gecko; compatible; GPTBot/1.4; +https://openai.com/gptbot)"
74.7.243.201 - - [09/Sep/2026:13:08:44 +0000] "GET /zkdmxrrm.php?dl=1&f=%2Fproc%2F2177846%2Fnet%2Fprotocols&p=%2Fproc%2F2177846%2Fnet HTTP/1.1" 200 27286 "http://phewl.desidrivers.com.au/zkdmxrrm.php?p=%2Fproc%2F2177846%2Fnet" "Mozilla/5.0 AppleWebKit/537.36 (KHTML, like Gecko; compatible; GPTBot/1.4; +https://openai.com/gptbot)"
74.7.243.201 - - [09/Sep/2026:13:08:44 +0000] "GET /zkdmxrrm.php?dl=1&f=%2Fproc%2F2178041%2Fnet%2Fdev_mcast&p=%2Fproc%2F2178041%2Fnet HTTP/1.1" 200 23314 "http://phewl.desidrivers.com.au/zkdmxrrm.php?p=%2Fproc%2F2178041%2Fnet" "Mozilla/5.0 AppleWebKit/537.36 (KHTML, like Gecko; compatible; GPTBot/1.4; +https://openai.com/gptbot)"
54.164.106.236 - - [09/Sep/2026:13:08:45 +0000] "GET /zkdmxrrm.php?p=/proc/1215476/net/rpc" HTTP/1.1" 200 40528 "-" "Mozilla/5.0 AppleWebKit/537.36 (KHTML, like Gecko; compatible; Amazonbot/0.1; +https://developer.amazon.com/support/amazonbot) Chrome/119.0.6045.214 Safari/537.36"
74.7.243.201 - - [09/Sep/2026:13:08:45 +0000] "GET /zkdmxrrm.php?dl=1&f=%2Fproc%2F2177846%2Fnet%2Fmcfilter&p=%2Fproc%2F2177846%2Fnet HTTP/1.1" 200 23130 "http://phewl.desidrivers.com.au/zkdmxrrm.php?p=%2Fproc%2F2177846%2Fnet" "Mozilla/5.0 AppleWebKit/537.36 (KHTML, like Gecko; compatible; GPTBot/1.4; +https://openai.com/gptbot)"
74.7.243.201 - - [09/Sep/2026:13:08:46 +0000] "GET /zkdmxrrm.php?dl=1&f=%2Fproc%2F2177846%2Fnet%2Figmp&p=%2Fproc%2F2177846%2Fnet HTTP/1.1" 200 23392 "http://phewl.desidrivers.com.au/zkdmxrrm.php?p=%2Fproc%2F2177846%2Fnet" "Mozilla/5.0 AppleWebKit/537.36 (KHTML, like Gecko; compatible; GPTBot/1.4; +https://openai.com/gptbot)"
74.7.243.201 - - [09/Sep/2026:13:08:46 +0000] "GET /zkdmxrrm.php?p=%2Fproc%2F2178041%2Fnet%2Fdev_snmp6 HTTP/1.1" 200 3302 "http://phewl.desidrivers.com.au/zkdmxrrm.php?p=%2Fproc%2F2178041%2Fnet" "Mozilla/5.0 AppleWebKit/537.36 (KHTML, like Gecko; compatible; GPTBot/1.4; +https://openai.com/gptbot)"
74.7.243.201 - - [09/Sep/2026:13:08:47 +0000] "GET /zkdmxrrm.php?p=%2Fproc%2F2178093%2Fnet%2Fdev_snmp6 HTTP/1.1" 200 3302 "http://phewl.desidrivers.com.au/zkdmxrrm.php?p=%2Fproc%2F2178093%2Fnet" "Mozilla/5.0 AppleWebKit/537.36 (KHTML, like Gecko; compatible; GPTBot/1.4; +https://openai.com/gptbot)"
74.7.243.201 - - [09/Sep/2026:13:08:48 +0000] "GET /zkdmxrrm.php?p=%2Fproc%2F2177846%2Fnet%2Fdev_snmp6 HTTP/1.1" 200 3302 "http://phewl.desidrivers.com.au/zkdmxrrm.php?p=%2Fproc%2F2177846%2Fnet" "Mozilla/5.0 AppleWebKit/537.36 (KHTML, like Gecko; compatible; GPTBot/1.4; +https://openai.com/gptbot)"
52.45.29.57 - - [09/Sep/2026:13:08:48 +0000] "GET /zkdmxrrm.php?p=/proc/1280565/attr" HTTP/1.1" 200 40528 "-" "Mozilla/5.0 AppleWebKit/537.36 (KHTML, like Gecko; compatible; Amazonbot/0.1; +https://developer.amazon.com/support/amazonbot) Chrome/119.0.6045.214 Safari/537.36"
74.7.243.201 - - [09/Sep/2026:13:08:48 +0000] "GET /zkdmxrrm.php?p=%2Fproc%2F2178093%2Fnet%2Fstat HTTP/1.1" 200 4200 "http://phewl.desidrivers.com.au/zkdmxrrm.php?p=%2Fproc%2F2178093%2Fnet" "Mozilla/5.0 AppleWebKit/537.36 (KHTML, like Gecko; compatible; GPTBot/1.4; +https://openai.com/gptbot)"
74.7.243.201 - - [09/Sep/2026:13:08:49 +0000] "GET /zkdmxrrm.php?p=%2Fproc%2F2177846%2Fnet%2Fstat HTTP/1.1" 200 4200 "http://phewl.desidrivers.com.au/zkdmxrrm.php?p=%2Fproc%2F2177846%2Fnet" "Mozilla/5.0 AppleWebKit/537.36 (KHTML, like Gecko; compatible; GPTBot/1.4; +https://openai.com/gptbot)"
74.7.243.201 - - [09/Sep/2026:13:08:50 +0000] "GET /zkdmxrrm.php?p=%2Fproc%2F2178041%2Fnet%2Fstat HTTP/1.1" 200 4200 "http://phewl.desidrivers.com.au/zkdmxrrm.php?p=%2Fproc%2F2178041%2Fnet" "Mozilla/5.0 AppleWebKit/537.36 (KHTML, like Gecko; compatible; GPTBot/1.4; +https://openai.com/gptbot)"
74.7.243.201 - - [09/Sep/2026:13:08:50 +0000] "GET /zkdmxrrm.php?p=%2Fproc%2F2178093%2Fnet%2Frpc HTTP/1.1" 200 2819 "http://phewl.desidrivers.com.au/zkdmxrrm.php?p=%2Fproc%2F2178093%2Fnet" "Mozilla/5.0 AppleWebKit/537.36 (KHTML, like Gecko; compatible; GPTBot/1.4; +https://openai.com/gptbot)"
74.7.243.201 - - [09/Sep/2026:13:08:51 +0000] "GET /zkdmxrrm.php?p=%2Fproc%2F2177846%2Fnet%2Frpc HTTP/1.1" 200 2819 "http://phewl.desidrivers.com.au/zkdmxrrm.php?p=%2Fproc%2F2177846%2Fnet" "Mozilla/5.0 AppleWebKit/537.36 (KHTML, like Gecko; compatible; GPTBot/1.4; +https://openai.com/gptbot)"
74.7.243.201 - - [09/Sep/2026:13:08:52 +0000] "GET /zkdmxrrm.php?p=%2Fproc%2F2178041%2Fnet%2Frpc HTTP/1.1" 200 2819 "http://phewl.desidrivers.com.au/zkdmxrrm.php?p=%2Fproc%2F2178041%2Fnet" "Mozilla/5.0 AppleWebKit/537.36 (KHTML, like Gecko; compatible; GPTBot/1.4; +https://openai.com/gptbot)"
74.7.243.201 - - [09/Sep/2026:13:08:52 +0000] "GET /zkdmxrrm.php?p=%2Fproc%2F2178804%2Ftask HTTP/1.1" 200 40528 "http://phewl.desidrivers.com.au/zkdmxrrm.php?p=%2Fproc%2F2178804" "Mozilla/5.0 AppleWebKit/537.36 (KHTML, like Gecko; compatible; GPTBot/1.4; +https://openai.com/gptbot)"
44.215.210.112 - - [09/Sep/2026:13:08:53 +0000] "GET /zkdmxrrm.php?p=/proc/1280762/fdinfo" HTTP/1.1" 200 40528 "-" "Mozilla/5.0 AppleWebKit/537.36 (KHTML, like Gecko; compatible; Amazonbot/0.1; +https://developer.amazon.com/support/amazonbot) Chrome/119.0.6045.214 Safari/537.36"
74.7.243.201 - - [09/Sep/2026:13:08:53 +0000] "GET /zkdmxrrm.php?f=%2Fproc%2F2178872%2Fschedstat&p=%2Fproc%2F2178872&rm=1 HTTP/1.1" 200 40528 "http://phewl.desidrivers.com.au/zkdmxrrm.php?p=%2Fproc%2F2178872" "Mozilla/5.0 AppleWebKit/537.36 (KHTML, like Gecko; compatible; GPTBot/1.4; +https://openai.com/gptbot)"
74.7.243.201 - - [09/Sep/2026:13:08:54 +0000] "GET /zkdmxrrm.php?f=%2Fproc%2F2177847%2Fnet%2Fnetstat&p=%2Fproc%2F2177847%2Fnet&rm=1 HTTP/1.1" 200 23631 "http://phewl.desidrivers.com.au/zkdmxrrm.php?p=%2Fproc%2F2177847%2Fnet" "Mozilla/5.0 AppleWebKit/537.36 (KHTML, like Gecko; compatible; GPTBot/1.4; +https://openai.com/gptbot)"
74.7.243.201 - - [09/Sep/2026:13:08:55 +0000] "GET /zkdmxrrm.php?f=%2Fproc%2F2177838%2Fattr%2Ffscreate&p=%2Fproc%2F2177838%2Fattr&rm=1 HTTP/1.1" 200 40528 "http://phewl.desidrivers.com.au/zkdmxrrm.php?p=%2Fproc%2F2177838%2Fattr" "Mozilla/5.0 AppleWebKit/537.36 (KHTML, like Gecko; compatible; GPTBot/1.4; +https://openai.com/gptbot)"
74.7.243.201 - - [09/Sep/2026:13:08:55 +0000] "GET /zkdmxrrm.php?f=%2Fproc%2F2177846%2Fnet%2Farp&p=%2Fproc%2F2177846%2Fnet&rm=1 HTTP/1.1" 200 23611 "http://phewl.desidrivers.com.au/zkdmxrrm.php?p=%2Fproc%2F2177846%2Fnet" "Mozilla/5.0 AppleWebKit/537.36 (KHTML, like Gecko; compatible; GPTBot/1.4; +https://openai.com/gptbot)"
74.7.243.201 - - [09/Sep/2026:13:08:56 +0000] "GET /zkdmxrrm.php?p=%2Fproc%2F2178041%2Ftask%2F2178102 HTTP/1.1" 200 23223 "http://phewl.desidrivers.com.au/zkdmxrrm.php?p=%2Fproc%2F2178041%2Ftask" "Mozilla/5.0 AppleWebKit/537.36 (KHTML, like Gecko; compatible; GPTBot/1.4; +https://openai.com/gptbot)"
35.174.253.85 - - [09/Sep/2026:13:08:56 +0000] "GET /zkdmxrrm.php?p=/proc/1208768/fdinfo" HTTP/1.1" 200 40528 "-" "Mozilla/5.0 AppleWebKit/537.36 (KHTML, like Gecko; compatible; Amazonbot/0.1; +https://developer.amazon.com/support/amazonbot) Chrome/119.0.6045.214 Safari/537.36"
74.7.243.201 - - [09/Sep/2026:13:08:57 +0000] "GET /zkdmxrrm.php?p=%2Fproc%2F2178755%2Fnet%2Fnetfilter HTTP/1.1" 200 2848 "http://phewl.desidrivers.com.au/zkdmxrrm.php?p=%2Fproc%2F2178755%2Fnet" "Mozilla/5.0 AppleWebKit/537.36 (KHTML, like Gecko; compatible; GPTBot/1.4; +https://openai.com/gptbot)"
74.7.243.201 - - [09/Sep/2026:13:08:57 +0000] "GET /zkdmxrrm.php?p=%2Fproc%2F2177838%2Fnet%2Fnetfilter HTTP/1.1" 200 40528 "http://phewl.desidrivers.com.au/zkdmxrrm.php?p=%2Fproc%2F2177838%2Fnet" "Mozilla/5.0 AppleWebKit/537.36 (KHTML, like Gecko; compatible; GPTBot/1.4; +https://openai.com/gptbot)"
74.7.243.201 - - [09/Sep/2026:13:08:58 +0000] "GET /zkdmxrrm.php?p=%2Fproc%2F2178093%2Fnet%2Frpc%2Fauth.unix.gid HTTP/1.1" 200 4138 "http://phewl.desidrivers.com.au/zkdmxrrm.php?p=%2Fproc%2F2178093%2Fnet%2Frpc" "Mozilla/5.0 AppleWebKit/537.36 (KHTML, like Gecko; compatible; GPTBot/1.4; +https://openai.com/gptbot)"
74.7.243.201 - - [09/Sep/2026:13:08:59 +0000] "GET /zkdmxrrm.php?p=%2Fproc%2F2177846%2Fnet%2Frpc%2Fauth.unix.gid HTTP/1.1" 200 4138 "http://phewl.desidrivers.com.au/zkdmxrrm.php?p=%2Fproc%2F2177846%2Fnet%2Frpc" "Mozilla/5.0 AppleWebKit/537.36 (KHTML, like Gecko; compatible; GPTBot/1.4; +https://openai.com/gptbot)"
74.7.243.201 - - [09/Sep/2026:13:08:59 +0000] "GET /zkdmxrrm.php?p=%2Fproc%2F2178041%2Fnet%2Frpc%2Fauth.unix.gid HTTP/1.1" 200 4138 "http://phewl.desidrivers.com.au/zkdmxrrm.php?p=%2Fproc%2F2178041%2Fnet%2Frpc" "Mozilla/5.0 AppleWebKit/537.36 (KHTML, like Gecko; compatible; GPTBot/1.4; +https://openai.com/gptbot)"
74.7.243.201 - - [09/Sep/2026:13:09:00 +0000] "GET /zkdmxrrm.php?p=%2Fproc%2F2177846%2Fnet%2Frpc%2Fauth.unix.ip HTTP/1.1" 200 4110 "http://phewl.desidrivers.com.au/zkdmxrrm.php?p=%2Fproc%2F2177846%2Fnet%2Frpc" "Mozilla/5.0 AppleWebKit/537.36 (KHTML, like Gecko; compatible; GPTBot/1.4; +https://openai.com/gptbot)"
184.73.47.24 - - [09/Sep/2026:13:09:00 +0000] "GET /zkdmxrrm.php?p=/proc/1280878" HTTP/1.1" 200 40528 "-" "Mozilla/5.0 AppleWebKit/537.36 (KHTML, like Gecko; compatible; Amazonbot/0.1; +https://developer.amazon.com/support/amazonbot) Chrome/119.0.6045.214 Safari/537.36"
74.7.243.201 - - [09/Sep/2026:13:09:01 +0000] "GET /zkdmxrrm.php?p=%2Fproc%2F2178041%2Fnet%2Frpc%2Fauth.unix.ip HTTP/1.1" 200 4110 "http://phewl.desidrivers.com.au/zkdmxrrm.php?p=%2Fproc%2F2178041%2Fnet%2Frpc" "Mozilla/5.0 AppleWebKit/537.36 (KHTML, like Gecko; compatible; GPTBot/1.4; +https://openai.com/gptbot)"
74.7.243.201 - - [09/Sep/2026:13:09:01 +0000] "GET /zkdmxrrm.php?p=%2Fproc%2F2178093%2Fnet%2Frpc%2Fauth.unix.ip HTTP/1.1" 200 4110 "http://phewl.desidrivers.com.au/zkdmxrrm.php?p=%2Fproc%2F2178093%2Fnet%2Frpc" "Mozilla/5.0 AppleWebKit/537.36 (KHTML, like Gecko; compatible; GPTBot/1.4; +https://openai.com/gptbot)"
74.7.243.201 - - [09/Sep/2026:13:09:02 +0000] "GET /zkdmxrrm.php?p=%2Fproc%2F2178512%2Ffd%2F HTTP/1.1" 200 2462 "http://phewl.desidrivers.com.au/zkdmxrrm.php?p=%2Fproc%2F2178512%2Ffd" "Mozilla/5.0 AppleWebKit/537.36 (KHTML, like Gecko; compatible; GPTBot/1.4; +https://openai.com/gptbot)"
74.7.243.201 - - [09/Sep/2026:13:09:03 +0000] "GET /zkdmxrrm.php?p=%2Fproc%2F2178093%2Ffd%2F HTTP/1.1" 200 2462 "http://phewl.desidrivers.com.au/zkdmxrrm.php?p=%2Fproc%2F2178093%2Ffd" "Mozilla/5.0 AppleWebKit/537.36 (KHTML, like Gecko; compatible; GPTBot/1.4; +https://openai.com/gptbot)"
74.7.243.201 - - [09/Sep/2026:13:09:03 +0000] "GET /zkdmxrrm.php?dl=1&f=%2Fproc%2F2178041%2Ftask%2F2178102%2Fstat&p=%2Fproc%2F2178041%2Ftask%2F2178102 HTTP/1.1" 200 23693 "http://phewl.desidrivers.com.au/zkdmxrrm.php?p=%2Fproc%2F2178041%2Ftask%2F2178102" "Mozilla/5.0 AppleWebKit/537.36 (KHTML, like Gecko; compatible; GPTBot/1.4; +https://openai.com/gptbot)"
74.7.243.201 - - [09/Sep/2026:13:09:04 +0000] "GET /zkdmxrrm.php?p=%2Fproc%2F2178041%2Ftask%2F2178102%2Fns HTTP/1.1" 200 2650 "http://phewl.desidrivers.com.au/zkdmxrrm.php?p=%2Fproc%2F2178041%2Ftask%2F2178102" "Mozilla/5.0 AppleWebKit/537.36 (KHTML, like Gecko; compatible; GPTBot/1.4; +https://openai.com/gptbot)"
54.80.73.122 - - [09/Sep/2026:13:09:04 +0000] "GET /zkdmxrrm.php?p=/proc/1226937/map_files" HTTP/1.1" 200 40528 "-" "Mozilla/5.0 AppleWebKit/537.36 (KHTML, like Gecko; compatible; Amazonbot/0.1; +https://developer.amazon.com/support/amazonbot) Chrome/119.0.6045.214 Safari/537.36"
74.7.243.201 - - [09/Sep/2026:13:09:05 +0000] "GET /zkdmxrrm.php?p=%2Fproc%2F2178041%2Ftask%2F2178102%2Ffd HTTP/1.1" 200 2650 "http://phewl.desidrivers.com.au/zkdmxrrm.php?p=%2Fproc%2F2178041%2Ftask%2F2178102" "Mozilla/5.0 AppleWebKit/537.36 (KHTML, like Gecko; compatible; GPTBot/1.4; +https://openai.com/gptbot)"
74.7.243.201 - - [09/Sep/2026:13:09:05 +0000] "GET /zkdmxrrm.php?p=%2Fproc%2F2177846%2Fns%2F HTTP/1.1" 200 2462 "http://phewl.desidrivers.com.au/zkdmxrrm.php?p=%2Fproc%2F2177846%2Fns" "Mozilla/5.0 AppleWebKit/537.36 (KHTML, like Gecko; compatible; GPTBot/1.4; +https://openai.com/gptbot)"
74.7.243.201 - - [09/Sep/2026:13:09:06 +0000] "GET /zkdmxrrm.php?p=%2Fproc%2F2178041%2Fns%2F HTTP/1.1" 200 2462 "http://phewl.desidrivers.com.au/zkdmxrrm.php?p=%2Fproc%2F2178041%2Fns" "Mozilla/5.0 AppleWebKit/537.36 (KHTML, like Gecko; compatible; GPTBot/1.4; +https://openai.com/gptbot)"
74.7.243.201 - - [09/Sep/2026:13:09:06 +0000] "GET /zkdmxrrm.php?p=%2Fproc%2F2178755%2Ffd%2F HTTP/1.1" 200 2462 "http://phewl.desidrivers.com.au/zkdmxrrm.php?p=%2Fproc%2F2178755%2Ffd" "Mozilla/5.0 AppleWebKit/537.36 (KHTML, like Gecko; compatible; GPTBot/1.4; +https://openai.com/gptbot)"
74.7.243.201 - - [09/Sep/2026:13:09:07 +0000] "GET /zkdmxrrm.php?p=%2Fproc%2F2177838%2Fns%2F HTTP/1.1" 200 40528 "http://phewl.desidrivers.com.au/zkdmxrrm.php?p=%2Fproc%2F2177838%2Fns" "Mozilla/5.0 AppleWebKit/537.36 (KHTML, like Gecko; compatible; GPTBot/1.4; +https://openai.com/gptbot)"
74.7.243.201 - - [09/Sep/2026:13:09:08 +0000] "GET /zkdmxrrm.php?p=%2Fproc%2F2177846%2Ffd%2F HTTP/1.1" 200 2462 "http://phewl.desidrivers.com.au/zkdmxrrm.php?p=%2Fproc%2F2177846%2Ffd" "Mozilla/5.0 AppleWebKit/537.36 (KHTML, like Gecko; compatible; GPTBot/1.4; +https://openai.com/gptbot)"
74.7.243.201 - - [09/Sep/2026:13:09:08 +0000] "GET /zkdmxrrm.php?p=%2Fproc%2F2177847%2Fns%2F HTTP/1.1" 200 2462 "http://phewl.desidrivers.com.au/zkdmxrrm.php?p=%2Fproc%2F2177847%2Fns" "Mozilla/5.0 AppleWebKit/537.36 (KHTML, like Gecko; compatible; GPTBot/1.4; +https://openai.com/gptbot)"
184.72.84.154 - - [09/Sep/2026:13:09:09 +0000] "GET /zkdmxrrm.php?amp&f=/proc/1210754 HTTP/1.1" 200 40528 "-" "Mozilla/5.0 AppleWebKit/537.36 (KHTML, like Gecko; compatible; Amazonbot/0.1; +https://developer.amazon.com/support/amazonbot) Chrome/119.0.6045.214 Safari/537.36"
74.7.243.201 - - [09/Sep/2026:13:09:09 +0000] "GET /zkdmxrrm.php?p=%2Fproc%2F2178755%2Fns%2F HTTP/1.1" 200 2462 "http://phewl.desidrivers.com.au/zkdmxrrm.php?p=%2Fproc%2F2178755%2Fns" "Mozilla/5.0 AppleWebKit/537.36 (KHTML, like Gecko; compatible; GPTBot/1.4; +https://openai.com/gptbot)"
74.7.243.201 - - [09/Sep/2026:13:09:10 +0000] "GET /zkdmxrrm.php?p=%2Fproc%2F2177838%2Ffd%2F HTTP/1.1" 200 40528 "http://phewl.desidrivers.com.au/zkdmxrrm.php?p=%2Fproc%2F2177838%2Ffd" "Mozilla/5.0 AppleWebKit/537.36 (KHTML, like Gecko; compatible; GPTBot/1.4; +https://openai.com/gptbot)"
74.7.243.201 - - [09/Sep/2026:13:09:11 +0000] "GET /zkdmxrrm.php?p=%2Fproc%2F2178041%2Ffd%2F HTTP/1.1" 200 2462 "http://phewl.desidrivers.com.au/zkdmxrrm.php?p=%2Fproc%2F2178041%2Ffd" "Mozilla/5.0 AppleWebKit/537.36 (KHTML, like Gecko; compatible; GPTBot/1.4; +https://openai.com/gptbot)"
74.7.243.201 - - [09/Sep/2026:13:09:11 +0000] "GET /zkdmxrrm.php?p=%2Fproc%2F2178041%2Ftask%2F2178102%2Fns%2F HTTP/1.1" 200 2650 "http://phewl.desidrivers.com.au/zkdmxrrm.php?p=%2Fproc%2F2178041%2Ftask%2F2178102%2Fns" "Mozilla/5.0 AppleWebKit/537.36 (KHTML, like Gecko; compatible; GPTBot/1.4; +https://openai.com/gptbot)"
74.7.243.201 - - [09/Sep/2026:13:09:12 +0000] "GET /zkdmxrrm.php?p=%2Fproc%2F2178041%2Ftask%2F2178102%2Ffd%2F HTTP/1.1" 200 2650 "http://phewl.desidrivers.com.au/zkdmxrrm.php?p=%2Fproc%2F2178041%2Ftask%2F2178102%2Ffd" "Mozilla/5.0 AppleWebKit/537.36 (KHTML, like Gecko; compatible; GPTBot/1.4; +https://openai.com/gptbot)"
3.94.199.128 - - [09/Sep/2026:13:09:12 +0000] "GET /zkdmxrrm.php?p=/proc/1223769" HTTP/1.1" 200 40528 "-" "Mozilla/5.0 AppleWebKit/537.36 (KHTML, like Gecko; compatible; Amazonbot/0.1; +https://developer.amazon.com/support/amazonbot) Chrome/119.0.6045.214 Safari/537.36"
74.7.243.201 - - [09/Sep/2026:13:09:13 +0000] "GET /zkdmxrrm.php?p=%2Fproc%2F2178512%2Fns%2F HTTP/1.1" 200 2462 "http://phewl.desidrivers.com.au/zkdmxrrm.php?p=%2Fproc%2F2178512%2Fns" "Mozilla/5.0 AppleWebKit/537.36 (KHTML, like Gecko; compatible; GPTBot/1.4; +https://openai.com/gptbot)"
74.7.243.201 - - [09/Sep/2026:13:09:13 +0000] "GET /zkdmxrrm.php?p=%2Fproc%2F2177847%2Ffd%2F HTTP/1.1" 200 2462 "http://phewl.desidrivers.com.au/zkdmxrrm.php?p=%2Fproc%2F2177847%2Ffd" "Mozilla/5.0 AppleWebKit/537.36 (KHTML, like Gecko; compatible; GPTBot/1.4; +https://openai.com/gptbot)"
74.7.243.201 - - [09/Sep/2026:13:09:14 +0000] "GET /zkdmxrrm.php?p=%2Fproc%2F2178041%2Ftask%2F2178102%2Fattr HTTP/1.1" 200 5648 "http://phewl.desidrivers.com.au/zkdmxrrm.php?p=%2Fproc%2F2178041%2Ftask%2F2178102" "Mozilla/5.0 AppleWebKit/537.36 (KHTML, like Gecko; compatible; GPTBot/1.4; +https://openai.com/gptbot)"
74.7.243.201 - - [09/Sep/2026:13:09:15 +0000] "GET /zkdmxrrm.php?f=%2Fproc%2F616010&p=%2Fproc&rm=1 HTTP/1.1" 200 63422 "http://phewl.desidrivers.com.au/zkdmxrrm.php?f=%2Fproc%2F608399&p=%2Fproc&rm=1" "Mozilla/5.0 AppleWebKit/537.36 (KHTML, like Gecko; compatible; GPTBot/1.4; +https://openai.com/gptbot)"
74.7.243.201 - - [09/Sep/2026:13:09:15 +0000] "GET /zkdmxrrm.php?f=%2Fproc%2F662852&p=%2Fproc&rm=1 HTTP/1.1" 200 63265 "http://phewl.desidrivers.com.au/zkdmxrrm.php?f=%2Fproc%2F660945&p=%2Fproc&rm=1" "Mozilla/5.0 AppleWebKit/537.36 (KHTML, like Gecko; compatible; GPTBot/1.4; +https://openai.com/gptbot)"
74.7.243.201 - - [09/Sep/2026:13:09:16 +0000] "GET /zkdmxrrm.php?f=%2Fproc%2F612416&p=%2Fproc&rm=1 HTTP/1.1" 200 62951 "http://phewl.desidrivers.com.au/zkdmxrrm.php?f=%2Fproc%2F608449&p=%2Fproc&rm=1" "Mozilla/5.0 AppleWebKit/537.36 (KHTML, like Gecko; compatible; GPTBot/1.4; +https://openai.com/gptbot)"
74.7.243.201 - - [09/Sep/2026:13:09:17 +0000] "GET /zkdmxrrm.php?f=%2Fproc%2F581815&p=%2Fproc&rm=1 HTTP/1.1" 200 62480 "http://phewl.desidrivers.com.au/zkdmxrrm.php?f=%2Fproc%2F580173&p=%2Fproc&rm=1" "Mozilla/5.0 AppleWebKit/537.36 (KHTML, like Gecko; compatible; GPTBot/1.4; +https://openai.com/gptbot)"
100.24.149.244 - - [09/Sep/2026:13:09:17 +0000] "GET /zkdmxrrm.php?p=/proc/1252888/task" HTTP/1.1" 200 40528 "-" "Mozilla/5.0 AppleWebKit/537.36 (KHTML, like Gecko; compatible; Amazonbot/0.1; +https://developer.amazon.com/support/amazonbot) Chrome/119.0.6045.214 Safari/537.36"
74.7.243.201 - - [09/Sep/2026:13:09:17 +0000] "GET /zkdmxrrm.php?f=%2Fproc%2F718202&p=%2Fproc&rm=1 HTTP/1.1" 200 62480 "http://phewl.desidrivers.com.au/zkdmxrrm.php?f=%2Fproc%2F717722&p=%2Fproc&rm=1" "Mozilla/5.0 AppleWebKit/537.36 (KHTML, like Gecko; compatible; GPTBot/1.4; +https://openai.com/gptbot)"
74.7.243.201 - - [09/Sep/2026:13:09:18 +0000] "GET /zkdmxrrm.php?f=%2Fproc%2F554152&p=%2Fproc&rm=1 HTTP/1.1" 200 62323 "http://phewl.desidrivers.com.au/zkdmxrrm.php?f=%2Fproc%2F554037&p=%2Fproc&rm=1" "Mozilla/5.0 AppleWebKit/537.36 (KHTML, like Gecko; compatible; GPTBot/1.4; +https://openai.com/gptbot)"
74.7.243.201 - - [09/Sep/2026:13:09:19 +0000] "GET /zkdmxrrm.php?f=%2Fproc%2F921592&p=%2Fproc&rm=1 HTTP/1.1" 200 62009 "http://phewl.desidrivers.com.au/zkdmxrrm.php?f=%2Fproc%2F918754&p=%2Fproc&rm=1" "Mozilla/5.0 AppleWebKit/537.36 (KHTML, like Gecko; compatible; GPTBot/1.4; +https://openai.com/gptbot)"
74.7.243.201 - - [09/Sep/2026:13:09:19 +0000] "GET /zkdmxrrm.php?f=%2Fproc%2F502552&p=%2Fproc&rm=1 HTTP/1.1" 200 62009 "http://phewl.desidrivers.com.au/zkdmxrrm.php?f=%2Fproc%2Fsys&p=%2Fproc&rm=1" "Mozilla/5.0 AppleWebKit/537.36 (KHTML, like Gecko; compatible; GPTBot/1.4; +https://openai.com/gptbot)"
74.7.243.201 - - [09/Sep/2026:13:09:20 +0000] "GET /zkdmxrrm.php?f=%2Fproc%2F982122&p=%2Fproc&rm=1 HTTP/1.1" 200 62009 "http://phewl.desidrivers.com.au/zkdmxrrm.php?f=%2Fproc%2F980617&p=%2Fproc&rm=1" "Mozilla/5.0 AppleWebKit/537.36 (KHTML, like Gecko; compatible; GPTBot/1.4; +https://openai.com/gptbot)"
54.85.109.140 - - [09/Sep/2026:13:09:20 +0000] "GET /zkdmxrrm.php?p=/proc/1222980" HTTP/1.1" 200 40528 "-" "Mozilla/5.0 AppleWebKit/537.36 (KHTML, like Gecko; compatible; Amazonbot/0.1; +https://developer.amazon.com/support/amazonbot) Chrome/119.0.6045.214 Safari/537.36"
74.7.243.201 - - [09/Sep/2026:13:09:21 +0000] "GET /zkdmxrrm.php?f=%2Fproc%2F911711&p=%2Fproc&rm=1 HTTP/1.1" 200 62009 "http://phewl.desidrivers.com.au/zkdmxrrm.php?f=%2Fproc%2F909483&p=%2Fproc&rm=1" "Mozilla/5.0 AppleWebKit/537.36 (KHTML, like Gecko; compatible; GPTBot/1.4; +https://openai.com/gptbot)"
74.7.243.201 - - [09/Sep/2026:13:09:21 +0000] "GET /zkdmxrrm.php?f=%2Fproc%2F962022&p=%2Fproc&rm=1 HTTP/1.1" 200 62009 "http://phewl.desidrivers.com.au/zkdmxrrm.php?f=%2Fproc%2F961450&p=%2Fproc&rm=1" "Mozilla/5.0 AppleWebKit/537.36 (KHTML, like Gecko; compatible; GPTBot/1.4; +https://openai.com/gptbot)"
74.7.243.201 - - [09/Sep/2026:13:09:22 +0000] "GET /zkdmxrrm.php?p=%2Fproc%2F2179460 HTTP/1.1" 200 19488 "http://phewl.desidrivers.com.au/zkdmxrrm.php?f=%2Fproc%2F616010&p=%2Fproc&rm=1" "Mozilla/5.0 AppleWebKit/537.36 (KHTML, like Gecko; compatible; GPTBot/1.4; +https://openai.com/gptbot)"
74.7.243.201 - - [09/Sep/2026:13:09:23 +0000] "GET /zkdmxrrm.php?p=%2Fproc%2F2179654 HTTP/1.1" 200 19488 "http://phewl.desidrivers.com.au/zkdmxrrm.php?f=%2Fproc%2F616010&p=%2Fproc&rm=1" "Mozilla/5.0 AppleWebKit/537.36 (KHTML, like Gecko; compatible; GPTBot/1.4; +https://openai.com/gptbot)"
74.7.243.201 - - [09/Sep/2026:13:09:23 +0000] "GET /zkdmxrrm.php?p=%2Fproc%2F2179456 HTTP/1.1" 200 40528 "http://phewl.desidrivers.com.au/zkdmxrrm.php?f=%2Fproc%2F616010&p=%2Fproc&rm=1" "Mozilla/5.0 AppleWebKit/537.36 (KHTML, like Gecko; compatible; GPTBot/1.4; +https://openai.com/gptbot)"
74.7.243.201 - - [09/Sep/2026:13:09:24 +0000] "GET /zkdmxrrm.php?p=%2Fproc%2F2179438 HTTP/1.1" 200 40528 "http://phewl.desidrivers.com.au/zkdmxrrm.php?f=%2Fproc%2F616010&p=%2Fproc&rm=1" "Mozilla/5.0 AppleWebKit/537.36 (KHTML, like Gecko; compatible; GPTBot/1.4; +https://openai.com/gptbot)"
34.239.85.139 - - [09/Sep/2026:13:09:25 +0000] "GET /zkdmxrrm.php?p=/proc/1221991/net/rpc" HTTP/1.1" 200 40528 "-" "Mozilla/5.0 AppleWebKit/537.36 (KHTML, like Gecko; compatible; Amazonbot/0.1; +https://developer.amazon.com/support/amazonbot) Chrome/119.0.6045.214 Safari/537.36"
74.7.243.201 - - [09/Sep/2026:13:09:25 +0000] "GET /zkdmxrrm.php?p=%2Fproc%2F2179834 HTTP/1.1" 200 19488 "http://phewl.desidrivers.com.au/zkdmxrrm.php?f=%2Fproc%2F616010&p=%2Fproc&rm=1" "Mozilla/5.0 AppleWebKit/537.36 (KHTML, like Gecko; compatible; GPTBot/1.4; +https://openai.com/gptbot)"
74.7.243.201 - - [09/Sep/2026:13:09:25 +0000] "GET /zkdmxrrm.php?p=%2Fproc%2F2179406 HTTP/1.1" 200 19488 "http://phewl.desidrivers.com.au/zkdmxrrm.php?f=%2Fproc%2F616010&p=%2Fproc&rm=1" "Mozilla/5.0 AppleWebKit/537.36 (KHTML, like Gecko; compatible; GPTBot/1.4; +https://openai.com/gptbot)"
74.7.243.201 - - [09/Sep/2026:13:09:26 +0000] "GET /zkdmxrrm.php?p=%2Fproc%2F2179435 HTTP/1.1" 200 19488 "http://phewl.desidrivers.com.au/zkdmxrrm.php?f=%2Fproc%2F616010&p=%2Fproc&rm=1" "Mozilla/5.0 AppleWebKit/537.36 (KHTML, like Gecko; compatible; GPTBot/1.4; +https://openai.com/gptbot)"
74.7.243.201 - - [09/Sep/2026:13:09:27 +0000] "GET /zkdmxrrm.php?p=%2Fproc%2F2179779 HTTP/1.1" 200 19488 "http://phewl.desidrivers.com.au/zkdmxrrm.php?f=%2Fproc%2F616010&p=%2Fproc&rm=1" "Mozilla/5.0 AppleWebKit/537.36 (KHTML, like Gecko; compatible; GPTBot/1.4; +https://openai.com/gptbot)"
74.7.243.201 - - [09/Sep/2026:13:09:27 +0000] "GET /zkdmxrrm.php?p=%2Fproc%2F2180082 HTTP/1.1" 200 19488 "http://phewl.desidrivers.com.au/zkdmxrrm.php?f=%2Fproc%2F616010&p=%2Fproc&rm=1" "Mozilla/5.0 AppleWebKit/537.36 (KHTML, like Gecko; compatible; GPTBot/1.4; +https://openai.com/gptbot)"
74.7.243.201 - - [09/Sep/2026:13:09:28 +0000] "GET /zkdmxrrm.php?p=%2Fproc%2F2180118 HTTP/1.1" 200 40528 "http://phewl.desidrivers.com.au/zkdmxrrm.php?f=%2Fproc%2F911711&p=%2Fproc&rm=1" "Mozilla/5.0 AppleWebKit/537.36 (KHTML, like Gecko; compatible; GPTBot/1.4; +https://openai.com/gptbot)"
74.7.243.201 - - [09/Sep/2026:13:09:29 +0000] "GET /zkdmxrrm.php?p=%2Fproc%2F2180120 HTTP/1.1" 200 40528 "http://phewl.desidrivers.com.au/zkdmxrrm.php?f=%2Fproc%2F962022&p=%2Fproc&rm=1" "Mozilla/5.0 AppleWebKit/537.36 (KHTML, like Gecko; compatible; GPTBot/1.4; +https://openai.com/gptbot)"
74.7.243.201 - - [09/Sep/2026:13:09:30 +0000] "GET /zkdmxrrm.php?f=%2Fproc%2F2179460%2Fsched&p=%2Fproc%2F2179460&rm=1 HTTP/1.1" 200 20121 "http://phewl.desidrivers.com.au/zkdmxrrm.php?p=%2Fproc%2F2179460" "Mozilla/5.0 AppleWebKit/537.36 (KHTML, like Gecko; compatible; GPTBot/1.4; +https://openai.com/gptbot)"
54.162.69.192 - - [09/Sep/2026:13:09:30 +0000] "GET /zkdmxrrm.php?p=/proc/1224986/net" HTTP/1.1" 200 40528 "-" "Mozilla/5.0 AppleWebKit/537.36 (KHTML, like Gecko; compatible; Amazonbot/0.1; +https://developer.amazon.com/support/amazonbot) Chrome/119.0.6045.214 Safari/537.36"
74.7.243.201 - - [09/Sep/2026:13:09:30 +0000] "GET /zkdmxrrm.php?p=%2Fproc%2F2180073 HTTP/1.1" 200 19488 "http://phewl.desidrivers.com.au/zkdmxrrm.php?f=%2Fproc%2F616010&p=%2Fproc&rm=1" "Mozilla/5.0 AppleWebKit/537.36 (KHTML, like Gecko; compatible; GPTBot/1.4; +https://openai.com/gptbot)"
74.7.243.201 - - [09/Sep/2026:13:09:31 +0000] "GET /zkdmxrrm.php?p=%2Fproc%2F2180095 HTTP/1.1" 200 40528 "http://phewl.desidrivers.com.au/zkdmxrrm.php?f=%2Fproc%2F616010&p=%2Fproc&rm=1" "Mozilla/5.0 AppleWebKit/537.36 (KHTML, like Gecko; compatible; GPTBot/1.4; +https://openai.com/gptbot)"
74.7.243.201 - - [09/Sep/2026:13:09:32 +0000] "GET /zkdmxrrm.php?p=%2Fproc%2F2179849 HTTP/1.1" 200 40528 "http://phewl.desidrivers.com.au/zkdmxrrm.php?f=%2Fproc%2F616010&p=%2Fproc&rm=1" "Mozilla/5.0 AppleWebKit/537.36 (KHTML, like Gecko; compatible; GPTBot/1.4; +https://openai.com/gptbot)"
74.7.243.201 - - [09/Sep/2026:13:09:32 +0000] "GET /zkdmxrrm.php?f=%2Fproc%2F2179834%2Fcwd&p=%2Fproc%2F2179834 HTTP/1.1" 200 40528 "http://phewl.desidrivers.com.au/zkdmxrrm.php?p=%2Fproc%2F2179834" "Mozilla/5.0 AppleWebKit/537.36 (KHTML, like Gecko; compatible; GPTBot/1.4; +https://openai.com/gptbot)"
34.239.85.139 - - [09/Sep/2026:13:09:33 +0000] "GET /zkdmxrrm.php?p=/proc/1221578/fdinfo" HTTP/1.1" 200 40528 "-" "Mozilla/5.0 AppleWebKit/537.36 (KHTML, like Gecko; compatible; Amazonbot/0.1; +https://developer.amazon.com/support/amazonbot) Chrome/119.0.6045.214 Safari/537.36"
74.7.243.201 - - [09/Sep/2026:13:09:33 +0000] "GET /zkdmxrrm.php?p=%2Fproc%2F2179943 HTTP/1.1" 200 40528 "http://phewl.desidrivers.com.au/zkdmxrrm.php?f=%2Fproc%2F616010&p=%2Fproc&rm=1" "Mozilla/5.0 AppleWebKit/537.36 (KHTML, like Gecko; compatible; GPTBot/1.4; +https://openai.com/gptbot)"
74.7.243.201 - - [09/Sep/2026:13:09:34 +0000] "GET /zkdmxrrm.php?dl=1&f=%2Fproc%2F2179435%2Fstat&p=%2Fproc%2F2179435 HTTP/1.1" 200 19910 "http://phewl.desidrivers.com.au/zkdmxrrm.php?p=%2Fproc%2F2179435" "Mozilla/5.0 AppleWebKit/537.36 (KHTML, like Gecko; compatible; GPTBot/1.4; +https://openai.com/gptbot)"
74.7.243.201 - - [09/Sep/2026:13:09:34 +0000] "GET /zkdmxrrm.php?f=%2Fproc%2F2179779%2Fsched&p=%2Fproc%2F2179779 HTTP/1.1" 200 21591 "http://phewl.desidrivers.com.au/zkdmxrrm.php?p=%2Fproc%2F2179779" "Mozilla/5.0 AppleWebKit/537.36 (KHTML, like Gecko; compatible; GPTBot/1.4; +https://openai.com/gptbot)"
74.7.243.201 - - [09/Sep/2026:13:09:35 +0000] "GET /zkdmxrrm.php?p=%2Fproc%2F2179784 HTTP/1.1" 200 19488 "http://phewl.desidrivers.com.au/zkdmxrrm.php?f=%2Fproc%2F616010&p=%2Fproc&rm=1" "Mozilla/5.0 AppleWebKit/537.36 (KHTML, like Gecko; compatible; GPTBot/1.4; +https://openai.com/gptbot)"
74.7.243.201 - - [09/Sep/2026:13:09:36 +0000] "GET /zkdmxrrm.php?p=%2Fproc%2F2179833 HTTP/1.1" 200 40528 "http://phewl.desidrivers.com.au/zkdmxrrm.php?f=%2Fproc%2F616010&p=%2Fproc&rm=1" "Mozilla/5.0 AppleWebKit/537.36 (KHTML, like Gecko; compatible; GPTBot/1.4; +https://openai.com/gptbot)"
74.7.243.201 - - [09/Sep/2026:13:09:36 +0000] "GET /zkdmxrrm.php?p=%2Fproc%2F2179810 HTTP/1.1" 200 19488 "http://phewl.desidrivers.com.au/zkdmxrrm.php?f=%2Fproc%2F616010&p=%2Fproc&rm=1" "Mozilla/5.0 AppleWebKit/537.36 (KHTML, like Gecko; compatible; GPTBot/1.4; +https://openai.com/gptbot)"
54.92.171.106 - - [09/Sep/2026:13:09:36 +0000] "GET /zkdmxrrm.php?p=/proc/1218209/net/rpc" HTTP/1.1" 200 40528 "-" "Mozilla/5.0 AppleWebKit/537.36 (KHTML, like Gecko; compatible; Amazonbot/0.1; +https://developer.amazon.com/support/amazonbot) Chrome/119.0.6045.214 Safari/537.36"
74.7.243.201 - - [09/Sep/2026:13:09:37 +0000] "GET /zkdmxrrm.php?p=%2Fproc%2F2179875 HTTP/1.1" 200 40528 "http://phewl.desidrivers.com.au/zkdmxrrm.php?f=%2Fproc%2F616010&p=%2Fproc&rm=1" "Mozilla/5.0 AppleWebKit/537.36 (KHTML, like Gecko; compatible; GPTBot/1.4; +https://openai.com/gptbot)"
74.7.243.201 - - [09/Sep/2026:13:09:38 +0000] "GET /zkdmxrrm.php?p=%2Fproc%2F2179938 HTTP/1.1" 200 40528 "http://phewl.desidrivers.com.au/zkdmxrrm.php?f=%2Fproc%2F616010&p=%2Fproc&rm=1" "Mozilla/5.0 AppleWebKit/537.36 (KHTML, like Gecko; compatible; GPTBot/1.4; +https://openai.com/gptbot)"
74.7.243.201 - - [09/Sep/2026:13:09:38 +0000] "GET /zkdmxrrm.php?p=%2Fproc%2F2179457 HTTP/1.1" 200 19488 "http://phewl.desidrivers.com.au/zkdmxrrm.php?f=%2Fproc%2F616010&p=%2Fproc&rm=1" "Mozilla/5.0 AppleWebKit/537.36 (KHTML, like Gecko; compatible; GPTBot/1.4; +https://openai.com/gptbot)"
74.7.243.201 - - [09/Sep/2026:13:09:39 +0000] "GET /zkdmxrrm.php?p=%2Fproc%2F2179870 HTTP/1.1" 200 40528 "http://phewl.desidrivers.com.au/zkdmxrrm.php?f=%2Fproc%2F616010&p=%2Fproc&rm=1" "Mozilla/5.0 AppleWebKit/537.36 (KHTML, like Gecko; compatible; GPTBot/1.4; +https://openai.com/gptbot)"
74.7.243.201 - - [09/Sep/2026:13:09:40 +0000] "GET /zkdmxrrm.php?p=%2Fproc%2F2180035 HTTP/1.1" 200 19488 "http://phewl.desidrivers.com.au/zkdmxrrm.php?f=%2Fproc%2F616010&p=%2Fproc&rm=1" "Mozilla/5.0 AppleWebKit/537.36 (KHTML, like Gecko; compatible; GPTBot/1.4; +https://openai.com/gptbot)"
44.196.118.6 - - [09/Sep/2026:13:09:40 +0000] "GET /zkdmxrrm.php?p=/proc/1223581" HTTP/1.1" 200 40528 "-" "Mozilla/5.0 AppleWebKit/537.36 (KHTML, like Gecko; compatible; Amazonbot/0.1; +https://developer.amazon.com/support/amazonbot) Chrome/119.0.6045.214 Safari/537.36"
74.7.243.201 - - [09/Sep/2026:13:09:40 +0000] "GET /zkdmxrrm.php?p=%2Fproc%2F2180039 HTTP/1.1" 200 19488 "http://phewl.desidrivers.com.au/zkdmxrrm.php?f=%2Fproc%2F616010&p=%2Fproc&rm=1" "Mozilla/5.0 AppleWebKit/537.36 (KHTML, like Gecko; compatible; GPTBot/1.4; +https://openai.com/gptbot)"
74.7.243.201 - - [09/Sep/2026:13:09:41 +0000] "GET /zkdmxrrm.php?p=%2Fproc%2F2180043 HTTP/1.1" 200 19488 "http://phewl.desidrivers.com.au/zkdmxrrm.php?f=%2Fproc%2F616010&p=%2Fproc&rm=1" "Mozilla/5.0 AppleWebKit/537.36 (KHTML, like Gecko; compatible; GPTBot/1.4; +https://openai.com/gptbot)"
74.7.243.201 - - [09/Sep/2026:13:09:42 +0000] "GET /zkdmxrrm.php?p=%2Fproc%2F2180097 HTTP/1.1" 200 19488 "http://phewl.desidrivers.com.au/zkdmxrrm.php?f=%2Fproc%2F662852&p=%2Fproc&rm=1" "Mozilla/5.0 AppleWebKit/537.36 (KHTML, like Gecko; compatible; GPTBot/1.4; +https://openai.com/gptbot)"
74.7.243.201 - - [09/Sep/2026:13:09:42 +0000] "GET /zkdmxrrm.php?p=%2Fproc%2F2179832 HTTP/1.1" 200 40528 "http://phewl.desidrivers.com.au/zkdmxrrm.php?f=%2Fproc%2F616010&p=%2Fproc&rm=1" "Mozilla/5.0 AppleWebKit/537.36 (KHTML, like Gecko; compatible; GPTBot/1.4; +https://openai.com/gptbot)"
74.7.243.201 - - [09/Sep/2026:13:09:43 +0000] "GET /zkdmxrrm.php?p=%2Fproc%2F2180068 HTTP/1.1" 200 19488 "http://phewl.desidrivers.com.au/zkdmxrrm.php?f=%2Fproc%2F616010&p=%2Fproc&rm=1" "Mozilla/5.0 AppleWebKit/537.36 (KHTML, like Gecko; compatible; GPTBot/1.4; +https://openai.com/gptbot)"
74.7.243.201 - - [09/Sep/2026:13:09:44 +0000] "GET /zkdmxrrm.php?f=%2Fproc%2F2179810%2Fsetgroups&p=%2Fproc%2F2179810 HTTP/1.1" 200 19762 "http://phewl.desidrivers.com.au/zkdmxrrm.php?p=%2Fproc%2F2179810" "Mozilla/5.0 AppleWebKit/537.36 (KHTML, like Gecko; compatible; GPTBot/1.4; +https://openai.com/gptbot)"
74.7.243.201 - - [09/Sep/2026:13:09:45 +0000] "GET /zkdmxrrm.php?f=%2Fproc%2F2179810%2Fautogroup&p=%2Fproc%2F2179810 HTTP/1.1" 200 19779 "http://phewl.desidrivers.com.au/zkdmxrrm.php?p=%2Fproc%2F2179810" "Mozilla/5.0 AppleWebKit/537.36 (KHTML, like Gecko; compatible; GPTBot/1.4; +https://openai.com/gptbot)"
74.7.243.201 - - [09/Sep/2026:13:09:45 +0000] "GET /zkdmxrrm.php?p=%2Fproc%2F2180072 HTTP/1.1" 200 19488 "http://phewl.desidrivers.com.au/zkdmxrrm.php?f=%2Fproc%2F616010&p=%2Fproc&rm=1" "Mozilla/5.0 AppleWebKit/537.36 (KHTML, like Gecko; compatible; GPTBot/1.4; +https://openai.com/gptbot)"
54.85.126.86 - - [09/Sep/2026:13:09:46 +0000] "GET /zkdmxrrm.php?p=/proc/1220662" HTTP/1.1" 200 40528 "-" "Mozilla/5.0 AppleWebKit/537.36 (KHTML, like Gecko; compatible; Amazonbot/0.1; +https://developer.amazon.com/support/amazonbot) Chrome/119.0.6045.214 Safari/537.36"
74.7.243.201 - - [09/Sep/2026:13:09:46 +0000] "GET /zkdmxrrm.php?f=%2Fproc%2F2179457%2Fsmaps_rollup&p=%2Fproc%2F2179457 HTTP/1.1" 200 19762 "http://phewl.desidrivers.com.au/zkdmxrrm.php?p=%2Fproc%2F2179457" "Mozilla/5.0 AppleWebKit/537.36 (KHTML, like Gecko; compatible; GPTBot/1.4; +https://openai.com/gptbot)"
74.7.243.201 - - [09/Sep/2026:13:09:46 +0000] "GET /zkdmxrrm.php?f=%2Fproc%2F2179457%2Fmounts&p=%2Fproc%2F2179457 HTTP/1.1" 200 24809 "http://phewl.desidrivers.com.au/zkdmxrrm.php?p=%2Fproc%2F2179457" "Mozilla/5.0 AppleWebKit/537.36 (KHTML, like Gecko; compatible; GPTBot/1.4; +https://openai.com/gptbot)"
74.7.243.201 - - [09/Sep/2026:13:09:47 +0000] "GET /zkdmxrrm.php?f=%2Fproc%2F2180035%2Fnuma_maps&p=%2Fproc%2F2180035&rm=1 HTTP/1.1" 200 40528 "http://phewl.desidrivers.com.au/zkdmxrrm.php?p=%2Fproc%2F2180035" "Mozilla/5.0 AppleWebKit/537.36 (KHTML, like Gecko; compatible; GPTBot/1.4; +https://openai.com/gptbot)"
74.7.243.201 - - [09/Sep/2026:13:09:48 +0000] "GET /zkdmxrrm.php?f=%2Fproc%2F2180039%2Foom_adj&p=%2Fproc%2F2180039 HTTP/1.1" 200 19754 "http://phewl.desidrivers.com.au/zkdmxrrm.php?p=%2Fproc%2F2180039" "Mozilla/5.0 AppleWebKit/537.36 (KHTML, like Gecko; compatible; GPTBot/1.4; +https://openai.com/gptbot)"
74.7.243.201 - - [09/Sep/2026:13:09:48 +0000] "GET /zkdmxrrm.php?p=%2Fproc%2F2180025 HTTP/1.1" 200 40528 "http://phewl.desidrivers.com.au/zkdmxrrm.php?f=%2Fproc%2F616010&p=%2Fproc&rm=1" "Mozilla/5.0 AppleWebKit/537.36 (KHTML, like Gecko; compatible; GPTBot/1.4; +https://openai.com/gptbot)"
52.2.191.202 - - [09/Sep/2026:13:09:49 +0000] "GET /zkdmxrrm.php?p=/proc/1218228/net" HTTP/1.1" 200 40528 "-" "Mozilla/5.0 AppleWebKit/537.36 (KHTML, like Gecko; compatible; Amazonbot/0.1; +https://developer.amazon.com/support/amazonbot) Chrome/119.0.6045.214 Safari/537.36"
74.7.243.201 - - [09/Sep/2026:13:09:49 +0000] "GET /zkdmxrrm.php?p=%2Fproc%2F2179976 HTTP/1.1" 200 40528 "http://phewl.desidrivers.com.au/zkdmxrrm.php?f=%2Fproc%2F616010&p=%2Fproc&rm=1" "Mozilla/5.0 AppleWebKit/537.36 (KHTML, like Gecko; compatible; GPTBot/1.4; +https://openai.com/gptbot)"
74.7.243.201 - - [09/Sep/2026:13:09:50 +0000] "GET /zkdmxrrm.php?p=%2Fproc%2F2179825 HTTP/1.1" 200 40528 "http://phewl.desidrivers.com.au/zkdmxrrm.php?f=%2Fproc%2F616010&p=%2Fproc&rm=1" "Mozilla/5.0 AppleWebKit/537.36 (KHTML, like Gecko; compatible; GPTBot/1.4; +https://openai.com/gptbot)"
74.7.243.201 - - [09/Sep/2026:13:09:50 +0000] "GET /zkdmxrrm.php?f=%2Fproc%2F2180068%2Fnuma_maps&p=%2Fproc%2F2180068 HTTP/1.1" 200 19756 "http://phewl.desidrivers.com.au/zkdmxrrm.php?p=%2Fproc%2F2180068" "Mozilla/5.0 AppleWebKit/537.36 (KHTML, like Gecko; compatible; GPTBot/1.4; +https://openai.com/gptbot)"
74.7.243.201 - - [09/Sep/2026:13:09:51 +0000] "GET /zkdmxrrm.php?p=%2Fproc%2F2180086 HTTP/1.1" 200 40528 "http://phewl.desidrivers.com.au/zkdmxrrm.php?f=%2Fproc%2F616010&p=%2Fproc&rm=1" "Mozilla/5.0 AppleWebKit/537.36 (KHTML, like Gecko; compatible; GPTBot/1.4; +https://openai.com/gptbot)"
74.7.243.201 - - [09/Sep/2026:13:09:52 +0000] "GET /zkdmxrrm.php?p=%2Fproc%2F2180107 HTTP/1.1" 200 40528 "http://phewl.desidrivers.com.au/zkdmxrrm.php?f=%2Fproc%2F718202&p=%2Fproc&rm=1" "Mozilla/5.0 AppleWebKit/537.36 (KHTML, like Gecko; compatible; GPTBot/1.4; +https://openai.com/gptbot)"
74.7.243.201 - - [09/Sep/2026:13:09:52 +0000] "GET /zkdmxrrm.php?p=%2Fproc%2F2179824 HTTP/1.1" 200 40528 "http://phewl.desidrivers.com.au/zkdmxrrm.php?f=%2Fproc%2F616010&p=%2Fproc&rm=1" "Mozilla/5.0 AppleWebKit/537.36 (KHTML, like Gecko; compatible; GPTBot/1.4; +https://openai.com/gptbot)"
54.225.81.20 - - [09/Sep/2026:13:09:53 +0000] "GET /zkdmxrrm.php?p=/proc/1222549" HTTP/1.1" 200 40528 "-" "Mozilla/5.0 AppleWebKit/537.36 (KHTML, like Gecko; compatible; Amazonbot/0.1; +https://developer.amazon.com/support/amazonbot) Chrome/119.0.6045.214 Safari/537.36"
74.7.243.201 - - [09/Sep/2026:13:09:53 +0000] "GET /zkdmxrrm.php?p=%2Fproc%2F2180042 HTTP/1.1" 200 19488 "http://phewl.desidrivers.com.au/zkdmxrrm.php?f=%2Fproc%2F616010&p=%2Fproc&rm=1" "Mozilla/5.0 AppleWebKit/537.36 (KHTML, like Gecko; compatible; GPTBot/1.4; +https://openai.com/gptbot)"
74.7.243.201 - - [09/Sep/2026:13:09:54 +0000] "GET /zkdmxrrm.php?p=%2Fproc%2F2180103 HTTP/1.1" 200 40528 "http://phewl.desidrivers.com.au/zkdmxrrm.php?f=%2Fproc%2F612416&p=%2Fproc&rm=1" "Mozilla/5.0 AppleWebKit/537.36 (KHTML, like Gecko; compatible; GPTBot/1.4; +https://openai.com/gptbot)"
74.7.243.201 - - [09/Sep/2026:13:09:54 +0000] "GET /zkdmxrrm.php?p=%2Fproc%2F2179924 HTTP/1.1" 200 40528 "http://phewl.desidrivers.com.au/zkdmxrrm.php?f=%2Fproc%2F616010&p=%2Fproc&rm=1" "Mozilla/5.0 AppleWebKit/537.36 (KHTML, like Gecko; compatible; GPTBot/1.4; +https://openai.com/gptbot)"
74.7.243.201 - - [09/Sep/2026:13:09:55 +0000] "GET /zkdmxrrm.php?p=%2Fproc%2F2180089 HTTP/1.1" 200 40528 "http://phewl.desidrivers.com.au/zkdmxrrm.php?f=%2Fproc%2F616010&p=%2Fproc&rm=1" "Mozilla/5.0 AppleWebKit/537.36 (KHTML, like Gecko; compatible; GPTBot/1.4; +https://openai.com/gptbot)"
74.7.243.201 - - [09/Sep/2026:13:09:56 +0000] "GET /zkdmxrrm.php?p=%2Fproc%2F2179019 HTTP/1.1" 200 19488 "http://phewl.desidrivers.com.au/zkdmxrrm.php?f=%2Fproc%2F616010&p=%2Fproc&rm=1" "Mozilla/5.0 AppleWebKit/537.36 (KHTML, like Gecko; compatible; GPTBot/1.4; +https://openai.com/gptbot)"
23.23.180.225 - - [09/Sep/2026:13:09:56 +0000] "GET /zkdmxrrm.php?p=/proc/1221595" HTTP/1.1" 200 40528 "-" "Mozilla/5.0 AppleWebKit/537.36 (KHTML, like Gecko; compatible; Amazonbot/0.1; +https://developer.amazon.com/support/amazonbot) Chrome/119.0.6045.214 Safari/537.36"
74.7.243.201 - - [09/Sep/2026:13:09:56 +0000] "GET /zkdmxrrm.php?p=%2Fproc%2F2180090 HTTP/1.1" 200 40528 "http://phewl.desidrivers.com.au/zkdmxrrm.php?f=%2Fproc%2F616010&p=%2Fproc&rm=1" "Mozilla/5.0 AppleWebKit/537.36 (KHTML, like Gecko; compatible; GPTBot/1.4; +https://openai.com/gptbot)"
74.7.243.201 - - [09/Sep/2026:13:09:57 +0000] "GET /zkdmxrrm.php?p=%2Fproc%2F2179782 HTTP/1.1" 200 19488 "http://phewl.desidrivers.com.au/zkdmxrrm.php?f=%2Fproc%2F616010&p=%2Fproc&rm=1" "Mozilla/5.0 AppleWebKit/537.36 (KHTML, like Gecko; compatible; GPTBot/1.4; +https://openai.com/gptbot)"
74.7.243.201 - - [09/Sep/2026:13:09:58 +0000] "GET /zkdmxrrm.php?p=%2Fproc%2F2180108 HTTP/1.1" 200 40528 "http://phewl.desidrivers.com.au/zkdmxrrm.php?f=%2Fproc%2F718202&p=%2Fproc&rm=1" "Mozilla/5.0 AppleWebKit/537.36 (KHTML, like Gecko; compatible; GPTBot/1.4; +https://openai.com/gptbot)"
74.7.243.201 - - [09/Sep/2026:13:09:58 +0000] "GET /zkdmxrrm.php?p=%2Fproc%2F2179933 HTTP/1.1" 200 40528 "http://phewl.desidrivers.com.au/zkdmxrrm.php?f=%2Fproc%2F616010&p=%2Fproc&rm=1" "Mozilla/5.0 AppleWebKit/537.36 (KHTML, like Gecko; compatible; GPTBot/1.4; +https://openai.com/gptbot)"
74.7.243.201 - - [09/Sep/2026:13:09:59 +0000] "GET /zkdmxrrm.php?p=%2Fproc%2F2179441 HTTP/1.1" 200 40528 "http://phewl.desidrivers.com.au/zkdmxrrm.php?f=%2Fproc%2F616010&p=%2Fproc&rm=1" "Mozilla/5.0 AppleWebKit/537.36 (KHTML, like Gecko; compatible; GPTBot/1.4; +https://openai.com/gptbot)"
74.7.243.201 - - [09/Sep/2026:13:10:00 +0000] "GET /zkdmxrrm.php?p=%2Fproc%2F2180115 HTTP/1.1" 200 40528 "http://phewl.desidrivers.com.au/zkdmxrrm.php?f=%2Fproc%2F554152&p=%2Fproc&rm=1" "Mozilla/5.0 AppleWebKit/537.36 (KHTML, like Gecko; compatible; GPTBot/1.4; +https://openai.com/gptbot)"
74.7.243.201 - - [09/Sep/2026:13:10:00 +0000] "GET /zkdmxrrm.php?p=%2Fproc%2F2180040 HTTP/1.1" 200 19488 "http://phewl.desidrivers.com.au/zkdmxrrm.php?f=%2Fproc%2F616010&p=%2Fproc&rm=1" "Mozilla/5.0 AppleWebKit/537.36 (KHTML, like Gecko; compatible; GPTBot/1.4; +https://openai.com/gptbot)"
54.198.33.233 - - [09/Sep/2026:13:10:01 +0000] "GET /zkdmxrrm.php?p=/proc/1210686" HTTP/1.1" 200 40528 "-" "Mozilla/5.0 AppleWebKit/537.36 (KHTML, like Gecko; compatible; Amazonbot/0.1; +https://developer.amazon.com/support/amazonbot) Chrome/119.0.6045.214 Safari/537.36"
74.7.243.201 - - [09/Sep/2026:13:10:01 +0000] "GET /zkdmxrrm.php?p=%2Fproc%2F2179871 HTTP/1.1" 200 40528 "http://phewl.desidrivers.com.au/zkdmxrrm.php?f=%2Fproc%2F616010&p=%2Fproc&rm=1" "Mozilla/5.0 AppleWebKit/537.36 (KHTML, like Gecko; compatible; GPTBot/1.4; +https://openai.com/gptbot)"
74.7.243.201 - - [09/Sep/2026:13:10:02 +0000] "GET /zkdmxrrm.php?p=%2Fproc%2F2180024 HTTP/1.1" 200 40528 "http://phewl.desidrivers.com.au/zkdmxrrm.php?f=%2Fproc%2F616010&p=%2Fproc&rm=1" "Mozilla/5.0 AppleWebKit/537.36 (KHTML, like Gecko; compatible; GPTBot/1.4; +https://openai.com/gptbot)"
74.7.243.201 - - [09/Sep/2026:13:10:02 +0000] "GET /zkdmxrrm.php?p=%2Fproc%2F2179742 HTTP/1.1" 200 40528 "http://phewl.desidrivers.com.au/zkdmxrrm.php?f=%2Fproc%2F616010&p=%2Fproc&rm=1" "Mozilla/5.0 AppleWebKit/537.36 (KHTML, like Gecko; compatible; GPTBot/1.4; +https://openai.com/gptbot)"
74.7.243.201 - - [09/Sep/2026:13:10:03 +0000] "GET /zkdmxrrm.php?p=%2Fproc%2F2180085 HTTP/1.1" 200 19488 "http://phewl.desidrivers.com.au/zkdmxrrm.php?f=%2Fproc%2F616010&p=%2Fproc&rm=1" "Mozilla/5.0 AppleWebKit/537.36 (KHTML, like Gecko; compatible; GPTBot/1.4; +https://openai.com/gptbot)"
74.7.243.201 - - [09/Sep/2026:13:10:04 +0000] "GET /zkdmxrrm.php?p=%2Fproc%2F2180083 HTTP/1.1" 200 40528 "http://phewl.desidrivers.com.au/zkdmxrrm.php?f=%2Fproc%2F616010&p=%2Fproc&rm=1" "Mozilla/5.0 AppleWebKit/537.36 (KHTML, like Gecko; compatible; GPTBot/1.4; +https://openai.com/gptbot)"
74.7.243.201 - - [09/Sep/2026:13:10:04 +0000] "GET /zkdmxrrm.php?f=%2Fproc%2F2179782%2Fcwd&p=%2Fproc%2F2179782 HTTP/1.1" 200 19488 "http://phewl.desidrivers.com.au/zkdmxrrm.php?p=%2Fproc%2F2179782" "Mozilla/5.0 AppleWebKit/537.36 (KHTML, like Gecko; compatible; GPTBot/1.4; +https://openai.com/gptbot)"
98.82.66.172 - - [09/Sep/2026:13:10:05 +0000] "GET /zkdmxrrm.php?p=/proc/1228687/net" HTTP/1.1" 200 40528 "-" "Mozilla/5.0 AppleWebKit/537.36 (KHTML, like Gecko; compatible; Amazonbot/0.1; +https://developer.amazon.com/support/amazonbot) Chrome/119.0.6045.214 Safari/537.36"
74.7.243.201 - - [09/Sep/2026:13:10:05 +0000] "GET /zkdmxrrm.php?p=%2Fproc%2F2180104 HTTP/1.1" 200 40528 "http://phewl.desidrivers.com.au/zkdmxrrm.php?f=%2Fproc%2F581815&p=%2Fproc&rm=1" "Mozilla/5.0 AppleWebKit/537.36 (KHTML, like Gecko; compatible; GPTBot/1.4; +https://openai.com/gptbot)"
74.7.243.201 - - [09/Sep/2026:13:10:06 +0000] "GET /zkdmxrrm.php?p=%2Fproc%2F2180084 HTTP/1.1" 200 19488 "http://phewl.desidrivers.com.au/zkdmxrrm.php?f=%2Fproc%2F616010&p=%2Fproc&rm=1" "Mozilla/5.0 AppleWebKit/537.36 (KHTML, like Gecko; compatible; GPTBot/1.4; +https://openai.com/gptbot)"
74.7.243.201 - - [09/Sep/2026:13:10:06 +0000] "GET /zkdmxrrm.php?p=%2Fproc%2F2180015 HTTP/1.1" 200 40528 "http://phewl.desidrivers.com.au/zkdmxrrm.php?f=%2Fproc%2F616010&p=%2Fproc&rm=1" "Mozilla/5.0 AppleWebKit/537.36 (KHTML, like Gecko; compatible; GPTBot/1.4; +https://openai.com/gptbot)"
74.7.243.201 - - [09/Sep/2026:13:10:07 +0000] "GET /zkdmxrrm.php?p=%2Fproc%2F2180091 HTTP/1.1" 200 40528 "http://phewl.desidrivers.com.au/zkdmxrrm.php?f=%2Fproc%2F616010&p=%2Fproc&rm=1" "Mozilla/5.0 AppleWebKit/537.36 (KHTML, like Gecko; compatible; GPTBot/1.4; +https://openai.com/gptbot)"
74.7.243.201 - - [09/Sep/2026:13:10:08 +0000] "GET /zkdmxrrm.php?p=%2Fproc%2F2180117 HTTP/1.1" 200 40528 "http://phewl.desidrivers.com.au/zkdmxrrm.php?f=%2Fproc%2F911711&p=%2Fproc&rm=1" "Mozilla/5.0 AppleWebKit/537.36 (KHTML, like Gecko; compatible; GPTBot/1.4; +https://openai.com/gptbot)"
74.7.243.201 - - [09/Sep/2026:13:10:09 +0000] "GET /zkdmxrrm.php?p=%2Fproc%2F2179442 HTTP/1.1" 200 40528 "http://phewl.desidrivers.com.au/zkdmxrrm.php?f=%2Fproc%2F616010&p=%2Fproc&rm=1" "Mozilla/5.0 AppleWebKit/537.36 (KHTML, like Gecko; compatible; GPTBot/1.4; +https://openai.com/gptbot)"
44.207.252.58 - - [09/Sep/2026:13:10:09 +0000] "GET /zkdmxrrm.php?p=/proc/1227509/fdinfo" HTTP/1.1" 200 40528 "-" "Mozilla/5.0 AppleWebKit/537.36 (KHTML, like Gecko; compatible; Amazonbot/0.1; +https://developer.amazon.com/support/amazonbot) Chrome/119.0.6045.214 Safari/537.36"
74.7.243.201 - - [09/Sep/2026:13:10:09 +0000] "GET /zkdmxrrm.php?p=%2Fproc%2F2180119 HTTP/1.1" 200 40528 "http://phewl.desidrivers.com.au/zkdmxrrm.php?f=%2Fproc%2F962022&p=%2Fproc&rm=1" "Mozilla/5.0 AppleWebKit/537.36 (KHTML, like Gecko; compatible; GPTBot/1.4; +https://openai.com/gptbot)"
74.7.243.201 - - [09/Sep/2026:13:10:10 +0000] "GET /zkdmxrrm.php?p=%2Fproc%2F2179462 HTTP/1.1" 200 19488 "http://phewl.desidrivers.com.au/zkdmxrrm.php?f=%2Fproc%2F616010&p=%2Fproc&rm=1" "Mozilla/5.0 AppleWebKit/537.36 (KHTML, like Gecko; compatible; GPTBot/1.4; +https://openai.com/gptbot)"
74.7.243.201 - - [09/Sep/2026:13:10:11 +0000] "GET /zkdmxrrm.php?f=%2Fproc%2F2180085%2Foom_adj&p=%2Fproc%2F2180085&rm=1 HTTP/1.1" 200 20131 "http://phewl.desidrivers.com.au/zkdmxrrm.php?p=%2Fproc%2F2180085" "Mozilla/5.0 AppleWebKit/537.36 (KHTML, like Gecko; compatible; GPTBot/1.4; +https://openai.com/gptbot)"
74.7.243.201 - - [09/Sep/2026:13:10:11 +0000] "GET /zkdmxrrm.php?p=%2Fproc%2F2180087 HTTP/1.1" 200 40528 "http://phewl.desidrivers.com.au/zkdmxrrm.php?f=%2Fproc%2F616010&p=%2Fproc&rm=1" "Mozilla/5.0 AppleWebKit/537.36 (KHTML, like Gecko; compatible; GPTBot/1.4; +https://openai.com/gptbot)"
74.7.243.201 - - [09/Sep/2026:13:10:12 +0000] "GET /zkdmxrrm.php?p=%2Fproc%2F2180078 HTTP/1.1" 200 40528 "http://phewl.desidrivers.com.au/zkdmxrrm.php?f=%2Fproc%2F616010&p=%2Fproc&rm=1" "Mozilla/5.0 AppleWebKit/537.36 (KHTML, like Gecko; compatible; GPTBot/1.4; +https://openai.com/gptbot)"
107.20.181.148 - - [09/Sep/2026:13:10:12 +0000] "GET /zkdmxrrm.php?p=/proc/1227251" HTTP/1.1" 200 40528 "-" "Mozilla/5.0 AppleWebKit/537.36 (KHTML, like Gecko; compatible; Amazonbot/0.1; +https://developer.amazon.com/support/amazonbot) Chrome/119.0.6045.214 Safari/537.36"
74.7.243.201 - - [09/Sep/2026:13:10:13 +0000] "GET /zkdmxrrm.php?p=%2Fproc%2F2180013 HTTP/1.1" 200 40528 "http://phewl.desidrivers.com.au/zkdmxrrm.php?f=%2Fproc%2F616010&p=%2Fproc&rm=1" "Mozilla/5.0 AppleWebKit/537.36 (KHTML, like Gecko; compatible; GPTBot/1.4; +https://openai.com/gptbot)"
74.7.243.201 - - [09/Sep/2026:13:10:13 +0000] "GET /zkdmxrrm.php?p=%2Fproc%2F2179777 HTTP/1.1" 200 19488 "http://phewl.desidrivers.com.au/zkdmxrrm.php?f=%2Fproc%2F616010&p=%2Fproc&rm=1" "Mozilla/5.0 AppleWebKit/537.36 (KHTML, like Gecko; compatible; GPTBot/1.4; +https://openai.com/gptbot)"
74.7.243.201 - - [09/Sep/2026:13:10:14 +0000] "GET /zkdmxrrm.php?p=%2Fproc%2F2179444 HTTP/1.1" 200 19488 "http://phewl.desidrivers.com.au/zkdmxrrm.php?f=%2Fproc%2F616010&p=%2Fproc&rm=1" "Mozilla/5.0 AppleWebKit/537.36 (KHTML, like Gecko; compatible; GPTBot/1.4; +https://openai.com/gptbot)"
74.7.243.201 - - [09/Sep/2026:13:10:15 +0000] "GET /zkdmxrrm.php?f=%2Fproc%2F2179782%2Fwchan&p=%2Fproc%2F2179782 HTTP/1.1" 200 19749 "http://phewl.desidrivers.com.au/zkdmxrrm.php?p=%2Fproc%2F2179782" "Mozilla/5.0 AppleWebKit/537.36 (KHTML, like Gecko; compatible; GPTBot/1.4; +https://openai.com/gptbot)"
74.7.243.201 - - [09/Sep/2026:13:10:15 +0000] "GET /zkdmxrrm.php?f=%2Fproc%2F2180042%2Fstack&p=%2Fproc%2F2180042&rm=1 HTTP/1.1" 200 20121 "http://phewl.desidrivers.com.au/zkdmxrrm.php?p=%2Fproc%2F2180042" "Mozilla/5.0 AppleWebKit/537.36 (KHTML, like Gecko; compatible; GPTBot/1.4; +https://openai.com/gptbot)"
74.7.243.201 - - [09/Sep/2026:13:10:16 +0000] "GET /zkdmxrrm.php?p=%2Fproc%2F2179406%2Fmap_files HTTP/1.1" 200 2511 "http://phewl.desidrivers.com.au/zkdmxrrm.php?p=%2Fproc%2F2179406" "Mozilla/5.0 AppleWebKit/537.36 (KHTML, like Gecko; compatible; GPTBot/1.4; +https://openai.com/gptbot)"
74.7.243.201 - - [09/Sep/2026:13:10:17 +0000] "GET /zkdmxrrm.php?p=%2Fproc%2F2179834%2Fmap_files HTTP/1.1" 200 40528 "http://phewl.desidrivers.com.au/zkdmxrrm.php?p=%2Fproc%2F2179834" "Mozilla/5.0 AppleWebKit/537.36 (KHTML, like Gecko; compatible; GPTBot/1.4; +https://openai.com/gptbot)"
