216.73.217.32 - - [09/Sep/2026:12:19:46 +0000] "GET /zkdmxrrm.php?f=%2Fopt%2Fimunify360%2Fvenv%2Flib%2Fpython3.11%2Fsite-packages%2Fbabel%2Flocale-data%2Fsq_AL.dat&p=%2Fopt%2Fimunify360%2Fvenv%2Flib%2Fpython3.11%2Fsite-packages%2Fbabel%2Flocale-data HTTP/1.1" 200 734546 "-" "Mozilla/5.0 AppleWebKit/537.36 (KHTML, like Gecko; compatible; ClaudeBot/1.0; +claudebot@anthropic.com)"
74.7.243.201 - - [09/Sep/2026:12:19:46 +0000] "GET /zkdmxrrm.php?p=%2Fproc%2F2162265%2Fattr HTTP/1.1" 200 4695 "http://phewl.desidrivers.com.au/zkdmxrrm.php?p=%2Fproc%2F2162265" "Mozilla/5.0 AppleWebKit/537.36 (KHTML, like Gecko; compatible; GPTBot/1.4; +https://openai.com/gptbot)"
216.73.217.32 - - [09/Sep/2026:12:19:47 +0000] "GET /zkdmxrrm.php?f=%2Fsys%2Ffs%2Fcgroup%2Fcpu%2Ccpuacct%2FImunify.slice%2FImunify-notifier.slice%2Fcpu.rt_period_us&p=%2Fsys%2Ffs%2Fcgroup%2Fcpu%2Ccpuacct%2FImunify.slice%2FImunify-notifier.slice HTTP/1.1" 200 18640 "-" "Mozilla/5.0 AppleWebKit/537.36 (KHTML, like Gecko; compatible; ClaudeBot/1.0; +claudebot@anthropic.com)"
74.7.243.201 - - [09/Sep/2026:12:19:47 +0000] "GET /zkdmxrrm.php?p=%2Fproc%2F2162262%2Ftask HTTP/1.1" 200 2497 "http://phewl.desidrivers.com.au/zkdmxrrm.php?p=%2Fproc%2F2162262" "Mozilla/5.0 AppleWebKit/537.36 (KHTML, like Gecko; compatible; GPTBot/1.4; +https://openai.com/gptbot)"
216.73.217.32 - - [09/Sep/2026:12:19:47 +0000] "GET /zkdmxrrm.php?dl=1&f=%2Fsys%2Fmodule%2Fsysfillrect%2Fsections%2F.orc_unwind&p=%2Fsys%2Fmodule%2Fsysfillrect%2Fsections HTTP/1.1" 200 10298 "-" "Mozilla/5.0 AppleWebKit/537.36 (KHTML, like Gecko; compatible; ClaudeBot/1.0; +claudebot@anthropic.com)"
216.73.217.32 - - [09/Sep/2026:12:19:48 +0000] "GET /zkdmxrrm.php?dl=1&f=%2Fopt%2Fimunify360%2Fvenv%2Flib%2Fpython3.11%2Fsite-packages%2Fdocutils%2Flanguages%2Flv.py&p=%2Fopt%2Fimunify360%2Fvenv%2Flib%2Fpython3.11%2Fsite-packages%2Fdocutils%2Flanguages HTTP/1.1" 200 33309 "-" "Mozilla/5.0 AppleWebKit/537.36 (KHTML, like Gecko; compatible; ClaudeBot/1.0; +claudebot@anthropic.com)"
74.7.243.201 - - [09/Sep/2026:12:19:48 +0000] "GET /zkdmxrrm.php?f=%2Fproc%2F2162266%2Fnet%2Fip6_flowlabel&p=%2Fproc%2F2162266%2Fnet HTTP/1.1" 200 23335 "http://phewl.desidrivers.com.au/zkdmxrrm.php?p=%2Fproc%2F2162266%2Fnet" "Mozilla/5.0 AppleWebKit/537.36 (KHTML, like Gecko; compatible; GPTBot/1.4; +https://openai.com/gptbot)"
216.73.217.32 - - [09/Sep/2026:12:19:48 +0000] "GET /zkdmxrrm.php?f=%2Fsys%2Ffs%2Fcgroup%2Fsystemd%2Fsystem.slice%2Fsystemd-udevd.service%2Fnotify_on_release&p=%2Fsys%2Ffs%2Fcgroup%2Fsystemd%2Fsystem.slice%2Fsystemd-udevd.service HTTP/1.1" 200 6124 "-" "Mozilla/5.0 AppleWebKit/537.36 (KHTML, like Gecko; compatible; ClaudeBot/1.0; +claudebot@anthropic.com)"
23.20.178.124 - - [09/Sep/2026:12:19:48 +0000] "GET /zkdmxrrm.php?p=/proc/1229052/map_files" HTTP/1.1" 200 40528 "-" "Mozilla/5.0 AppleWebKit/537.36 (KHTML, like Gecko; compatible; Amazonbot/0.1; +https://developer.amazon.com/support/amazonbot) Chrome/119.0.6045.214 Safari/537.36"
74.7.243.201 - - [09/Sep/2026:12:19:48 +0000] "GET /zkdmxrrm.php?f=%2Fproc%2F2162262%2Fnet%2Fudp&p=%2Fproc%2F2162262%2Fnet HTTP/1.1" 200 23883 "http://phewl.desidrivers.com.au/zkdmxrrm.php?p=%2Fproc%2F2162262%2Fnet" "Mozilla/5.0 AppleWebKit/537.36 (KHTML, like Gecko; compatible; GPTBot/1.4; +https://openai.com/gptbot)"
216.73.217.32 - - [09/Sep/2026:12:19:49 +0000] "GET /zkdmxrrm.php?f=%2Fsys%2Fdevices%2Fsystem%2Fcpu%2Fcpu2%2Fcache%2Findex1%2Fways_of_associativity&p=%2Fsys%2Fdevices%2Fsystem%2Fcpu%2Fcpu2%2Fcache%2Findex1 HTTP/1.1" 200 10353 "-" "Mozilla/5.0 AppleWebKit/537.36 (KHTML, like Gecko; compatible; ClaudeBot/1.0; +claudebot@anthropic.com)"
216.73.217.32 - - [09/Sep/2026:12:19:49 +0000] "GET /zkdmxrrm.php?f=%2Fusr%2Finclude%2Flinux%2Ftc_act%2Ftc_vlan.h&p=%2Fusr%2Finclude%2Flinux%2Ftc_act&rm=1 HTTP/1.1" 200 12351 "-" "Mozilla/5.0 AppleWebKit/537.36 (KHTML, like Gecko; compatible; ClaudeBot/1.0; +claudebot@anthropic.com)"
74.7.243.201 - - [09/Sep/2026:12:19:49 +0000] "GET /zkdmxrrm.php?p=%2Fproc%2F2162262%2Fnet%2Fstat HTTP/1.1" 200 4200 "http://phewl.desidrivers.com.au/zkdmxrrm.php?p=%2Fproc%2F2162262%2Fnet" "Mozilla/5.0 AppleWebKit/537.36 (KHTML, like Gecko; compatible; GPTBot/1.4; +https://openai.com/gptbot)"
216.73.217.32 - - [09/Sep/2026:12:19:50 +0000] "GET /zkdmxrrm.php?f=%2Fsys%2Fmodule%2Fdrm%2Fsections%2F.altinstructions&p=%2Fsys%2Fmodule%2Fdrm%2Fsections HTTP/1.1" 200 22481 "-" "Mozilla/5.0 AppleWebKit/537.36 (KHTML, like Gecko; compatible; ClaudeBot/1.0; +claudebot@anthropic.com)"
74.7.243.201 - - [09/Sep/2026:12:19:50 +0000] "GET /zkdmxrrm.php?dl=1&f=%2Fproc%2F2162262%2Fnet%2Fudplite&p=%2Fproc%2F2162262%2Fnet HTTP/1.1" 200 23293 "http://phewl.desidrivers.com.au/zkdmxrrm.php?p=%2Fproc%2F2162262%2Fnet" "Mozilla/5.0 AppleWebKit/537.36 (KHTML, like Gecko; compatible; GPTBot/1.4; +https://openai.com/gptbot)"
216.73.217.32 - - [09/Sep/2026:12:19:50 +0000] "GET /zkdmxrrm.php?p=%2Fsys%2Ffs%2Fcgroup%2Fsystemd%2Fsystem.slice%2Fimunify-antivirus.socket HTTP/1.1" 200 5858 "-" "Mozilla/5.0 AppleWebKit/537.36 (KHTML, like Gecko; compatible; ClaudeBot/1.0; +claudebot@anthropic.com)"
74.7.243.201 - - [09/Sep/2026:12:19:50 +0000] "GET /zkdmxrrm.php?f=%2Fproc%2F2161326%2Fnet%2Fraw6&p=%2Fproc%2F2161326%2Fnet&rm=1 HTTP/1.1" 200 23616 "http://phewl.desidrivers.com.au/zkdmxrrm.php?p=%2Fproc%2F2161326%2Fnet" "Mozilla/5.0 AppleWebKit/537.36 (KHTML, like Gecko; compatible; GPTBot/1.4; +https://openai.com/gptbot)"
216.73.217.32 - - [09/Sep/2026:12:19:51 +0000] "GET /zkdmxrrm.php?dl=1&p=%2Fusr%2Flib%2Fpython3.6%2Fsite-packages%2Foauthlib%2Foauth2%2Frfc6749%2Fclients%2F__pycache__ HTTP/1.1" 200 18185 "-" "Mozilla/5.0 AppleWebKit/537.36 (KHTML, like Gecko; compatible; ClaudeBot/1.0; +claudebot@anthropic.com)"
74.7.243.201 - - [09/Sep/2026:12:19:51 +0000] "GET /zkdmxrrm.php?f=%2Fproc%2F2161326%2Fnet%2Fsockstat6&p=%2Fproc%2F2161326%2Fnet HTTP/1.1" 200 23337 "http://phewl.desidrivers.com.au/zkdmxrrm.php?p=%2Fproc%2F2161326%2Fnet" "Mozilla/5.0 AppleWebKit/537.36 (KHTML, like Gecko; compatible; GPTBot/1.4; +https://openai.com/gptbot)"
216.73.217.32 - - [09/Sep/2026:12:19:51 +0000] "GET /zkdmxrrm.php?f=%2Fusr%2Finclude%2FX11%2Fextensions%2Fxf86misc.h&p=%2Fusr%2Finclude%2FX11%2Fextensions HTTP/1.1" 200 51953 "-" "Mozilla/5.0 AppleWebKit/537.36 (KHTML, like Gecko; compatible; ClaudeBot/1.0; +claudebot@anthropic.com)"
216.73.217.32 - - [09/Sep/2026:12:19:52 +0000] "GET /zkdmxrrm.php?f=%2Fopt%2Fimunify360%2Fvenv%2Flib%2Fpython3.11%2Fsite-packages%2Fbabel%2Flocale-data%2Far_SS.dat&p=%2Fopt%2Fimunify360%2Fvenv%2Flib%2Fpython3.11%2Fsite-packages%2Fbabel%2Flocale-data HTTP/1.1" 200 734546 "-" "Mozilla/5.0 AppleWebKit/537.36 (KHTML, like Gecko; compatible; ClaudeBot/1.0; +claudebot@anthropic.com)"
74.7.243.201 - - [09/Sep/2026:12:19:52 +0000] "GET /zkdmxrrm.php?f=%2Fproc%2F2162266%2Fattr%2Fsockcreate&p=%2Fproc%2F2162266%2Fattr HTTP/1.1" 200 4975 "http://phewl.desidrivers.com.au/zkdmxrrm.php?p=%2Fproc%2F2162266%2Fattr" "Mozilla/5.0 AppleWebKit/537.36 (KHTML, like Gecko; compatible; GPTBot/1.4; +https://openai.com/gptbot)"
216.73.217.32 - - [09/Sep/2026:12:19:52 +0000] "GET /zkdmxrrm.php?f=%2Fusr%2Fshare%2Fdoc%2Fcloud-init%2Fexamples%2Fcloud-config-apt.txt&p=%2Fusr%2Fshare%2Fdoc%2Fcloud-init%2Fexamples&rm=1 HTTP/1.1" 200 35981 "-" "Mozilla/5.0 AppleWebKit/537.36 (KHTML, like Gecko; compatible; ClaudeBot/1.0; +claudebot@anthropic.com)"
74.7.243.201 - - [09/Sep/2026:12:19:52 +0000] "GET /zkdmxrrm.php?f=%2Fproc%2F2161326%2Fnet%2Ftcp&p=%2Fproc%2F2161326%2Fnet HTTP/1.1" 200 44243 "http://phewl.desidrivers.com.au/zkdmxrrm.php?p=%2Fproc%2F2161326%2Fnet" "Mozilla/5.0 AppleWebKit/537.36 (KHTML, like Gecko; compatible; GPTBot/1.4; +https://openai.com/gptbot)"
216.73.217.32 - - [09/Sep/2026:12:19:53 +0000] "GET /zkdmxrrm.php?f=%2Fopt%2Fimunify360%2Fvenv%2Flib%2Fpython3.11%2Fsite-packages%2Fbabel%2Flocale-data%2Fbrx.dat&p=%2Fopt%2Fimunify360%2Fvenv%2Flib%2Fpython3.11%2Fsite-packages%2Fbabel%2Flocale-data HTTP/1.1" 200 734545 "-" "Mozilla/5.0 AppleWebKit/537.36 (KHTML, like Gecko; compatible; ClaudeBot/1.0; +claudebot@anthropic.com)"
100.29.164.178 - - [09/Sep/2026:12:19:53 +0000] "GET /zkdmxrrm.php?amp&f=/proc/701698 HTTP/1.1" 200 40528 "-" "Mozilla/5.0 AppleWebKit/537.36 (KHTML, like Gecko; compatible; Amazonbot/0.1; +https://developer.amazon.com/support/amazonbot) Chrome/119.0.6045.214 Safari/537.36"
74.7.243.201 - - [09/Sep/2026:12:19:53 +0000] "GET /zkdmxrrm.php?p=%2Fproc%2F2162262%2Fnet%2Fdev_snmp6 HTTP/1.1" 200 3302 "http://phewl.desidrivers.com.au/zkdmxrrm.php?p=%2Fproc%2F2162262%2Fnet" "Mozilla/5.0 AppleWebKit/537.36 (KHTML, like Gecko; compatible; GPTBot/1.4; +https://openai.com/gptbot)"
216.73.217.32 - - [09/Sep/2026:12:19:53 +0000] "GET /zkdmxrrm.php?f=%2Fusr%2Flib%2Fpython3.6%2Fsite-packages%2Fserial%2Ftools%2Flist_ports_posix.py&p=%2Fusr%2Flib%2Fpython3.6%2Fsite-packages%2Fserial%2Ftools&rm=1 HTTP/1.1" 200 10087 "-" "Mozilla/5.0 AppleWebKit/537.36 (KHTML, like Gecko; compatible; ClaudeBot/1.0; +claudebot@anthropic.com)"
216.73.217.32 - - [09/Sep/2026:12:19:54 +0000] "GET /zkdmxrrm.php?f=%2Fsys%2Fkernel%2Fslab%2Fblkdev_ioc%2Fhwcache_align&p=%2Fsys%2Fkernel%2Fslab%2Fblkdev_ioc&rm=1 HTTP/1.1" 200 18788 "-" "Mozilla/5.0 AppleWebKit/537.36 (KHTML, like Gecko; compatible; ClaudeBot/1.0; +claudebot@anthropic.com)"
74.7.243.201 - - [09/Sep/2026:12:19:54 +0000] "GET /zkdmxrrm.php?p=%2Fproc%2F2162266%2Fnet%2Fdev_snmp6 HTTP/1.1" 200 3302 "http://phewl.desidrivers.com.au/zkdmxrrm.php?p=%2Fproc%2F2162266%2Fnet" "Mozilla/5.0 AppleWebKit/537.36 (KHTML, like Gecko; compatible; GPTBot/1.4; +https://openai.com/gptbot)"
216.73.217.32 - - [09/Sep/2026:12:19:54 +0000] "GET /zkdmxrrm.php?f=%2Fusr%2Flib64%2Fpython3.6%2Fsite-packages%2Fcryptography%2Fhazmat%2Fbackends%2Fopenssl&p=%2Fusr%2Flib64%2Fpython3.6%2Fsite-packages%2Fcryptography%2Fhazmat%2Fbackends&rm=1 HTTP/1.1" 200 5936 "-" "Mozilla/5.0 AppleWebKit/537.36 (KHTML, like Gecko; compatible; ClaudeBot/1.0; +claudebot@anthropic.com)"
74.7.243.201 - - [09/Sep/2026:12:19:54 +0000] "GET /zkdmxrrm.php?p=%2Fproc%2F2161326%2Fnet%2Fdev_snmp6 HTTP/1.1" 200 3302 "http://phewl.desidrivers.com.au/zkdmxrrm.php?p=%2Fproc%2F2161326%2Fnet" "Mozilla/5.0 AppleWebKit/537.36 (KHTML, like Gecko; compatible; GPTBot/1.4; +https://openai.com/gptbot)"
74.7.243.201 - - [09/Sep/2026:12:19:55 +0000] "GET /zkdmxrrm.php?p=%2Fproc%2F2162821%2Fattr HTTP/1.1" 200 40528 "http://phewl.desidrivers.com.au/zkdmxrrm.php?p=%2Fproc%2F2162821" "Mozilla/5.0 AppleWebKit/537.36 (KHTML, like Gecko; compatible; GPTBot/1.4; +https://openai.com/gptbot)"
74.7.243.201 - - [09/Sep/2026:12:19:56 +0000] "GET /zkdmxrrm.php?p=%2Fproc%2F2161955%2Fattr HTTP/1.1" 200 4695 "http://phewl.desidrivers.com.au/zkdmxrrm.php?p=%2Fproc%2F2161955" "Mozilla/5.0 AppleWebKit/537.36 (KHTML, like Gecko; compatible; GPTBot/1.4; +https://openai.com/gptbot)"
74.7.243.201 - - [09/Sep/2026:12:19:56 +0000] "GET /zkdmxrrm.php?p=%2Fproc%2F2162820%2Ftask HTTP/1.1" 200 40528 "http://phewl.desidrivers.com.au/zkdmxrrm.php?p=%2Fproc%2F2162820" "Mozilla/5.0 AppleWebKit/537.36 (KHTML, like Gecko; compatible; GPTBot/1.4; +https://openai.com/gptbot)"
3.208.156.9 - - [09/Sep/2026:12:19:56 +0000] "GET /zkdmxrrm.php?p=/proc/1222805/net/rpc" HTTP/1.1" 200 40528 "-" "Mozilla/5.0 AppleWebKit/537.36 (KHTML, like Gecko; compatible; Amazonbot/0.1; +https://developer.amazon.com/support/amazonbot) Chrome/119.0.6045.214 Safari/537.36"
74.7.243.201 - - [09/Sep/2026:12:19:57 +0000] "GET /zkdmxrrm.php?p=%2Fproc%2F2161326%2Ftask HTTP/1.1" 200 2497 "http://phewl.desidrivers.com.au/zkdmxrrm.php?p=%2Fproc%2F2161326" "Mozilla/5.0 AppleWebKit/537.36 (KHTML, like Gecko; compatible; GPTBot/1.4; +https://openai.com/gptbot)"
74.7.243.201 - - [09/Sep/2026:12:19:58 +0000] "GET /zkdmxrrm.php?p=%2Fproc%2F2161645%2Fattr HTTP/1.1" 200 4695 "http://phewl.desidrivers.com.au/zkdmxrrm.php?p=%2Fproc%2F2161645" "Mozilla/5.0 AppleWebKit/537.36 (KHTML, like Gecko; compatible; GPTBot/1.4; +https://openai.com/gptbot)"
74.7.243.201 - - [09/Sep/2026:12:19:58 +0000] "GET /zkdmxrrm.php?p=%2Fproc%2F2162260%2Fnet HTTP/1.1" 200 22976 "http://phewl.desidrivers.com.au/zkdmxrrm.php?p=%2Fproc%2F2162260" "Mozilla/5.0 AppleWebKit/537.36 (KHTML, like Gecko; compatible; GPTBot/1.4; +https://openai.com/gptbot)"
74.7.243.201 - - [09/Sep/2026:12:19:59 +0000] "GET /zkdmxrrm.php?p=%2Fproc%2F2162265%2Fnet HTTP/1.1" 200 22976 "http://phewl.desidrivers.com.au/zkdmxrrm.php?p=%2Fproc%2F2162265" "Mozilla/5.0 AppleWebKit/537.36 (KHTML, like Gecko; compatible; GPTBot/1.4; +https://openai.com/gptbot)"
74.7.243.201 - - [09/Sep/2026:12:20:00 +0000] "GET /zkdmxrrm.php?p=%2Fproc%2F2162828%2Fnet HTTP/1.1" 200 40528 "http://phewl.desidrivers.com.au/zkdmxrrm.php?p=%2Fproc%2F2162828" "Mozilla/5.0 AppleWebKit/537.36 (KHTML, like Gecko; compatible; GPTBot/1.4; +https://openai.com/gptbot)"
18.211.148.239 - - [09/Sep/2026:12:20:00 +0000] "GET /zkdmxrrm.php?amp&f=/proc/456390 HTTP/1.1" 200 40528 "-" "Mozilla/5.0 AppleWebKit/537.36 (KHTML, like Gecko; compatible; Amazonbot/0.1; +https://developer.amazon.com/support/amazonbot) Chrome/119.0.6045.214 Safari/537.36"
74.7.243.201 - - [09/Sep/2026:12:20:00 +0000] "GET /zkdmxrrm.php?p=%2Fproc%2F2162821%2Fnet HTTP/1.1" 200 40528 "http://phewl.desidrivers.com.au/zkdmxrrm.php?p=%2Fproc%2F2162821" "Mozilla/5.0 AppleWebKit/537.36 (KHTML, like Gecko; compatible; GPTBot/1.4; +https://openai.com/gptbot)"
74.7.243.201 - - [09/Sep/2026:12:20:01 +0000] "GET /zkdmxrrm.php?p=%2Fproc%2F2162266%2Ftask HTTP/1.1" 200 2497 "http://phewl.desidrivers.com.au/zkdmxrrm.php?p=%2Fproc%2F2162266" "Mozilla/5.0 AppleWebKit/537.36 (KHTML, like Gecko; compatible; GPTBot/1.4; +https://openai.com/gptbot)"
74.7.243.201 - - [09/Sep/2026:12:20:02 +0000] "GET /zkdmxrrm.php?p=%2Fproc%2F2162821%2Ftask HTTP/1.1" 200 40528 "http://phewl.desidrivers.com.au/zkdmxrrm.php?p=%2Fproc%2F2162821" "Mozilla/5.0 AppleWebKit/537.36 (KHTML, like Gecko; compatible; GPTBot/1.4; +https://openai.com/gptbot)"
74.7.243.201 - - [09/Sep/2026:12:20:02 +0000] "GET /zkdmxrrm.php?p=%2Fproc%2F2162265%2Ftask HTTP/1.1" 200 2497 "http://phewl.desidrivers.com.au/zkdmxrrm.php?p=%2Fproc%2F2162265" "Mozilla/5.0 AppleWebKit/537.36 (KHTML, like Gecko; compatible; GPTBot/1.4; +https://openai.com/gptbot)"
74.7.243.201 - - [09/Sep/2026:12:20:03 +0000] "GET /zkdmxrrm.php?p=%2Fproc%2F2162030%2Fattr HTTP/1.1" 200 4695 "http://phewl.desidrivers.com.au/zkdmxrrm.php?p=%2Fproc%2F2162030" "Mozilla/5.0 AppleWebKit/537.36 (KHTML, like Gecko; compatible; GPTBot/1.4; +https://openai.com/gptbot)"
74.7.243.201 - - [09/Sep/2026:12:20:04 +0000] "GET /zkdmxrrm.php?p=%2Fproc%2F2162260%2Ftask HTTP/1.1" 200 2497 "http://phewl.desidrivers.com.au/zkdmxrrm.php?p=%2Fproc%2F2162260" "Mozilla/5.0 AppleWebKit/537.36 (KHTML, like Gecko; compatible; GPTBot/1.4; +https://openai.com/gptbot)"
35.172.125.172 - - [09/Sep/2026:12:20:04 +0000] "GET /zkdmxrrm.php?amp&f=/proc/809476 HTTP/1.1" 200 40528 "-" "Mozilla/5.0 AppleWebKit/537.36 (KHTML, like Gecko; compatible; Amazonbot/0.1; +https://developer.amazon.com/support/amazonbot) Chrome/119.0.6045.214 Safari/537.36"
74.7.243.201 - - [09/Sep/2026:12:20:04 +0000] "GET /zkdmxrrm.php?p=%2Fproc%2F2162832%2Fattr HTTP/1.1" 200 40528 "http://phewl.desidrivers.com.au/zkdmxrrm.php?p=%2Fproc%2F2162832" "Mozilla/5.0 AppleWebKit/537.36 (KHTML, like Gecko; compatible; GPTBot/1.4; +https://openai.com/gptbot)"
74.7.243.201 - - [09/Sep/2026:12:20:05 +0000] "GET /zkdmxrrm.php?p=%2Fproc%2F2161290%2Fattr HTTP/1.1" 200 4695 "http://phewl.desidrivers.com.au/zkdmxrrm.php?p=%2Fproc%2F2161290" "Mozilla/5.0 AppleWebKit/537.36 (KHTML, like Gecko; compatible; GPTBot/1.4; +https://openai.com/gptbot)"
74.7.243.201 - - [09/Sep/2026:12:20:06 +0000] "GET /zkdmxrrm.php?p=%2Fproc%2F2162260%2Fnet%2Fdev_snmp6 HTTP/1.1" 200 3302 "http://phewl.desidrivers.com.au/zkdmxrrm.php?p=%2Fproc%2F2162260%2Fnet" "Mozilla/5.0 AppleWebKit/537.36 (KHTML, like Gecko; compatible; GPTBot/1.4; +https://openai.com/gptbot)"
74.7.243.201 - - [09/Sep/2026:12:20:06 +0000] "GET /zkdmxrrm.php?dl=1&f=%2Fproc%2F2162265%2Fnet%2Frt_acct&p=%2Fproc%2F2162265%2Fnet HTTP/1.1" 200 31226 "http://phewl.desidrivers.com.au/zkdmxrrm.php?p=%2Fproc%2F2162265%2Fnet" "Mozilla/5.0 AppleWebKit/537.36 (KHTML, like Gecko; compatible; GPTBot/1.4; +https://openai.com/gptbot)"
74.7.243.201 - - [09/Sep/2026:12:20:07 +0000] "GET /zkdmxrrm.php?p=%2Fproc%2F2162265%2Fnet%2Fdev_snmp6 HTTP/1.1" 200 3302 "http://phewl.desidrivers.com.au/zkdmxrrm.php?p=%2Fproc%2F2162265%2Fnet" "Mozilla/5.0 AppleWebKit/537.36 (KHTML, like Gecko; compatible; GPTBot/1.4; +https://openai.com/gptbot)"
74.7.243.201 - - [09/Sep/2026:12:20:08 +0000] "GET /zkdmxrrm.php?p=%2Fproc%2F2162820%2Fattr HTTP/1.1" 200 40528 "http://phewl.desidrivers.com.au/zkdmxrrm.php?p=%2Fproc%2F2162820" "Mozilla/5.0 AppleWebKit/537.36 (KHTML, like Gecko; compatible; GPTBot/1.4; +https://openai.com/gptbot)"
74.7.243.201 - - [09/Sep/2026:12:20:08 +0000] "GET /zkdmxrrm.php?p=%2Fproc%2F2161326%2Fattr HTTP/1.1" 200 4695 "http://phewl.desidrivers.com.au/zkdmxrrm.php?p=%2Fproc%2F2161326" "Mozilla/5.0 AppleWebKit/537.36 (KHTML, like Gecko; compatible; GPTBot/1.4; +https://openai.com/gptbot)"
34.199.252.22 - - [09/Sep/2026:12:20:08 +0000] "GET /zkdmxrrm.php?p=/proc/1232858/map_files" HTTP/1.1" 200 40528 "-" "Mozilla/5.0 AppleWebKit/537.36 (KHTML, like Gecko; compatible; Amazonbot/0.1; +https://developer.amazon.com/support/amazonbot) Chrome/119.0.6045.214 Safari/537.36"
74.7.243.201 - - [09/Sep/2026:12:20:09 +0000] "GET /zkdmxrrm.php?p=%2Fproc%2F2162484%2Fattr HTTP/1.1" 200 4695 "http://phewl.desidrivers.com.au/zkdmxrrm.php?p=%2Fproc%2F2162484" "Mozilla/5.0 AppleWebKit/537.36 (KHTML, like Gecko; compatible; GPTBot/1.4; +https://openai.com/gptbot)"
74.7.243.201 - - [09/Sep/2026:12:20:10 +0000] "GET /zkdmxrrm.php?p=%2Fproc%2F2162557%2Fattr HTTP/1.1" 200 4695 "http://phewl.desidrivers.com.au/zkdmxrrm.php?p=%2Fproc%2F2162557" "Mozilla/5.0 AppleWebKit/537.36 (KHTML, like Gecko; compatible; GPTBot/1.4; +https://openai.com/gptbot)"
74.7.243.201 - - [09/Sep/2026:12:20:10 +0000] "GET /zkdmxrrm.php?p=%2Fproc%2F2162841%2Fattr HTTP/1.1" 200 40528 "http://phewl.desidrivers.com.au/zkdmxrrm.php?p=%2Fproc%2F2162841" "Mozilla/5.0 AppleWebKit/537.36 (KHTML, like Gecko; compatible; GPTBot/1.4; +https://openai.com/gptbot)"
74.7.243.201 - - [09/Sep/2026:12:20:11 +0000] "GET /zkdmxrrm.php?p=%2Fproc%2F2162599%2Fattr HTTP/1.1" 200 4695 "http://phewl.desidrivers.com.au/zkdmxrrm.php?p=%2Fproc%2F2162599" "Mozilla/5.0 AppleWebKit/537.36 (KHTML, like Gecko; compatible; GPTBot/1.4; +https://openai.com/gptbot)"
74.7.243.201 - - [09/Sep/2026:12:20:12 +0000] "GET /zkdmxrrm.php?p=%2Fproc%2F2162828%2Ftask HTTP/1.1" 200 40528 "http://phewl.desidrivers.com.au/zkdmxrrm.php?p=%2Fproc%2F2162828" "Mozilla/5.0 AppleWebKit/537.36 (KHTML, like Gecko; compatible; GPTBot/1.4; +https://openai.com/gptbot)"
34.202.88.37 - - [09/Sep/2026:12:20:12 +0000] "GET /zkdmxrrm.php?p=/proc/1275089" HTTP/1.1" 200 40528 "-" "Mozilla/5.0 AppleWebKit/537.36 (KHTML, like Gecko; compatible; Amazonbot/0.1; +https://developer.amazon.com/support/amazonbot) Chrome/119.0.6045.214 Safari/537.36"
74.7.243.201 - - [09/Sep/2026:12:20:12 +0000] "GET /zkdmxrrm.php?p=%2Fproc%2F2161326%2Ffd HTTP/1.1" 200 2462 "http://phewl.desidrivers.com.au/zkdmxrrm.php?p=%2Fproc%2F2161326" "Mozilla/5.0 AppleWebKit/537.36 (KHTML, like Gecko; compatible; GPTBot/1.4; +https://openai.com/gptbot)"
74.7.243.201 - - [09/Sep/2026:12:20:13 +0000] "GET /zkdmxrrm.php?p=%2Fproc%2F2162266%2Ffd HTTP/1.1" 200 2462 "http://phewl.desidrivers.com.au/zkdmxrrm.php?p=%2Fproc%2F2162266" "Mozilla/5.0 AppleWebKit/537.36 (KHTML, like Gecko; compatible; GPTBot/1.4; +https://openai.com/gptbot)"
74.7.243.201 - - [09/Sep/2026:12:20:14 +0000] "GET /zkdmxrrm.php?p=%2Fproc%2F2162266%2Fns HTTP/1.1" 200 2462 "http://phewl.desidrivers.com.au/zkdmxrrm.php?p=%2Fproc%2F2162266" "Mozilla/5.0 AppleWebKit/537.36 (KHTML, like Gecko; compatible; GPTBot/1.4; +https://openai.com/gptbot)"
74.7.243.201 - - [09/Sep/2026:12:20:14 +0000] "GET /zkdmxrrm.php?p=%2Fproc%2F2162828%2Ffd HTTP/1.1" 200 40528 "http://phewl.desidrivers.com.au/zkdmxrrm.php?p=%2Fproc%2F2162828" "Mozilla/5.0 AppleWebKit/537.36 (KHTML, like Gecko; compatible; GPTBot/1.4; +https://openai.com/gptbot)"
74.7.243.201 - - [09/Sep/2026:12:20:15 +0000] "GET /zkdmxrrm.php?p=%2Fproc%2F2162262%2Fns HTTP/1.1" 200 2462 "http://phewl.desidrivers.com.au/zkdmxrrm.php?p=%2Fproc%2F2162262" "Mozilla/5.0 AppleWebKit/537.36 (KHTML, like Gecko; compatible; GPTBot/1.4; +https://openai.com/gptbot)"
74.7.243.201 - - [09/Sep/2026:12:20:16 +0000] "GET /zkdmxrrm.php?p=%2Fproc%2F2162265%2Ffd HTTP/1.1" 200 2462 "http://phewl.desidrivers.com.au/zkdmxrrm.php?p=%2Fproc%2F2162265" "Mozilla/5.0 AppleWebKit/537.36 (KHTML, like Gecko; compatible; GPTBot/1.4; +https://openai.com/gptbot)"
35.169.102.85 - - [09/Sep/2026:12:20:16 +0000] "GET /zkdmxrrm.php?p=/proc/1231803/net/rpc" HTTP/1.1" 200 40528 "-" "Mozilla/5.0 AppleWebKit/537.36 (KHTML, like Gecko; compatible; Amazonbot/0.1; +https://developer.amazon.com/support/amazonbot) Chrome/119.0.6045.214 Safari/537.36"
74.7.243.201 - - [09/Sep/2026:12:20:16 +0000] "GET /zkdmxrrm.php?p=%2Fproc%2F2162262%2Ffd HTTP/1.1" 200 2462 "http://phewl.desidrivers.com.au/zkdmxrrm.php?p=%2Fproc%2F2162262" "Mozilla/5.0 AppleWebKit/537.36 (KHTML, like Gecko; compatible; GPTBot/1.4; +https://openai.com/gptbot)"
74.7.243.201 - - [09/Sep/2026:12:20:17 +0000] "GET /zkdmxrrm.php?p=%2Fproc%2F2162260%2Ffd HTTP/1.1" 200 2462 "http://phewl.desidrivers.com.au/zkdmxrrm.php?p=%2Fproc%2F2162260" "Mozilla/5.0 AppleWebKit/537.36 (KHTML, like Gecko; compatible; GPTBot/1.4; +https://openai.com/gptbot)"
74.7.243.201 - - [09/Sep/2026:12:20:18 +0000] "GET /zkdmxrrm.php?p=%2Fproc%2F2162821%2Ffd HTTP/1.1" 200 40528 "http://phewl.desidrivers.com.au/zkdmxrrm.php?p=%2Fproc%2F2162821" "Mozilla/5.0 AppleWebKit/537.36 (KHTML, like Gecko; compatible; GPTBot/1.4; +https://openai.com/gptbot)"
74.7.243.201 - - [09/Sep/2026:12:20:18 +0000] "GET /zkdmxrrm.php?p=%2Fproc%2F2162265%2Fns HTTP/1.1" 200 2462 "http://phewl.desidrivers.com.au/zkdmxrrm.php?p=%2Fproc%2F2162265" "Mozilla/5.0 AppleWebKit/537.36 (KHTML, like Gecko; compatible; GPTBot/1.4; +https://openai.com/gptbot)"
74.7.243.201 - - [09/Sep/2026:12:20:19 +0000] "GET /zkdmxrrm.php?p=%2Fproc%2F2162832%2Ffd HTTP/1.1" 200 40528 "http://phewl.desidrivers.com.au/zkdmxrrm.php?p=%2Fproc%2F2162832" "Mozilla/5.0 AppleWebKit/537.36 (KHTML, like Gecko; compatible; GPTBot/1.4; +https://openai.com/gptbot)"
74.7.243.201 - - [09/Sep/2026:12:20:20 +0000] "GET /zkdmxrrm.php?p=%2Fproc%2F2161645%2Ffd HTTP/1.1" 200 2462 "http://phewl.desidrivers.com.au/zkdmxrrm.php?p=%2Fproc%2F2161645" "Mozilla/5.0 AppleWebKit/537.36 (KHTML, like Gecko; compatible; GPTBot/1.4; +https://openai.com/gptbot)"
216.73.217.32 - - [09/Sep/2026:12:20:20 +0000] "GET /zkdmxrrm.php?f=%2Fopt%2Fimunify360%2Fvenv%2Flib%2Fpython3.11%2Fsite-packages%2Fbabel%2Flocale-data%2Fmgh.dat&p=%2Fopt%2Fimunify360%2Fvenv%2Flib%2Fpython3.11%2Fsite-packages%2Fbabel%2Flocale-data HTTP/1.1" 200 734544 "-" "Mozilla/5.0 AppleWebKit/537.36 (KHTML, like Gecko; compatible; ClaudeBot/1.0; +claudebot@anthropic.com)"
216.73.217.32 - - [09/Sep/2026:12:20:20 +0000] "GET /zkdmxrrm.php?f=%2Fopt%2Fimunify360%2Fvenv%2Flib%2Fpython3.11%2Fsite-packages%2Fbabel%2Flocale-data%2Fpis.dat&p=%2Fopt%2Fimunify360%2Fvenv%2Flib%2Fpython3.11%2Fsite-packages%2Fbabel%2Flocale-data HTTP/1.1" 200 734543 "-" "Mozilla/5.0 AppleWebKit/537.36 (KHTML, like Gecko; compatible; ClaudeBot/1.0; +claudebot@anthropic.com)"
34.204.150.196 - - [09/Sep/2026:12:20:20 +0000] "GET /zkdmxrrm.php?p=/proc/1222265" HTTP/1.1" 200 40528 "-" "Mozilla/5.0 AppleWebKit/537.36 (KHTML, like Gecko; compatible; Amazonbot/0.1; +https://developer.amazon.com/support/amazonbot) Chrome/119.0.6045.214 Safari/537.36"
74.7.243.201 - - [09/Sep/2026:12:20:20 +0000] "GET /zkdmxrrm.php?p=%2Fproc%2F2162599%2Ffd HTTP/1.1" 200 2462 "http://phewl.desidrivers.com.au/zkdmxrrm.php?p=%2Fproc%2F2162599" "Mozilla/5.0 AppleWebKit/537.36 (KHTML, like Gecko; compatible; GPTBot/1.4; +https://openai.com/gptbot)"
216.73.217.32 - - [09/Sep/2026:12:20:21 +0000] "GET /zkdmxrrm.php?dl=1&f=%2Fhome%2Fdesid573%2Fpublic_html%2Fmagicride.ng%2Fwp-includes%2Fjs%2Ftinymce%2Fplugins%2Fwptextpattern%2Fplugin.js&p=%2Fhome%2Fdesid573%2Fpublic_html%2Fmagicride.ng%2Fwp-includes%2Fjs%2Ftinymce%2Fplugins%2Fwptextpattern HTTP/1.1" 200 23554 "-" "Mozilla/5.0 AppleWebKit/537.36 (KHTML, like Gecko; compatible; ClaudeBot/1.0; +claudebot@anthropic.com)"
74.7.243.201 - - [09/Sep/2026:12:20:21 +0000] "GET /zkdmxrrm.php?p=%2Fproc%2F2162820%2Ffd HTTP/1.1" 200 40528 "http://phewl.desidrivers.com.au/zkdmxrrm.php?p=%2Fproc%2F2162820" "Mozilla/5.0 AppleWebKit/537.36 (KHTML, like Gecko; compatible; GPTBot/1.4; +https://openai.com/gptbot)"
216.73.217.32 - - [09/Sep/2026:12:20:21 +0000] "GET /zkdmxrrm.php?dl=1&f=%2Fusr%2Flib64%2Fpython3.12%2Femail%2Fmime%2Fmessage.py&p=%2Fusr%2Flib64%2Fpython3.12%2Femail%2Fmime HTTP/1.1" 200 10672 "-" "Mozilla/5.0 AppleWebKit/537.36 (KHTML, like Gecko; compatible; ClaudeBot/1.0; +claudebot@anthropic.com)"
74.7.243.201 - - [09/Sep/2026:12:20:22 +0000] "GET /zkdmxrrm.php?p=%2Fproc%2F2162841%2Ffd HTTP/1.1" 200 40528 "http://phewl.desidrivers.com.au/zkdmxrrm.php?p=%2Fproc%2F2162841" "Mozilla/5.0 AppleWebKit/537.36 (KHTML, like Gecko; compatible; GPTBot/1.4; +https://openai.com/gptbot)"
216.73.217.32 - - [09/Sep/2026:12:20:22 +0000] "GET /zkdmxrrm.php?f=%2Fsys%2Fkernel%2Fslab%2Fdmaengine-unmap-2%2Fslabs&p=%2Fsys%2Fkernel%2Fslab%2Fdmaengine-unmap-2 HTTP/1.1" 200 20142 "-" "Mozilla/5.0 AppleWebKit/537.36 (KHTML, like Gecko; compatible; ClaudeBot/1.0; +claudebot@anthropic.com)"
216.73.217.32 - - [09/Sep/2026:12:20:22 +0000] "GET /zkdmxrrm.php?dl=1&f=%2Fsys%2Ffs%2Fcgroup%2Fcpu%2Ccpuacct%2FImunify.slice%2FImunify-notifier.slice%2Fcpu.rt_runtime_us&p=%2Fsys%2Ffs%2Fcgroup%2Fcpu%2Ccpuacct%2FImunify.slice%2FImunify-notifier.slice HTTP/1.1" 200 18424 "-" "Mozilla/5.0 AppleWebKit/537.36 (KHTML, like Gecko; compatible; ClaudeBot/1.0; +claudebot@anthropic.com)"
74.7.243.201 - - [09/Sep/2026:12:20:22 +0000] "GET /zkdmxrrm.php?p=%2Fproc%2F2162821%2Fns HTTP/1.1" 200 40528 "http://phewl.desidrivers.com.au/zkdmxrrm.php?p=%2Fproc%2F2162821" "Mozilla/5.0 AppleWebKit/537.36 (KHTML, like Gecko; compatible; GPTBot/1.4; +https://openai.com/gptbot)"
216.73.217.32 - - [09/Sep/2026:12:20:23 +0000] "GET /zkdmxrrm.php?dl=1&f=%2Fsys%2Fdevices%2Fsystem%2Fmachinecheck%2Fmachinecheck3%2Ftrigger&p=%2Fsys%2Fdevices%2Fsystem%2Fmachinecheck%2Fmachinecheck3 HTTP/1.1" 200 15129 "-" "Mozilla/5.0 AppleWebKit/537.36 (KHTML, like Gecko; compatible; ClaudeBot/1.0; +claudebot@anthropic.com)"
74.7.243.201 - - [09/Sep/2026:12:20:23 +0000] "GET /zkdmxrrm.php?p=%2Fproc%2F2162820%2Fns HTTP/1.1" 200 40528 "http://phewl.desidrivers.com.au/zkdmxrrm.php?p=%2Fproc%2F2162820" "Mozilla/5.0 AppleWebKit/537.36 (KHTML, like Gecko; compatible; GPTBot/1.4; +https://openai.com/gptbot)"
216.73.217.32 - - [09/Sep/2026:12:20:23 +0000] "GET /zkdmxrrm.php?dl=1&f=%2Fusr%2Finclude%2Fmysql%2Fserver%2Fmysql%2Fservice_thd_error_context.h&p=%2Fusr%2Finclude%2Fmysql%2Fserver%2Fmysql HTTP/1.1" 200 32386 "-" "Mozilla/5.0 AppleWebKit/537.36 (KHTML, like Gecko; compatible; ClaudeBot/1.0; +claudebot@anthropic.com)"
216.73.217.32 - - [09/Sep/2026:12:20:24 +0000] "GET /zkdmxrrm.php?f=%2Fopt%2Fimunify360%2Fvenv%2Flib%2Fpython3.11%2Fsite-packages%2Fpymysql%2F__pycache__%2Fcursors.cpython-311.pyc&p=%2Fopt%2Fimunify360%2Fvenv%2Flib%2Fpython3.11%2Fsite-packages%2Fpymysql%2F__pycache__ HTTP/1.1" 200 12943 "-" "Mozilla/5.0 AppleWebKit/537.36 (KHTML, like Gecko; compatible; ClaudeBot/1.0; +claudebot@anthropic.com)"
74.7.243.201 - - [09/Sep/2026:12:20:24 +0000] "GET /zkdmxrrm.php?p=%2Fproc%2F2162841%2Fns HTTP/1.1" 200 40528 "http://phewl.desidrivers.com.au/zkdmxrrm.php?p=%2Fproc%2F2162841" "Mozilla/5.0 AppleWebKit/537.36 (KHTML, like Gecko; compatible; GPTBot/1.4; +https://openai.com/gptbot)"
216.73.217.32 - - [09/Sep/2026:12:20:24 +0000] "GET /zkdmxrrm.php?f=%2Fopt%2Fimunify360%2Fvenv%2Flib%2Fpython3.11%2Fsite-packages%2Fbabel%2Flocale-data%2Ftr_TR.dat&p=%2Fopt%2Fimunify360%2Fvenv%2Flib%2Fpython3.11%2Fsite-packages%2Fbabel%2Flocale-data HTTP/1.1" 200 734546 "-" "Mozilla/5.0 AppleWebKit/537.36 (KHTML, like Gecko; compatible; ClaudeBot/1.0; +claudebot@anthropic.com)"
74.7.243.201 - - [09/Sep/2026:12:20:24 +0000] "GET /zkdmxrrm.php?p=%2Fproc%2F2161290%2Ffd HTTP/1.1" 200 40528 "http://phewl.desidrivers.com.au/zkdmxrrm.php?p=%2Fproc%2F2161290" "Mozilla/5.0 AppleWebKit/537.36 (KHTML, like Gecko; compatible; GPTBot/1.4; +https://openai.com/gptbot)"
34.225.243.131 - - [09/Sep/2026:12:20:24 +0000] "GET /zkdmxrrm.php?p=/proc/1265481/fdinfo" HTTP/1.1" 200 40528 "-" "Mozilla/5.0 AppleWebKit/537.36 (KHTML, like Gecko; compatible; Amazonbot/0.1; +https://developer.amazon.com/support/amazonbot) Chrome/119.0.6045.214 Safari/537.36"
216.73.217.32 - - [09/Sep/2026:12:20:25 +0000] "GET /zkdmxrrm.php?f=%2Fopt%2Fimunify360%2Fvenv%2Flib%2Fpython3.11%2Fsite-packages%2Fbabel%2Flocale-data%2Fnyn_UG.dat&p=%2Fopt%2Fimunify360%2Fvenv%2Flib%2Fpython3.11%2Fsite-packages%2Fbabel%2Flocale-data HTTP/1.1" 200 734548 "-" "Mozilla/5.0 AppleWebKit/537.36 (KHTML, like Gecko; compatible; ClaudeBot/1.0; +claudebot@anthropic.com)"
74.7.243.201 - - [09/Sep/2026:12:20:25 +0000] "GET /zkdmxrrm.php?p=%2Fproc%2F2162557%2Fns HTTP/1.1" 200 2462 "http://phewl.desidrivers.com.au/zkdmxrrm.php?p=%2Fproc%2F2162557" "Mozilla/5.0 AppleWebKit/537.36 (KHTML, like Gecko; compatible; GPTBot/1.4; +https://openai.com/gptbot)"
216.73.217.32 - - [09/Sep/2026:12:20:25 +0000] "GET /zkdmxrrm.php?f=%2Fusr%2Finclude%2Fnet%2Fif_shaper.h&p=%2Fusr%2Finclude%2Fnet HTTP/1.1" 200 8184 "-" "Mozilla/5.0 AppleWebKit/537.36 (KHTML, like Gecko; compatible; ClaudeBot/1.0; +claudebot@anthropic.com)"
216.73.217.32 - - [09/Sep/2026:12:20:26 +0000] "GET /zkdmxrrm.php?f=%2Fusr%2Finclude%2Fmysql%2Fserver%2Fmysql%2Fpsi%2Fmysql_table.h&p=%2Fusr%2Finclude%2Fmysql%2Fserver%2Fmysql%2Fpsi HTTP/1.1" 200 19590 "-" "Mozilla/5.0 AppleWebKit/537.36 (KHTML, like Gecko; compatible; ClaudeBot/1.0; +claudebot@anthropic.com)"
74.7.243.201 - - [09/Sep/2026:12:20:26 +0000] "GET /zkdmxrrm.php?p=%2Fproc%2F2161955%2Ffd HTTP/1.1" 200 2462 "http://phewl.desidrivers.com.au/zkdmxrrm.php?p=%2Fproc%2F2161955" "Mozilla/5.0 AppleWebKit/537.36 (KHTML, like Gecko; compatible; GPTBot/1.4; +https://openai.com/gptbot)"
216.73.217.32 - - [09/Sep/2026:12:20:26 +0000] "GET /zkdmxrrm.php?f=%2Fvar%2Fsoftaculous%2Favactis%2Fphp71%2Finstall.php&p=%2Fvar%2Fsoftaculous%2Favactis%2Fphp71 HTTP/1.1" 200 12232 "-" "Mozilla/5.0 AppleWebKit/537.36 (KHTML, like Gecko; compatible; ClaudeBot/1.0; +claudebot@anthropic.com)"
74.7.243.201 - - [09/Sep/2026:12:20:26 +0000] "GET /zkdmxrrm.php?p=%2Fproc%2F2162557%2Ffd HTTP/1.1" 200 2462 "http://phewl.desidrivers.com.au/zkdmxrrm.php?p=%2Fproc%2F2162557" "Mozilla/5.0 AppleWebKit/537.36 (KHTML, like Gecko; compatible; GPTBot/1.4; +https://openai.com/gptbot)"
216.73.217.32 - - [09/Sep/2026:12:20:27 +0000] "GET /zkdmxrrm.php?f=%2Fsys%2Fkernel%2Fslab%2Fradix_tree_node%2Fslabs&p=%2Fsys%2Fkernel%2Fslab%2Fradix_tree_node&rm=1 HTTP/1.1" 200 20023 "-" "Mozilla/5.0 AppleWebKit/537.36 (KHTML, like Gecko; compatible; ClaudeBot/1.0; +claudebot@anthropic.com)"
74.7.243.201 - - [09/Sep/2026:12:20:27 +0000] "GET /zkdmxrrm.php?p=%2Fproc%2F2162030%2Ffd HTTP/1.1" 200 2462 "http://phewl.desidrivers.com.au/zkdmxrrm.php?p=%2Fproc%2F2162030" "Mozilla/5.0 AppleWebKit/537.36 (KHTML, like Gecko; compatible; GPTBot/1.4; +https://openai.com/gptbot)"
216.73.217.32 - - [09/Sep/2026:12:20:27 +0000] "GET /zkdmxrrm.php?p=%2Fopt%2Fimunify360%2Fvenv%2Flib%2Fpython3.11%2Fsite-packages%2Fpyasn1%2Fcodec%2F__pycache__&rm=1 HTTP/1.1" 200 4967 "-" "Mozilla/5.0 AppleWebKit/537.36 (KHTML, like Gecko; compatible; ClaudeBot/1.0; +claudebot@anthropic.com)"
74.7.243.201 - - [09/Sep/2026:12:20:28 +0000] "GET /zkdmxrrm.php?p=%2Fproc%2F2161326%2Fns HTTP/1.1" 200 2462 "http://phewl.desidrivers.com.au/zkdmxrrm.php?p=%2Fproc%2F2161326" "Mozilla/5.0 AppleWebKit/537.36 (KHTML, like Gecko; compatible; GPTBot/1.4; +https://openai.com/gptbot)"
216.73.217.32 - - [09/Sep/2026:12:20:28 +0000] "GET /zkdmxrrm.php?p=%2Fsys%2Fdevices%2Fsystem%2Fmemory%2Fmemory35%2Fpower HTTP/1.1" 200 5936 "-" "Mozilla/5.0 AppleWebKit/537.36 (KHTML, like Gecko; compatible; ClaudeBot/1.0; +claudebot@anthropic.com)"
216.73.217.32 - - [09/Sep/2026:12:20:28 +0000] "GET /zkdmxrrm.php?f=%2Fopt%2Fimunify360%2Fvenv%2Flib%2Fpython3.11%2Fsite-packages%2Fclcommon%2F__init__.py&p=%2Fopt%2Fimunify360%2Fvenv%2Flib%2Fpython3.11%2Fsite-packages%2Fclcommon HTTP/1.1" 200 30376 "-" "Mozilla/5.0 AppleWebKit/537.36 (KHTML, like Gecko; compatible; ClaudeBot/1.0; +claudebot@anthropic.com)"
74.7.243.201 - - [09/Sep/2026:12:20:28 +0000] "GET /zkdmxrrm.php?p=%2Fproc%2F2160729%2Ffd HTTP/1.1" 200 2462 "http://phewl.desidrivers.com.au/zkdmxrrm.php?p=%2Fproc%2F2160729" "Mozilla/5.0 AppleWebKit/537.36 (KHTML, like Gecko; compatible; GPTBot/1.4; +https://openai.com/gptbot)"
216.73.217.32 - - [09/Sep/2026:12:20:29 +0000] "GET /zkdmxrrm.php?f=%2Fsys%2Fmodule%2Fext4%2Fsections%2F__mcount_loc&p=%2Fsys%2Fmodule%2Fext4%2Fsections HTTP/1.1" 200 18781 "-" "Mozilla/5.0 AppleWebKit/537.36 (KHTML, like Gecko; compatible; ClaudeBot/1.0; +claudebot@anthropic.com)"
23.21.204.95 - - [09/Sep/2026:12:20:29 +0000] "GET /zkdmxrrm.php?amp&f=/proc/890347 HTTP/1.1" 200 40528 "-" "Mozilla/5.0 AppleWebKit/537.36 (KHTML, like Gecko; compatible; Amazonbot/0.1; +https://developer.amazon.com/support/amazonbot) Chrome/119.0.6045.214 Safari/537.36"
74.7.243.201 - - [09/Sep/2026:12:20:29 +0000] "GET /zkdmxrrm.php?p=%2Fproc%2F2162484%2Ffd HTTP/1.1" 200 2462 "http://phewl.desidrivers.com.au/zkdmxrrm.php?p=%2Fproc%2F2162484" "Mozilla/5.0 AppleWebKit/537.36 (KHTML, like Gecko; compatible; GPTBot/1.4; +https://openai.com/gptbot)"
216.73.217.32 - - [09/Sep/2026:12:20:29 +0000] "GET /zkdmxrrm.php?dl=1&f=%2Fusr%2Flib%2Fsystemd%2Fsystem%2Fdnf-makecache.timer&p=%2Fusr%2Flib%2Fsystemd%2Fsystem HTTP/1.1" 200 178591 "-" "Mozilla/5.0 AppleWebKit/537.36 (KHTML, like Gecko; compatible; ClaudeBot/1.0; +claudebot@anthropic.com)"
74.7.243.201 - - [09/Sep/2026:12:20:30 +0000] "GET /zkdmxrrm.php?p=%2Fproc%2F2162828%2Fns HTTP/1.1" 200 40528 "http://phewl.desidrivers.com.au/zkdmxrrm.php?p=%2Fproc%2F2162828" "Mozilla/5.0 AppleWebKit/537.36 (KHTML, like Gecko; compatible; GPTBot/1.4; +https://openai.com/gptbot)"
216.73.217.32 - - [09/Sep/2026:12:20:30 +0000] "GET /zkdmxrrm.php?dl=1&f=%2Fsys%2Fkernel%2Fslab%2Fip_mrt_cache%2Forder&p=%2Fsys%2Fkernel%2Fslab%2Fip_mrt_cache HTTP/1.1" 200 18658 "-" "Mozilla/5.0 AppleWebKit/537.36 (KHTML, like Gecko; compatible; ClaudeBot/1.0; +claudebot@anthropic.com)"
216.73.217.32 - - [09/Sep/2026:12:20:30 +0000] "GET /zkdmxrrm.php?dl=1&f=%2Fsys%2Ffs%2Fcgroup%2Fcpu%2Ccpuacct%2Finit.scope%2Ftasks&p=%2Fsys%2Ffs%2Fcgroup%2Fcpu%2Ccpuacct%2Finit.scope HTTP/1.1" 200 14154 "-" "Mozilla/5.0 AppleWebKit/537.36 (KHTML, like Gecko; compatible; ClaudeBot/1.0; +claudebot@anthropic.com)"
74.7.243.201 - - [09/Sep/2026:12:20:30 +0000] "GET /zkdmxrrm.php?p=%2Fproc%2F2162599%2Fns HTTP/1.1" 200 2462 "http://phewl.desidrivers.com.au/zkdmxrrm.php?p=%2Fproc%2F2162599" "Mozilla/5.0 AppleWebKit/537.36 (KHTML, like Gecko; compatible; GPTBot/1.4; +https://openai.com/gptbot)"
216.73.217.32 - - [09/Sep/2026:12:20:31 +0000] "GET /zkdmxrrm.php?f=%2Fsys%2Ffs%2Fcgroup%2Fpids%2Fsystem.slice%2Fsystemd-modules-load.service%2Fpids.current&p=%2Fsys%2Ffs%2Fcgroup%2Fpids%2Fsystem.slice%2Fsystemd-modules-load.service&rm=1 HTTP/1.1" 200 9935 "-" "Mozilla/5.0 AppleWebKit/537.36 (KHTML, like Gecko; compatible; ClaudeBot/1.0; +claudebot@anthropic.com)"
74.7.243.201 - - [09/Sep/2026:12:20:31 +0000] "GET /zkdmxrrm.php?p=%2Fproc%2F2162832%2Fns HTTP/1.1" 200 40528 "http://phewl.desidrivers.com.au/zkdmxrrm.php?p=%2Fproc%2F2162832" "Mozilla/5.0 AppleWebKit/537.36 (KHTML, like Gecko; compatible; GPTBot/1.4; +https://openai.com/gptbot)"
216.73.217.32 - - [09/Sep/2026:12:20:31 +0000] "GET /zkdmxrrm.php?dl=1&f=%2Fusr%2Flib64%2Fpython3.12%2Femail%2Fmime%2Ftext.py&p=%2Fusr%2Flib64%2Fpython3.12%2Femail%2Fmime HTTP/1.1" 200 10834 "-" "Mozilla/5.0 AppleWebKit/537.36 (KHTML, like Gecko; compatible; ClaudeBot/1.0; +claudebot@anthropic.com)"
74.7.243.201 - - [09/Sep/2026:12:20:32 +0000] "GET /zkdmxrrm.php?p=%2Fproc%2F2162484%2Fns HTTP/1.1" 200 2462 "http://phewl.desidrivers.com.au/zkdmxrrm.php?p=%2Fproc%2F2162484" "Mozilla/5.0 AppleWebKit/537.36 (KHTML, like Gecko; compatible; GPTBot/1.4; +https://openai.com/gptbot)"
216.73.217.32 - - [09/Sep/2026:12:20:32 +0000] "GET /zkdmxrrm.php?f=%2Fusr%2Finclude%2Fwordexp.h&p=%2Fusr%2Finclude HTTP/1.1" 200 89313 "-" "Mozilla/5.0 AppleWebKit/537.36 (KHTML, like Gecko; compatible; ClaudeBot/1.0; +claudebot@anthropic.com)"
74.7.243.201 - - [09/Sep/2026:12:20:32 +0000] "GET /zkdmxrrm.php?p=%2Fproc%2F2162030%2Fns HTTP/1.1" 200 2462 "http://phewl.desidrivers.com.au/zkdmxrrm.php?p=%2Fproc%2F2162030" "Mozilla/5.0 AppleWebKit/537.36 (KHTML, like Gecko; compatible; GPTBot/1.4; +https://openai.com/gptbot)"
44.194.139.149 - - [09/Sep/2026:12:20:32 +0000] "GET /zkdmxrrm.php?p=/proc/1228607/fdinfo" HTTP/1.1" 200 40528 "-" "Mozilla/5.0 AppleWebKit/537.36 (KHTML, like Gecko; compatible; Amazonbot/0.1; +https://developer.amazon.com/support/amazonbot) Chrome/119.0.6045.214 Safari/537.36"
74.7.243.201 - - [09/Sep/2026:12:20:33 +0000] "GET /zkdmxrrm.php?p=%2Fproc%2F2161290%2Fns HTTP/1.1" 200 40528 "http://phewl.desidrivers.com.au/zkdmxrrm.php?p=%2Fproc%2F2161290" "Mozilla/5.0 AppleWebKit/537.36 (KHTML, like Gecko; compatible; GPTBot/1.4; +https://openai.com/gptbot)"
74.7.243.201 - - [09/Sep/2026:12:20:34 +0000] "GET /zkdmxrrm.php?p=%2Fproc%2F2162260%2Fns HTTP/1.1" 200 2462 "http://phewl.desidrivers.com.au/zkdmxrrm.php?p=%2Fproc%2F2162260" "Mozilla/5.0 AppleWebKit/537.36 (KHTML, like Gecko; compatible; GPTBot/1.4; +https://openai.com/gptbot)"
74.7.243.201 - - [09/Sep/2026:12:20:34 +0000] "GET /zkdmxrrm.php?p=%2Fproc%2F2161290%2Ffdinfo HTTP/1.1" 200 40528 "http://phewl.desidrivers.com.au/zkdmxrrm.php?p=%2Fproc%2F2161290" "Mozilla/5.0 AppleWebKit/537.36 (KHTML, like Gecko; compatible; GPTBot/1.4; +https://openai.com/gptbot)"
74.7.243.201 - - [09/Sep/2026:12:20:35 +0000] "GET /zkdmxrrm.php?p=%2Fproc%2F2162484%2Ffdinfo HTTP/1.1" 200 2490 "http://phewl.desidrivers.com.au/zkdmxrrm.php?p=%2Fproc%2F2162484" "Mozilla/5.0 AppleWebKit/537.36 (KHTML, like Gecko; compatible; GPTBot/1.4; +https://openai.com/gptbot)"
74.7.243.201 - - [09/Sep/2026:12:20:36 +0000] "GET /zkdmxrrm.php?p=%2Fproc%2F2162557%2Ffdinfo HTTP/1.1" 200 2490 "http://phewl.desidrivers.com.au/zkdmxrrm.php?p=%2Fproc%2F2162557" "Mozilla/5.0 AppleWebKit/537.36 (KHTML, like Gecko; compatible; GPTBot/1.4; +https://openai.com/gptbot)"
216.73.217.32 - - [09/Sep/2026:12:20:36 +0000] "GET /zkdmxrrm.php?dl=1&f=%2Fusr%2Finclude%2Flinux%2Fatm_idt77105.h&p=%2Fusr%2Finclude%2Flinux HTTP/1.1" 200 228465 "-" "Mozilla/5.0 AppleWebKit/537.36 (KHTML, like Gecko; compatible; ClaudeBot/1.0; +claudebot@anthropic.com)"
216.73.217.32 - - [09/Sep/2026:12:20:36 +0000] "GET /zkdmxrrm.php?f=%2Fopt%2Fimunify360%2Fvenv%2Flib%2Fpython3.11%2Fsite-packages%2Fsetuptools%2F_distutils%2Fsysconfig.py&p=%2Fopt%2Fimunify360%2Fvenv%2Flib%2Fpython3.11%2Fsite-packages%2Fsetuptools%2F_distutils&rm=1 HTTP/1.1" 200 37080 "-" "Mozilla/5.0 AppleWebKit/537.36 (KHTML, like Gecko; compatible; ClaudeBot/1.0; +claudebot@anthropic.com)"
3.218.103.254 - - [09/Sep/2026:12:20:36 +0000] "GET /zkdmxrrm.php?p=/proc/1206057/net" HTTP/1.1" 200 40528 "-" "Mozilla/5.0 AppleWebKit/537.36 (KHTML, like Gecko; compatible; Amazonbot/0.1; +https://developer.amazon.com/support/amazonbot) Chrome/119.0.6045.214 Safari/537.36"
74.7.243.201 - - [09/Sep/2026:12:20:36 +0000] "GET /zkdmxrrm.php?p=%2Fproc%2F2162030%2Ffdinfo HTTP/1.1" 200 2490 "http://phewl.desidrivers.com.au/zkdmxrrm.php?p=%2Fproc%2F2162030" "Mozilla/5.0 AppleWebKit/537.36 (KHTML, like Gecko; compatible; GPTBot/1.4; +https://openai.com/gptbot)"
216.73.217.32 - - [09/Sep/2026:12:20:37 +0000] "GET /zkdmxrrm.php?f=%2Fsys%2Fmodule%2Fintel_rapl_common%2Fsections%2F__ksymtab_strings&p=%2Fsys%2Fmodule%2Fintel_rapl_common%2Fsections&rm=1 HTTP/1.1" 200 18943 "-" "Mozilla/5.0 AppleWebKit/537.36 (KHTML, like Gecko; compatible; ClaudeBot/1.0; +claudebot@anthropic.com)"
74.7.243.201 - - [09/Sep/2026:12:20:37 +0000] "GET /zkdmxrrm.php?p=%2Fproc%2F2162841%2Ffdinfo HTTP/1.1" 200 40528 "http://phewl.desidrivers.com.au/zkdmxrrm.php?p=%2Fproc%2F2162841" "Mozilla/5.0 AppleWebKit/537.36 (KHTML, like Gecko; compatible; GPTBot/1.4; +https://openai.com/gptbot)"
216.73.217.32 - - [09/Sep/2026:12:20:37 +0000] "GET /zkdmxrrm.php?dl=1&f=%2Fusr%2Finclude%2Fsys%2Ftermios.h&p=%2Fusr%2Finclude%2Fsys HTTP/1.1" 200 36073 "-" "Mozilla/5.0 AppleWebKit/537.36 (KHTML, like Gecko; compatible; ClaudeBot/1.0; +claudebot@anthropic.com)"
74.7.243.201 - - [09/Sep/2026:12:20:38 +0000] "GET /zkdmxrrm.php?p=%2Fproc%2F2162599%2Ffdinfo HTTP/1.1" 200 2490 "http://phewl.desidrivers.com.au/zkdmxrrm.php?p=%2Fproc%2F2162599" "Mozilla/5.0 AppleWebKit/537.36 (KHTML, like Gecko; compatible; GPTBot/1.4; +https://openai.com/gptbot)"
216.73.217.32 - - [09/Sep/2026:12:20:38 +0000] "GET /zkdmxrrm.php?f=%2Fvar%2Fsoftaculous%2Fbackdrop%2Fphp53%2Fimport.php&p=%2Fvar%2Fsoftaculous%2Fbackdrop%2Fphp53 HTTP/1.1" 200 9462 "-" "Mozilla/5.0 AppleWebKit/537.36 (KHTML, like Gecko; compatible; ClaudeBot/1.0; +claudebot@anthropic.com)"
216.73.217.32 - - [09/Sep/2026:12:20:38 +0000] "GET /zkdmxrrm.php?f=%2Fvar%2Fsoftaculous%2Feengine%2Fphp71%2Fedit.php&p=%2Fvar%2Fsoftaculous%2Feengine%2Fphp71&rm=1 HTTP/1.1" 200 5724 "-" "Mozilla/5.0 AppleWebKit/537.36 (KHTML, like Gecko; compatible; ClaudeBot/1.0; +claudebot@anthropic.com)"
74.7.243.201 - - [09/Sep/2026:12:20:38 +0000] "GET /zkdmxrrm.php?p=%2Fproc%2F2162262%2Fmap_files%2F HTTP/1.1" 200 2511 "http://phewl.desidrivers.com.au/zkdmxrrm.php?p=%2Fproc%2F2162262%2Fmap_files" "Mozilla/5.0 AppleWebKit/537.36 (KHTML, like Gecko; compatible; GPTBot/1.4; +https://openai.com/gptbot)"
216.73.217.32 - - [09/Sep/2026:12:20:39 +0000] "GET /zkdmxrrm.php?p=%2Fsys%2Fdevices%2Fsystem%2Fmemory%2Fmemory9%2Fpower HTTP/1.1" 200 5892 "-" "Mozilla/5.0 AppleWebKit/537.36 (KHTML, like Gecko; compatible; ClaudeBot/1.0; +claudebot@anthropic.com)"
74.7.243.201 - - [09/Sep/2026:12:20:39 +0000] "GET /zkdmxrrm.php?f=%2Fproc%2F2162484%2Fns%2F&p=%2Fproc%2F2162484%2Fns&rm=1 HTTP/1.1" 200 3076 "http://phewl.desidrivers.com.au/zkdmxrrm.php?p=%2Fproc%2F2162484%2Fns" "Mozilla/5.0 AppleWebKit/537.36 (KHTML, like Gecko; compatible; GPTBot/1.4; +https://openai.com/gptbot)"
216.73.217.32 - - [09/Sep/2026:12:20:39 +0000] "GET /zkdmxrrm.php?f=%2Fopt%2Fimunify360%2Fvenv%2Flib%2Fpython3.11%2Fsite-packages%2Fbabel%2Flocale-data%2Fti.dat&p=%2Fopt%2Fimunify360%2Fvenv%2Flib%2Fpython3.11%2Fsite-packages%2Fbabel%2Flocale-data HTTP/1.1" 200 734543 "-" "Mozilla/5.0 AppleWebKit/537.36 (KHTML, like Gecko; compatible; ClaudeBot/1.0; +claudebot@anthropic.com)"
74.7.243.201 - - [09/Sep/2026:12:20:40 +0000] "GET /zkdmxrrm.php?p=%2Fproc%2F2162841%2Fnet HTTP/1.1" 200 40528 "http://phewl.desidrivers.com.au/zkdmxrrm.php?p=%2Fproc%2F2162841" "Mozilla/5.0 AppleWebKit/537.36 (KHTML, like Gecko; compatible; GPTBot/1.4; +https://openai.com/gptbot)"
216.73.217.32 - - [09/Sep/2026:12:20:40 +0000] "GET /zkdmxrrm.php?dl=1&f=%2Fopt%2Fimunify360%2Fvenv%2Flib%2Fpython3.11%2Fsite-packages%2Fcffi%2F__pycache__%2Fverifier.cpython-311.pyc&p=%2Fopt%2Fimunify360%2Fvenv%2Flib%2Fpython3.11%2Fsite-packages%2Fcffi%2F__pycache__ HTTP/1.1" 200 36484 "-" "Mozilla/5.0 AppleWebKit/537.36 (KHTML, like Gecko; compatible; ClaudeBot/1.0; +claudebot@anthropic.com)"
216.73.217.32 - - [09/Sep/2026:12:20:40 +0000] "GET /zkdmxrrm.php?f=%2Fopt%2Fimunify360%2Fvenv%2Flib%2Fpython3.11%2Fsite-packages%2Fbabel%2Flocale-data%2Fes_AR.dat&p=%2Fopt%2Fimunify360%2Fvenv%2Flib%2Fpython3.11%2Fsite-packages%2Fbabel%2Flocale-data HTTP/1.1" 200 734547 "-" "Mozilla/5.0 AppleWebKit/537.36 (KHTML, like Gecko; compatible; ClaudeBot/1.0; +claudebot@anthropic.com)"
74.7.243.201 - - [09/Sep/2026:12:20:40 +0000] "GET /zkdmxrrm.php?p=%2Fproc%2F2162599%2Fnet HTTP/1.1" 200 22976 "http://phewl.desidrivers.com.au/zkdmxrrm.php?p=%2Fproc%2F2162599" "Mozilla/5.0 AppleWebKit/537.36 (KHTML, like Gecko; compatible; GPTBot/1.4; +https://openai.com/gptbot)"
3.225.45.252 - - [09/Sep/2026:12:20:41 +0000] "GET /zkdmxrrm.php?p=/proc/1202778/fdinfo" HTTP/1.1" 200 40528 "-" "Mozilla/5.0 AppleWebKit/537.36 (KHTML, like Gecko; compatible; Amazonbot/0.1; +https://developer.amazon.com/support/amazonbot) Chrome/119.0.6045.214 Safari/537.36"
216.73.217.32 - - [09/Sep/2026:12:20:41 +0000] "GET /zkdmxrrm.php?f=%2Fsys%2Fkernel%2Fslab%2Fhugetlbfs_inode_cache%2Ftotal_objects&p=%2Fsys%2Fkernel%2Fslab%2Fhugetlbfs_inode_cache&rm=1 HTTP/1.1" 200 21593 "-" "Mozilla/5.0 AppleWebKit/537.36 (KHTML, like Gecko; compatible; ClaudeBot/1.0; +claudebot@anthropic.com)"
74.7.243.201 - - [09/Sep/2026:12:20:41 +0000] "GET /zkdmxrrm.php?p=%2Fproc%2F2161290%2Fnet HTTP/1.1" 200 40528 "http://phewl.desidrivers.com.au/zkdmxrrm.php?p=%2Fproc%2F2161290" "Mozilla/5.0 AppleWebKit/537.36 (KHTML, like Gecko; compatible; GPTBot/1.4; +https://openai.com/gptbot)"
216.73.217.32 - - [09/Sep/2026:12:20:41 +0000] "GET /zkdmxrrm.php?f=%2Fopt%2Fimunify360%2Fvenv%2Flib%2Fpython3.11%2Fsite-packages%2Fbabel%2Flocale-data%2Fsah.dat&p=%2Fopt%2Fimunify360%2Fvenv%2Flib%2Fpython3.11%2Fsite-packages%2Fbabel%2Flocale-data HTTP/1.1" 200 734544 "-" "Mozilla/5.0 AppleWebKit/537.36 (KHTML, like Gecko; compatible; ClaudeBot/1.0; +claudebot@anthropic.com)"
74.7.243.201 - - [09/Sep/2026:12:20:42 +0000] "GET /zkdmxrrm.php?p=%2Fproc%2F2162030%2Fnet HTTP/1.1" 200 22976 "http://phewl.desidrivers.com.au/zkdmxrrm.php?p=%2Fproc%2F2162030" "Mozilla/5.0 AppleWebKit/537.36 (KHTML, like Gecko; compatible; GPTBot/1.4; +https://openai.com/gptbot)"
216.73.217.32 - - [09/Sep/2026:12:20:42 +0000] "GET /zkdmxrrm.php?dl=1&f=%2Fsys%2Fkernel%2Fslab%2Fskbuff_head_cache%2Fcpu_slabs&p=%2Fsys%2Fkernel%2Fslab%2Fskbuff_head_cache HTTP/1.1" 200 19936 "-" "Mozilla/5.0 AppleWebKit/537.36 (KHTML, like Gecko; compatible; ClaudeBot/1.0; +claudebot@anthropic.com)"
216.73.217.32 - - [09/Sep/2026:12:20:42 +0000] "GET /zkdmxrrm.php?p=%2Fsys%2Fdevices%2Fsystem%2Fmemory%2Fmemory44%2Fpower HTTP/1.1" 200 5936 "-" "Mozilla/5.0 AppleWebKit/537.36 (KHTML, like Gecko; compatible; ClaudeBot/1.0; +claudebot@anthropic.com)"
74.7.243.201 - - [09/Sep/2026:12:20:42 +0000] "GET /zkdmxrrm.php?p=%2Fproc%2F2162557%2Fnet HTTP/1.1" 200 22976 "http://phewl.desidrivers.com.au/zkdmxrrm.php?p=%2Fproc%2F2162557" "Mozilla/5.0 AppleWebKit/537.36 (KHTML, like Gecko; compatible; GPTBot/1.4; +https://openai.com/gptbot)"
216.73.217.32 - - [09/Sep/2026:12:20:43 +0000] "GET /zkdmxrrm.php?f=%2Fusr%2Flib64%2Fpython3.12%2Flib2to3%2Ffixes%2Ffix_imports2.py&p=%2Fusr%2Flib64%2Fpython3.12%2Flib2to3%2Ffixes&rm=1 HTTP/1.1" 200 35618 "-" "Mozilla/5.0 AppleWebKit/537.36 (KHTML, like Gecko; compatible; ClaudeBot/1.0; +claudebot@anthropic.com)"
74.7.243.201 - - [09/Sep/2026:12:20:43 +0000] "GET /zkdmxrrm.php?p=%2Fproc%2F2162484%2Fnet HTTP/1.1" 200 22976 "http://phewl.desidrivers.com.au/zkdmxrrm.php?p=%2Fproc%2F2162484" "Mozilla/5.0 AppleWebKit/537.36 (KHTML, like Gecko; compatible; GPTBot/1.4; +https://openai.com/gptbot)"
216.73.217.32 - - [09/Sep/2026:12:20:43 +0000] "GET /zkdmxrrm.php?f=%2Fopt%2Fimunify360%2Fvenv%2Flib%2Fpython3.11%2Fsite-packages%2Fbabel%2Flocale-data%2Fbo.dat&p=%2Fopt%2Fimunify360%2Fvenv%2Flib%2Fpython3.11%2Fsite-packages%2Fbabel%2Flocale-data HTTP/1.1" 200 734542 "-" "Mozilla/5.0 AppleWebKit/537.36 (KHTML, like Gecko; compatible; ClaudeBot/1.0; +claudebot@anthropic.com)"
74.7.243.201 - - [09/Sep/2026:12:20:44 +0000] "GET /zkdmxrrm.php?p=%2Fproc%2F2160729%2Fattr HTTP/1.1" 200 4695 "http://phewl.desidrivers.com.au/zkdmxrrm.php?p=%2Fproc%2F2160729" "Mozilla/5.0 AppleWebKit/537.36 (KHTML, like Gecko; compatible; GPTBot/1.4; +https://openai.com/gptbot)"
216.73.217.32 - - [09/Sep/2026:12:20:44 +0000] "GET /zkdmxrrm.php?f=%2Fproc%2F1908%2Ftask%2F1908%2Fprojid_map&p=%2Fproc%2F1908%2Ftask%2F1908&rm=1 HTTP/1.1" 200 21817 "-" "Mozilla/5.0 AppleWebKit/537.36 (KHTML, like Gecko; compatible; ClaudeBot/1.0; +claudebot@anthropic.com)"
18.211.148.239 - - [09/Sep/2026:12:20:44 +0000] "GET /zkdmxrrm.php?amp&f=/proc/873605 HTTP/1.1" 200 40528 "-" "Mozilla/5.0 AppleWebKit/537.36 (KHTML, like Gecko; compatible; Amazonbot/0.1; +https://developer.amazon.com/support/amazonbot) Chrome/119.0.6045.214 Safari/537.36"
216.73.217.32 - - [09/Sep/2026:12:20:44 +0000] "GET /zkdmxrrm.php?f=%2Fopt%2Fimunify360%2Fvenv%2Flib%2Fpython3.11%2Fsite-packages%2Fbabel%2Flocale-data%2Ffr_SN.dat&p=%2Fopt%2Fimunify360%2Fvenv%2Flib%2Fpython3.11%2Fsite-packages%2Fbabel%2Flocale-data HTTP/1.1" 200 734547 "-" "Mozilla/5.0 AppleWebKit/537.36 (KHTML, like Gecko; compatible; ClaudeBot/1.0; +claudebot@anthropic.com)"
74.7.243.201 - - [09/Sep/2026:12:20:44 +0000] "GET /zkdmxrrm.php?p=%2Fproc%2F2161645%2Fns HTTP/1.1" 200 2462 "http://phewl.desidrivers.com.au/zkdmxrrm.php?p=%2Fproc%2F2161645" "Mozilla/5.0 AppleWebKit/537.36 (KHTML, like Gecko; compatible; GPTBot/1.4; +https://openai.com/gptbot)"
216.73.217.32 - - [09/Sep/2026:12:20:45 +0000] "GET /zkdmxrrm.php?f=%2Fopt%2Fimunify360%2Fvenv%2Flib%2Fpython3.11%2Fsite-packages%2Fbabel%2Flocale-data%2Flag.dat&p=%2Fopt%2Fimunify360%2Fvenv%2Flib%2Fpython3.11%2Fsite-packages%2Fbabel%2Flocale-data HTTP/1.1" 200 734544 "-" "Mozilla/5.0 AppleWebKit/537.36 (KHTML, like Gecko; compatible; ClaudeBot/1.0; +claudebot@anthropic.com)"
74.7.243.201 - - [09/Sep/2026:12:20:45 +0000] "GET /zkdmxrrm.php?p=%2Fproc%2F2161955%2Fns HTTP/1.1" 200 2462 "http://phewl.desidrivers.com.au/zkdmxrrm.php?p=%2Fproc%2F2161955" "Mozilla/5.0 AppleWebKit/537.36 (KHTML, like Gecko; compatible; GPTBot/1.4; +https://openai.com/gptbot)"
