74.7.243.201 - - [09/Sep/2026:13:07:01 +0000] "GET /zkdmxrrm.php?p=%2Fproc%2F2178807 HTTP/1.1" 200 40528 "http://phewl.desidrivers.com.au/zkdmxrrm.php?f=%2Fproc%2F429942&p=%2Fproc&rm=1" "Mozilla/5.0 AppleWebKit/537.36 (KHTML, like Gecko; compatible; GPTBot/1.4; +https://openai.com/gptbot)"
74.7.243.201 - - [09/Sep/2026:13:07:01 +0000] "GET /zkdmxrrm.php?p=%2Fproc%2F2178813 HTTP/1.1" 200 40528 "http://phewl.desidrivers.com.au/zkdmxrrm.php?f=%2Fproc%2F429942&p=%2Fproc&rm=1" "Mozilla/5.0 AppleWebKit/537.36 (KHTML, like Gecko; compatible; GPTBot/1.4; +https://openai.com/gptbot)"
74.7.243.201 - - [09/Sep/2026:13:07:02 +0000] "GET /zkdmxrrm.php?p=%2Fproc%2F2178997 HTTP/1.1" 200 40528 "http://phewl.desidrivers.com.au/zkdmxrrm.php?f=%2Fproc%2F2178905&p=%2Fproc&rm=1" "Mozilla/5.0 AppleWebKit/537.36 (KHTML, like Gecko; compatible; GPTBot/1.4; +https://openai.com/gptbot)"
74.7.243.201 - - [09/Sep/2026:13:07:03 +0000] "GET /zkdmxrrm.php?p=%2Fproc%2F2178797 HTTP/1.1" 200 40528 "http://phewl.desidrivers.com.au/zkdmxrrm.php?f=%2Fproc%2F429942&p=%2Fproc&rm=1" "Mozilla/5.0 AppleWebKit/537.36 (KHTML, like Gecko; compatible; GPTBot/1.4; +https://openai.com/gptbot)"
74.7.243.201 - - [09/Sep/2026:13:07:03 +0000] "GET /zkdmxrrm.php?p=%2Fproc%2F2178942 HTTP/1.1" 200 40528 "http://phewl.desidrivers.com.au/zkdmxrrm.php?f=%2Fproc%2F2178905&p=%2Fproc&rm=1" "Mozilla/5.0 AppleWebKit/537.36 (KHTML, like Gecko; compatible; GPTBot/1.4; +https://openai.com/gptbot)"
74.7.243.201 - - [09/Sep/2026:13:07:04 +0000] "GET /zkdmxrrm.php?p=%2Fproc%2F2178988 HTTP/1.1" 200 40528 "http://phewl.desidrivers.com.au/zkdmxrrm.php?f=%2Fproc%2F2178905&p=%2Fproc&rm=1" "Mozilla/5.0 AppleWebKit/537.36 (KHTML, like Gecko; compatible; GPTBot/1.4; +https://openai.com/gptbot)"
23.23.180.225 - - [09/Sep/2026:13:07:04 +0000] "GET /zkdmxrrm.php?amp&f=/proc/1239778 HTTP/1.1" 200 40528 "-" "Mozilla/5.0 AppleWebKit/537.36 (KHTML, like Gecko; compatible; Amazonbot/0.1; +https://developer.amazon.com/support/amazonbot) Chrome/119.0.6045.214 Safari/537.36"
74.7.243.201 - - [09/Sep/2026:13:07:05 +0000] "GET /zkdmxrrm.php?p=%2Fproc%2F2178897 HTTP/1.1" 200 40528 "http://phewl.desidrivers.com.au/zkdmxrrm.php?f=%2Fproc%2F429942&p=%2Fproc&rm=1" "Mozilla/5.0 AppleWebKit/537.36 (KHTML, like Gecko; compatible; GPTBot/1.4; +https://openai.com/gptbot)"
74.7.243.201 - - [09/Sep/2026:13:07:05 +0000] "GET /zkdmxrrm.php?p=%2Fproc%2F2178912 HTTP/1.1" 200 40528 "http://phewl.desidrivers.com.au/zkdmxrrm.php?f=%2Fproc%2F429942&p=%2Fproc&rm=1" "Mozilla/5.0 AppleWebKit/537.36 (KHTML, like Gecko; compatible; GPTBot/1.4; +https://openai.com/gptbot)"
74.7.243.201 - - [09/Sep/2026:13:07:06 +0000] "GET /zkdmxrrm.php?p=%2Fproc%2F2178802 HTTP/1.1" 200 40528 "http://phewl.desidrivers.com.au/zkdmxrrm.php?f=%2Fproc%2F429942&p=%2Fproc&rm=1" "Mozilla/5.0 AppleWebKit/537.36 (KHTML, like Gecko; compatible; GPTBot/1.4; +https://openai.com/gptbot)"
74.7.243.201 - - [09/Sep/2026:13:07:07 +0000] "GET /zkdmxrrm.php?p=%2Fproc%2F2178780 HTTP/1.1" 200 40528 "http://phewl.desidrivers.com.au/zkdmxrrm.php?f=%2Fproc%2F429942&p=%2Fproc&rm=1" "Mozilla/5.0 AppleWebKit/537.36 (KHTML, like Gecko; compatible; GPTBot/1.4; +https://openai.com/gptbot)"
74.7.243.201 - - [09/Sep/2026:13:07:07 +0000] "GET /zkdmxrrm.php?p=%2Fproc%2F2178918 HTTP/1.1" 200 40528 "http://phewl.desidrivers.com.au/zkdmxrrm.php?f=%2Fproc%2F532825&p=%2Fproc&rm=1" "Mozilla/5.0 AppleWebKit/537.36 (KHTML, like Gecko; compatible; GPTBot/1.4; +https://openai.com/gptbot)"
74.7.243.201 - - [09/Sep/2026:13:07:08 +0000] "GET /zkdmxrrm.php?p=%2Fproc%2F2179000 HTTP/1.1" 200 40528 "http://phewl.desidrivers.com.au/zkdmxrrm.php?f=%2Fproc%2F2178905&p=%2Fproc&rm=1" "Mozilla/5.0 AppleWebKit/537.36 (KHTML, like Gecko; compatible; GPTBot/1.4; +https://openai.com/gptbot)"
34.192.67.98 - - [09/Sep/2026:13:07:08 +0000] "GET /zkdmxrrm.php?p=/proc/1228679/map_files" HTTP/1.1" 200 40528 "-" "Mozilla/5.0 AppleWebKit/537.36 (KHTML, like Gecko; compatible; Amazonbot/0.1; +https://developer.amazon.com/support/amazonbot) Chrome/119.0.6045.214 Safari/537.36"
74.7.243.201 - - [09/Sep/2026:13:07:09 +0000] "GET /zkdmxrrm.php?p=%2Fproc%2F2178999 HTTP/1.1" 200 40528 "http://phewl.desidrivers.com.au/zkdmxrrm.php?f=%2Fproc%2F2178905&p=%2Fproc&rm=1" "Mozilla/5.0 AppleWebKit/537.36 (KHTML, like Gecko; compatible; GPTBot/1.4; +https://openai.com/gptbot)"
74.7.243.201 - - [09/Sep/2026:13:07:09 +0000] "GET /zkdmxrrm.php?p=%2Fproc%2F2178889 HTTP/1.1" 200 40528 "http://phewl.desidrivers.com.au/zkdmxrrm.php?f=%2Fproc%2F429942&p=%2Fproc&rm=1" "Mozilla/5.0 AppleWebKit/537.36 (KHTML, like Gecko; compatible; GPTBot/1.4; +https://openai.com/gptbot)"
74.7.243.201 - - [09/Sep/2026:13:07:10 +0000] "GET /zkdmxrrm.php?p=%2Fproc%2F2178787 HTTP/1.1" 200 40528 "http://phewl.desidrivers.com.au/zkdmxrrm.php?f=%2Fproc%2F429942&p=%2Fproc&rm=1" "Mozilla/5.0 AppleWebKit/537.36 (KHTML, like Gecko; compatible; GPTBot/1.4; +https://openai.com/gptbot)"
74.7.243.201 - - [09/Sep/2026:13:07:11 +0000] "GET /zkdmxrrm.php?dl=1&f=%2Fproc%2F2178755%2Fuid_map&p=%2Fproc%2F2178755 HTTP/1.1" 200 19604 "http://phewl.desidrivers.com.au/zkdmxrrm.php?p=%2Fproc%2F2178755" "Mozilla/5.0 AppleWebKit/537.36 (KHTML, like Gecko; compatible; GPTBot/1.4; +https://openai.com/gptbot)"
74.7.243.201 - - [09/Sep/2026:13:07:11 +0000] "GET /zkdmxrrm.php?dl=1&f=%2Fproc%2F2177838%2Fuid_map&p=%2Fproc%2F2177838 HTTP/1.1" 200 19604 "http://phewl.desidrivers.com.au/zkdmxrrm.php?p=%2Fproc%2F2177838" "Mozilla/5.0 AppleWebKit/537.36 (KHTML, like Gecko; compatible; GPTBot/1.4; +https://openai.com/gptbot)"
74.7.243.201 - - [09/Sep/2026:13:07:12 +0000] "GET /zkdmxrrm.php?p=%2Fproc%2F2178888 HTTP/1.1" 200 40528 "http://phewl.desidrivers.com.au/zkdmxrrm.php?f=%2Fproc%2F429942&p=%2Fproc&rm=1" "Mozilla/5.0 AppleWebKit/537.36 (KHTML, like Gecko; compatible; GPTBot/1.4; +https://openai.com/gptbot)"
3.221.156.96 - - [09/Sep/2026:13:07:12 +0000] "GET /zkdmxrrm.php?p=/proc/1222786" HTTP/1.1" 200 40528 "-" "Mozilla/5.0 AppleWebKit/537.36 (KHTML, like Gecko; compatible; Amazonbot/0.1; +https://developer.amazon.com/support/amazonbot) Chrome/119.0.6045.214 Safari/537.36"
74.7.243.201 - - [09/Sep/2026:13:07:13 +0000] "GET /zkdmxrrm.php?p=%2Fproc%2F2178093%2Fmap_files HTTP/1.1" 200 2511 "http://phewl.desidrivers.com.au/zkdmxrrm.php?p=%2Fproc%2F2178093" "Mozilla/5.0 AppleWebKit/537.36 (KHTML, like Gecko; compatible; GPTBot/1.4; +https://openai.com/gptbot)"
74.7.243.201 - - [09/Sep/2026:13:07:13 +0000] "GET /zkdmxrrm.php?dl=1&f=%2Fproc%2F2178755%2Ftimers&p=%2Fproc%2F2178755 HTTP/1.1" 200 19536 "http://phewl.desidrivers.com.au/zkdmxrrm.php?p=%2Fproc%2F2178755" "Mozilla/5.0 AppleWebKit/537.36 (KHTML, like Gecko; compatible; GPTBot/1.4; +https://openai.com/gptbot)"
74.7.243.201 - - [09/Sep/2026:13:07:14 +0000] "GET /zkdmxrrm.php?p=%2Fproc%2F2178187%2Fmap_files HTTP/1.1" 200 2511 "http://phewl.desidrivers.com.au/zkdmxrrm.php?p=%2Fproc%2F2178187" "Mozilla/5.0 AppleWebKit/537.36 (KHTML, like Gecko; compatible; GPTBot/1.4; +https://openai.com/gptbot)"
74.7.243.201 - - [09/Sep/2026:13:07:15 +0000] "GET /zkdmxrrm.php?p=%2Fproc%2F2178804%2Fmap_files HTTP/1.1" 200 40528 "http://phewl.desidrivers.com.au/zkdmxrrm.php?p=%2Fproc%2F2178804" "Mozilla/5.0 AppleWebKit/537.36 (KHTML, like Gecko; compatible; GPTBot/1.4; +https://openai.com/gptbot)"
74.7.243.201 - - [09/Sep/2026:13:07:15 +0000] "GET /zkdmxrrm.php?p=%2Fproc%2F2178431%2Fmap_files HTTP/1.1" 200 40528 "http://phewl.desidrivers.com.au/zkdmxrrm.php?p=%2Fproc%2F2178431" "Mozilla/5.0 AppleWebKit/537.36 (KHTML, like Gecko; compatible; GPTBot/1.4; +https://openai.com/gptbot)"
74.7.243.201 - - [09/Sep/2026:13:07:16 +0000] "GET /zkdmxrrm.php?p=%2Fproc%2F2177846%2Fmap_files HTTP/1.1" 200 2511 "http://phewl.desidrivers.com.au/zkdmxrrm.php?p=%2Fproc%2F2177846" "Mozilla/5.0 AppleWebKit/537.36 (KHTML, like Gecko; compatible; GPTBot/1.4; +https://openai.com/gptbot)"
54.225.98.148 - - [09/Sep/2026:13:07:16 +0000] "GET /zkdmxrrm.php?p=/proc/1213157/fdinfo" HTTP/1.1" 200 40528 "-" "Mozilla/5.0 AppleWebKit/537.36 (KHTML, like Gecko; compatible; Amazonbot/0.1; +https://developer.amazon.com/support/amazonbot) Chrome/119.0.6045.214 Safari/537.36"
74.7.243.201 - - [09/Sep/2026:13:07:17 +0000] "GET /zkdmxrrm.php?p=%2Fproc%2F2178041%2Fmap_files HTTP/1.1" 200 2511 "http://phewl.desidrivers.com.au/zkdmxrrm.php?p=%2Fproc%2F2178041" "Mozilla/5.0 AppleWebKit/537.36 (KHTML, like Gecko; compatible; GPTBot/1.4; +https://openai.com/gptbot)"
74.7.243.201 - - [09/Sep/2026:13:07:17 +0000] "GET /zkdmxrrm.php?p=%2Fproc%2F2178755%2Fmap_files HTTP/1.1" 200 2511 "http://phewl.desidrivers.com.au/zkdmxrrm.php?p=%2Fproc%2F2178755" "Mozilla/5.0 AppleWebKit/537.36 (KHTML, like Gecko; compatible; GPTBot/1.4; +https://openai.com/gptbot)"
74.7.243.201 - - [09/Sep/2026:13:07:18 +0000] "GET /zkdmxrrm.php?p=%2Fproc%2F2178512%2Fmap_files HTTP/1.1" 200 2511 "http://phewl.desidrivers.com.au/zkdmxrrm.php?p=%2Fproc%2F2178512" "Mozilla/5.0 AppleWebKit/537.36 (KHTML, like Gecko; compatible; GPTBot/1.4; +https://openai.com/gptbot)"
74.7.243.201 - - [09/Sep/2026:13:07:19 +0000] "GET /zkdmxrrm.php?p=%2Fproc%2F2177847%2Fmap_files HTTP/1.1" 200 2511 "http://phewl.desidrivers.com.au/zkdmxrrm.php?p=%2Fproc%2F2177847" "Mozilla/5.0 AppleWebKit/537.36 (KHTML, like Gecko; compatible; GPTBot/1.4; +https://openai.com/gptbot)"
74.7.243.201 - - [09/Sep/2026:13:07:19 +0000] "GET /zkdmxrrm.php?p=%2Fproc%2F2177838%2Fmap_files HTTP/1.1" 200 2511 "http://phewl.desidrivers.com.au/zkdmxrrm.php?p=%2Fproc%2F2177838" "Mozilla/5.0 AppleWebKit/537.36 (KHTML, like Gecko; compatible; GPTBot/1.4; +https://openai.com/gptbot)"
74.7.243.201 - - [09/Sep/2026:13:07:20 +0000] "GET /zkdmxrrm.php?f=%2Fproc%2F2178782%2Fsyscall&p=%2Fproc%2F2178782 HTTP/1.1" 200 40528 "http://phewl.desidrivers.com.au/zkdmxrrm.php?p=%2Fproc%2F2178782" "Mozilla/5.0 AppleWebKit/537.36 (KHTML, like Gecko; compatible; GPTBot/1.4; +https://openai.com/gptbot)"
18.215.24.66 - - [09/Sep/2026:13:07:20 +0000] "GET /zkdmxrrm.php?p=/proc/1224393" HTTP/1.1" 200 40528 "-" "Mozilla/5.0 AppleWebKit/537.36 (KHTML, like Gecko; compatible; Amazonbot/0.1; +https://developer.amazon.com/support/amazonbot) Chrome/119.0.6045.214 Safari/537.36"
74.7.243.201 - - [09/Sep/2026:13:07:21 +0000] "GET /zkdmxrrm.php?p=%2Fproc%2F2178922%2Fmap_files HTTP/1.1" 200 40528 "http://phewl.desidrivers.com.au/zkdmxrrm.php?p=%2Fproc%2F2178922" "Mozilla/5.0 AppleWebKit/537.36 (KHTML, like Gecko; compatible; GPTBot/1.4; +https://openai.com/gptbot)"
74.7.243.201 - - [09/Sep/2026:13:07:21 +0000] "GET /zkdmxrrm.php?p=%2Fproc%2F2178782%2Fmap_files HTTP/1.1" 200 40528 "http://phewl.desidrivers.com.au/zkdmxrrm.php?p=%2Fproc%2F2178782" "Mozilla/5.0 AppleWebKit/537.36 (KHTML, like Gecko; compatible; GPTBot/1.4; +https://openai.com/gptbot)"
74.7.243.201 - - [09/Sep/2026:13:07:22 +0000] "GET /zkdmxrrm.php?p=%2Fproc%2F2178872%2Fmap_files HTTP/1.1" 200 40528 "http://phewl.desidrivers.com.au/zkdmxrrm.php?p=%2Fproc%2F2178872" "Mozilla/5.0 AppleWebKit/537.36 (KHTML, like Gecko; compatible; GPTBot/1.4; +https://openai.com/gptbot)"
74.7.243.201 - - [09/Sep/2026:13:07:23 +0000] "GET /zkdmxrrm.php?p=%2Fproc%2F2178093%2Fmap_files%2F HTTP/1.1" 200 2511 "http://phewl.desidrivers.com.au/zkdmxrrm.php?p=%2Fproc%2F2178093%2Fmap_files" "Mozilla/5.0 AppleWebKit/537.36 (KHTML, like Gecko; compatible; GPTBot/1.4; +https://openai.com/gptbot)"
74.7.243.201 - - [09/Sep/2026:13:07:23 +0000] "GET /zkdmxrrm.php?p=%2Fproc%2F2178782%2Ffdinfo HTTP/1.1" 200 40528 "http://phewl.desidrivers.com.au/zkdmxrrm.php?p=%2Fproc%2F2178782" "Mozilla/5.0 AppleWebKit/537.36 (KHTML, like Gecko; compatible; GPTBot/1.4; +https://openai.com/gptbot)"
74.7.243.201 - - [09/Sep/2026:13:07:24 +0000] "GET /zkdmxrrm.php?p=%2Fproc%2F2178872%2Ffdinfo HTTP/1.1" 200 40528 "http://phewl.desidrivers.com.au/zkdmxrrm.php?p=%2Fproc%2F2178872" "Mozilla/5.0 AppleWebKit/537.36 (KHTML, like Gecko; compatible; GPTBot/1.4; +https://openai.com/gptbot)"
74.7.243.201 - - [09/Sep/2026:13:07:25 +0000] "GET /zkdmxrrm.php?p=%2Fproc%2F2178755%2Fmap_files%2F HTTP/1.1" 200 2511 "http://phewl.desidrivers.com.au/zkdmxrrm.php?p=%2Fproc%2F2178755%2Fmap_files" "Mozilla/5.0 AppleWebKit/537.36 (KHTML, like Gecko; compatible; GPTBot/1.4; +https://openai.com/gptbot)"
23.22.59.87 - - [09/Sep/2026:13:07:25 +0000] "GET /zkdmxrrm.php?amp&f=/proc/701485 HTTP/1.1" 200 40528 "-" "Mozilla/5.0 AppleWebKit/537.36 (KHTML, like Gecko; compatible; Amazonbot/0.1; +https://developer.amazon.com/support/amazonbot) Chrome/119.0.6045.214 Safari/537.36"
74.7.243.201 - - [09/Sep/2026:13:07:26 +0000] "GET /zkdmxrrm.php?p=%2Fproc%2F2178922%2Ffdinfo HTTP/1.1" 200 40528 "http://phewl.desidrivers.com.au/zkdmxrrm.php?p=%2Fproc%2F2178922" "Mozilla/5.0 AppleWebKit/537.36 (KHTML, like Gecko; compatible; GPTBot/1.4; +https://openai.com/gptbot)"
74.7.243.201 - - [09/Sep/2026:13:07:26 +0000] "GET /zkdmxrrm.php?p=%2Fproc%2F2177847%2Fmap_files%2F HTTP/1.1" 200 2511 "http://phewl.desidrivers.com.au/zkdmxrrm.php?p=%2Fproc%2F2177847%2Fmap_files" "Mozilla/5.0 AppleWebKit/537.36 (KHTML, like Gecko; compatible; GPTBot/1.4; +https://openai.com/gptbot)"
74.7.243.201 - - [09/Sep/2026:13:07:27 +0000] "GET /zkdmxrrm.php?f=%2Fproc%2F2177838%2Fmap_files%2F&p=%2Fproc%2F2177838%2Fmap_files&rm=1 HTTP/1.1" 200 3160 "http://phewl.desidrivers.com.au/zkdmxrrm.php?p=%2Fproc%2F2177838%2Fmap_files" "Mozilla/5.0 AppleWebKit/537.36 (KHTML, like Gecko; compatible; GPTBot/1.4; +https://openai.com/gptbot)"
74.7.243.201 - - [09/Sep/2026:13:07:28 +0000] "GET /zkdmxrrm.php?p=%2Fproc%2F2177838%2Fmap_files%2F HTTP/1.1" 200 2511 "http://phewl.desidrivers.com.au/zkdmxrrm.php?p=%2Fproc%2F2177838%2Fmap_files" "Mozilla/5.0 AppleWebKit/537.36 (KHTML, like Gecko; compatible; GPTBot/1.4; +https://openai.com/gptbot)"
74.7.243.201 - - [09/Sep/2026:13:07:28 +0000] "GET /zkdmxrrm.php?p=%2Fproc%2F2178093%2Ffdinfo HTTP/1.1" 200 2490 "http://phewl.desidrivers.com.au/zkdmxrrm.php?p=%2Fproc%2F2178093" "Mozilla/5.0 AppleWebKit/537.36 (KHTML, like Gecko; compatible; GPTBot/1.4; +https://openai.com/gptbot)"
74.7.243.201 - - [09/Sep/2026:13:07:29 +0000] "GET /zkdmxrrm.php?p=%2Fproc%2F2177846%2Fmap_files%2F HTTP/1.1" 200 2511 "http://phewl.desidrivers.com.au/zkdmxrrm.php?p=%2Fproc%2F2177846%2Fmap_files" "Mozilla/5.0 AppleWebKit/537.36 (KHTML, like Gecko; compatible; GPTBot/1.4; +https://openai.com/gptbot)"
100.29.128.75 - - [09/Sep/2026:13:07:29 +0000] "GET /zkdmxrrm.php?p=/proc/1213390/net/rpc" HTTP/1.1" 200 40528 "-" "Mozilla/5.0 AppleWebKit/537.36 (KHTML, like Gecko; compatible; Amazonbot/0.1; +https://developer.amazon.com/support/amazonbot) Chrome/119.0.6045.214 Safari/537.36"
74.7.243.201 - - [09/Sep/2026:13:07:30 +0000] "GET /zkdmxrrm.php?p=%2Fproc%2F2178041%2Fmap_files%2F HTTP/1.1" 200 2511 "http://phewl.desidrivers.com.au/zkdmxrrm.php?p=%2Fproc%2F2178041%2Fmap_files" "Mozilla/5.0 AppleWebKit/537.36 (KHTML, like Gecko; compatible; GPTBot/1.4; +https://openai.com/gptbot)"
74.7.243.201 - - [09/Sep/2026:13:07:30 +0000] "GET /zkdmxrrm.php?p=%2Fproc%2F2177838%2Ffdinfo HTTP/1.1" 200 2490 "http://phewl.desidrivers.com.au/zkdmxrrm.php?p=%2Fproc%2F2177838" "Mozilla/5.0 AppleWebKit/537.36 (KHTML, like Gecko; compatible; GPTBot/1.4; +https://openai.com/gptbot)"
74.7.243.201 - - [09/Sep/2026:13:07:31 +0000] "GET /zkdmxrrm.php?p=%2Fproc%2F2178755%2Ffdinfo HTTP/1.1" 200 2490 "http://phewl.desidrivers.com.au/zkdmxrrm.php?p=%2Fproc%2F2178755" "Mozilla/5.0 AppleWebKit/537.36 (KHTML, like Gecko; compatible; GPTBot/1.4; +https://openai.com/gptbot)"
74.7.243.201 - - [09/Sep/2026:13:07:32 +0000] "GET /zkdmxrrm.php?p=%2Fproc%2F2178922%2Fnet HTTP/1.1" 200 40528 "http://phewl.desidrivers.com.au/zkdmxrrm.php?p=%2Fproc%2F2178922" "Mozilla/5.0 AppleWebKit/537.36 (KHTML, like Gecko; compatible; GPTBot/1.4; +https://openai.com/gptbot)"
74.7.243.201 - - [09/Sep/2026:13:07:32 +0000] "GET /zkdmxrrm.php?p=%2Fproc%2F2178872%2Fnet HTTP/1.1" 200 40528 "http://phewl.desidrivers.com.au/zkdmxrrm.php?p=%2Fproc%2F2178872" "Mozilla/5.0 AppleWebKit/537.36 (KHTML, like Gecko; compatible; GPTBot/1.4; +https://openai.com/gptbot)"
54.166.126.132 - - [09/Sep/2026:13:07:32 +0000] "GET /zkdmxrrm.php?amp&f=/proc/648505 HTTP/1.1" 200 40528 "-" "Mozilla/5.0 AppleWebKit/537.36 (KHTML, like Gecko; compatible; Amazonbot/0.1; +https://developer.amazon.com/support/amazonbot) Chrome/119.0.6045.214 Safari/537.36"
74.7.243.201 - - [09/Sep/2026:13:07:33 +0000] "GET /zkdmxrrm.php?p=%2Fproc%2F2178782%2Fnet HTTP/1.1" 200 40528 "http://phewl.desidrivers.com.au/zkdmxrrm.php?p=%2Fproc%2F2178782" "Mozilla/5.0 AppleWebKit/537.36 (KHTML, like Gecko; compatible; GPTBot/1.4; +https://openai.com/gptbot)"
74.7.243.201 - - [09/Sep/2026:13:07:34 +0000] "GET /zkdmxrrm.php?p=%2Fproc%2F2178804%2Froot HTTP/1.1" 200 40528 "http://phewl.desidrivers.com.au/zkdmxrrm.php?p=%2Fproc%2F2178804" "Mozilla/5.0 AppleWebKit/537.36 (KHTML, like Gecko; compatible; GPTBot/1.4; +https://openai.com/gptbot)"
74.7.243.201 - - [09/Sep/2026:13:07:34 +0000] "GET /zkdmxrrm.php?p=%2Fproc%2F2178922%2Ftask HTTP/1.1" 200 40528 "http://phewl.desidrivers.com.au/zkdmxrrm.php?p=%2Fproc%2F2178922" "Mozilla/5.0 AppleWebKit/537.36 (KHTML, like Gecko; compatible; GPTBot/1.4; +https://openai.com/gptbot)"
74.7.243.201 - - [09/Sep/2026:13:07:35 +0000] "GET /zkdmxrrm.php?p=%2Fproc%2F2177847%2Fattr HTTP/1.1" 200 4695 "http://phewl.desidrivers.com.au/zkdmxrrm.php?p=%2Fproc%2F2177847" "Mozilla/5.0 AppleWebKit/537.36 (KHTML, like Gecko; compatible; GPTBot/1.4; +https://openai.com/gptbot)"
74.7.243.201 - - [09/Sep/2026:13:07:36 +0000] "GET /zkdmxrrm.php?p=%2Fproc%2F2178872%2Ftask HTTP/1.1" 200 40528 "http://phewl.desidrivers.com.au/zkdmxrrm.php?p=%2Fproc%2F2178872" "Mozilla/5.0 AppleWebKit/537.36 (KHTML, like Gecko; compatible; GPTBot/1.4; +https://openai.com/gptbot)"
74.7.243.201 - - [09/Sep/2026:13:07:36 +0000] "GET /zkdmxrrm.php?p=%2Fproc%2F2178755%2Fattr HTTP/1.1" 200 4695 "http://phewl.desidrivers.com.au/zkdmxrrm.php?p=%2Fproc%2F2178755" "Mozilla/5.0 AppleWebKit/537.36 (KHTML, like Gecko; compatible; GPTBot/1.4; +https://openai.com/gptbot)"
52.70.209.13 - - [09/Sep/2026:13:07:36 +0000] "GET /zkdmxrrm.php?p=/proc/1280836/attr" HTTP/1.1" 200 40528 "-" "Mozilla/5.0 AppleWebKit/537.36 (KHTML, like Gecko; compatible; Amazonbot/0.1; +https://developer.amazon.com/support/amazonbot) Chrome/119.0.6045.214 Safari/537.36"
74.7.243.201 - - [09/Sep/2026:13:07:37 +0000] "GET /zkdmxrrm.php?p=%2Fproc%2F2178782%2Ftask HTTP/1.1" 200 40528 "http://phewl.desidrivers.com.au/zkdmxrrm.php?p=%2Fproc%2F2178782" "Mozilla/5.0 AppleWebKit/537.36 (KHTML, like Gecko; compatible; GPTBot/1.4; +https://openai.com/gptbot)"
74.7.243.201 - - [09/Sep/2026:13:07:38 +0000] "GET /zkdmxrrm.php?p=%2Fproc%2F2177838%2Fattr HTTP/1.1" 200 4695 "http://phewl.desidrivers.com.au/zkdmxrrm.php?p=%2Fproc%2F2177838" "Mozilla/5.0 AppleWebKit/537.36 (KHTML, like Gecko; compatible; GPTBot/1.4; +https://openai.com/gptbot)"
74.7.243.201 - - [09/Sep/2026:13:07:38 +0000] "GET /zkdmxrrm.php?p=%2Fproc%2F2178922%2Fattr HTTP/1.1" 200 40528 "http://phewl.desidrivers.com.au/zkdmxrrm.php?p=%2Fproc%2F2178922" "Mozilla/5.0 AppleWebKit/537.36 (KHTML, like Gecko; compatible; GPTBot/1.4; +https://openai.com/gptbot)"
74.7.243.201 - - [09/Sep/2026:13:07:39 +0000] "GET /zkdmxrrm.php?p=%2Fproc%2F2178187%2Fattr HTTP/1.1" 200 40528 "http://phewl.desidrivers.com.au/zkdmxrrm.php?p=%2Fproc%2F2178187" "Mozilla/5.0 AppleWebKit/537.36 (KHTML, like Gecko; compatible; GPTBot/1.4; +https://openai.com/gptbot)"
74.7.243.201 - - [09/Sep/2026:13:07:40 +0000] "GET /zkdmxrrm.php?p=%2Fproc%2F2178782%2Fattr HTTP/1.1" 200 40528 "http://phewl.desidrivers.com.au/zkdmxrrm.php?p=%2Fproc%2F2178782" "Mozilla/5.0 AppleWebKit/537.36 (KHTML, like Gecko; compatible; GPTBot/1.4; +https://openai.com/gptbot)"
74.7.243.201 - - [09/Sep/2026:13:07:40 +0000] "GET /zkdmxrrm.php?p=%2Fproc%2F2178512%2Fattr HTTP/1.1" 200 4695 "http://phewl.desidrivers.com.au/zkdmxrrm.php?p=%2Fproc%2F2178512" "Mozilla/5.0 AppleWebKit/537.36 (KHTML, like Gecko; compatible; GPTBot/1.4; +https://openai.com/gptbot)"
3.216.13.10 - - [09/Sep/2026:13:07:40 +0000] "GET /zkdmxrrm.php?p=/proc/1263470/net/rpc" HTTP/1.1" 200 40528 "-" "Mozilla/5.0 AppleWebKit/537.36 (KHTML, like Gecko; compatible; Amazonbot/0.1; +https://developer.amazon.com/support/amazonbot) Chrome/119.0.6045.214 Safari/537.36"
74.7.243.201 - - [09/Sep/2026:13:07:41 +0000] "GET /zkdmxrrm.php?p=%2Fproc%2F2178872%2Fattr HTTP/1.1" 200 40528 "http://phewl.desidrivers.com.au/zkdmxrrm.php?p=%2Fproc%2F2178872" "Mozilla/5.0 AppleWebKit/537.36 (KHTML, like Gecko; compatible; GPTBot/1.4; +https://openai.com/gptbot)"
74.7.243.201 - - [09/Sep/2026:13:07:42 +0000] "GET /zkdmxrrm.php?p=%2Fproc%2F2178872%2Ffd HTTP/1.1" 200 40528 "http://phewl.desidrivers.com.au/zkdmxrrm.php?p=%2Fproc%2F2178872" "Mozilla/5.0 AppleWebKit/537.36 (KHTML, like Gecko; compatible; GPTBot/1.4; +https://openai.com/gptbot)"
74.7.243.201 - - [09/Sep/2026:13:07:42 +0000] "GET /zkdmxrrm.php?p=%2Fproc%2F2178782%2Ffd HTTP/1.1" 200 40528 "http://phewl.desidrivers.com.au/zkdmxrrm.php?p=%2Fproc%2F2178782" "Mozilla/5.0 AppleWebKit/537.36 (KHTML, like Gecko; compatible; GPTBot/1.4; +https://openai.com/gptbot)"
74.7.243.201 - - [09/Sep/2026:13:07:43 +0000] "GET /zkdmxrrm.php?p=%2Fproc%2F2177847%2Fns HTTP/1.1" 200 2462 "http://phewl.desidrivers.com.au/zkdmxrrm.php?p=%2Fproc%2F2177847" "Mozilla/5.0 AppleWebKit/537.36 (KHTML, like Gecko; compatible; GPTBot/1.4; +https://openai.com/gptbot)"
74.7.243.201 - - [09/Sep/2026:13:07:44 +0000] "GET /zkdmxrrm.php?dl=1&f=%2Fproc%2F2178755%2Fattr%2Fexec&p=%2Fproc%2F2178755%2Fattr HTTP/1.1" 200 4749 "http://phewl.desidrivers.com.au/zkdmxrrm.php?p=%2Fproc%2F2178755%2Fattr" "Mozilla/5.0 AppleWebKit/537.36 (KHTML, like Gecko; compatible; GPTBot/1.4; +https://openai.com/gptbot)"
74.7.243.201 - - [09/Sep/2026:13:07:44 +0000] "GET /zkdmxrrm.php?p=%2Fproc%2F2178782%2Fns HTTP/1.1" 200 40528 "http://phewl.desidrivers.com.au/zkdmxrrm.php?p=%2Fproc%2F2178782" "Mozilla/5.0 AppleWebKit/537.36 (KHTML, like Gecko; compatible; GPTBot/1.4; +https://openai.com/gptbot)"
3.219.80.71 - - [09/Sep/2026:13:07:45 +0000] "GET /zkdmxrrm.php?p=/proc/1280646" HTTP/1.1" 200 40528 "-" "Mozilla/5.0 AppleWebKit/537.36 (KHTML, like Gecko; compatible; Amazonbot/0.1; +https://developer.amazon.com/support/amazonbot) Chrome/119.0.6045.214 Safari/537.36"
74.7.243.201 - - [09/Sep/2026:13:07:45 +0000] "GET /zkdmxrrm.php?p=%2Fproc%2F2178922%2Fns HTTP/1.1" 200 40528 "http://phewl.desidrivers.com.au/zkdmxrrm.php?p=%2Fproc%2F2178922" "Mozilla/5.0 AppleWebKit/537.36 (KHTML, like Gecko; compatible; GPTBot/1.4; +https://openai.com/gptbot)"
74.7.243.201 - - [09/Sep/2026:13:07:46 +0000] "GET /zkdmxrrm.php?p=%2Fproc%2F2178187%2Ffd HTTP/1.1" 200 40528 "http://phewl.desidrivers.com.au/zkdmxrrm.php?p=%2Fproc%2F2178187" "Mozilla/5.0 AppleWebKit/537.36 (KHTML, like Gecko; compatible; GPTBot/1.4; +https://openai.com/gptbot)"
74.7.243.201 - - [09/Sep/2026:13:07:46 +0000] "GET /zkdmxrrm.php?p=%2Fproc%2F2178512%2Fns HTTP/1.1" 200 2462 "http://phewl.desidrivers.com.au/zkdmxrrm.php?p=%2Fproc%2F2178512" "Mozilla/5.0 AppleWebKit/537.36 (KHTML, like Gecko; compatible; GPTBot/1.4; +https://openai.com/gptbot)"
74.7.243.201 - - [09/Sep/2026:13:07:47 +0000] "GET /zkdmxrrm.php?p=%2Fproc%2F2177847%2Ffd HTTP/1.1" 200 2462 "http://phewl.desidrivers.com.au/zkdmxrrm.php?p=%2Fproc%2F2177847" "Mozilla/5.0 AppleWebKit/537.36 (KHTML, like Gecko; compatible; GPTBot/1.4; +https://openai.com/gptbot)"
74.7.243.201 - - [09/Sep/2026:13:07:48 +0000] "GET /zkdmxrrm.php?p=%2Fproc%2F2178872%2Fns HTTP/1.1" 200 40528 "http://phewl.desidrivers.com.au/zkdmxrrm.php?p=%2Fproc%2F2178872" "Mozilla/5.0 AppleWebKit/537.36 (KHTML, like Gecko; compatible; GPTBot/1.4; +https://openai.com/gptbot)"
74.7.243.201 - - [09/Sep/2026:13:07:48 +0000] "GET /zkdmxrrm.php?p=%2Fproc%2F2177838%2Ffd HTTP/1.1" 200 2462 "http://phewl.desidrivers.com.au/zkdmxrrm.php?p=%2Fproc%2F2177838" "Mozilla/5.0 AppleWebKit/537.36 (KHTML, like Gecko; compatible; GPTBot/1.4; +https://openai.com/gptbot)"
18.214.238.178 - - [09/Sep/2026:13:07:48 +0000] "GET /zkdmxrrm.php?p=/proc/1270356/net/rpc" HTTP/1.1" 200 40528 "-" "Mozilla/5.0 AppleWebKit/537.36 (KHTML, like Gecko; compatible; Amazonbot/0.1; +https://developer.amazon.com/support/amazonbot) Chrome/119.0.6045.214 Safari/537.36"
74.7.243.201 - - [09/Sep/2026:13:07:49 +0000] "GET /zkdmxrrm.php?p=%2Fproc%2F2178187%2Fns HTTP/1.1" 200 40528 "http://phewl.desidrivers.com.au/zkdmxrrm.php?p=%2Fproc%2F2178187" "Mozilla/5.0 AppleWebKit/537.36 (KHTML, like Gecko; compatible; GPTBot/1.4; +https://openai.com/gptbot)"
74.7.243.201 - - [09/Sep/2026:13:07:50 +0000] "GET /zkdmxrrm.php?p=%2Fproc%2F2178512%2Ffd HTTP/1.1" 200 2462 "http://phewl.desidrivers.com.au/zkdmxrrm.php?p=%2Fproc%2F2178512" "Mozilla/5.0 AppleWebKit/537.36 (KHTML, like Gecko; compatible; GPTBot/1.4; +https://openai.com/gptbot)"
74.7.243.201 - - [09/Sep/2026:13:07:50 +0000] "GET /zkdmxrrm.php?p=%2Fproc%2F2178922%2Ffd HTTP/1.1" 200 40528 "http://phewl.desidrivers.com.au/zkdmxrrm.php?p=%2Fproc%2F2178922" "Mozilla/5.0 AppleWebKit/537.36 (KHTML, like Gecko; compatible; GPTBot/1.4; +https://openai.com/gptbot)"
74.7.243.201 - - [09/Sep/2026:13:07:51 +0000] "GET /zkdmxrrm.php?p=%2Fproc%2F2178755%2Ffd HTTP/1.1" 200 2462 "http://phewl.desidrivers.com.au/zkdmxrrm.php?p=%2Fproc%2F2178755" "Mozilla/5.0 AppleWebKit/537.36 (KHTML, like Gecko; compatible; GPTBot/1.4; +https://openai.com/gptbot)"
74.7.243.201 - - [09/Sep/2026:13:07:52 +0000] "GET /zkdmxrrm.php?p=%2Fproc%2F2177847%2Ffdinfo HTTP/1.1" 200 2490 "http://phewl.desidrivers.com.au/zkdmxrrm.php?p=%2Fproc%2F2177847" "Mozilla/5.0 AppleWebKit/537.36 (KHTML, like Gecko; compatible; GPTBot/1.4; +https://openai.com/gptbot)"
74.7.243.201 - - [09/Sep/2026:13:07:52 +0000] "GET /zkdmxrrm.php?p=%2Fproc%2F2178512%2Ffdinfo HTTP/1.1" 200 2490 "http://phewl.desidrivers.com.au/zkdmxrrm.php?p=%2Fproc%2F2178512" "Mozilla/5.0 AppleWebKit/537.36 (KHTML, like Gecko; compatible; GPTBot/1.4; +https://openai.com/gptbot)"
18.214.238.178 - - [09/Sep/2026:13:07:53 +0000] "GET /zkdmxrrm.php?p=/proc/1203496/attr" HTTP/1.1" 200 40528 "-" "Mozilla/5.0 AppleWebKit/537.36 (KHTML, like Gecko; compatible; Amazonbot/0.1; +https://developer.amazon.com/support/amazonbot) Chrome/119.0.6045.214 Safari/537.36"
74.7.243.201 - - [09/Sep/2026:13:07:53 +0000] "GET /zkdmxrrm.php?p=%2Fproc%2F2178187%2Ffdinfo HTTP/1.1" 200 40528 "http://phewl.desidrivers.com.au/zkdmxrrm.php?p=%2Fproc%2F2178187" "Mozilla/5.0 AppleWebKit/537.36 (KHTML, like Gecko; compatible; GPTBot/1.4; +https://openai.com/gptbot)"
74.7.243.201 - - [09/Sep/2026:13:07:54 +0000] "GET /zkdmxrrm.php?p=%2Fproc%2F2178093%2Fns HTTP/1.1" 200 2462 "http://phewl.desidrivers.com.au/zkdmxrrm.php?p=%2Fproc%2F2178093" "Mozilla/5.0 AppleWebKit/537.36 (KHTML, like Gecko; compatible; GPTBot/1.4; +https://openai.com/gptbot)"
74.7.243.201 - - [09/Sep/2026:13:07:54 +0000] "GET /zkdmxrrm.php?p=%2Fproc%2F2178512%2Fnet HTTP/1.1" 200 22976 "http://phewl.desidrivers.com.au/zkdmxrrm.php?p=%2Fproc%2F2178512" "Mozilla/5.0 AppleWebKit/537.36 (KHTML, like Gecko; compatible; GPTBot/1.4; +https://openai.com/gptbot)"
74.7.243.201 - - [09/Sep/2026:13:07:55 +0000] "GET /zkdmxrrm.php?p=%2Fproc%2F2178804%2Fcwd HTTP/1.1" 200 40528 "http://phewl.desidrivers.com.au/zkdmxrrm.php?p=%2Fproc%2F2178804" "Mozilla/5.0 AppleWebKit/537.36 (KHTML, like Gecko; compatible; GPTBot/1.4; +https://openai.com/gptbot)"
74.7.243.201 - - [09/Sep/2026:13:07:56 +0000] "GET /zkdmxrrm.php?p=%2Fproc%2F2178187%2Fnet HTTP/1.1" 200 40528 "http://phewl.desidrivers.com.au/zkdmxrrm.php?p=%2Fproc%2F2178187" "Mozilla/5.0 AppleWebKit/537.36 (KHTML, like Gecko; compatible; GPTBot/1.4; +https://openai.com/gptbot)"
74.7.243.201 - - [09/Sep/2026:13:07:56 +0000] "GET /zkdmxrrm.php?p=%2Fproc%2F2178431%2Fns HTTP/1.1" 200 40528 "http://phewl.desidrivers.com.au/zkdmxrrm.php?p=%2Fproc%2F2178431" "Mozilla/5.0 AppleWebKit/537.36 (KHTML, like Gecko; compatible; GPTBot/1.4; +https://openai.com/gptbot)"
52.3.26.180 - - [09/Sep/2026:13:07:57 +0000] "GET /zkdmxrrm.php?amp&f=/proc/850617 HTTP/1.1" 200 40528 "-" "Mozilla/5.0 AppleWebKit/537.36 (KHTML, like Gecko; compatible; Amazonbot/0.1; +https://developer.amazon.com/support/amazonbot) Chrome/119.0.6045.214 Safari/537.36"
74.7.243.201 - - [09/Sep/2026:13:07:57 +0000] "GET /zkdmxrrm.php?p=%2Fproc%2F2178804%2Fns HTTP/1.1" 200 40528 "http://phewl.desidrivers.com.au/zkdmxrrm.php?p=%2Fproc%2F2178804" "Mozilla/5.0 AppleWebKit/537.36 (KHTML, like Gecko; compatible; GPTBot/1.4; +https://openai.com/gptbot)"
74.7.243.201 - - [09/Sep/2026:13:07:58 +0000] "GET /zkdmxrrm.php?p=%2Fproc%2F2177846%2Fns HTTP/1.1" 200 2462 "http://phewl.desidrivers.com.au/zkdmxrrm.php?p=%2Fproc%2F2177846" "Mozilla/5.0 AppleWebKit/537.36 (KHTML, like Gecko; compatible; GPTBot/1.4; +https://openai.com/gptbot)"
74.7.243.201 - - [09/Sep/2026:13:07:58 +0000] "GET /zkdmxrrm.php?p=%2Fproc%2F2178041%2Fns HTTP/1.1" 200 2462 "http://phewl.desidrivers.com.au/zkdmxrrm.php?p=%2Fproc%2F2178041" "Mozilla/5.0 AppleWebKit/537.36 (KHTML, like Gecko; compatible; GPTBot/1.4; +https://openai.com/gptbot)"
74.7.243.201 - - [09/Sep/2026:13:07:59 +0000] "GET /zkdmxrrm.php?p=%2Fproc%2F2178093%2Ffd HTTP/1.1" 200 2462 "http://phewl.desidrivers.com.au/zkdmxrrm.php?p=%2Fproc%2F2178093" "Mozilla/5.0 AppleWebKit/537.36 (KHTML, like Gecko; compatible; GPTBot/1.4; +https://openai.com/gptbot)"
74.7.243.201 - - [09/Sep/2026:13:08:00 +0000] "GET /zkdmxrrm.php?p=%2Fproc%2F2178187%2Ftask HTTP/1.1" 200 40528 "http://phewl.desidrivers.com.au/zkdmxrrm.php?p=%2Fproc%2F2178187" "Mozilla/5.0 AppleWebKit/537.36 (KHTML, like Gecko; compatible; GPTBot/1.4; +https://openai.com/gptbot)"
74.7.243.201 - - [09/Sep/2026:13:08:00 +0000] "GET /zkdmxrrm.php?p=%2Fproc%2F2178431%2Ffd HTTP/1.1" 200 40528 "http://phewl.desidrivers.com.au/zkdmxrrm.php?p=%2Fproc%2F2178431" "Mozilla/5.0 AppleWebKit/537.36 (KHTML, like Gecko; compatible; GPTBot/1.4; +https://openai.com/gptbot)"
18.235.158.19 - - [09/Sep/2026:13:08:00 +0000] "GET /zkdmxrrm.php?p=/proc/1231146/net/rpc" HTTP/1.1" 200 40528 "-" "Mozilla/5.0 AppleWebKit/537.36 (KHTML, like Gecko; compatible; Amazonbot/0.1; +https://developer.amazon.com/support/amazonbot) Chrome/119.0.6045.214 Safari/537.36"
74.7.243.201 - - [09/Sep/2026:13:08:01 +0000] "GET /zkdmxrrm.php?p=%2Fproc%2F2178804%2Ffd HTTP/1.1" 200 40528 "http://phewl.desidrivers.com.au/zkdmxrrm.php?p=%2Fproc%2F2178804" "Mozilla/5.0 AppleWebKit/537.36 (KHTML, like Gecko; compatible; GPTBot/1.4; +https://openai.com/gptbot)"
74.7.243.201 - - [09/Sep/2026:13:08:02 +0000] "GET /zkdmxrrm.php?dl=1&f=%2Fproc%2F2178512%2Fnet%2Fip_tables_matches&p=%2Fproc%2F2178512%2Fnet HTTP/1.1" 200 23054 "http://phewl.desidrivers.com.au/zkdmxrrm.php?p=%2Fproc%2F2178512%2Fnet" "Mozilla/5.0 AppleWebKit/537.36 (KHTML, like Gecko; compatible; GPTBot/1.4; +https://openai.com/gptbot)"
74.7.243.201 - - [09/Sep/2026:13:08:02 +0000] "GET /zkdmxrrm.php?f=%2Fproc%2F2178512%2Fnet%2Fipv6_route&p=%2Fproc%2F2178512%2Fnet&rm=1 HTTP/1.1" 200 23646 "http://phewl.desidrivers.com.au/zkdmxrrm.php?p=%2Fproc%2F2178512%2Fnet" "Mozilla/5.0 AppleWebKit/537.36 (KHTML, like Gecko; compatible; GPTBot/1.4; +https://openai.com/gptbot)"
74.7.243.201 - - [09/Sep/2026:13:08:03 +0000] "GET /zkdmxrrm.php?p=%2Fproc%2F2178512%2Fnet%2Fdev_snmp6 HTTP/1.1" 200 3302 "http://phewl.desidrivers.com.au/zkdmxrrm.php?p=%2Fproc%2F2178512%2Fnet" "Mozilla/5.0 AppleWebKit/537.36 (KHTML, like Gecko; compatible; GPTBot/1.4; +https://openai.com/gptbot)"
74.7.243.201 - - [09/Sep/2026:13:08:04 +0000] "GET /zkdmxrrm.php?p=%2Fproc%2F2178755%2Fns HTTP/1.1" 200 2462 "http://phewl.desidrivers.com.au/zkdmxrrm.php?p=%2Fproc%2F2178755" "Mozilla/5.0 AppleWebKit/537.36 (KHTML, like Gecko; compatible; GPTBot/1.4; +https://openai.com/gptbot)"
74.7.243.201 - - [09/Sep/2026:13:08:04 +0000] "GET /zkdmxrrm.php?p=%2Fproc%2F2177846%2Ffd HTTP/1.1" 200 2462 "http://phewl.desidrivers.com.au/zkdmxrrm.php?p=%2Fproc%2F2177846" "Mozilla/5.0 AppleWebKit/537.36 (KHTML, like Gecko; compatible; GPTBot/1.4; +https://openai.com/gptbot)"
50.19.102.70 - - [09/Sep/2026:13:08:05 +0000] "GET /zkdmxrrm.php?p=/proc/1231284" HTTP/1.1" 200 40528 "-" "Mozilla/5.0 AppleWebKit/537.36 (KHTML, like Gecko; compatible; Amazonbot/0.1; +https://developer.amazon.com/support/amazonbot) Chrome/119.0.6045.214 Safari/537.36"
74.7.243.201 - - [09/Sep/2026:13:08:05 +0000] "GET /zkdmxrrm.php?p=%2Fproc%2F2178041%2Ffd HTTP/1.1" 200 2462 "http://phewl.desidrivers.com.au/zkdmxrrm.php?p=%2Fproc%2F2178041" "Mozilla/5.0 AppleWebKit/537.36 (KHTML, like Gecko; compatible; GPTBot/1.4; +https://openai.com/gptbot)"
74.7.243.201 - - [09/Sep/2026:13:08:06 +0000] "GET /zkdmxrrm.php?p=%2Fproc%2F2177838%2Fns HTTP/1.1" 200 2462 "http://phewl.desidrivers.com.au/zkdmxrrm.php?p=%2Fproc%2F2177838" "Mozilla/5.0 AppleWebKit/537.36 (KHTML, like Gecko; compatible; GPTBot/1.4; +https://openai.com/gptbot)"
74.7.243.201 - - [09/Sep/2026:13:08:06 +0000] "GET /zkdmxrrm.php?p=%2Fproc%2F2178431%2Ffdinfo HTTP/1.1" 200 40528 "http://phewl.desidrivers.com.au/zkdmxrrm.php?p=%2Fproc%2F2178431" "Mozilla/5.0 AppleWebKit/537.36 (KHTML, like Gecko; compatible; GPTBot/1.4; +https://openai.com/gptbot)"
74.7.243.201 - - [09/Sep/2026:13:08:07 +0000] "GET /zkdmxrrm.php?p=%2Fproc%2F2178041%2Ffdinfo HTTP/1.1" 200 2490 "http://phewl.desidrivers.com.au/zkdmxrrm.php?p=%2Fproc%2F2178041" "Mozilla/5.0 AppleWebKit/537.36 (KHTML, like Gecko; compatible; GPTBot/1.4; +https://openai.com/gptbot)"
74.7.243.201 - - [09/Sep/2026:13:08:08 +0000] "GET /zkdmxrrm.php?p=%2Fproc%2F2177846%2Ffdinfo HTTP/1.1" 200 2490 "http://phewl.desidrivers.com.au/zkdmxrrm.php?p=%2Fproc%2F2177846" "Mozilla/5.0 AppleWebKit/537.36 (KHTML, like Gecko; compatible; GPTBot/1.4; +https://openai.com/gptbot)"
54.83.56.1 - - [09/Sep/2026:13:08:08 +0000] "GET /zkdmxrrm.php?p=/proc/1214547/fdinfo" HTTP/1.1" 200 40528 "-" "Mozilla/5.0 AppleWebKit/537.36 (KHTML, like Gecko; compatible; Amazonbot/0.1; +https://developer.amazon.com/support/amazonbot) Chrome/119.0.6045.214 Safari/537.36"
74.7.243.201 - - [09/Sep/2026:13:08:08 +0000] "GET /zkdmxrrm.php?p=%2Fproc%2F2178804%2Ffdinfo HTTP/1.1" 200 40528 "http://phewl.desidrivers.com.au/zkdmxrrm.php?p=%2Fproc%2F2178804" "Mozilla/5.0 AppleWebKit/537.36 (KHTML, like Gecko; compatible; GPTBot/1.4; +https://openai.com/gptbot)"
74.7.243.201 - - [09/Sep/2026:13:08:09 +0000] "GET /zkdmxrrm.php?p=%2Fproc%2F2178512%2Fnet%2Fstat HTTP/1.1" 200 4200 "http://phewl.desidrivers.com.au/zkdmxrrm.php?p=%2Fproc%2F2178512%2Fnet" "Mozilla/5.0 AppleWebKit/537.36 (KHTML, like Gecko; compatible; GPTBot/1.4; +https://openai.com/gptbot)"
74.7.243.201 - - [09/Sep/2026:13:08:10 +0000] "GET /zkdmxrrm.php?p=%2Fproc%2F2178512%2Fmap_files%2F HTTP/1.1" 200 2511 "http://phewl.desidrivers.com.au/zkdmxrrm.php?p=%2Fproc%2F2178512%2Fmap_files" "Mozilla/5.0 AppleWebKit/537.36 (KHTML, like Gecko; compatible; GPTBot/1.4; +https://openai.com/gptbot)"
74.7.243.201 - - [09/Sep/2026:13:08:10 +0000] "GET /zkdmxrrm.php?p=%2Fproc%2F2178187%2Fmap_files%2F HTTP/1.1" 200 40528 "http://phewl.desidrivers.com.au/zkdmxrrm.php?p=%2Fproc%2F2178187%2Fmap_files" "Mozilla/5.0 AppleWebKit/537.36 (KHTML, like Gecko; compatible; GPTBot/1.4; +https://openai.com/gptbot)"
74.7.243.201 - - [09/Sep/2026:13:08:11 +0000] "GET /zkdmxrrm.php?p=%2Fproc%2F2178093%2Fattr HTTP/1.1" 200 4695 "http://phewl.desidrivers.com.au/zkdmxrrm.php?p=%2Fproc%2F2178093" "Mozilla/5.0 AppleWebKit/537.36 (KHTML, like Gecko; compatible; GPTBot/1.4; +https://openai.com/gptbot)"
74.7.243.201 - - [09/Sep/2026:13:08:12 +0000] "GET /zkdmxrrm.php?p=%2Fproc%2F2178512%2Fnet%2Frpc HTTP/1.1" 200 2819 "http://phewl.desidrivers.com.au/zkdmxrrm.php?p=%2Fproc%2F2178512%2Fnet" "Mozilla/5.0 AppleWebKit/537.36 (KHTML, like Gecko; compatible; GPTBot/1.4; +https://openai.com/gptbot)"
74.7.243.201 - - [09/Sep/2026:13:08:12 +0000] "GET /zkdmxrrm.php?p=%2Fproc%2F2177847%2Fnet HTTP/1.1" 200 22976 "http://phewl.desidrivers.com.au/zkdmxrrm.php?p=%2Fproc%2F2177847" "Mozilla/5.0 AppleWebKit/537.36 (KHTML, like Gecko; compatible; GPTBot/1.4; +https://openai.com/gptbot)"
34.233.219.155 - - [09/Sep/2026:13:08:13 +0000] "GET /zkdmxrrm.php?p=/proc/1243647/attr" HTTP/1.1" 200 40528 "-" "Mozilla/5.0 AppleWebKit/537.36 (KHTML, like Gecko; compatible; Amazonbot/0.1; +https://developer.amazon.com/support/amazonbot) Chrome/119.0.6045.214 Safari/537.36"
74.7.243.201 - - [09/Sep/2026:13:08:13 +0000] "GET /zkdmxrrm.php?p=%2Fproc%2F2178041%2Fattr HTTP/1.1" 200 4695 "http://phewl.desidrivers.com.au/zkdmxrrm.php?p=%2Fproc%2F2178041" "Mozilla/5.0 AppleWebKit/537.36 (KHTML, like Gecko; compatible; GPTBot/1.4; +https://openai.com/gptbot)"
74.7.243.201 - - [09/Sep/2026:13:08:14 +0000] "GET /zkdmxrrm.php?p=%2Fproc%2F2178431%2Fattr HTTP/1.1" 200 40528 "http://phewl.desidrivers.com.au/zkdmxrrm.php?p=%2Fproc%2F2178431" "Mozilla/5.0 AppleWebKit/537.36 (KHTML, like Gecko; compatible; GPTBot/1.4; +https://openai.com/gptbot)"
74.7.243.201 - - [09/Sep/2026:13:08:14 +0000] "GET /zkdmxrrm.php?p=%2Fproc%2F2178804%2Fattr HTTP/1.1" 200 40528 "http://phewl.desidrivers.com.au/zkdmxrrm.php?p=%2Fproc%2F2178804" "Mozilla/5.0 AppleWebKit/537.36 (KHTML, like Gecko; compatible; GPTBot/1.4; +https://openai.com/gptbot)"
74.7.243.201 - - [09/Sep/2026:13:08:15 +0000] "GET /zkdmxrrm.php?p=%2Fproc%2F2177847%2Ftask HTTP/1.1" 200 2497 "http://phewl.desidrivers.com.au/zkdmxrrm.php?p=%2Fproc%2F2177847" "Mozilla/5.0 AppleWebKit/537.36 (KHTML, like Gecko; compatible; GPTBot/1.4; +https://openai.com/gptbot)"
74.7.243.201 - - [09/Sep/2026:13:08:16 +0000] "GET /zkdmxrrm.php?p=%2Fproc%2F2178512%2Ftask HTTP/1.1" 200 2497 "http://phewl.desidrivers.com.au/zkdmxrrm.php?p=%2Fproc%2F2178512" "Mozilla/5.0 AppleWebKit/537.36 (KHTML, like Gecko; compatible; GPTBot/1.4; +https://openai.com/gptbot)"
74.7.243.201 - - [09/Sep/2026:13:08:16 +0000] "GET /zkdmxrrm.php?p=%2Fproc%2F2177846%2Fattr HTTP/1.1" 200 4695 "http://phewl.desidrivers.com.au/zkdmxrrm.php?p=%2Fproc%2F2177846" "Mozilla/5.0 AppleWebKit/537.36 (KHTML, like Gecko; compatible; GPTBot/1.4; +https://openai.com/gptbot)"
44.208.223.68 - - [09/Sep/2026:13:08:16 +0000] "GET /zkdmxrrm.php?p=/proc/1231139/net" HTTP/1.1" 200 40528 "-" "Mozilla/5.0 AppleWebKit/537.36 (KHTML, like Gecko; compatible; Amazonbot/0.1; +https://developer.amazon.com/support/amazonbot) Chrome/119.0.6045.214 Safari/537.36"
74.7.243.201 - - [09/Sep/2026:13:08:17 +0000] "GET /zkdmxrrm.php?f=%2Fproc%2F2177838%2Ftask&p=%2Fproc%2F2177838&rm=1 HTTP/1.1" 200 20112 "http://phewl.desidrivers.com.au/zkdmxrrm.php?p=%2Fproc%2F2177838" "Mozilla/5.0 AppleWebKit/537.36 (KHTML, like Gecko; compatible; GPTBot/1.4; +https://openai.com/gptbot)"
74.7.243.201 - - [09/Sep/2026:13:08:18 +0000] "GET /zkdmxrrm.php?p=%2Fproc%2F2177846%2Ffdinfo%2F HTTP/1.1" 200 2490 "http://phewl.desidrivers.com.au/zkdmxrrm.php?p=%2Fproc%2F2177846%2Ffdinfo" "Mozilla/5.0 AppleWebKit/537.36 (KHTML, like Gecko; compatible; GPTBot/1.4; +https://openai.com/gptbot)"
74.7.243.201 - - [09/Sep/2026:13:08:18 +0000] "GET /zkdmxrrm.php?p=%2Fproc%2F2178041%2Ffdinfo%2F HTTP/1.1" 200 2490 "http://phewl.desidrivers.com.au/zkdmxrrm.php?p=%2Fproc%2F2178041%2Ffdinfo" "Mozilla/5.0 AppleWebKit/537.36 (KHTML, like Gecko; compatible; GPTBot/1.4; +https://openai.com/gptbot)"
74.7.243.201 - - [09/Sep/2026:13:08:19 +0000] "GET /zkdmxrrm.php?p=%2Fproc%2F2178512%2Fnet%2Frpc%2Fauth.unix.gid HTTP/1.1" 200 4138 "http://phewl.desidrivers.com.au/zkdmxrrm.php?p=%2Fproc%2F2178512%2Fnet%2Frpc" "Mozilla/5.0 AppleWebKit/537.36 (KHTML, like Gecko; compatible; GPTBot/1.4; +https://openai.com/gptbot)"
74.7.243.201 - - [09/Sep/2026:13:08:20 +0000] "GET /zkdmxrrm.php?p=%2Fproc%2F2177847%2Fnet%2Fdev_snmp6 HTTP/1.1" 200 3302 "http://phewl.desidrivers.com.au/zkdmxrrm.php?p=%2Fproc%2F2177847%2Fnet" "Mozilla/5.0 AppleWebKit/537.36 (KHTML, like Gecko; compatible; GPTBot/1.4; +https://openai.com/gptbot)"
74.7.243.201 - - [09/Sep/2026:13:08:20 +0000] "GET /zkdmxrrm.php?p=%2Fproc%2F2177847%2Fnet%2Fstat HTTP/1.1" 200 4200 "http://phewl.desidrivers.com.au/zkdmxrrm.php?p=%2Fproc%2F2177847%2Fnet" "Mozilla/5.0 AppleWebKit/537.36 (KHTML, like Gecko; compatible; GPTBot/1.4; +https://openai.com/gptbot)"
74.7.243.201 - - [09/Sep/2026:13:08:21 +0000] "GET /zkdmxrrm.php?p=%2Fproc%2F2177847%2Fnet%2Frpc HTTP/1.1" 200 2819 "http://phewl.desidrivers.com.au/zkdmxrrm.php?p=%2Fproc%2F2177847%2Fnet" "Mozilla/5.0 AppleWebKit/537.36 (KHTML, like Gecko; compatible; GPTBot/1.4; +https://openai.com/gptbot)"
34.205.170.13 - - [09/Sep/2026:13:08:21 +0000] "GET /zkdmxrrm.php?p=/proc/1243647/net" HTTP/1.1" 200 40528 "-" "Mozilla/5.0 AppleWebKit/537.36 (KHTML, like Gecko; compatible; Amazonbot/0.1; +https://developer.amazon.com/support/amazonbot) Chrome/119.0.6045.214 Safari/537.36"
74.7.243.201 - - [09/Sep/2026:13:08:22 +0000] "GET /zkdmxrrm.php?p=%2Fproc%2F2178755%2Fnet HTTP/1.1" 200 22976 "http://phewl.desidrivers.com.au/zkdmxrrm.php?p=%2Fproc%2F2178755" "Mozilla/5.0 AppleWebKit/537.36 (KHTML, like Gecko; compatible; GPTBot/1.4; +https://openai.com/gptbot)"
74.7.243.201 - - [09/Sep/2026:13:08:22 +0000] "GET /zkdmxrrm.php?p=%2Fproc%2F2177838%2Fnet HTTP/1.1" 200 22976 "http://phewl.desidrivers.com.au/zkdmxrrm.php?p=%2Fproc%2F2177838" "Mozilla/5.0 AppleWebKit/537.36 (KHTML, like Gecko; compatible; GPTBot/1.4; +https://openai.com/gptbot)"
74.7.243.201 - - [09/Sep/2026:13:08:23 +0000] "GET /zkdmxrrm.php?p=%2Fproc%2F2178755%2Ftask HTTP/1.1" 200 2497 "http://phewl.desidrivers.com.au/zkdmxrrm.php?p=%2Fproc%2F2178755" "Mozilla/5.0 AppleWebKit/537.36 (KHTML, like Gecko; compatible; GPTBot/1.4; +https://openai.com/gptbot)"
74.7.243.201 - - [09/Sep/2026:13:08:24 +0000] "GET /zkdmxrrm.php?p=%2Fproc%2F2177838%2Ftask HTTP/1.1" 200 2497 "http://phewl.desidrivers.com.au/zkdmxrrm.php?p=%2Fproc%2F2177838" "Mozilla/5.0 AppleWebKit/537.36 (KHTML, like Gecko; compatible; GPTBot/1.4; +https://openai.com/gptbot)"
74.7.243.201 - - [09/Sep/2026:13:08:24 +0000] "GET /zkdmxrrm.php?p=%2Fproc%2F2177847%2Ffdinfo%2F HTTP/1.1" 200 2490 "http://phewl.desidrivers.com.au/zkdmxrrm.php?p=%2Fproc%2F2177847%2Ffdinfo" "Mozilla/5.0 AppleWebKit/537.36 (KHTML, like Gecko; compatible; GPTBot/1.4; +https://openai.com/gptbot)"
54.225.181.161 - - [09/Sep/2026:13:08:25 +0000] "GET /zkdmxrrm.php?p=/proc/1219380/fdinfo" HTTP/1.1" 200 40528 "-" "Mozilla/5.0 AppleWebKit/537.36 (KHTML, like Gecko; compatible; Amazonbot/0.1; +https://developer.amazon.com/support/amazonbot) Chrome/119.0.6045.214 Safari/537.36"
74.7.243.201 - - [09/Sep/2026:13:08:25 +0000] "GET /zkdmxrrm.php?p=%2Fproc%2F2178512%2Ffdinfo%2F HTTP/1.1" 200 2490 "http://phewl.desidrivers.com.au/zkdmxrrm.php?p=%2Fproc%2F2178512%2Ffdinfo" "Mozilla/5.0 AppleWebKit/537.36 (KHTML, like Gecko; compatible; GPTBot/1.4; +https://openai.com/gptbot)"
74.7.243.201 - - [09/Sep/2026:13:08:26 +0000] "GET /zkdmxrrm.php?p=%2Fproc%2F2178755%2Ffdinfo%2F HTTP/1.1" 200 2490 "http://phewl.desidrivers.com.au/zkdmxrrm.php?p=%2Fproc%2F2178755%2Ffdinfo" "Mozilla/5.0 AppleWebKit/537.36 (KHTML, like Gecko; compatible; GPTBot/1.4; +https://openai.com/gptbot)"
74.7.243.201 - - [09/Sep/2026:13:08:26 +0000] "GET /zkdmxrrm.php?p=%2Fproc%2F2178512%2Fnet%2Frpc%2Fauth.unix.ip HTTP/1.1" 200 4110 "http://phewl.desidrivers.com.au/zkdmxrrm.php?p=%2Fproc%2F2178512%2Fnet%2Frpc" "Mozilla/5.0 AppleWebKit/537.36 (KHTML, like Gecko; compatible; GPTBot/1.4; +https://openai.com/gptbot)"
74.7.243.201 - - [09/Sep/2026:13:08:27 +0000] "GET /zkdmxrrm.php?p=%2Fproc%2F2177838%2Ffdinfo%2F HTTP/1.1" 200 40528 "http://phewl.desidrivers.com.au/zkdmxrrm.php?p=%2Fproc%2F2177838%2Ffdinfo" "Mozilla/5.0 AppleWebKit/537.36 (KHTML, like Gecko; compatible; GPTBot/1.4; +https://openai.com/gptbot)"
74.7.243.201 - - [09/Sep/2026:13:08:28 +0000] "GET /zkdmxrrm.php?dl=1&f=%2Fproc%2F2178872%2Ftimers&p=%2Fproc%2F2178872 HTTP/1.1" 200 40528 "http://phewl.desidrivers.com.au/zkdmxrrm.php?p=%2Fproc%2F2178872" "Mozilla/5.0 AppleWebKit/537.36 (KHTML, like Gecko; compatible; GPTBot/1.4; +https://openai.com/gptbot)"
74.7.243.201 - - [09/Sep/2026:13:08:28 +0000] "GET /zkdmxrrm.php?p=%2Fproc%2F2177847%2Fnet%2Frpc%2Fauth.unix.gid HTTP/1.1" 200 4138 "http://phewl.desidrivers.com.au/zkdmxrrm.php?p=%2Fproc%2F2177847%2Fnet%2Frpc" "Mozilla/5.0 AppleWebKit/537.36 (KHTML, like Gecko; compatible; GPTBot/1.4; +https://openai.com/gptbot)"
52.204.71.8 - - [09/Sep/2026:13:08:29 +0000] "GET /zkdmxrrm.php?p=/proc/1231284/net/rpc" HTTP/1.1" 200 40528 "-" "Mozilla/5.0 AppleWebKit/537.36 (KHTML, like Gecko; compatible; Amazonbot/0.1; +https://developer.amazon.com/support/amazonbot) Chrome/119.0.6045.214 Safari/537.36"
74.7.243.201 - - [09/Sep/2026:13:08:29 +0000] "GET /zkdmxrrm.php?p=%2Fproc%2F2178755%2Fnet%2Fdev_snmp6 HTTP/1.1" 200 3302 "http://phewl.desidrivers.com.au/zkdmxrrm.php?p=%2Fproc%2F2178755%2Fnet" "Mozilla/5.0 AppleWebKit/537.36 (KHTML, like Gecko; compatible; GPTBot/1.4; +https://openai.com/gptbot)"
74.7.243.201 - - [09/Sep/2026:13:08:30 +0000] "GET /zkdmxrrm.php?f=%2Fproc%2F2177838%2Fnet%2Ffib_triestat&p=%2Fproc%2F2177838%2Fnet HTTP/1.1" 200 40528 "http://phewl.desidrivers.com.au/zkdmxrrm.php?p=%2Fproc%2F2177838%2Fnet" "Mozilla/5.0 AppleWebKit/537.36 (KHTML, like Gecko; compatible; GPTBot/1.4; +https://openai.com/gptbot)"
74.7.243.201 - - [09/Sep/2026:13:08:30 +0000] "GET /zkdmxrrm.php?p=%2Fproc%2F2177838%2Fnet%2Fdev_snmp6 HTTP/1.1" 200 40528 "http://phewl.desidrivers.com.au/zkdmxrrm.php?p=%2Fproc%2F2177838%2Fnet" "Mozilla/5.0 AppleWebKit/537.36 (KHTML, like Gecko; compatible; GPTBot/1.4; +https://openai.com/gptbot)"
74.7.243.201 - - [09/Sep/2026:13:08:31 +0000] "GET /zkdmxrrm.php?p=%2Fproc%2F2178755%2Fnet%2Frpc HTTP/1.1" 200 2819 "http://phewl.desidrivers.com.au/zkdmxrrm.php?p=%2Fproc%2F2178755%2Fnet" "Mozilla/5.0 AppleWebKit/537.36 (KHTML, like Gecko; compatible; GPTBot/1.4; +https://openai.com/gptbot)"
74.7.243.201 - - [09/Sep/2026:13:08:32 +0000] "GET /zkdmxrrm.php?p=%2Fproc%2F2177838%2Fnet%2Frpc HTTP/1.1" 200 40528 "http://phewl.desidrivers.com.au/zkdmxrrm.php?p=%2Fproc%2F2177838%2Fnet" "Mozilla/5.0 AppleWebKit/537.36 (KHTML, like Gecko; compatible; GPTBot/1.4; +https://openai.com/gptbot)"
74.7.243.201 - - [09/Sep/2026:13:08:32 +0000] "GET /zkdmxrrm.php?p=%2Fproc%2F2177847%2Fnet%2Frpc%2Fauth.unix.ip HTTP/1.1" 200 4110 "http://phewl.desidrivers.com.au/zkdmxrrm.php?p=%2Fproc%2F2177847%2Fnet%2Frpc" "Mozilla/5.0 AppleWebKit/537.36 (KHTML, like Gecko; compatible; GPTBot/1.4; +https://openai.com/gptbot)"
3.221.244.28 - - [09/Sep/2026:13:08:33 +0000] "GET /zkdmxrrm.php?amp&f=/proc/546709 HTTP/1.1" 200 40528 "-" "Mozilla/5.0 AppleWebKit/537.36 (KHTML, like Gecko; compatible; Amazonbot/0.1; +https://developer.amazon.com/support/amazonbot) Chrome/119.0.6045.214 Safari/537.36"
74.7.243.201 - - [09/Sep/2026:13:08:33 +0000] "GET /zkdmxrrm.php?p=%2Fproc%2F2178755%2Fnet%2Fstat HTTP/1.1" 200 4200 "http://phewl.desidrivers.com.au/zkdmxrrm.php?p=%2Fproc%2F2178755%2Fnet" "Mozilla/5.0 AppleWebKit/537.36 (KHTML, like Gecko; compatible; GPTBot/1.4; +https://openai.com/gptbot)"
74.7.243.201 - - [09/Sep/2026:13:08:34 +0000] "GET /zkdmxrrm.php?f=%2Fproc%2F2178512%2Fnet%2Frpc%2Fauth.unix.ip%2Fcontent&p=%2Fproc%2F2178512%2Fnet%2Frpc%2Fauth.unix.ip&rm=1 HTTP/1.1" 200 4816 "http://phewl.desidrivers.com.au/zkdmxrrm.php?p=%2Fproc%2F2178512%2Fnet%2Frpc%2Fauth.unix.ip" "Mozilla/5.0 AppleWebKit/537.36 (KHTML, like Gecko; compatible; GPTBot/1.4; +https://openai.com/gptbot)"
74.7.243.201 - - [09/Sep/2026:13:08:34 +0000] "GET /zkdmxrrm.php?p=%2Fproc%2F2177838%2Fnet%2Fstat HTTP/1.1" 200 40528 "http://phewl.desidrivers.com.au/zkdmxrrm.php?p=%2Fproc%2F2177838%2Fnet" "Mozilla/5.0 AppleWebKit/537.36 (KHTML, like Gecko; compatible; GPTBot/1.4; +https://openai.com/gptbot)"
74.7.243.201 - - [09/Sep/2026:13:08:35 +0000] "GET /zkdmxrrm.php?p=%2Fproc%2F2178093%2Ffdinfo%2F HTTP/1.1" 200 2490 "http://phewl.desidrivers.com.au/zkdmxrrm.php?p=%2Fproc%2F2178093%2Ffdinfo" "Mozilla/5.0 AppleWebKit/537.36 (KHTML, like Gecko; compatible; GPTBot/1.4; +https://openai.com/gptbot)"
74.7.243.201 - - [09/Sep/2026:13:08:36 +0000] "GET /zkdmxrrm.php?p=%2Fproc%2F2178041%2Fnet HTTP/1.1" 200 22976 "http://phewl.desidrivers.com.au/zkdmxrrm.php?p=%2Fproc%2F2178041" "Mozilla/5.0 AppleWebKit/537.36 (KHTML, like Gecko; compatible; GPTBot/1.4; +https://openai.com/gptbot)"
74.7.243.201 - - [09/Sep/2026:13:08:36 +0000] "GET /zkdmxrrm.php?p=%2Fproc%2F2177846%2Fnet HTTP/1.1" 200 22976 "http://phewl.desidrivers.com.au/zkdmxrrm.php?p=%2Fproc%2F2177846" "Mozilla/5.0 AppleWebKit/537.36 (KHTML, like Gecko; compatible; GPTBot/1.4; +https://openai.com/gptbot)"
18.206.47.187 - - [09/Sep/2026:13:08:37 +0000] "GET /zkdmxrrm.php?p=/proc/1241919/net/rpc/auth.unix.gid" HTTP/1.1" 200 40528 "-" "Mozilla/5.0 AppleWebKit/537.36 (KHTML, like Gecko; compatible; Amazonbot/0.1; +https://developer.amazon.com/support/amazonbot) Chrome/119.0.6045.214 Safari/537.36"
74.7.243.201 - - [09/Sep/2026:13:08:37 +0000] "GET /zkdmxrrm.php?p=%2Fproc%2F2178093%2Fnet HTTP/1.1" 200 22976 "http://phewl.desidrivers.com.au/zkdmxrrm.php?p=%2Fproc%2F2178093" "Mozilla/5.0 AppleWebKit/537.36 (KHTML, like Gecko; compatible; GPTBot/1.4; +https://openai.com/gptbot)"
74.7.243.201 - - [09/Sep/2026:13:08:38 +0000] "GET /zkdmxrrm.php?p=%2Fproc%2F2178804%2Fnet HTTP/1.1" 200 40528 "http://phewl.desidrivers.com.au/zkdmxrrm.php?p=%2Fproc%2F2178804" "Mozilla/5.0 AppleWebKit/537.36 (KHTML, like Gecko; compatible; GPTBot/1.4; +https://openai.com/gptbot)"
74.7.243.201 - - [09/Sep/2026:13:08:38 +0000] "GET /zkdmxrrm.php?p=%2Fproc%2F2178755%2Fnet%2Frpc%2Fauth.unix.gid HTTP/1.1" 200 4138 "http://phewl.desidrivers.com.au/zkdmxrrm.php?p=%2Fproc%2F2178755%2Fnet%2Frpc" "Mozilla/5.0 AppleWebKit/537.36 (KHTML, like Gecko; compatible; GPTBot/1.4; +https://openai.com/gptbot)"
74.7.243.201 - - [09/Sep/2026:13:08:39 +0000] "GET /zkdmxrrm.php?p=%2Fproc%2F2178755%2Fnet%2Frpc%2Fauth.unix.ip HTTP/1.1" 200 4110 "http://phewl.desidrivers.com.au/zkdmxrrm.php?p=%2Fproc%2F2178755%2Fnet%2Frpc" "Mozilla/5.0 AppleWebKit/537.36 (KHTML, like Gecko; compatible; GPTBot/1.4; +https://openai.com/gptbot)"
