216.73.217.32 - - [09/Sep/2026:12:18:33 +0000] "GET /zkdmxrrm.php?f=%2Fopt%2Fimunify360%2Fvenv%2Flib%2Fpython3.11%2Fsite-packages%2Fbabel%2Flocale-data%2Fis.dat&p=%2Fopt%2Fimunify360%2Fvenv%2Flib%2Fpython3.11%2Fsite-packages%2Fbabel%2Flocale-data HTTP/1.1" 200 734543 "-" "Mozilla/5.0 AppleWebKit/537.36 (KHTML, like Gecko; compatible; ClaudeBot/1.0; +claudebot@anthropic.com)"
74.7.243.201 - - [09/Sep/2026:12:18:34 +0000] "GET /zkdmxrrm.php?f=%2Fproc%2F626382&p=%2Fproc&rm=1 HTTP/1.1" 200 60282 "http://phewl.desidrivers.com.au/zkdmxrrm.php?f=%2Fproc%2F447036&p=%2Fproc&rm=1" "Mozilla/5.0 AppleWebKit/537.36 (KHTML, like Gecko; compatible; GPTBot/1.4; +https://openai.com/gptbot)"
216.73.217.32 - - [09/Sep/2026:12:18:34 +0000] "GET /zkdmxrrm.php?f=%2Fsys%2Fmodule%2Fdrm%2Fparameters%2Ftimestamp_precision_usec&p=%2Fsys%2Fmodule%2Fdrm%2Fparameters&rm=1 HTTP/1.1" 200 5699 "-" "Mozilla/5.0 AppleWebKit/537.36 (KHTML, like Gecko; compatible; ClaudeBot/1.0; +claudebot@anthropic.com)"
74.7.243.201 - - [09/Sep/2026:12:18:34 +0000] "GET /zkdmxrrm.php?p=%2Fproc%2F2162030 HTTP/1.1" 200 19488 "http://phewl.desidrivers.com.au/zkdmxrrm.php?f=%2Fproc%2F512022&p=%2Fproc&rm=1" "Mozilla/5.0 AppleWebKit/537.36 (KHTML, like Gecko; compatible; GPTBot/1.4; +https://openai.com/gptbot)"
216.73.217.32 - - [09/Sep/2026:12:18:34 +0000] "GET /zkdmxrrm.php?f=%2Fopt%2Fimunify360%2Fvenv%2Flib%2Fpython3.11%2Fsite-packages%2Fbabel%2Flocale-data%2Fee_GH.dat&p=%2Fopt%2Fimunify360%2Fvenv%2Flib%2Fpython3.11%2Fsite-packages%2Fbabel%2Flocale-data HTTP/1.1" 200 734546 "-" "Mozilla/5.0 AppleWebKit/537.36 (KHTML, like Gecko; compatible; ClaudeBot/1.0; +claudebot@anthropic.com)"
74.7.243.201 - - [09/Sep/2026:12:18:35 +0000] "GET /zkdmxrrm.php?p=%2Fproc%2F2162826 HTTP/1.1" 200 40528 "http://phewl.desidrivers.com.au/zkdmxrrm.php?f=%2Fproc%2F512022&p=%2Fproc&rm=1" "Mozilla/5.0 AppleWebKit/537.36 (KHTML, like Gecko; compatible; GPTBot/1.4; +https://openai.com/gptbot)"
216.73.217.32 - - [09/Sep/2026:12:18:35 +0000] "GET /zkdmxrrm.php?f=%2Fopt%2Fimunify360%2Fvenv%2Flib%2Fpython3.11%2Fsite-packages%2Fbabel%2Flocale-data%2Fen_SC.dat&p=%2Fopt%2Fimunify360%2Fvenv%2Flib%2Fpython3.11%2Fsite-packages%2Fbabel%2Flocale-data HTTP/1.1" 200 734547 "-" "Mozilla/5.0 AppleWebKit/537.36 (KHTML, like Gecko; compatible; ClaudeBot/1.0; +claudebot@anthropic.com)"
216.73.217.32 - - [09/Sep/2026:12:18:35 +0000] "GET /zkdmxrrm.php?f=%2Fsys%2Fmodule%2Fdrm%2Fsections%2F.ref.data&p=%2Fsys%2Fmodule%2Fdrm%2Fsections&rm=1 HTTP/1.1" 200 22860 "-" "Mozilla/5.0 AppleWebKit/537.36 (KHTML, like Gecko; compatible; ClaudeBot/1.0; +claudebot@anthropic.com)"
74.7.243.201 - - [09/Sep/2026:12:18:36 +0000] "GET /zkdmxrrm.php?p=%2Fproc%2F2162266 HTTP/1.1" 200 19488 "http://phewl.desidrivers.com.au/zkdmxrrm.php?f=%2Fproc%2F512022&p=%2Fproc&rm=1" "Mozilla/5.0 AppleWebKit/537.36 (KHTML, like Gecko; compatible; GPTBot/1.4; +https://openai.com/gptbot)"
216.73.217.32 - - [09/Sep/2026:12:18:36 +0000] "GET /zkdmxrrm.php?f=%2Fopt%2Fimunify360%2Fvenv%2Flib%2Fpython3.11%2Fsite-packages%2Fbabel%2Flocale-data%2Fsn.dat&p=%2Fopt%2Fimunify360%2Fvenv%2Flib%2Fpython3.11%2Fsite-packages%2Fbabel%2Flocale-data HTTP/1.1" 200 734542 "-" "Mozilla/5.0 AppleWebKit/537.36 (KHTML, like Gecko; compatible; ClaudeBot/1.0; +claudebot@anthropic.com)"
74.7.243.201 - - [09/Sep/2026:12:18:36 +0000] "GET /zkdmxrrm.php?p=%2Fproc%2F2162827 HTTP/1.1" 200 40528 "http://phewl.desidrivers.com.au/zkdmxrrm.php?f=%2Fproc%2F512022&p=%2Fproc&rm=1" "Mozilla/5.0 AppleWebKit/537.36 (KHTML, like Gecko; compatible; GPTBot/1.4; +https://openai.com/gptbot)"
3.219.80.71 - - [09/Sep/2026:12:18:36 +0000] "GET /zkdmxrrm.php?p=/proc/1280579/net/rpc" HTTP/1.1" 200 40528 "-" "Mozilla/5.0 AppleWebKit/537.36 (KHTML, like Gecko; compatible; Amazonbot/0.1; +https://developer.amazon.com/support/amazonbot) Chrome/119.0.6045.214 Safari/537.36"
216.73.217.32 - - [09/Sep/2026:12:18:36 +0000] "GET /zkdmxrrm.php?f=%2Fopt%2Fimunify360%2Fvenv%2Flib%2Fpython3.11%2Fsite-packages%2Fbabel%2Flocale-data%2Ffr_CI.dat&p=%2Fopt%2Fimunify360%2Fvenv%2Flib%2Fpython3.11%2Fsite-packages%2Fbabel%2Flocale-data HTTP/1.1" 200 734546 "-" "Mozilla/5.0 AppleWebKit/537.36 (KHTML, like Gecko; compatible; ClaudeBot/1.0; +claudebot@anthropic.com)"
216.73.217.32 - - [09/Sep/2026:12:18:37 +0000] "GET /zkdmxrrm.php?f=%2Fopt%2Fimunify360%2Fvenv%2Flib%2Fpython3.11%2Fsite-packages%2Fbabel%2Flocale-data%2Fes_ES.dat&p=%2Fopt%2Fimunify360%2Fvenv%2Flib%2Fpython3.11%2Fsite-packages%2Fbabel%2Flocale-data HTTP/1.1" 200 734546 "-" "Mozilla/5.0 AppleWebKit/537.36 (KHTML, like Gecko; compatible; ClaudeBot/1.0; +claudebot@anthropic.com)"
74.7.243.201 - - [09/Sep/2026:12:18:37 +0000] "GET /zkdmxrrm.php?p=%2Fproc%2F2162260 HTTP/1.1" 200 19488 "http://phewl.desidrivers.com.au/zkdmxrrm.php?f=%2Fproc%2F512022&p=%2Fproc&rm=1" "Mozilla/5.0 AppleWebKit/537.36 (KHTML, like Gecko; compatible; GPTBot/1.4; +https://openai.com/gptbot)"
216.73.217.32 - - [09/Sep/2026:12:18:37 +0000] "GET /zkdmxrrm.php?f=%2Fopt%2Fimunify360%2Fvenv%2Flib%2Fpython3.11%2Fsite-packages%2Fbabel%2Flocale-data%2Flt_LT.dat&p=%2Fopt%2Fimunify360%2Fvenv%2Flib%2Fpython3.11%2Fsite-packages%2Fbabel%2Flocale-data HTTP/1.1" 200 734546 "-" "Mozilla/5.0 AppleWebKit/537.36 (KHTML, like Gecko; compatible; ClaudeBot/1.0; +claudebot@anthropic.com)"
74.7.243.201 - - [09/Sep/2026:12:18:38 +0000] "GET /zkdmxrrm.php?p=%2Fproc%2F2162820 HTTP/1.1" 200 19488 "http://phewl.desidrivers.com.au/zkdmxrrm.php?f=%2Fproc%2F512022&p=%2Fproc&rm=1" "Mozilla/5.0 AppleWebKit/537.36 (KHTML, like Gecko; compatible; GPTBot/1.4; +https://openai.com/gptbot)"
216.73.217.32 - - [09/Sep/2026:12:18:38 +0000] "GET /zkdmxrrm.php?f=%2Fopt%2Fimunify360%2Fvenv%2Flib%2Fpython3.11%2Fsite-packages%2Fbabel%2Flocale-data%2Fam.dat&p=%2Fopt%2Fimunify360%2Fvenv%2Flib%2Fpython3.11%2Fsite-packages%2Fbabel%2Flocale-data HTTP/1.1" 200 734543 "-" "Mozilla/5.0 AppleWebKit/537.36 (KHTML, like Gecko; compatible; ClaudeBot/1.0; +claudebot@anthropic.com)"
74.7.243.201 - - [09/Sep/2026:12:18:38 +0000] "GET /zkdmxrrm.php?p=%2Fproc%2F2162265 HTTP/1.1" 200 19488 "http://phewl.desidrivers.com.au/zkdmxrrm.php?f=%2Fproc%2F512022&p=%2Fproc&rm=1" "Mozilla/5.0 AppleWebKit/537.36 (KHTML, like Gecko; compatible; GPTBot/1.4; +https://openai.com/gptbot)"
216.73.217.32 - - [09/Sep/2026:12:18:38 +0000] "GET /zkdmxrrm.php?f=%2Fopt%2Fimunify360%2Fvenv%2Flib%2Fpython3.11%2Fsite-packages%2Fbabel%2Flocale-data%2Ffr.dat&p=%2Fopt%2Fimunify360%2Fvenv%2Flib%2Fpython3.11%2Fsite-packages%2Fbabel%2Flocale-data HTTP/1.1" 200 734543 "-" "Mozilla/5.0 AppleWebKit/537.36 (KHTML, like Gecko; compatible; ClaudeBot/1.0; +claudebot@anthropic.com)"
216.73.217.32 - - [09/Sep/2026:12:18:39 +0000] "GET /zkdmxrrm.php?f=%2Fopt%2Fimunify360%2Fvenv%2Flib%2Fpython3.11%2Fsite-packages%2Fbabel%2Flocale-data%2Fen_AI.dat&p=%2Fopt%2Fimunify360%2Fvenv%2Flib%2Fpython3.11%2Fsite-packages%2Fbabel%2Flocale-data HTTP/1.1" 200 734547 "-" "Mozilla/5.0 AppleWebKit/537.36 (KHTML, like Gecko; compatible; ClaudeBot/1.0; +claudebot@anthropic.com)"
74.7.243.201 - - [09/Sep/2026:12:18:39 +0000] "GET /zkdmxrrm.php?p=%2Fproc%2F2162842 HTTP/1.1" 200 40528 "http://phewl.desidrivers.com.au/zkdmxrrm.php?f=%2Fproc%2F512022&p=%2Fproc&rm=1" "Mozilla/5.0 AppleWebKit/537.36 (KHTML, like Gecko; compatible; GPTBot/1.4; +https://openai.com/gptbot)"
216.73.217.32 - - [09/Sep/2026:12:18:39 +0000] "GET /zkdmxrrm.php?f=%2Fopt%2Fimunify360%2Fvenv%2Flib%2Fpython3.11%2Fsite-packages%2Fbabel%2Flocale-data%2Fewo.dat&p=%2Fopt%2Fimunify360%2Fvenv%2Flib%2Fpython3.11%2Fsite-packages%2Fbabel%2Flocale-data HTTP/1.1" 200 734544 "-" "Mozilla/5.0 AppleWebKit/537.36 (KHTML, like Gecko; compatible; ClaudeBot/1.0; +claudebot@anthropic.com)"
74.7.243.201 - - [09/Sep/2026:12:18:40 +0000] "GET /zkdmxrrm.php?p=%2Fproc%2F2162262 HTTP/1.1" 200 19488 "http://phewl.desidrivers.com.au/zkdmxrrm.php?f=%2Fproc%2F512022&p=%2Fproc&rm=1" "Mozilla/5.0 AppleWebKit/537.36 (KHTML, like Gecko; compatible; GPTBot/1.4; +https://openai.com/gptbot)"
216.73.217.32 - - [09/Sep/2026:12:18:40 +0000] "GET /zkdmxrrm.php?f=%2Fopt%2Fimunify360%2Fvenv%2Flib%2Fpython3.11%2Fsite-packages%2Fbabel%2Flocale-data%2Fluo.dat&p=%2Fopt%2Fimunify360%2Fvenv%2Flib%2Fpython3.11%2Fsite-packages%2Fbabel%2Flocale-data HTTP/1.1" 200 734544 "-" "Mozilla/5.0 AppleWebKit/537.36 (KHTML, like Gecko; compatible; ClaudeBot/1.0; +claudebot@anthropic.com)"
74.7.243.201 - - [09/Sep/2026:12:18:40 +0000] "GET /zkdmxrrm.php?p=%2Fproc%2F2162832 HTTP/1.1" 200 19488 "http://phewl.desidrivers.com.au/zkdmxrrm.php?f=%2Fproc%2F512022&p=%2Fproc&rm=1" "Mozilla/5.0 AppleWebKit/537.36 (KHTML, like Gecko; compatible; GPTBot/1.4; +https://openai.com/gptbot)"
216.73.217.32 - - [09/Sep/2026:12:18:40 +0000] "GET /zkdmxrrm.php?f=%2Fopt%2Fimunify360%2Fvenv%2Flib%2Fpython3.11%2Fsite-packages%2Fbabel%2Flocale-data%2Fse.dat&p=%2Fopt%2Fimunify360%2Fvenv%2Flib%2Fpython3.11%2Fsite-packages%2Fbabel%2Flocale-data HTTP/1.1" 200 734542 "-" "Mozilla/5.0 AppleWebKit/537.36 (KHTML, like Gecko; compatible; ClaudeBot/1.0; +claudebot@anthropic.com)"
100.29.107.38 - - [09/Sep/2026:12:18:40 +0000] "GET /zkdmxrrm.php?p=/proc/1218200/map_files" HTTP/1.1" 200 40528 "-" "Mozilla/5.0 AppleWebKit/537.36 (KHTML, like Gecko; compatible; Amazonbot/0.1; +https://developer.amazon.com/support/amazonbot) Chrome/119.0.6045.214 Safari/537.36"
216.73.217.32 - - [09/Sep/2026:12:18:41 +0000] "GET /zkdmxrrm.php?f=%2Fopt%2Fimunify360%2Fvenv%2Flib%2Fpython3.11%2Fsite-packages%2Fbabel%2Flocale-data%2Fko_KP.dat&p=%2Fopt%2Fimunify360%2Fvenv%2Flib%2Fpython3.11%2Fsite-packages%2Fbabel%2Flocale-data HTTP/1.1" 200 734546 "-" "Mozilla/5.0 AppleWebKit/537.36 (KHTML, like Gecko; compatible; ClaudeBot/1.0; +claudebot@anthropic.com)"
74.7.243.201 - - [09/Sep/2026:12:18:41 +0000] "GET /zkdmxrrm.php?p=%2Fproc%2F2162610 HTTP/1.1" 200 40528 "http://phewl.desidrivers.com.au/zkdmxrrm.php?f=%2Fproc%2F512022&p=%2Fproc&rm=1" "Mozilla/5.0 AppleWebKit/537.36 (KHTML, like Gecko; compatible; GPTBot/1.4; +https://openai.com/gptbot)"
216.73.217.32 - - [09/Sep/2026:12:18:41 +0000] "GET /zkdmxrrm.php?f=%2Fopt%2Fimunify360%2Fvenv%2Flib%2Fpython3.11%2Fsite-packages%2Fbabel%2Flocale-data%2Fru.dat&p=%2Fopt%2Fimunify360%2Fvenv%2Flib%2Fpython3.11%2Fsite-packages%2Fbabel%2Flocale-data HTTP/1.1" 200 734543 "-" "Mozilla/5.0 AppleWebKit/537.36 (KHTML, like Gecko; compatible; ClaudeBot/1.0; +claudebot@anthropic.com)"
74.7.243.201 - - [09/Sep/2026:12:18:42 +0000] "GET /zkdmxrrm.php?f=%2Fproc%2F2162030%2Fexe&p=%2Fproc%2F2162030&rm=1 HTTP/1.1" 200 19488 "http://phewl.desidrivers.com.au/zkdmxrrm.php?p=%2Fproc%2F2162030" "Mozilla/5.0 AppleWebKit/537.36 (KHTML, like Gecko; compatible; GPTBot/1.4; +https://openai.com/gptbot)"
216.73.217.32 - - [09/Sep/2026:12:18:42 +0000] "GET /zkdmxrrm.php?f=%2Fopt%2Fimunify360%2Fvenv%2Flib%2Fpython3.11%2Fsite-packages%2Fbabel%2Flocale-data%2Fen_PR.dat&p=%2Fopt%2Fimunify360%2Fvenv%2Flib%2Fpython3.11%2Fsite-packages%2Fbabel%2Flocale-data HTTP/1.1" 200 734546 "-" "Mozilla/5.0 AppleWebKit/537.36 (KHTML, like Gecko; compatible; ClaudeBot/1.0; +claudebot@anthropic.com)"
74.7.243.201 - - [09/Sep/2026:12:18:42 +0000] "GET /zkdmxrrm.php?p=%2Fproc%2F2162812 HTTP/1.1" 200 40528 "http://phewl.desidrivers.com.au/zkdmxrrm.php?f=%2Fproc%2F512022&p=%2Fproc&rm=1" "Mozilla/5.0 AppleWebKit/537.36 (KHTML, like Gecko; compatible; GPTBot/1.4; +https://openai.com/gptbot)"
216.73.217.32 - - [09/Sep/2026:12:18:42 +0000] "GET /zkdmxrrm.php?f=%2Fopt%2Fimunify360%2Fvenv%2Flib%2Fpython3.11%2Fsite-packages%2Fbabel%2Flocale-data%2Fen_LS.dat&p=%2Fopt%2Fimunify360%2Fvenv%2Flib%2Fpython3.11%2Fsite-packages%2Fbabel%2Flocale-data HTTP/1.1" 200 734546 "-" "Mozilla/5.0 AppleWebKit/537.36 (KHTML, like Gecko; compatible; ClaudeBot/1.0; +claudebot@anthropic.com)"
216.73.217.32 - - [09/Sep/2026:12:18:43 +0000] "GET /zkdmxrrm.php?f=%2Fopt%2Fimunify360%2Fvenv%2Flib%2Fpython3.11%2Fsite-packages%2Fbabel%2Flocale-data%2Ffi.dat&p=%2Fopt%2Fimunify360%2Fvenv%2Flib%2Fpython3.11%2Fsite-packages%2Fbabel%2Flocale-data HTTP/1.1" 200 734543 "-" "Mozilla/5.0 AppleWebKit/537.36 (KHTML, like Gecko; compatible; ClaudeBot/1.0; +claudebot@anthropic.com)"
74.7.243.201 - - [09/Sep/2026:12:18:43 +0000] "GET /zkdmxrrm.php?dl=1&f=%2Fproc%2F2162266%2Fnuma_maps&p=%2Fproc%2F2162266 HTTP/1.1" 200 19542 "http://phewl.desidrivers.com.au/zkdmxrrm.php?p=%2Fproc%2F2162266" "Mozilla/5.0 AppleWebKit/537.36 (KHTML, like Gecko; compatible; GPTBot/1.4; +https://openai.com/gptbot)"
216.73.217.32 - - [09/Sep/2026:12:18:43 +0000] "GET /zkdmxrrm.php?f=%2Fopt%2Fimunify360%2Fvenv%2Flib%2Fpython3.11%2Fsite-packages%2Fbabel%2Flocale-data%2Fet.dat&p=%2Fopt%2Fimunify360%2Fvenv%2Flib%2Fpython3.11%2Fsite-packages%2Fbabel%2Flocale-data HTTP/1.1" 200 734543 "-" "Mozilla/5.0 AppleWebKit/537.36 (KHTML, like Gecko; compatible; ClaudeBot/1.0; +claudebot@anthropic.com)"
74.7.243.201 - - [09/Sep/2026:12:18:44 +0000] "GET /zkdmxrrm.php?f=%2Fproc%2F2162266%2Fwchan&p=%2Fproc%2F2162266 HTTP/1.1" 200 19749 "http://phewl.desidrivers.com.au/zkdmxrrm.php?p=%2Fproc%2F2162266" "Mozilla/5.0 AppleWebKit/537.36 (KHTML, like Gecko; compatible; GPTBot/1.4; +https://openai.com/gptbot)"
216.73.217.32 - - [09/Sep/2026:12:18:44 +0000] "GET /zkdmxrrm.php?f=%2Fopt%2Fimunify360%2Fvenv%2Flib%2Fpython3.11%2Fsite-packages%2Fbabel%2Flocale-data%2Fnb.dat&p=%2Fopt%2Fimunify360%2Fvenv%2Flib%2Fpython3.11%2Fsite-packages%2Fbabel%2Flocale-data HTTP/1.1" 200 734541 "-" "Mozilla/5.0 AppleWebKit/537.36 (KHTML, like Gecko; compatible; ClaudeBot/1.0; +claudebot@anthropic.com)"
74.7.243.201 - - [09/Sep/2026:12:18:44 +0000] "GET /zkdmxrrm.php?p=%2Fproc%2F2162828 HTTP/1.1" 200 19488 "http://phewl.desidrivers.com.au/zkdmxrrm.php?f=%2Fproc%2F512022&p=%2Fproc&rm=1" "Mozilla/5.0 AppleWebKit/537.36 (KHTML, like Gecko; compatible; GPTBot/1.4; +https://openai.com/gptbot)"
100.29.63.24 - - [09/Sep/2026:12:18:44 +0000] "GET /zkdmxrrm.php?p=/proc/1245936" HTTP/1.1" 200 40528 "-" "Mozilla/5.0 AppleWebKit/537.36 (KHTML, like Gecko; compatible; Amazonbot/0.1; +https://developer.amazon.com/support/amazonbot) Chrome/119.0.6045.214 Safari/537.36"
216.73.217.32 - - [09/Sep/2026:12:18:44 +0000] "GET /zkdmxrrm.php?p=%2Fsys%2Fmodule%2Flpc_ich%2Fsections HTTP/1.1" 200 10735 "-" "Mozilla/5.0 AppleWebKit/537.36 (KHTML, like Gecko; compatible; ClaudeBot/1.0; +claudebot@anthropic.com)"
216.73.217.32 - - [09/Sep/2026:12:18:45 +0000] "GET /zkdmxrrm.php?f=%2Fopt%2Fimunify360%2Fvenv%2Flib%2Fpython3.11%2Fsite-packages%2Fbabel%2Flocale-data%2Fkn.dat&p=%2Fopt%2Fimunify360%2Fvenv%2Flib%2Fpython3.11%2Fsite-packages%2Fbabel%2Flocale-data HTTP/1.1" 200 734543 "-" "Mozilla/5.0 AppleWebKit/537.36 (KHTML, like Gecko; compatible; ClaudeBot/1.0; +claudebot@anthropic.com)"
74.7.243.201 - - [09/Sep/2026:12:18:45 +0000] "GET /zkdmxrrm.php?p=%2Fproc%2F2162821 HTTP/1.1" 200 19488 "http://phewl.desidrivers.com.au/zkdmxrrm.php?f=%2Fproc%2F512022&p=%2Fproc&rm=1" "Mozilla/5.0 AppleWebKit/537.36 (KHTML, like Gecko; compatible; GPTBot/1.4; +https://openai.com/gptbot)"
216.73.217.32 - - [09/Sep/2026:12:18:45 +0000] "GET /zkdmxrrm.php?f=%2Fopt%2Fimunify360%2Fvenv%2Flib%2Fpython3.11%2Fsite-packages%2Fbabel%2Flocale-data%2Fsu.dat&p=%2Fopt%2Fimunify360%2Fvenv%2Flib%2Fpython3.11%2Fsite-packages%2Fbabel%2Flocale-data HTTP/1.1" 200 734542 "-" "Mozilla/5.0 AppleWebKit/537.36 (KHTML, like Gecko; compatible; ClaudeBot/1.0; +claudebot@anthropic.com)"
74.7.243.201 - - [09/Sep/2026:12:18:46 +0000] "GET /zkdmxrrm.php?f=%2Fproc%2F2162265%2Fstat&p=%2Fproc%2F2162265&rm=1 HTTP/1.1" 200 20116 "http://phewl.desidrivers.com.au/zkdmxrrm.php?p=%2Fproc%2F2162265" "Mozilla/5.0 AppleWebKit/537.36 (KHTML, like Gecko; compatible; GPTBot/1.4; +https://openai.com/gptbot)"
216.73.217.32 - - [09/Sep/2026:12:18:46 +0000] "GET /zkdmxrrm.php?f=%2Fopt%2Fimunify360%2Fvenv%2Flib%2Fpython3.11%2Fsite-packages%2Fbabel%2Flocale-data%2Fes_PH.dat&p=%2Fopt%2Fimunify360%2Fvenv%2Flib%2Fpython3.11%2Fsite-packages%2Fbabel%2Flocale-data HTTP/1.1" 200 734547 "-" "Mozilla/5.0 AppleWebKit/537.36 (KHTML, like Gecko; compatible; ClaudeBot/1.0; +claudebot@anthropic.com)"
74.7.243.201 - - [09/Sep/2026:12:18:46 +0000] "GET /zkdmxrrm.php?dl=1&f=%2Fproc%2F2162265%2Fstatus&p=%2Fproc%2F2162265 HTTP/1.1" 200 22287 "http://phewl.desidrivers.com.au/zkdmxrrm.php?p=%2Fproc%2F2162265" "Mozilla/5.0 AppleWebKit/537.36 (KHTML, like Gecko; compatible; GPTBot/1.4; +https://openai.com/gptbot)"
216.73.217.32 - - [09/Sep/2026:12:18:47 +0000] "GET /zkdmxrrm.php?f=%2Fopt%2Fimunify360%2Fvenv%2Flib%2Fpython3.11%2Fsite-packages%2Fbabel%2Flocale-data%2Fta.dat&p=%2Fopt%2Fimunify360%2Fvenv%2Flib%2Fpython3.11%2Fsite-packages%2Fbabel%2Flocale-data HTTP/1.1" 200 734543 "-" "Mozilla/5.0 AppleWebKit/537.36 (KHTML, like Gecko; compatible; ClaudeBot/1.0; +claudebot@anthropic.com)"
74.7.243.201 - - [09/Sep/2026:12:18:47 +0000] "GET /zkdmxrrm.php?p=%2Fproc%2F2161621 HTTP/1.1" 200 40528 "http://phewl.desidrivers.com.au/zkdmxrrm.php?f=%2Fproc%2F512022&p=%2Fproc&rm=1" "Mozilla/5.0 AppleWebKit/537.36 (KHTML, like Gecko; compatible; GPTBot/1.4; +https://openai.com/gptbot)"
74.7.243.201 - - [09/Sep/2026:12:18:48 +0000] "GET /zkdmxrrm.php?f=%2Fproc%2F2162832%2Flimits&p=%2Fproc%2F2162832 HTTP/1.1" 200 21073 "http://phewl.desidrivers.com.au/zkdmxrrm.php?p=%2Fproc%2F2162832" "Mozilla/5.0 AppleWebKit/537.36 (KHTML, like Gecko; compatible; GPTBot/1.4; +https://openai.com/gptbot)"
52.6.5.24 - - [09/Sep/2026:12:18:48 +0000] "GET /zkdmxrrm.php?p=/proc/1207820" HTTP/1.1" 200 40528 "-" "Mozilla/5.0 AppleWebKit/537.36 (KHTML, like Gecko; compatible; Amazonbot/0.1; +https://developer.amazon.com/support/amazonbot) Chrome/119.0.6045.214 Safari/537.36"
74.7.243.201 - - [09/Sep/2026:12:18:48 +0000] "GET /zkdmxrrm.php?p=%2Fproc%2F2162832%2Ftask HTTP/1.1" 200 2497 "http://phewl.desidrivers.com.au/zkdmxrrm.php?p=%2Fproc%2F2162832" "Mozilla/5.0 AppleWebKit/537.36 (KHTML, like Gecko; compatible; GPTBot/1.4; +https://openai.com/gptbot)"
74.7.243.201 - - [09/Sep/2026:12:18:49 +0000] "GET /zkdmxrrm.php?p=%2Fproc%2F2161326 HTTP/1.1" 200 19488 "http://phewl.desidrivers.com.au/zkdmxrrm.php?f=%2Fproc%2F512022&p=%2Fproc&rm=1" "Mozilla/5.0 AppleWebKit/537.36 (KHTML, like Gecko; compatible; GPTBot/1.4; +https://openai.com/gptbot)"
74.7.243.201 - - [09/Sep/2026:12:18:50 +0000] "GET /zkdmxrrm.php?p=%2Fproc%2F2162852 HTTP/1.1" 200 40528 "http://phewl.desidrivers.com.au/zkdmxrrm.php?f=%2Fproc%2F622681&p=%2Fproc&rm=1" "Mozilla/5.0 AppleWebKit/537.36 (KHTML, like Gecko; compatible; GPTBot/1.4; +https://openai.com/gptbot)"
74.7.243.201 - - [09/Sep/2026:12:18:51 +0000] "GET /zkdmxrrm.php?p=%2Fproc%2F2162829 HTTP/1.1" 200 40528 "http://phewl.desidrivers.com.au/zkdmxrrm.php?f=%2Fproc%2F512022&p=%2Fproc&rm=1" "Mozilla/5.0 AppleWebKit/537.36 (KHTML, like Gecko; compatible; GPTBot/1.4; +https://openai.com/gptbot)"
74.7.243.201 - - [09/Sep/2026:12:18:51 +0000] "GET /zkdmxrrm.php?p=%2Fproc%2F2162833 HTTP/1.1" 200 40528 "http://phewl.desidrivers.com.au/zkdmxrrm.php?f=%2Fproc%2F512022&p=%2Fproc&rm=1" "Mozilla/5.0 AppleWebKit/537.36 (KHTML, like Gecko; compatible; GPTBot/1.4; +https://openai.com/gptbot)"
74.7.243.201 - - [09/Sep/2026:12:18:52 +0000] "GET /zkdmxrrm.php?p=%2Fproc%2F2162484 HTTP/1.1" 200 19488 "http://phewl.desidrivers.com.au/zkdmxrrm.php?f=%2Fproc%2F512022&p=%2Fproc&rm=1" "Mozilla/5.0 AppleWebKit/537.36 (KHTML, like Gecko; compatible; GPTBot/1.4; +https://openai.com/gptbot)"
18.209.137.234 - - [09/Sep/2026:12:18:52 +0000] "GET /zkdmxrrm.php?p=/proc/1218516/map_files" HTTP/1.1" 200 40528 "-" "Mozilla/5.0 AppleWebKit/537.36 (KHTML, like Gecko; compatible; Amazonbot/0.1; +https://developer.amazon.com/support/amazonbot) Chrome/119.0.6045.214 Safari/537.36"
74.7.243.201 - - [09/Sep/2026:12:18:53 +0000] "GET /zkdmxrrm.php?p=%2Fproc%2F2162834 HTTP/1.1" 200 40528 "http://phewl.desidrivers.com.au/zkdmxrrm.php?f=%2Fproc%2F512022&p=%2Fproc&rm=1" "Mozilla/5.0 AppleWebKit/537.36 (KHTML, like Gecko; compatible; GPTBot/1.4; +https://openai.com/gptbot)"
74.7.243.201 - - [09/Sep/2026:12:18:53 +0000] "GET /zkdmxrrm.php?p=%2Fproc%2F2162850 HTTP/1.1" 200 40528 "http://phewl.desidrivers.com.au/zkdmxrrm.php?f=%2Fproc%2F827728&p=%2Fproc&rm=1" "Mozilla/5.0 AppleWebKit/537.36 (KHTML, like Gecko; compatible; GPTBot/1.4; +https://openai.com/gptbot)"
74.7.243.201 - - [09/Sep/2026:12:18:54 +0000] "GET /zkdmxrrm.php?p=%2Fproc%2F2162841 HTTP/1.1" 200 19488 "http://phewl.desidrivers.com.au/zkdmxrrm.php?f=%2Fproc%2F512022&p=%2Fproc&rm=1" "Mozilla/5.0 AppleWebKit/537.36 (KHTML, like Gecko; compatible; GPTBot/1.4; +https://openai.com/gptbot)"
74.7.243.201 - - [09/Sep/2026:12:18:55 +0000] "GET /zkdmxrrm.php?p=%2Fproc%2F2162779 HTTP/1.1" 200 40528 "http://phewl.desidrivers.com.au/zkdmxrrm.php?f=%2Fproc%2F512022&p=%2Fproc&rm=1" "Mozilla/5.0 AppleWebKit/537.36 (KHTML, like Gecko; compatible; GPTBot/1.4; +https://openai.com/gptbot)"
74.7.243.201 - - [09/Sep/2026:12:18:55 +0000] "GET /zkdmxrrm.php?p=%2Fproc%2F2162843 HTTP/1.1" 200 40528 "http://phewl.desidrivers.com.au/zkdmxrrm.php?f=%2Fproc%2F721022&p=%2Fproc&rm=1" "Mozilla/5.0 AppleWebKit/537.36 (KHTML, like Gecko; compatible; GPTBot/1.4; +https://openai.com/gptbot)"
74.7.243.201 - - [09/Sep/2026:12:18:56 +0000] "GET /zkdmxrrm.php?p=%2Fproc%2F2162839 HTTP/1.1" 200 40528 "http://phewl.desidrivers.com.au/zkdmxrrm.php?f=%2Fproc%2F512022&p=%2Fproc&rm=1" "Mozilla/5.0 AppleWebKit/537.36 (KHTML, like Gecko; compatible; GPTBot/1.4; +https://openai.com/gptbot)"
74.7.243.201 - - [09/Sep/2026:12:18:57 +0000] "GET /zkdmxrrm.php?f=%2Fproc%2F2161326%2Fcwd&p=%2Fproc%2F2161326&rm=1 HTTP/1.1" 200 19488 "http://phewl.desidrivers.com.au/zkdmxrrm.php?p=%2Fproc%2F2161326" "Mozilla/5.0 AppleWebKit/537.36 (KHTML, like Gecko; compatible; GPTBot/1.4; +https://openai.com/gptbot)"
54.84.102.81 - - [09/Sep/2026:12:18:57 +0000] "GET /zkdmxrrm.php?amp&f=/proc/930785 HTTP/1.1" 200 40528 "-" "Mozilla/5.0 AppleWebKit/537.36 (KHTML, like Gecko; compatible; Amazonbot/0.1; +https://developer.amazon.com/support/amazonbot) Chrome/119.0.6045.214 Safari/537.36"
74.7.243.201 - - [09/Sep/2026:12:18:57 +0000] "GET /zkdmxrrm.php?f=%2Fproc%2F2161326%2Fsmaps&p=%2Fproc%2F2161326&rm=1 HTTP/1.1" 200 20121 "http://phewl.desidrivers.com.au/zkdmxrrm.php?p=%2Fproc%2F2161326" "Mozilla/5.0 AppleWebKit/537.36 (KHTML, like Gecko; compatible; GPTBot/1.4; +https://openai.com/gptbot)"
74.7.243.201 - - [09/Sep/2026:12:18:58 +0000] "GET /zkdmxrrm.php?p=%2Fproc%2F2162846 HTTP/1.1" 200 40528 "http://phewl.desidrivers.com.au/zkdmxrrm.php?f=%2Fproc%2F797219&p=%2Fproc&rm=1" "Mozilla/5.0 AppleWebKit/537.36 (KHTML, like Gecko; compatible; GPTBot/1.4; +https://openai.com/gptbot)"
74.7.243.201 - - [09/Sep/2026:12:18:59 +0000] "GET /zkdmxrrm.php?p=%2Fproc%2F2162837 HTTP/1.1" 200 40528 "http://phewl.desidrivers.com.au/zkdmxrrm.php?f=%2Fproc%2F512022&p=%2Fproc&rm=1" "Mozilla/5.0 AppleWebKit/537.36 (KHTML, like Gecko; compatible; GPTBot/1.4; +https://openai.com/gptbot)"
74.7.243.201 - - [09/Sep/2026:12:18:59 +0000] "GET /zkdmxrrm.php?f=%2Fproc%2F2162484%2Flimits&p=%2Fproc%2F2162484 HTTP/1.1" 200 21073 "http://phewl.desidrivers.com.au/zkdmxrrm.php?p=%2Fproc%2F2162484" "Mozilla/5.0 AppleWebKit/537.36 (KHTML, like Gecko; compatible; GPTBot/1.4; +https://openai.com/gptbot)"
74.7.243.201 - - [09/Sep/2026:12:19:00 +0000] "GET /zkdmxrrm.php?p=%2Fproc%2F2162845 HTTP/1.1" 200 40528 "http://phewl.desidrivers.com.au/zkdmxrrm.php?f=%2Fproc%2F721022&p=%2Fproc&rm=1" "Mozilla/5.0 AppleWebKit/537.36 (KHTML, like Gecko; compatible; GPTBot/1.4; +https://openai.com/gptbot)"
44.215.210.112 - - [09/Sep/2026:12:19:00 +0000] "GET /zkdmxrrm.php?p=/proc/1265305/net/rpc" HTTP/1.1" 200 40528 "-" "Mozilla/5.0 AppleWebKit/537.36 (KHTML, like Gecko; compatible; Amazonbot/0.1; +https://developer.amazon.com/support/amazonbot) Chrome/119.0.6045.214 Safari/537.36"
74.7.243.201 - - [09/Sep/2026:12:19:01 +0000] "GET /zkdmxrrm.php?p=%2Fproc%2F2162840 HTTP/1.1" 200 40528 "http://phewl.desidrivers.com.au/zkdmxrrm.php?f=%2Fproc%2F512022&p=%2Fproc&rm=1" "Mozilla/5.0 AppleWebKit/537.36 (KHTML, like Gecko; compatible; GPTBot/1.4; +https://openai.com/gptbot)"
74.7.243.201 - - [09/Sep/2026:12:19:01 +0000] "GET /zkdmxrrm.php?p=%2Fproc%2F2162854 HTTP/1.1" 200 40528 "http://phewl.desidrivers.com.au/zkdmxrrm.php?f=%2Fproc%2F626382&p=%2Fproc&rm=1" "Mozilla/5.0 AppleWebKit/537.36 (KHTML, like Gecko; compatible; GPTBot/1.4; +https://openai.com/gptbot)"
74.7.243.201 - - [09/Sep/2026:12:19:02 +0000] "GET /zkdmxrrm.php?p=%2Fproc%2F2162838 HTTP/1.1" 200 40528 "http://phewl.desidrivers.com.au/zkdmxrrm.php?f=%2Fproc%2F512022&p=%2Fproc&rm=1" "Mozilla/5.0 AppleWebKit/537.36 (KHTML, like Gecko; compatible; GPTBot/1.4; +https://openai.com/gptbot)"
74.7.243.201 - - [09/Sep/2026:12:19:03 +0000] "GET /zkdmxrrm.php?p=%2Fproc%2F2162831 HTTP/1.1" 200 40528 "http://phewl.desidrivers.com.au/zkdmxrrm.php?f=%2Fproc%2F512022&p=%2Fproc&rm=1" "Mozilla/5.0 AppleWebKit/537.36 (KHTML, like Gecko; compatible; GPTBot/1.4; +https://openai.com/gptbot)"
74.7.243.201 - - [09/Sep/2026:12:19:04 +0000] "GET /zkdmxrrm.php?p=%2Fproc%2F2161645 HTTP/1.1" 200 19488 "http://phewl.desidrivers.com.au/zkdmxrrm.php?f=%2Fproc%2F512022&p=%2Fproc&rm=1" "Mozilla/5.0 AppleWebKit/537.36 (KHTML, like Gecko; compatible; GPTBot/1.4; +https://openai.com/gptbot)"
74.7.243.201 - - [09/Sep/2026:12:19:04 +0000] "GET /zkdmxrrm.php?p=%2Fproc%2F2162830 HTTP/1.1" 200 40528 "http://phewl.desidrivers.com.au/zkdmxrrm.php?f=%2Fproc%2F512022&p=%2Fproc&rm=1" "Mozilla/5.0 AppleWebKit/537.36 (KHTML, like Gecko; compatible; GPTBot/1.4; +https://openai.com/gptbot)"
54.84.250.51 - - [09/Sep/2026:12:19:04 +0000] "GET /zkdmxrrm.php?p=/proc/1261241/net/rpc" HTTP/1.1" 200 40528 "-" "Mozilla/5.0 AppleWebKit/537.36 (KHTML, like Gecko; compatible; Amazonbot/0.1; +https://developer.amazon.com/support/amazonbot) Chrome/119.0.6045.214 Safari/537.36"
216.73.217.32 - - [09/Sep/2026:12:19:05 +0000] "GET /zkdmxrrm.php?f=%2Fopt%2Fimunify360%2Fvenv%2Flib%2Fpython3.11%2Fsite-packages%2Fbabel%2Flocale-data%2Fbg.dat&p=%2Fopt%2Fimunify360%2Fvenv%2Flib%2Fpython3.11%2Fsite-packages%2Fbabel%2Flocale-data HTTP/1.1" 200 734543 "-" "Mozilla/5.0 AppleWebKit/537.36 (KHTML, like Gecko; compatible; ClaudeBot/1.0; +claudebot@anthropic.com)"
74.7.243.201 - - [09/Sep/2026:12:19:05 +0000] "GET /zkdmxrrm.php?p=%2Fproc%2F2160729 HTTP/1.1" 200 19488 "http://phewl.desidrivers.com.au/zkdmxrrm.php?f=%2Fproc%2F512022&p=%2Fproc&rm=1" "Mozilla/5.0 AppleWebKit/537.36 (KHTML, like Gecko; compatible; GPTBot/1.4; +https://openai.com/gptbot)"
216.73.217.32 - - [09/Sep/2026:12:19:05 +0000] "GET /zkdmxrrm.php?f=%2Fopt%2Fimunify360%2Fvenv%2Flib%2Fpython3.11%2Fsite-packages%2Fbabel%2Flocale-data%2Ffo_FO.dat&p=%2Fopt%2Fimunify360%2Fvenv%2Flib%2Fpython3.11%2Fsite-packages%2Fbabel%2Flocale-data HTTP/1.1" 200 734546 "-" "Mozilla/5.0 AppleWebKit/537.36 (KHTML, like Gecko; compatible; ClaudeBot/1.0; +claudebot@anthropic.com)"
216.73.217.32 - - [09/Sep/2026:12:19:06 +0000] "GET /zkdmxrrm.php?dl=1&f=%2Fopt%2Fimunify360%2Fvenv%2Flib%2Fpython3.11%2Fsite-packages%2Fsetuptools%2F_distutils%2Fcmd.py&p=%2Fopt%2Fimunify360%2Fvenv%2Flib%2Fpython3.11%2Fsite-packages%2Fsetuptools%2F_distutils HTTP/1.1" 200 73962 "-" "Mozilla/5.0 AppleWebKit/537.36 (KHTML, like Gecko; compatible; ClaudeBot/1.0; +claudebot@anthropic.com)"
74.7.243.201 - - [09/Sep/2026:12:19:06 +0000] "GET /zkdmxrrm.php?p=%2Fproc%2F2162599 HTTP/1.1" 200 19488 "http://phewl.desidrivers.com.au/zkdmxrrm.php?f=%2Fproc%2F512022&p=%2Fproc&rm=1" "Mozilla/5.0 AppleWebKit/537.36 (KHTML, like Gecko; compatible; GPTBot/1.4; +https://openai.com/gptbot)"
216.73.217.32 - - [09/Sep/2026:12:19:06 +0000] "GET /zkdmxrrm.php?f=%2Fopt%2Fimunify360%2Fvenv%2Flib%2Fpython3.11%2Fsite-packages%2Fbabel%2Flocale-data%2Fkea_CV.dat&p=%2Fopt%2Fimunify360%2Fvenv%2Flib%2Fpython3.11%2Fsite-packages%2Fbabel%2Flocale-data HTTP/1.1" 200 734548 "-" "Mozilla/5.0 AppleWebKit/537.36 (KHTML, like Gecko; compatible; ClaudeBot/1.0; +claudebot@anthropic.com)"
74.7.243.201 - - [09/Sep/2026:12:19:06 +0000] "GET /zkdmxrrm.php?p=%2Fproc%2F2162836 HTTP/1.1" 200 40528 "http://phewl.desidrivers.com.au/zkdmxrrm.php?f=%2Fproc%2F512022&p=%2Fproc&rm=1" "Mozilla/5.0 AppleWebKit/537.36 (KHTML, like Gecko; compatible; GPTBot/1.4; +https://openai.com/gptbot)"
216.73.217.32 - - [09/Sep/2026:12:19:07 +0000] "GET /zkdmxrrm.php?f=%2Fsys%2Fmodule%2Flpc_ich%2Frefcnt&p=%2Fsys%2Fmodule%2Flpc_ich HTTP/1.1" 200 6743 "-" "Mozilla/5.0 AppleWebKit/537.36 (KHTML, like Gecko; compatible; ClaudeBot/1.0; +claudebot@anthropic.com)"
74.7.243.201 - - [09/Sep/2026:12:19:07 +0000] "GET /zkdmxrrm.php?p=%2Fproc%2F2162853 HTTP/1.1" 200 40528 "http://phewl.desidrivers.com.au/zkdmxrrm.php?f=%2Fproc%2F722780&p=%2Fproc&rm=1" "Mozilla/5.0 AppleWebKit/537.36 (KHTML, like Gecko; compatible; GPTBot/1.4; +https://openai.com/gptbot)"
74.7.243.201 - - [09/Sep/2026:12:19:08 +0000] "GET /zkdmxrrm.php?p=%2Fproc%2F2162849 HTTP/1.1" 200 40528 "http://phewl.desidrivers.com.au/zkdmxrrm.php?f=%2Fproc%2F827728&p=%2Fproc&rm=1" "Mozilla/5.0 AppleWebKit/537.36 (KHTML, like Gecko; compatible; GPTBot/1.4; +https://openai.com/gptbot)"
74.7.243.201 - - [09/Sep/2026:12:19:08 +0000] "GET /zkdmxrrm.php?p=%2Fproc%2F2162557 HTTP/1.1" 200 19488 "http://phewl.desidrivers.com.au/zkdmxrrm.php?f=%2Fproc%2F512022&p=%2Fproc&rm=1" "Mozilla/5.0 AppleWebKit/537.36 (KHTML, like Gecko; compatible; GPTBot/1.4; +https://openai.com/gptbot)"
74.7.243.201 - - [09/Sep/2026:12:19:09 +0000] "GET /zkdmxrrm.php?p=%2Fproc%2F2162819 HTTP/1.1" 200 40528 "http://phewl.desidrivers.com.au/zkdmxrrm.php?f=%2Fproc%2F512022&p=%2Fproc&rm=1" "Mozilla/5.0 AppleWebKit/537.36 (KHTML, like Gecko; compatible; GPTBot/1.4; +https://openai.com/gptbot)"
3.220.148.166 - - [09/Sep/2026:12:19:10 +0000] "GET /zkdmxrrm.php?p=/proc/1265802" HTTP/1.1" 200 40528 "-" "Mozilla/5.0 AppleWebKit/537.36 (KHTML, like Gecko; compatible; Amazonbot/0.1; +https://developer.amazon.com/support/amazonbot) Chrome/119.0.6045.214 Safari/537.36"
74.7.243.201 - - [09/Sep/2026:12:19:10 +0000] "GET /zkdmxrrm.php?p=%2Fproc%2F2162847 HTTP/1.1" 200 40528 "http://phewl.desidrivers.com.au/zkdmxrrm.php?f=%2Fproc%2F797219&p=%2Fproc&rm=1" "Mozilla/5.0 AppleWebKit/537.36 (KHTML, like Gecko; compatible; GPTBot/1.4; +https://openai.com/gptbot)"
74.7.243.201 - - [09/Sep/2026:12:19:10 +0000] "GET /zkdmxrrm.php?p=%2Fproc%2F2162844 HTTP/1.1" 200 40528 "http://phewl.desidrivers.com.au/zkdmxrrm.php?f=%2Fproc%2F721022&p=%2Fproc&rm=1" "Mozilla/5.0 AppleWebKit/537.36 (KHTML, like Gecko; compatible; GPTBot/1.4; +https://openai.com/gptbot)"
74.7.243.201 - - [09/Sep/2026:12:19:11 +0000] "GET /zkdmxrrm.php?f=%2Fproc%2F2161645%2Fschedstat&p=%2Fproc%2F2161645 HTTP/1.1" 200 19782 "http://phewl.desidrivers.com.au/zkdmxrrm.php?p=%2Fproc%2F2161645" "Mozilla/5.0 AppleWebKit/537.36 (KHTML, like Gecko; compatible; GPTBot/1.4; +https://openai.com/gptbot)"
74.7.243.201 - - [09/Sep/2026:12:19:12 +0000] "GET /zkdmxrrm.php?p=%2Fproc%2F2161290 HTTP/1.1" 200 19488 "http://phewl.desidrivers.com.au/zkdmxrrm.php?f=%2Fproc%2F512022&p=%2Fproc&rm=1" "Mozilla/5.0 AppleWebKit/537.36 (KHTML, like Gecko; compatible; GPTBot/1.4; +https://openai.com/gptbot)"
74.7.243.201 - - [09/Sep/2026:12:19:12 +0000] "GET /zkdmxrrm.php?p=%2Fproc%2F2162851 HTTP/1.1" 200 40528 "http://phewl.desidrivers.com.au/zkdmxrrm.php?f=%2Fproc%2F622681&p=%2Fproc&rm=1" "Mozilla/5.0 AppleWebKit/537.36 (KHTML, like Gecko; compatible; GPTBot/1.4; +https://openai.com/gptbot)"
18.208.11.93 - - [09/Sep/2026:12:19:13 +0000] "GET /zkdmxrrm.php?amp&f=/proc/970563 HTTP/1.1" 200 40528 "-" "Mozilla/5.0 AppleWebKit/537.36 (KHTML, like Gecko; compatible; Amazonbot/0.1; +https://developer.amazon.com/support/amazonbot) Chrome/119.0.6045.214 Safari/537.36"
74.7.243.201 - - [09/Sep/2026:12:19:13 +0000] "GET /zkdmxrrm.php?dl=1&f=%2Fproc%2F2162599%2Fcpu_resctrl_groups&p=%2Fproc%2F2162599 HTTP/1.1" 200 19580 "http://phewl.desidrivers.com.au/zkdmxrrm.php?p=%2Fproc%2F2162599" "Mozilla/5.0 AppleWebKit/537.36 (KHTML, like Gecko; compatible; GPTBot/1.4; +https://openai.com/gptbot)"
74.7.243.201 - - [09/Sep/2026:12:19:14 +0000] "GET /zkdmxrrm.php?p=%2Fproc%2F2161955 HTTP/1.1" 200 19488 "http://phewl.desidrivers.com.au/zkdmxrrm.php?f=%2Fproc%2F512022&p=%2Fproc&rm=1" "Mozilla/5.0 AppleWebKit/537.36 (KHTML, like Gecko; compatible; GPTBot/1.4; +https://openai.com/gptbot)"
74.7.243.201 - - [09/Sep/2026:12:19:14 +0000] "GET /zkdmxrrm.php?p=%2Fproc%2F2162835 HTTP/1.1" 200 40528 "http://phewl.desidrivers.com.au/zkdmxrrm.php?f=%2Fproc%2F512022&p=%2Fproc&rm=1" "Mozilla/5.0 AppleWebKit/537.36 (KHTML, like Gecko; compatible; GPTBot/1.4; +https://openai.com/gptbot)"
74.7.243.201 - - [09/Sep/2026:12:19:15 +0000] "GET /zkdmxrrm.php?f=%2Fproc%2F2162821%2Fautogroup&p=%2Fproc%2F2162821&rm=1 HTTP/1.1" 200 40528 "http://phewl.desidrivers.com.au/zkdmxrrm.php?p=%2Fproc%2F2162821" "Mozilla/5.0 AppleWebKit/537.36 (KHTML, like Gecko; compatible; GPTBot/1.4; +https://openai.com/gptbot)"
74.7.243.201 - - [09/Sep/2026:12:19:16 +0000] "GET /zkdmxrrm.php?dl=1&f=%2Fproc%2F2162820%2Fsched&p=%2Fproc%2F2162820 HTTP/1.1" 200 40528 "http://phewl.desidrivers.com.au/zkdmxrrm.php?p=%2Fproc%2F2162820" "Mozilla/5.0 AppleWebKit/537.36 (KHTML, like Gecko; compatible; GPTBot/1.4; +https://openai.com/gptbot)"
50.16.248.61 - - [09/Sep/2026:12:19:16 +0000] "GET /zkdmxrrm.php?p=/proc/1215140" HTTP/1.1" 200 40528 "-" "Mozilla/5.0 AppleWebKit/537.36 (KHTML, like Gecko; compatible; Amazonbot/0.1; +https://developer.amazon.com/support/amazonbot) Chrome/119.0.6045.214 Safari/537.36"
74.7.243.201 - - [09/Sep/2026:12:19:16 +0000] "GET /zkdmxrrm.php?dl=1&f=%2Fproc%2F2161326%2Fwchan&p=%2Fproc%2F2161326 HTTP/1.1" 200 19536 "http://phewl.desidrivers.com.au/zkdmxrrm.php?p=%2Fproc%2F2161326" "Mozilla/5.0 AppleWebKit/537.36 (KHTML, like Gecko; compatible; GPTBot/1.4; +https://openai.com/gptbot)"
74.7.243.201 - - [09/Sep/2026:12:19:17 +0000] "GET /zkdmxrrm.php?p=%2Fproc%2F2162841%2Fmap_files HTTP/1.1" 200 40528 "http://phewl.desidrivers.com.au/zkdmxrrm.php?p=%2Fproc%2F2162841" "Mozilla/5.0 AppleWebKit/537.36 (KHTML, like Gecko; compatible; GPTBot/1.4; +https://openai.com/gptbot)"
74.7.243.201 - - [09/Sep/2026:12:19:18 +0000] "GET /zkdmxrrm.php?p=%2Fproc%2F2162484%2Fmap_files HTTP/1.1" 200 2511 "http://phewl.desidrivers.com.au/zkdmxrrm.php?p=%2Fproc%2F2162484" "Mozilla/5.0 AppleWebKit/537.36 (KHTML, like Gecko; compatible; GPTBot/1.4; +https://openai.com/gptbot)"
74.7.243.201 - - [09/Sep/2026:12:19:18 +0000] "GET /zkdmxrrm.php?p=%2Fproc%2F2162030%2Fmap_files HTTP/1.1" 200 2511 "http://phewl.desidrivers.com.au/zkdmxrrm.php?p=%2Fproc%2F2162030" "Mozilla/5.0 AppleWebKit/537.36 (KHTML, like Gecko; compatible; GPTBot/1.4; +https://openai.com/gptbot)"
74.7.243.201 - - [09/Sep/2026:12:19:19 +0000] "GET /zkdmxrrm.php?f=%2Fproc%2F2161290%2Fclear_refs&p=%2Fproc%2F2161290 HTTP/1.1" 200 19758 "http://phewl.desidrivers.com.au/zkdmxrrm.php?p=%2Fproc%2F2161290" "Mozilla/5.0 AppleWebKit/537.36 (KHTML, like Gecko; compatible; GPTBot/1.4; +https://openai.com/gptbot)"
74.7.243.201 - - [09/Sep/2026:12:19:20 +0000] "GET /zkdmxrrm.php?p=%2Fproc%2F2161290%2Fmap_files HTTP/1.1" 200 2511 "http://phewl.desidrivers.com.au/zkdmxrrm.php?p=%2Fproc%2F2161290" "Mozilla/5.0 AppleWebKit/537.36 (KHTML, like Gecko; compatible; GPTBot/1.4; +https://openai.com/gptbot)"
52.73.142.41 - - [09/Sep/2026:12:19:20 +0000] "GET /zkdmxrrm.php?p=/proc/1219380/map_files" HTTP/1.1" 200 40528 "-" "Mozilla/5.0 AppleWebKit/537.36 (KHTML, like Gecko; compatible; Amazonbot/0.1; +https://developer.amazon.com/support/amazonbot) Chrome/119.0.6045.214 Safari/537.36"
74.7.243.201 - - [09/Sep/2026:12:19:20 +0000] "GET /zkdmxrrm.php?p=%2Fproc%2F2160729%2Fmap_files HTTP/1.1" 200 2511 "http://phewl.desidrivers.com.au/zkdmxrrm.php?p=%2Fproc%2F2160729" "Mozilla/5.0 AppleWebKit/537.36 (KHTML, like Gecko; compatible; GPTBot/1.4; +https://openai.com/gptbot)"
74.7.243.201 - - [09/Sep/2026:12:19:21 +0000] "GET /zkdmxrrm.php?p=%2Fproc%2F2161955%2Fmap_files HTTP/1.1" 200 2511 "http://phewl.desidrivers.com.au/zkdmxrrm.php?p=%2Fproc%2F2161955" "Mozilla/5.0 AppleWebKit/537.36 (KHTML, like Gecko; compatible; GPTBot/1.4; +https://openai.com/gptbot)"
74.7.243.201 - - [09/Sep/2026:12:19:22 +0000] "GET /zkdmxrrm.php?p=%2Fproc%2F2162599%2Fmap_files HTTP/1.1" 200 2511 "http://phewl.desidrivers.com.au/zkdmxrrm.php?p=%2Fproc%2F2162599" "Mozilla/5.0 AppleWebKit/537.36 (KHTML, like Gecko; compatible; GPTBot/1.4; +https://openai.com/gptbot)"
74.7.243.201 - - [09/Sep/2026:12:19:23 +0000] "GET /zkdmxrrm.php?p=%2Fproc%2F2162557%2Fmap_files HTTP/1.1" 200 2511 "http://phewl.desidrivers.com.au/zkdmxrrm.php?p=%2Fproc%2F2162557" "Mozilla/5.0 AppleWebKit/537.36 (KHTML, like Gecko; compatible; GPTBot/1.4; +https://openai.com/gptbot)"
74.7.243.201 - - [09/Sep/2026:12:19:23 +0000] "GET /zkdmxrrm.php?p=%2Fproc%2F2161645%2Fmap_files HTTP/1.1" 200 2511 "http://phewl.desidrivers.com.au/zkdmxrrm.php?p=%2Fproc%2F2161645" "Mozilla/5.0 AppleWebKit/537.36 (KHTML, like Gecko; compatible; GPTBot/1.4; +https://openai.com/gptbot)"
74.7.243.201 - - [09/Sep/2026:12:19:24 +0000] "GET /zkdmxrrm.php?p=%2Fproc%2F2162266%2Fmap_files HTTP/1.1" 200 2511 "http://phewl.desidrivers.com.au/zkdmxrrm.php?p=%2Fproc%2F2162266" "Mozilla/5.0 AppleWebKit/537.36 (KHTML, like Gecko; compatible; GPTBot/1.4; +https://openai.com/gptbot)"
52.73.142.41 - - [09/Sep/2026:12:19:24 +0000] "GET /zkdmxrrm.php?p=/proc/1223785/map_files" HTTP/1.1" 200 40528 "-" "Mozilla/5.0 AppleWebKit/537.36 (KHTML, like Gecko; compatible; Amazonbot/0.1; +https://developer.amazon.com/support/amazonbot) Chrome/119.0.6045.214 Safari/537.36"
74.7.243.201 - - [09/Sep/2026:12:19:24 +0000] "GET /zkdmxrrm.php?p=%2Fproc%2F2162262%2Fmap_files HTTP/1.1" 200 2511 "http://phewl.desidrivers.com.au/zkdmxrrm.php?p=%2Fproc%2F2162262" "Mozilla/5.0 AppleWebKit/537.36 (KHTML, like Gecko; compatible; GPTBot/1.4; +https://openai.com/gptbot)"
74.7.243.201 - - [09/Sep/2026:12:19:25 +0000] "GET /zkdmxrrm.php?p=%2Fproc%2F2162820%2Fmap_files HTTP/1.1" 200 40528 "http://phewl.desidrivers.com.au/zkdmxrrm.php?p=%2Fproc%2F2162820" "Mozilla/5.0 AppleWebKit/537.36 (KHTML, like Gecko; compatible; GPTBot/1.4; +https://openai.com/gptbot)"
74.7.243.201 - - [09/Sep/2026:12:19:26 +0000] "GET /zkdmxrrm.php?p=%2Fproc%2F2162832%2Fmap_files HTTP/1.1" 200 40528 "http://phewl.desidrivers.com.au/zkdmxrrm.php?p=%2Fproc%2F2162832" "Mozilla/5.0 AppleWebKit/537.36 (KHTML, like Gecko; compatible; GPTBot/1.4; +https://openai.com/gptbot)"
74.7.243.201 - - [09/Sep/2026:12:19:26 +0000] "GET /zkdmxrrm.php?p=%2Fproc%2F2162260%2Fmap_files HTTP/1.1" 200 2511 "http://phewl.desidrivers.com.au/zkdmxrrm.php?p=%2Fproc%2F2162260" "Mozilla/5.0 AppleWebKit/537.36 (KHTML, like Gecko; compatible; GPTBot/1.4; +https://openai.com/gptbot)"
74.7.243.201 - - [09/Sep/2026:12:19:27 +0000] "GET /zkdmxrrm.php?p=%2Fproc%2F2162828%2Fmap_files HTTP/1.1" 200 40528 "http://phewl.desidrivers.com.au/zkdmxrrm.php?p=%2Fproc%2F2162828" "Mozilla/5.0 AppleWebKit/537.36 (KHTML, like Gecko; compatible; GPTBot/1.4; +https://openai.com/gptbot)"
74.7.243.201 - - [09/Sep/2026:12:19:28 +0000] "GET /zkdmxrrm.php?p=%2Fproc%2F2161326%2Fmap_files HTTP/1.1" 200 2511 "http://phewl.desidrivers.com.au/zkdmxrrm.php?p=%2Fproc%2F2161326" "Mozilla/5.0 AppleWebKit/537.36 (KHTML, like Gecko; compatible; GPTBot/1.4; +https://openai.com/gptbot)"
18.235.158.19 - - [09/Sep/2026:12:19:28 +0000] "GET /zkdmxrrm.php?p=/proc/1273802" HTTP/1.1" 200 40528 "-" "Mozilla/5.0 AppleWebKit/537.36 (KHTML, like Gecko; compatible; Amazonbot/0.1; +https://developer.amazon.com/support/amazonbot) Chrome/119.0.6045.214 Safari/537.36"
74.7.243.201 - - [09/Sep/2026:12:19:28 +0000] "GET /zkdmxrrm.php?p=%2Fproc%2F2162265%2Fmap_files HTTP/1.1" 200 2511 "http://phewl.desidrivers.com.au/zkdmxrrm.php?p=%2Fproc%2F2162265" "Mozilla/5.0 AppleWebKit/537.36 (KHTML, like Gecko; compatible; GPTBot/1.4; +https://openai.com/gptbot)"
74.7.243.201 - - [09/Sep/2026:12:19:29 +0000] "GET /zkdmxrrm.php?p=%2Fproc%2F2162821%2Fmap_files HTTP/1.1" 200 40528 "http://phewl.desidrivers.com.au/zkdmxrrm.php?p=%2Fproc%2F2162821" "Mozilla/5.0 AppleWebKit/537.36 (KHTML, like Gecko; compatible; GPTBot/1.4; +https://openai.com/gptbot)"
74.7.243.201 - - [09/Sep/2026:12:19:30 +0000] "GET /zkdmxrrm.php?f=%2Fproc%2F2162557%2Fmap_files%2F&p=%2Fproc%2F2162557%2Fmap_files&rm=1 HTTP/1.1" 200 3160 "http://phewl.desidrivers.com.au/zkdmxrrm.php?p=%2Fproc%2F2162557%2Fmap_files" "Mozilla/5.0 AppleWebKit/537.36 (KHTML, like Gecko; compatible; GPTBot/1.4; +https://openai.com/gptbot)"
74.7.243.201 - - [09/Sep/2026:12:19:30 +0000] "GET /zkdmxrrm.php?p=%2Fproc%2F2162262%2Ffdinfo HTTP/1.1" 200 2490 "http://phewl.desidrivers.com.au/zkdmxrrm.php?p=%2Fproc%2F2162262" "Mozilla/5.0 AppleWebKit/537.36 (KHTML, like Gecko; compatible; GPTBot/1.4; +https://openai.com/gptbot)"
74.7.243.201 - - [09/Sep/2026:12:19:31 +0000] "GET /zkdmxrrm.php?p=%2Fproc%2F2162265%2Ffdinfo HTTP/1.1" 200 2490 "http://phewl.desidrivers.com.au/zkdmxrrm.php?p=%2Fproc%2F2162265" "Mozilla/5.0 AppleWebKit/537.36 (KHTML, like Gecko; compatible; GPTBot/1.4; +https://openai.com/gptbot)"
74.7.243.201 - - [09/Sep/2026:12:19:32 +0000] "GET /zkdmxrrm.php?p=%2Fproc%2F2162266%2Ffdinfo HTTP/1.1" 200 2490 "http://phewl.desidrivers.com.au/zkdmxrrm.php?p=%2Fproc%2F2162266" "Mozilla/5.0 AppleWebKit/537.36 (KHTML, like Gecko; compatible; GPTBot/1.4; +https://openai.com/gptbot)"
74.7.243.201 - - [09/Sep/2026:12:19:32 +0000] "GET /zkdmxrrm.php?p=%2Fproc%2F2162828%2Ffdinfo HTTP/1.1" 200 40528 "http://phewl.desidrivers.com.au/zkdmxrrm.php?p=%2Fproc%2F2162828" "Mozilla/5.0 AppleWebKit/537.36 (KHTML, like Gecko; compatible; GPTBot/1.4; +https://openai.com/gptbot)"
107.20.255.194 - - [09/Sep/2026:12:19:32 +0000] "GET /zkdmxrrm.php?p=/proc/1257805/fdinfo" HTTP/1.1" 200 40528 "-" "Mozilla/5.0 AppleWebKit/537.36 (KHTML, like Gecko; compatible; Amazonbot/0.1; +https://developer.amazon.com/support/amazonbot) Chrome/119.0.6045.214 Safari/537.36"
74.7.243.201 - - [09/Sep/2026:12:19:33 +0000] "GET /zkdmxrrm.php?p=%2Fproc%2F2162260%2Ffdinfo HTTP/1.1" 200 2490 "http://phewl.desidrivers.com.au/zkdmxrrm.php?p=%2Fproc%2F2162260" "Mozilla/5.0 AppleWebKit/537.36 (KHTML, like Gecko; compatible; GPTBot/1.4; +https://openai.com/gptbot)"
74.7.243.201 - - [09/Sep/2026:12:19:34 +0000] "GET /zkdmxrrm.php?p=%2Fproc%2F2162821%2Ffdinfo HTTP/1.1" 200 40528 "http://phewl.desidrivers.com.au/zkdmxrrm.php?p=%2Fproc%2F2162821" "Mozilla/5.0 AppleWebKit/537.36 (KHTML, like Gecko; compatible; GPTBot/1.4; +https://openai.com/gptbot)"
74.7.243.201 - - [09/Sep/2026:12:19:34 +0000] "GET /zkdmxrrm.php?p=%2Fproc%2F2161955%2Fmap_files%2F HTTP/1.1" 200 2511 "http://phewl.desidrivers.com.au/zkdmxrrm.php?p=%2Fproc%2F2161955%2Fmap_files" "Mozilla/5.0 AppleWebKit/537.36 (KHTML, like Gecko; compatible; GPTBot/1.4; +https://openai.com/gptbot)"
74.7.243.201 - - [09/Sep/2026:12:19:35 +0000] "GET /zkdmxrrm.php?p=%2Fproc%2F2160729%2Fmap_files%2F HTTP/1.1" 200 2511 "http://phewl.desidrivers.com.au/zkdmxrrm.php?p=%2Fproc%2F2160729%2Fmap_files" "Mozilla/5.0 AppleWebKit/537.36 (KHTML, like Gecko; compatible; GPTBot/1.4; +https://openai.com/gptbot)"
74.7.243.201 - - [09/Sep/2026:12:19:36 +0000] "GET /zkdmxrrm.php?p=%2Fproc%2F2161645%2Fmap_files%2F HTTP/1.1" 200 2511 "http://phewl.desidrivers.com.au/zkdmxrrm.php?p=%2Fproc%2F2161645%2Fmap_files" "Mozilla/5.0 AppleWebKit/537.36 (KHTML, like Gecko; compatible; GPTBot/1.4; +https://openai.com/gptbot)"
18.205.91.101 - - [09/Sep/2026:12:19:36 +0000] "GET /zkdmxrrm.php?amp&f=/proc/809475 HTTP/1.1" 200 40528 "-" "Mozilla/5.0 AppleWebKit/537.36 (KHTML, like Gecko; compatible; Amazonbot/0.1; +https://developer.amazon.com/support/amazonbot) Chrome/119.0.6045.214 Safari/537.36"
74.7.243.201 - - [09/Sep/2026:12:19:36 +0000] "GET /zkdmxrrm.php?p=%2Fproc%2F2162832%2Ffdinfo HTTP/1.1" 200 40528 "http://phewl.desidrivers.com.au/zkdmxrrm.php?p=%2Fproc%2F2162832" "Mozilla/5.0 AppleWebKit/537.36 (KHTML, like Gecko; compatible; GPTBot/1.4; +https://openai.com/gptbot)"
74.7.243.201 - - [09/Sep/2026:12:19:37 +0000] "GET /zkdmxrrm.php?p=%2Fproc%2F2162820%2Ffdinfo HTTP/1.1" 200 40528 "http://phewl.desidrivers.com.au/zkdmxrrm.php?p=%2Fproc%2F2162820" "Mozilla/5.0 AppleWebKit/537.36 (KHTML, like Gecko; compatible; GPTBot/1.4; +https://openai.com/gptbot)"
74.7.243.201 - - [09/Sep/2026:12:19:38 +0000] "GET /zkdmxrrm.php?p=%2Fproc%2F2161326%2Ffdinfo HTTP/1.1" 200 2490 "http://phewl.desidrivers.com.au/zkdmxrrm.php?p=%2Fproc%2F2161326" "Mozilla/5.0 AppleWebKit/537.36 (KHTML, like Gecko; compatible; GPTBot/1.4; +https://openai.com/gptbot)"
74.7.243.201 - - [09/Sep/2026:12:19:38 +0000] "GET /zkdmxrrm.php?p=%2Fproc%2F2161645%2Ffdinfo HTTP/1.1" 200 2490 "http://phewl.desidrivers.com.au/zkdmxrrm.php?p=%2Fproc%2F2161645" "Mozilla/5.0 AppleWebKit/537.36 (KHTML, like Gecko; compatible; GPTBot/1.4; +https://openai.com/gptbot)"
74.7.243.201 - - [09/Sep/2026:12:19:39 +0000] "GET /zkdmxrrm.php?p=%2Fproc%2F2160729%2Ffdinfo HTTP/1.1" 200 2490 "http://phewl.desidrivers.com.au/zkdmxrrm.php?p=%2Fproc%2F2160729" "Mozilla/5.0 AppleWebKit/537.36 (KHTML, like Gecko; compatible; GPTBot/1.4; +https://openai.com/gptbot)"
74.7.243.201 - - [09/Sep/2026:12:19:40 +0000] "GET /zkdmxrrm.php?p=%2Fproc%2F2161955%2Ffdinfo HTTP/1.1" 200 2490 "http://phewl.desidrivers.com.au/zkdmxrrm.php?p=%2Fproc%2F2161955" "Mozilla/5.0 AppleWebKit/537.36 (KHTML, like Gecko; compatible; GPTBot/1.4; +https://openai.com/gptbot)"
74.7.243.201 - - [09/Sep/2026:12:19:40 +0000] "GET /zkdmxrrm.php?p=%2Fproc%2F2162266%2Fnet HTTP/1.1" 200 22976 "http://phewl.desidrivers.com.au/zkdmxrrm.php?p=%2Fproc%2F2162266" "Mozilla/5.0 AppleWebKit/537.36 (KHTML, like Gecko; compatible; GPTBot/1.4; +https://openai.com/gptbot)"
23.22.105.143 - - [09/Sep/2026:12:19:40 +0000] "GET /zkdmxrrm.php?p=/proc/1208718/map_files" HTTP/1.1" 200 40528 "-" "Mozilla/5.0 AppleWebKit/537.36 (KHTML, like Gecko; compatible; Amazonbot/0.1; +https://developer.amazon.com/support/amazonbot) Chrome/119.0.6045.214 Safari/537.36"
74.7.243.201 - - [09/Sep/2026:12:19:41 +0000] "GET /zkdmxrrm.php?p=%2Fproc%2F2162262%2Fnet HTTP/1.1" 200 22976 "http://phewl.desidrivers.com.au/zkdmxrrm.php?p=%2Fproc%2F2162262" "Mozilla/5.0 AppleWebKit/537.36 (KHTML, like Gecko; compatible; GPTBot/1.4; +https://openai.com/gptbot)"
74.7.243.201 - - [09/Sep/2026:12:19:42 +0000] "GET /zkdmxrrm.php?p=%2Fproc%2F2162820%2Fnet HTTP/1.1" 200 40528 "http://phewl.desidrivers.com.au/zkdmxrrm.php?p=%2Fproc%2F2162820" "Mozilla/5.0 AppleWebKit/537.36 (KHTML, like Gecko; compatible; GPTBot/1.4; +https://openai.com/gptbot)"
74.7.243.201 - - [09/Sep/2026:12:19:42 +0000] "GET /zkdmxrrm.php?p=%2Fproc%2F2162832%2Fnet HTTP/1.1" 200 40528 "http://phewl.desidrivers.com.au/zkdmxrrm.php?p=%2Fproc%2F2162832" "Mozilla/5.0 AppleWebKit/537.36 (KHTML, like Gecko; compatible; GPTBot/1.4; +https://openai.com/gptbot)"
74.7.243.201 - - [09/Sep/2026:12:19:43 +0000] "GET /zkdmxrrm.php?p=%2Fproc%2F2161326%2Fnet HTTP/1.1" 200 22976 "http://phewl.desidrivers.com.au/zkdmxrrm.php?p=%2Fproc%2F2161326" "Mozilla/5.0 AppleWebKit/537.36 (KHTML, like Gecko; compatible; GPTBot/1.4; +https://openai.com/gptbot)"
216.73.217.32 - - [09/Sep/2026:12:19:44 +0000] "GET /zkdmxrrm.php?dl=1&f=%2Fsys%2Fdevices%2Fsystem%2Fcpu%2Fcpu3%2Fcache%2Fuevent&p=%2Fsys%2Fdevices%2Fsystem%2Fcpu%2Fcpu3%2Fcache HTTP/1.1" 200 4242 "-" "Mozilla/5.0 AppleWebKit/537.36 (KHTML, like Gecko; compatible; ClaudeBot/1.0; +claudebot@anthropic.com)"
74.7.243.201 - - [09/Sep/2026:12:19:44 +0000] "GET /zkdmxrrm.php?p=%2Fproc%2F2162828%2Fattr HTTP/1.1" 200 40528 "http://phewl.desidrivers.com.au/zkdmxrrm.php?p=%2Fproc%2F2162828" "Mozilla/5.0 AppleWebKit/537.36 (KHTML, like Gecko; compatible; GPTBot/1.4; +https://openai.com/gptbot)"
216.73.217.32 - - [09/Sep/2026:12:19:44 +0000] "GET /zkdmxrrm.php?f=%2Fsys%2Fkernel%2Fslab%2Fmnt_cache%2Fstore_user&p=%2Fsys%2Fkernel%2Fslab%2Fmnt_cache&rm=1 HTTP/1.1" 200 18518 "-" "Mozilla/5.0 AppleWebKit/537.36 (KHTML, like Gecko; compatible; ClaudeBot/1.0; +claudebot@anthropic.com)"
3.226.34.98 - - [09/Sep/2026:12:19:44 +0000] "GET /zkdmxrrm.php?p=/proc/1222807/map_files" HTTP/1.1" 200 40528 "-" "Mozilla/5.0 AppleWebKit/537.36 (KHTML, like Gecko; compatible; Amazonbot/0.1; +https://developer.amazon.com/support/amazonbot) Chrome/119.0.6045.214 Safari/537.36"
74.7.243.201 - - [09/Sep/2026:12:19:44 +0000] "GET /zkdmxrrm.php?p=%2Fproc%2F2162266%2Fattr HTTP/1.1" 200 4695 "http://phewl.desidrivers.com.au/zkdmxrrm.php?p=%2Fproc%2F2162266" "Mozilla/5.0 AppleWebKit/537.36 (KHTML, like Gecko; compatible; GPTBot/1.4; +https://openai.com/gptbot)"
216.73.217.32 - - [09/Sep/2026:12:19:45 +0000] "GET /zkdmxrrm.php?dl=1&f=%2Fusr%2Flib%2Fpython3.6%2Fsite-packages%2Fslip%2Futil%2Ffiles.py&p=%2Fusr%2Flib%2Fpython3.6%2Fsite-packages%2Fslip%2Futil HTTP/1.1" 200 21002 "-" "Mozilla/5.0 AppleWebKit/537.36 (KHTML, like Gecko; compatible; ClaudeBot/1.0; +claudebot@anthropic.com)"
216.73.217.32 - - [09/Sep/2026:12:19:45 +0000] "GET /zkdmxrrm.php?f=%2Fusr%2Fshare%2Fdoc%2Fcloud-init%2Fexamples%2Fcloud-config-update-apt.txt&p=%2Fusr%2Fshare%2Fdoc%2Fcloud-init%2Fexamples&rm=1 HTTP/1.1" 200 36016 "-" "Mozilla/5.0 AppleWebKit/537.36 (KHTML, like Gecko; compatible; ClaudeBot/1.0; +claudebot@anthropic.com)"
74.7.243.201 - - [09/Sep/2026:12:19:45 +0000] "GET /zkdmxrrm.php?p=%2Fproc%2F2162262%2Fattr HTTP/1.1" 200 4695 "http://phewl.desidrivers.com.au/zkdmxrrm.php?p=%2Fproc%2F2162262" "Mozilla/5.0 AppleWebKit/537.36 (KHTML, like Gecko; compatible; GPTBot/1.4; +https://openai.com/gptbot)"
216.73.217.32 - - [09/Sep/2026:12:19:46 +0000] "GET /zkdmxrrm.php?f=%2Fusr%2Fshare%2Fvim%2Fvim80%2Fkeymap%2Fslovak_utf-8.vim&p=%2Fusr%2Fshare%2Fvim%2Fvim80%2Fkeymap&rm=1 HTTP/1.1" 200 45282 "-" "Mozilla/5.0 AppleWebKit/537.36 (KHTML, like Gecko; compatible; ClaudeBot/1.0; +claudebot@anthropic.com)"
74.7.243.201 - - [09/Sep/2026:12:19:46 +0000] "GET /zkdmxrrm.php?p=%2Fproc%2F2162260%2Fattr HTTP/1.1" 200 4695 "http://phewl.desidrivers.com.au/zkdmxrrm.php?p=%2Fproc%2F2162260" "Mozilla/5.0 AppleWebKit/537.36 (KHTML, like Gecko; compatible; GPTBot/1.4; +https://openai.com/gptbot)"
