74.7.243.201 - - [09/Sep/2026:12:25:19 +0000] "GET /zkdmxrrm.php?p=%2Fproc%2F2163511%2Ffdinfo%2F HTTP/1.1" 200 40528 "http://phewl.desidrivers.com.au/zkdmxrrm.php?p=%2Fproc%2F2163511%2Ffdinfo" "Mozilla/5.0 AppleWebKit/537.36 (KHTML, like Gecko; compatible; GPTBot/1.4; +https://openai.com/gptbot)"
74.7.243.201 - - [09/Sep/2026:12:25:20 +0000] "GET /zkdmxrrm.php?p=%2Fproc%2F2164024%2Ffdinfo%2F HTTP/1.1" 200 2490 "http://phewl.desidrivers.com.au/zkdmxrrm.php?p=%2Fproc%2F2164024%2Ffdinfo" "Mozilla/5.0 AppleWebKit/537.36 (KHTML, like Gecko; compatible; GPTBot/1.4; +https://openai.com/gptbot)"
74.7.243.201 - - [09/Sep/2026:12:25:20 +0000] "GET /zkdmxrrm.php?p=%2Fproc%2F2162876%2Ffdinfo%2F HTTP/1.1" 200 2490 "http://phewl.desidrivers.com.au/zkdmxrrm.php?p=%2Fproc%2F2162876%2Ffdinfo" "Mozilla/5.0 AppleWebKit/537.36 (KHTML, like Gecko; compatible; GPTBot/1.4; +https://openai.com/gptbot)"
54.209.100.30 - - [09/Sep/2026:12:25:20 +0000] "GET /zkdmxrrm.php?p=/proc/1228660/fdinfo" HTTP/1.1" 200 40528 "-" "Mozilla/5.0 AppleWebKit/537.36 (KHTML, like Gecko; compatible; Amazonbot/0.1; +https://developer.amazon.com/support/amazonbot) Chrome/119.0.6045.214 Safari/537.36"
74.7.243.201 - - [09/Sep/2026:12:25:21 +0000] "GET /zkdmxrrm.php?p=%2Fproc%2F2163442%2Ffdinfo%2F HTTP/1.1" 200 2490 "http://phewl.desidrivers.com.au/zkdmxrrm.php?p=%2Fproc%2F2163442%2Ffdinfo" "Mozilla/5.0 AppleWebKit/537.36 (KHTML, like Gecko; compatible; GPTBot/1.4; +https://openai.com/gptbot)"
74.7.243.201 - - [09/Sep/2026:12:25:22 +0000] "GET /zkdmxrrm.php?p=%2Fproc%2F2163732%2Ffdinfo%2F HTTP/1.1" 200 2490 "http://phewl.desidrivers.com.au/zkdmxrrm.php?p=%2Fproc%2F2163732%2Ffdinfo" "Mozilla/5.0 AppleWebKit/537.36 (KHTML, like Gecko; compatible; GPTBot/1.4; +https://openai.com/gptbot)"
74.7.243.201 - - [09/Sep/2026:12:25:22 +0000] "GET /zkdmxrrm.php?p=%2Fproc%2F2164140%2Ffdinfo%2F HTTP/1.1" 200 40528 "http://phewl.desidrivers.com.au/zkdmxrrm.php?p=%2Fproc%2F2164140%2Ffdinfo" "Mozilla/5.0 AppleWebKit/537.36 (KHTML, like Gecko; compatible; GPTBot/1.4; +https://openai.com/gptbot)"
74.7.243.201 - - [09/Sep/2026:12:25:23 +0000] "GET /zkdmxrrm.php?p=%2Fproc%2F2163975%2Ffdinfo%2F HTTP/1.1" 200 2490 "http://phewl.desidrivers.com.au/zkdmxrrm.php?p=%2Fproc%2F2163975%2Ffdinfo" "Mozilla/5.0 AppleWebKit/537.36 (KHTML, like Gecko; compatible; GPTBot/1.4; +https://openai.com/gptbot)"
74.7.243.201 - - [09/Sep/2026:12:25:24 +0000] "GET /zkdmxrrm.php?p=%2Fproc%2F2163504%2Ffdinfo%2F HTTP/1.1" 200 40528 "http://phewl.desidrivers.com.au/zkdmxrrm.php?p=%2Fproc%2F2163504%2Ffdinfo" "Mozilla/5.0 AppleWebKit/537.36 (KHTML, like Gecko; compatible; GPTBot/1.4; +https://openai.com/gptbot)"
74.7.243.201 - - [09/Sep/2026:12:25:24 +0000] "GET /zkdmxrrm.php?p=%2Fproc%2F2163855%2Fnet HTTP/1.1" 200 22976 "http://phewl.desidrivers.com.au/zkdmxrrm.php?p=%2Fproc%2F2163855" "Mozilla/5.0 AppleWebKit/537.36 (KHTML, like Gecko; compatible; GPTBot/1.4; +https://openai.com/gptbot)"
54.166.104.83 - - [09/Sep/2026:12:25:25 +0000] "GET /zkdmxrrm.php?p=/proc/1224070/net" HTTP/1.1" 200 40528 "-" "Mozilla/5.0 AppleWebKit/537.36 (KHTML, like Gecko; compatible; Amazonbot/0.1; +https://developer.amazon.com/support/amazonbot) Chrome/119.0.6045.214 Safari/537.36"
74.7.243.201 - - [09/Sep/2026:12:25:25 +0000] "GET /zkdmxrrm.php?p=%2Fproc%2F2163053%2Fnet HTTP/1.1" 200 22976 "http://phewl.desidrivers.com.au/zkdmxrrm.php?p=%2Fproc%2F2163053" "Mozilla/5.0 AppleWebKit/537.36 (KHTML, like Gecko; compatible; GPTBot/1.4; +https://openai.com/gptbot)"
74.7.243.201 - - [09/Sep/2026:12:25:26 +0000] "GET /zkdmxrrm.php?p=%2Fproc%2F2164095%2Fnet HTTP/1.1" 200 40528 "http://phewl.desidrivers.com.au/zkdmxrrm.php?p=%2Fproc%2F2164095" "Mozilla/5.0 AppleWebKit/537.36 (KHTML, like Gecko; compatible; GPTBot/1.4; +https://openai.com/gptbot)"
74.7.243.201 - - [09/Sep/2026:12:25:26 +0000] "GET /zkdmxrrm.php?p=%2Fproc%2F2164108%2Fnet HTTP/1.1" 200 40528 "http://phewl.desidrivers.com.au/zkdmxrrm.php?p=%2Fproc%2F2164108" "Mozilla/5.0 AppleWebKit/537.36 (KHTML, like Gecko; compatible; GPTBot/1.4; +https://openai.com/gptbot)"
74.7.243.201 - - [09/Sep/2026:12:25:27 +0000] "GET /zkdmxrrm.php?p=%2Fproc%2F2163504%2Fnet HTTP/1.1" 200 40528 "http://phewl.desidrivers.com.au/zkdmxrrm.php?p=%2Fproc%2F2163504" "Mozilla/5.0 AppleWebKit/537.36 (KHTML, like Gecko; compatible; GPTBot/1.4; +https://openai.com/gptbot)"
74.7.243.201 - - [09/Sep/2026:12:25:28 +0000] "GET /zkdmxrrm.php?p=%2Fproc%2F2163510%2Fnet HTTP/1.1" 200 22976 "http://phewl.desidrivers.com.au/zkdmxrrm.php?p=%2Fproc%2F2163510" "Mozilla/5.0 AppleWebKit/537.36 (KHTML, like Gecko; compatible; GPTBot/1.4; +https://openai.com/gptbot)"
74.7.243.201 - - [09/Sep/2026:12:25:28 +0000] "GET /zkdmxrrm.php?p=%2Fproc%2F2163506%2Fnet HTTP/1.1" 200 22976 "http://phewl.desidrivers.com.au/zkdmxrrm.php?p=%2Fproc%2F2163506" "Mozilla/5.0 AppleWebKit/537.36 (KHTML, like Gecko; compatible; GPTBot/1.4; +https://openai.com/gptbot)"
52.44.148.203 - - [09/Sep/2026:12:25:29 +0000] "GET /zkdmxrrm.php?p=/proc/1206488/net/rpc" HTTP/1.1" 200 40528 "-" "Mozilla/5.0 AppleWebKit/537.36 (KHTML, like Gecko; compatible; Amazonbot/0.1; +https://developer.amazon.com/support/amazonbot) Chrome/119.0.6045.214 Safari/537.36"
74.7.243.201 - - [09/Sep/2026:12:25:29 +0000] "GET /zkdmxrrm.php?p=%2Fproc%2F2164093%2Fnet HTTP/1.1" 200 40528 "http://phewl.desidrivers.com.au/zkdmxrrm.php?p=%2Fproc%2F2164093" "Mozilla/5.0 AppleWebKit/537.36 (KHTML, like Gecko; compatible; GPTBot/1.4; +https://openai.com/gptbot)"
74.7.243.201 - - [09/Sep/2026:12:25:30 +0000] "GET /zkdmxrrm.php?p=%2Fproc%2F2163975%2Fnet HTTP/1.1" 200 22976 "http://phewl.desidrivers.com.au/zkdmxrrm.php?p=%2Fproc%2F2163975" "Mozilla/5.0 AppleWebKit/537.36 (KHTML, like Gecko; compatible; GPTBot/1.4; +https://openai.com/gptbot)"
74.7.243.201 - - [09/Sep/2026:12:25:31 +0000] "GET /zkdmxrrm.php?p=%2Fproc%2F2163855%2Ftask HTTP/1.1" 200 2497 "http://phewl.desidrivers.com.au/zkdmxrrm.php?p=%2Fproc%2F2163855" "Mozilla/5.0 AppleWebKit/537.36 (KHTML, like Gecko; compatible; GPTBot/1.4; +https://openai.com/gptbot)"
74.7.243.201 - - [09/Sep/2026:12:25:31 +0000] "GET /zkdmxrrm.php?p=%2Fproc%2F2164093%2Ftask HTTP/1.1" 200 40528 "http://phewl.desidrivers.com.au/zkdmxrrm.php?p=%2Fproc%2F2164093" "Mozilla/5.0 AppleWebKit/537.36 (KHTML, like Gecko; compatible; GPTBot/1.4; +https://openai.com/gptbot)"
74.7.243.201 - - [09/Sep/2026:12:25:32 +0000] "GET /zkdmxrrm.php?p=%2Fproc%2F2163855%2Fnet%2Fdev_snmp6 HTTP/1.1" 200 3302 "http://phewl.desidrivers.com.au/zkdmxrrm.php?p=%2Fproc%2F2163855%2Fnet" "Mozilla/5.0 AppleWebKit/537.36 (KHTML, like Gecko; compatible; GPTBot/1.4; +https://openai.com/gptbot)"
74.7.243.201 - - [09/Sep/2026:12:25:33 +0000] "GET /zkdmxrrm.php?f=%2Fproc%2F2163053%2Fnet%2Fipv6_route&p=%2Fproc%2F2163053%2Fnet HTTP/1.1" 200 25654 "http://phewl.desidrivers.com.au/zkdmxrrm.php?p=%2Fproc%2F2163053%2Fnet" "Mozilla/5.0 AppleWebKit/537.36 (KHTML, like Gecko; compatible; GPTBot/1.4; +https://openai.com/gptbot)"
98.82.38.120 - - [09/Sep/2026:12:25:33 +0000] "GET /zkdmxrrm.php?p=/proc/870821/task/870821" HTTP/1.1" 200 40528 "-" "Mozilla/5.0 AppleWebKit/537.36 (KHTML, like Gecko; compatible; Amazonbot/0.1; +https://developer.amazon.com/support/amazonbot) Chrome/119.0.6045.214 Safari/537.36"
74.7.243.201 - - [09/Sep/2026:12:25:33 +0000] "GET /zkdmxrrm.php?dl=1&f=%2Fproc%2F2163053%2Fnet%2Ficmp6&p=%2Fproc%2F2163053%2Fnet HTTP/1.1" 200 23359 "http://phewl.desidrivers.com.au/zkdmxrrm.php?p=%2Fproc%2F2163053%2Fnet" "Mozilla/5.0 AppleWebKit/537.36 (KHTML, like Gecko; compatible; GPTBot/1.4; +https://openai.com/gptbot)"
74.7.243.201 - - [09/Sep/2026:12:25:34 +0000] "GET /zkdmxrrm.php?p=%2Fproc%2F2163053%2Fnet%2Fdev_snmp6 HTTP/1.1" 200 3302 "http://phewl.desidrivers.com.au/zkdmxrrm.php?p=%2Fproc%2F2163053%2Fnet" "Mozilla/5.0 AppleWebKit/537.36 (KHTML, like Gecko; compatible; GPTBot/1.4; +https://openai.com/gptbot)"
74.7.243.201 - - [09/Sep/2026:12:25:35 +0000] "GET /zkdmxrrm.php?p=%2Fproc%2F2163855%2Fnet%2Fstat HTTP/1.1" 200 4200 "http://phewl.desidrivers.com.au/zkdmxrrm.php?p=%2Fproc%2F2163855%2Fnet" "Mozilla/5.0 AppleWebKit/537.36 (KHTML, like Gecko; compatible; GPTBot/1.4; +https://openai.com/gptbot)"
74.7.243.201 - - [09/Sep/2026:12:25:35 +0000] "GET /zkdmxrrm.php?dl=1&f=%2Fproc%2F2163510%2Fnet%2Figmp6&p=%2Fproc%2F2163510%2Fnet HTTP/1.1" 200 23740 "http://phewl.desidrivers.com.au/zkdmxrrm.php?p=%2Fproc%2F2163510%2Fnet" "Mozilla/5.0 AppleWebKit/537.36 (KHTML, like Gecko; compatible; GPTBot/1.4; +https://openai.com/gptbot)"
74.7.243.201 - - [09/Sep/2026:12:25:36 +0000] "GET /zkdmxrrm.php?f=%2Fproc%2F2163506%2Fnet%2Fsnmp6&p=%2Fproc%2F2163506%2Fnet HTTP/1.1" 200 26536 "http://phewl.desidrivers.com.au/zkdmxrrm.php?p=%2Fproc%2F2163506%2Fnet" "Mozilla/5.0 AppleWebKit/537.36 (KHTML, like Gecko; compatible; GPTBot/1.4; +https://openai.com/gptbot)"
74.7.243.201 - - [09/Sep/2026:12:25:37 +0000] "GET /zkdmxrrm.php?p=%2Fproc%2F2163510%2Fnet%2Fdev_snmp6 HTTP/1.1" 200 3302 "http://phewl.desidrivers.com.au/zkdmxrrm.php?p=%2Fproc%2F2163510%2Fnet" "Mozilla/5.0 AppleWebKit/537.36 (KHTML, like Gecko; compatible; GPTBot/1.4; +https://openai.com/gptbot)"
98.82.66.172 - - [09/Sep/2026:12:25:37 +0000] "GET /zkdmxrrm.php?p=/proc/923613/task/923613" HTTP/1.1" 200 40528 "-" "Mozilla/5.0 AppleWebKit/537.36 (KHTML, like Gecko; compatible; Amazonbot/0.1; +https://developer.amazon.com/support/amazonbot) Chrome/119.0.6045.214 Safari/537.36"
74.7.243.201 - - [09/Sep/2026:12:25:37 +0000] "GET /zkdmxrrm.php?f=%2Fproc%2F2163975%2Fnet%2Fdev&p=%2Fproc%2F2163975%2Fnet HTTP/1.1" 200 23702 "http://phewl.desidrivers.com.au/zkdmxrrm.php?p=%2Fproc%2F2163975%2Fnet" "Mozilla/5.0 AppleWebKit/537.36 (KHTML, like Gecko; compatible; GPTBot/1.4; +https://openai.com/gptbot)"
74.7.243.201 - - [09/Sep/2026:12:25:38 +0000] "GET /zkdmxrrm.php?f=%2Fproc%2F2163975%2Fnet%2Fip6_mr_cache&p=%2Fproc%2F2163975%2Fnet&rm=1 HTTP/1.1" 200 23656 "http://phewl.desidrivers.com.au/zkdmxrrm.php?p=%2Fproc%2F2163975%2Fnet" "Mozilla/5.0 AppleWebKit/537.36 (KHTML, like Gecko; compatible; GPTBot/1.4; +https://openai.com/gptbot)"
74.7.243.201 - - [09/Sep/2026:12:25:39 +0000] "GET /zkdmxrrm.php?f=%2Fproc%2F2163975%2Fnet%2Fdev_mcast&p=%2Fproc%2F2163975%2Fnet&rm=1 HTTP/1.1" 200 23641 "http://phewl.desidrivers.com.au/zkdmxrrm.php?p=%2Fproc%2F2163975%2Fnet" "Mozilla/5.0 AppleWebKit/537.36 (KHTML, like Gecko; compatible; GPTBot/1.4; +https://openai.com/gptbot)"
74.7.243.201 - - [09/Sep/2026:12:25:39 +0000] "GET /zkdmxrrm.php?p=%2Fproc%2F2163975%2Fnet%2Fdev_snmp6 HTTP/1.1" 200 3302 "http://phewl.desidrivers.com.au/zkdmxrrm.php?p=%2Fproc%2F2163975%2Fnet" "Mozilla/5.0 AppleWebKit/537.36 (KHTML, like Gecko; compatible; GPTBot/1.4; +https://openai.com/gptbot)"
74.7.243.201 - - [09/Sep/2026:12:25:40 +0000] "GET /zkdmxrrm.php?p=%2Fproc%2F2163506%2Fnet%2Fdev_snmp6 HTTP/1.1" 200 3302 "http://phewl.desidrivers.com.au/zkdmxrrm.php?p=%2Fproc%2F2163506%2Fnet" "Mozilla/5.0 AppleWebKit/537.36 (KHTML, like Gecko; compatible; GPTBot/1.4; +https://openai.com/gptbot)"
74.7.243.201 - - [09/Sep/2026:12:25:41 +0000] "GET /zkdmxrrm.php?p=%2Fproc%2F2163975%2Fnet%2Fstat HTTP/1.1" 200 4200 "http://phewl.desidrivers.com.au/zkdmxrrm.php?p=%2Fproc%2F2163975%2Fnet" "Mozilla/5.0 AppleWebKit/537.36 (KHTML, like Gecko; compatible; GPTBot/1.4; +https://openai.com/gptbot)"
34.224.9.144 - - [09/Sep/2026:12:25:41 +0000] "GET /zkdmxrrm.php?p=/proc/607005/task/607005/ns" HTTP/1.1" 200 40528 "-" "Mozilla/5.0 AppleWebKit/537.36 (KHTML, like Gecko; compatible; Amazonbot/0.1; +https://developer.amazon.com/support/amazonbot) Chrome/119.0.6045.214 Safari/537.36"
74.7.243.201 - - [09/Sep/2026:12:25:41 +0000] "GET /zkdmxrrm.php?p=%2Fproc%2F2163506%2Fnet%2Fstat HTTP/1.1" 200 4200 "http://phewl.desidrivers.com.au/zkdmxrrm.php?p=%2Fproc%2F2163506%2Fnet" "Mozilla/5.0 AppleWebKit/537.36 (KHTML, like Gecko; compatible; GPTBot/1.4; +https://openai.com/gptbot)"
74.7.243.201 - - [09/Sep/2026:12:25:42 +0000] "GET /zkdmxrrm.php?p=%2Fproc%2F2163510%2Fnet%2Fstat HTTP/1.1" 200 4200 "http://phewl.desidrivers.com.au/zkdmxrrm.php?p=%2Fproc%2F2163510%2Fnet" "Mozilla/5.0 AppleWebKit/537.36 (KHTML, like Gecko; compatible; GPTBot/1.4; +https://openai.com/gptbot)"
74.7.243.201 - - [09/Sep/2026:12:25:43 +0000] "GET /zkdmxrrm.php?p=%2Fproc%2F2163053%2Fnet%2Fstat HTTP/1.1" 200 4200 "http://phewl.desidrivers.com.au/zkdmxrrm.php?p=%2Fproc%2F2163053%2Fnet" "Mozilla/5.0 AppleWebKit/537.36 (KHTML, like Gecko; compatible; GPTBot/1.4; +https://openai.com/gptbot)"
74.7.243.201 - - [09/Sep/2026:12:25:43 +0000] "GET /zkdmxrrm.php?p=%2Fproc%2F2163975%2Fnet%2Frpc HTTP/1.1" 200 2819 "http://phewl.desidrivers.com.au/zkdmxrrm.php?p=%2Fproc%2F2163975%2Fnet" "Mozilla/5.0 AppleWebKit/537.36 (KHTML, like Gecko; compatible; GPTBot/1.4; +https://openai.com/gptbot)"
74.7.243.201 - - [09/Sep/2026:12:25:44 +0000] "GET /zkdmxrrm.php?p=%2Fproc%2F2163510%2Fnet%2Frpc HTTP/1.1" 200 2819 "http://phewl.desidrivers.com.au/zkdmxrrm.php?p=%2Fproc%2F2163510%2Fnet" "Mozilla/5.0 AppleWebKit/537.36 (KHTML, like Gecko; compatible; GPTBot/1.4; +https://openai.com/gptbot)"
74.7.243.201 - - [09/Sep/2026:12:25:45 +0000] "GET /zkdmxrrm.php?p=%2Fproc%2F2163053%2Fnet%2Frpc HTTP/1.1" 200 2819 "http://phewl.desidrivers.com.au/zkdmxrrm.php?p=%2Fproc%2F2163053%2Fnet" "Mozilla/5.0 AppleWebKit/537.36 (KHTML, like Gecko; compatible; GPTBot/1.4; +https://openai.com/gptbot)"
74.7.243.201 - - [09/Sep/2026:12:25:45 +0000] "GET /zkdmxrrm.php?p=%2Fproc%2F2163506%2Fnet%2Frpc HTTP/1.1" 200 2819 "http://phewl.desidrivers.com.au/zkdmxrrm.php?p=%2Fproc%2F2163506%2Fnet" "Mozilla/5.0 AppleWebKit/537.36 (KHTML, like Gecko; compatible; GPTBot/1.4; +https://openai.com/gptbot)"
54.152.163.42 - - [09/Sep/2026:12:25:46 +0000] "GET /zkdmxrrm.php?p=/proc/1273332/task/1273332/fd" HTTP/1.1" 200 40528 "-" "Mozilla/5.0 AppleWebKit/537.36 (KHTML, like Gecko; compatible; Amazonbot/0.1; +https://developer.amazon.com/support/amazonbot) Chrome/119.0.6045.214 Safari/537.36"
74.7.243.201 - - [09/Sep/2026:12:25:46 +0000] "GET /zkdmxrrm.php?p=%2Fproc%2F2163855%2Fnet%2Frpc HTTP/1.1" 200 2819 "http://phewl.desidrivers.com.au/zkdmxrrm.php?p=%2Fproc%2F2163855%2Fnet" "Mozilla/5.0 AppleWebKit/537.36 (KHTML, like Gecko; compatible; GPTBot/1.4; +https://openai.com/gptbot)"
74.7.243.201 - - [09/Sep/2026:12:25:46 +0000] "GET /zkdmxrrm.php?p=%2Fproc%2F2164108%2Ftask HTTP/1.1" 200 40528 "http://phewl.desidrivers.com.au/zkdmxrrm.php?p=%2Fproc%2F2164108" "Mozilla/5.0 AppleWebKit/537.36 (KHTML, like Gecko; compatible; GPTBot/1.4; +https://openai.com/gptbot)"
74.7.243.201 - - [09/Sep/2026:12:25:47 +0000] "GET /zkdmxrrm.php?p=%2Fproc%2F2163504%2Ftask HTTP/1.1" 200 40528 "http://phewl.desidrivers.com.au/zkdmxrrm.php?p=%2Fproc%2F2163504" "Mozilla/5.0 AppleWebKit/537.36 (KHTML, like Gecko; compatible; GPTBot/1.4; +https://openai.com/gptbot)"
74.7.243.201 - - [09/Sep/2026:12:25:48 +0000] "GET /zkdmxrrm.php?p=%2Fproc%2F2163053%2Ftask HTTP/1.1" 200 2497 "http://phewl.desidrivers.com.au/zkdmxrrm.php?p=%2Fproc%2F2163053" "Mozilla/5.0 AppleWebKit/537.36 (KHTML, like Gecko; compatible; GPTBot/1.4; +https://openai.com/gptbot)"
74.7.243.201 - - [09/Sep/2026:12:25:49 +0000] "GET /zkdmxrrm.php?p=%2Fproc%2F2163975%2Ftask HTTP/1.1" 200 2497 "http://phewl.desidrivers.com.au/zkdmxrrm.php?p=%2Fproc%2F2163975" "Mozilla/5.0 AppleWebKit/537.36 (KHTML, like Gecko; compatible; GPTBot/1.4; +https://openai.com/gptbot)"
3.230.69.161 - - [09/Sep/2026:12:25:49 +0000] "GET /zkdmxrrm.php?p=/proc/844974/task/844974" HTTP/1.1" 200 40528 "-" "Mozilla/5.0 AppleWebKit/537.36 (KHTML, like Gecko; compatible; Amazonbot/0.1; +https://developer.amazon.com/support/amazonbot) Chrome/119.0.6045.214 Safari/537.36"
74.7.243.201 - - [09/Sep/2026:12:25:49 +0000] "GET /zkdmxrrm.php?p=%2Fproc%2F2164095%2Ftask HTTP/1.1" 200 40528 "http://phewl.desidrivers.com.au/zkdmxrrm.php?p=%2Fproc%2F2164095" "Mozilla/5.0 AppleWebKit/537.36 (KHTML, like Gecko; compatible; GPTBot/1.4; +https://openai.com/gptbot)"
74.7.243.201 - - [09/Sep/2026:12:25:50 +0000] "GET /zkdmxrrm.php?p=%2Fproc%2F2163506%2Ftask HTTP/1.1" 200 2497 "http://phewl.desidrivers.com.au/zkdmxrrm.php?p=%2Fproc%2F2163506" "Mozilla/5.0 AppleWebKit/537.36 (KHTML, like Gecko; compatible; GPTBot/1.4; +https://openai.com/gptbot)"
74.7.243.201 - - [09/Sep/2026:12:25:50 +0000] "GET /zkdmxrrm.php?p=%2Fproc%2F2163975%2Fnet%2Frpc%2Fauth.unix.gid HTTP/1.1" 200 4138 "http://phewl.desidrivers.com.au/zkdmxrrm.php?p=%2Fproc%2F2163975%2Fnet%2Frpc" "Mozilla/5.0 AppleWebKit/537.36 (KHTML, like Gecko; compatible; GPTBot/1.4; +https://openai.com/gptbot)"
74.7.243.201 - - [09/Sep/2026:12:25:51 +0000] "GET /zkdmxrrm.php?p=%2Fproc%2F2163510%2Fnet%2Frpc%2Fauth.unix.gid HTTP/1.1" 200 4138 "http://phewl.desidrivers.com.au/zkdmxrrm.php?p=%2Fproc%2F2163510%2Fnet%2Frpc" "Mozilla/5.0 AppleWebKit/537.36 (KHTML, like Gecko; compatible; GPTBot/1.4; +https://openai.com/gptbot)"
74.7.243.201 - - [09/Sep/2026:12:25:52 +0000] "GET /zkdmxrrm.php?p=%2Fproc%2F2163053%2Fnet%2Frpc%2Fauth.unix.gid HTTP/1.1" 200 4138 "http://phewl.desidrivers.com.au/zkdmxrrm.php?p=%2Fproc%2F2163053%2Fnet%2Frpc" "Mozilla/5.0 AppleWebKit/537.36 (KHTML, like Gecko; compatible; GPTBot/1.4; +https://openai.com/gptbot)"
98.82.40.168 - - [09/Sep/2026:12:25:52 +0000] "GET /zkdmxrrm.php?p=/proc/520080/task/520080/ns" HTTP/1.1" 200 40528 "-" "Mozilla/5.0 AppleWebKit/537.36 (KHTML, like Gecko; compatible; Amazonbot/0.1; +https://developer.amazon.com/support/amazonbot) Chrome/119.0.6045.214 Safari/537.36"
74.7.243.201 - - [09/Sep/2026:12:25:52 +0000] "GET /zkdmxrrm.php?p=%2Fproc%2F2163506%2Fnet%2Frpc%2Fauth.unix.gid HTTP/1.1" 200 4138 "http://phewl.desidrivers.com.au/zkdmxrrm.php?p=%2Fproc%2F2163506%2Fnet%2Frpc" "Mozilla/5.0 AppleWebKit/537.36 (KHTML, like Gecko; compatible; GPTBot/1.4; +https://openai.com/gptbot)"
74.7.243.201 - - [09/Sep/2026:12:25:53 +0000] "GET /zkdmxrrm.php?p=%2Fproc%2F2163855%2Fnet%2Frpc%2Fauth.unix.gid HTTP/1.1" 200 4138 "http://phewl.desidrivers.com.au/zkdmxrrm.php?p=%2Fproc%2F2163855%2Fnet%2Frpc" "Mozilla/5.0 AppleWebKit/537.36 (KHTML, like Gecko; compatible; GPTBot/1.4; +https://openai.com/gptbot)"
74.7.243.201 - - [09/Sep/2026:12:25:54 +0000] "GET /zkdmxrrm.php?p=%2Fproc%2F2163510%2Fnet%2Frpc%2Fauth.unix.ip HTTP/1.1" 200 4110 "http://phewl.desidrivers.com.au/zkdmxrrm.php?p=%2Fproc%2F2163510%2Fnet%2Frpc" "Mozilla/5.0 AppleWebKit/537.36 (KHTML, like Gecko; compatible; GPTBot/1.4; +https://openai.com/gptbot)"
74.7.243.201 - - [09/Sep/2026:12:25:54 +0000] "GET /zkdmxrrm.php?p=%2Fproc%2F2163506%2Fnet%2Frpc%2Fauth.unix.ip HTTP/1.1" 200 4110 "http://phewl.desidrivers.com.au/zkdmxrrm.php?p=%2Fproc%2F2163506%2Fnet%2Frpc" "Mozilla/5.0 AppleWebKit/537.36 (KHTML, like Gecko; compatible; GPTBot/1.4; +https://openai.com/gptbot)"
74.7.243.201 - - [09/Sep/2026:12:25:55 +0000] "GET /zkdmxrrm.php?p=%2Fproc%2F2163053%2Fnet%2Frpc%2Fauth.unix.ip HTTP/1.1" 200 4110 "http://phewl.desidrivers.com.au/zkdmxrrm.php?p=%2Fproc%2F2163053%2Fnet%2Frpc" "Mozilla/5.0 AppleWebKit/537.36 (KHTML, like Gecko; compatible; GPTBot/1.4; +https://openai.com/gptbot)"
74.7.243.201 - - [09/Sep/2026:12:25:56 +0000] "GET /zkdmxrrm.php?p=%2Fproc%2F2163855%2Fnet%2Frpc%2Fauth.unix.ip HTTP/1.1" 200 4110 "http://phewl.desidrivers.com.au/zkdmxrrm.php?p=%2Fproc%2F2163855%2Fnet%2Frpc" "Mozilla/5.0 AppleWebKit/537.36 (KHTML, like Gecko; compatible; GPTBot/1.4; +https://openai.com/gptbot)"
74.7.243.201 - - [09/Sep/2026:12:25:56 +0000] "GET /zkdmxrrm.php?p=%2Fproc%2F2163975%2Fnet%2Frpc%2Fauth.unix.ip HTTP/1.1" 200 4110 "http://phewl.desidrivers.com.au/zkdmxrrm.php?p=%2Fproc%2F2163975%2Fnet%2Frpc" "Mozilla/5.0 AppleWebKit/537.36 (KHTML, like Gecko; compatible; GPTBot/1.4; +https://openai.com/gptbot)"
3.213.213.161 - - [09/Sep/2026:12:25:57 +0000] "GET /zkdmxrrm.php?p=/proc/825368/task/825368" HTTP/1.1" 200 40528 "-" "Mozilla/5.0 AppleWebKit/537.36 (KHTML, like Gecko; compatible; Amazonbot/0.1; +https://developer.amazon.com/support/amazonbot) Chrome/119.0.6045.214 Safari/537.36"
74.7.243.201 - - [09/Sep/2026:12:25:57 +0000] "GET /zkdmxrrm.php?p=%2Fproc%2F2163510%2Ftask HTTP/1.1" 200 2497 "http://phewl.desidrivers.com.au/zkdmxrrm.php?p=%2Fproc%2F2163510" "Mozilla/5.0 AppleWebKit/537.36 (KHTML, like Gecko; compatible; GPTBot/1.4; +https://openai.com/gptbot)"
74.7.243.201 - - [09/Sep/2026:12:25:58 +0000] "GET /zkdmxrrm.php?f=%2Fproc%2F2163855%2Fnet%2Fip_mr_cache&p=%2Fproc%2F2163855%2Fnet HTTP/1.1" 200 23310 "http://phewl.desidrivers.com.au/zkdmxrrm.php?p=%2Fproc%2F2163855%2Fnet" "Mozilla/5.0 AppleWebKit/537.36 (KHTML, like Gecko; compatible; GPTBot/1.4; +https://openai.com/gptbot)"
74.7.243.201 - - [09/Sep/2026:12:25:58 +0000] "GET /zkdmxrrm.php?f=%2Fproc%2F2163506%2Fnet%2Fraw&p=%2Fproc%2F2163506%2Fnet&rm=1 HTTP/1.1" 200 23611 "http://phewl.desidrivers.com.au/zkdmxrrm.php?p=%2Fproc%2F2163506%2Fnet" "Mozilla/5.0 AppleWebKit/537.36 (KHTML, like Gecko; compatible; GPTBot/1.4; +https://openai.com/gptbot)"
74.7.243.201 - - [09/Sep/2026:12:25:59 +0000] "GET /zkdmxrrm.php?f=%2Fproc%2F2163732%2Foom_score&p=%2Fproc%2F2163732&rm=1 HTTP/1.1" 200 20141 "http://phewl.desidrivers.com.au/zkdmxrrm.php?p=%2Fproc%2F2163732" "Mozilla/5.0 AppleWebKit/537.36 (KHTML, like Gecko; compatible; GPTBot/1.4; +https://openai.com/gptbot)"
74.7.243.201 - - [09/Sep/2026:12:26:00 +0000] "GET /zkdmxrrm.php?f=%2Fproc%2F2164120%2Fprojid_map&p=%2Fproc%2F2164120&rm=1 HTTP/1.1" 200 40528 "http://phewl.desidrivers.com.au/zkdmxrrm.php?p=%2Fproc%2F2164120" "Mozilla/5.0 AppleWebKit/537.36 (KHTML, like Gecko; compatible; GPTBot/1.4; +https://openai.com/gptbot)"
74.7.243.201 - - [09/Sep/2026:12:26:00 +0000] "GET /zkdmxrrm.php?p=%2Fproc%2F2164128%2Ffd%2F HTTP/1.1" 200 2462 "http://phewl.desidrivers.com.au/zkdmxrrm.php?p=%2Fproc%2F2164128%2Ffd" "Mozilla/5.0 AppleWebKit/537.36 (KHTML, like Gecko; compatible; GPTBot/1.4; +https://openai.com/gptbot)"
74.7.243.201 - - [09/Sep/2026:12:26:01 +0000] "GET /zkdmxrrm.php?p=%2Fproc%2F2164024%2Ffd%2F HTTP/1.1" 200 2462 "http://phewl.desidrivers.com.au/zkdmxrrm.php?p=%2Fproc%2F2164024%2Ffd" "Mozilla/5.0 AppleWebKit/537.36 (KHTML, like Gecko; compatible; GPTBot/1.4; +https://openai.com/gptbot)"
74.7.243.201 - - [09/Sep/2026:12:26:02 +0000] "GET /zkdmxrrm.php?p=%2Fproc%2F2162876%2Ffd%2F HTTP/1.1" 200 2462 "http://phewl.desidrivers.com.au/zkdmxrrm.php?p=%2Fproc%2F2162876%2Ffd" "Mozilla/5.0 AppleWebKit/537.36 (KHTML, like Gecko; compatible; GPTBot/1.4; +https://openai.com/gptbot)"
18.214.238.178 - - [09/Sep/2026:12:26:02 +0000] "GET /zkdmxrrm.php?p=/proc/1211963/task" HTTP/1.1" 200 40528 "-" "Mozilla/5.0 AppleWebKit/537.36 (KHTML, like Gecko; compatible; Amazonbot/0.1; +https://developer.amazon.com/support/amazonbot) Chrome/119.0.6045.214 Safari/537.36"
74.7.243.201 - - [09/Sep/2026:12:26:02 +0000] "GET /zkdmxrrm.php?p=%2Fproc%2F2163442%2Ffd%2F HTTP/1.1" 200 2462 "http://phewl.desidrivers.com.au/zkdmxrrm.php?p=%2Fproc%2F2163442%2Ffd" "Mozilla/5.0 AppleWebKit/537.36 (KHTML, like Gecko; compatible; GPTBot/1.4; +https://openai.com/gptbot)"
74.7.243.201 - - [09/Sep/2026:12:26:03 +0000] "GET /zkdmxrrm.php?p=%2Fproc%2F2163732%2Ffd%2F HTTP/1.1" 200 2462 "http://phewl.desidrivers.com.au/zkdmxrrm.php?p=%2Fproc%2F2163732%2Ffd" "Mozilla/5.0 AppleWebKit/537.36 (KHTML, like Gecko; compatible; GPTBot/1.4; +https://openai.com/gptbot)"
74.7.243.201 - - [09/Sep/2026:12:26:04 +0000] "GET /zkdmxrrm.php?p=%2Fproc%2F2163855%2Fns%2F HTTP/1.1" 200 2462 "http://phewl.desidrivers.com.au/zkdmxrrm.php?p=%2Fproc%2F2163855%2Fns" "Mozilla/5.0 AppleWebKit/537.36 (KHTML, like Gecko; compatible; GPTBot/1.4; +https://openai.com/gptbot)"
74.7.243.201 - - [09/Sep/2026:12:26:04 +0000] "GET /zkdmxrrm.php?p=%2Fproc%2F2163975%2Ffd%2F HTTP/1.1" 200 2462 "http://phewl.desidrivers.com.au/zkdmxrrm.php?p=%2Fproc%2F2163975%2Ffd" "Mozilla/5.0 AppleWebKit/537.36 (KHTML, like Gecko; compatible; GPTBot/1.4; +https://openai.com/gptbot)"
3.232.102.111 - - [09/Sep/2026:12:26:05 +0000] "GET /zkdmxrrm.php?p=/proc/527494/task/527494" HTTP/1.1" 200 40528 "-" "Mozilla/5.0 AppleWebKit/537.36 (KHTML, like Gecko; compatible; Amazonbot/0.1; +https://developer.amazon.com/support/amazonbot) Chrome/119.0.6045.214 Safari/537.36"
74.7.243.201 - - [09/Sep/2026:12:26:05 +0000] "GET /zkdmxrrm.php?p=%2Fproc%2F2163510%2Fns%2F HTTP/1.1" 200 2462 "http://phewl.desidrivers.com.au/zkdmxrrm.php?p=%2Fproc%2F2163510%2Fns" "Mozilla/5.0 AppleWebKit/537.36 (KHTML, like Gecko; compatible; GPTBot/1.4; +https://openai.com/gptbot)"
74.7.243.201 - - [09/Sep/2026:12:26:06 +0000] "GET /zkdmxrrm.php?p=%2Fproc%2F2163053%2Fns%2F HTTP/1.1" 200 2462 "http://phewl.desidrivers.com.au/zkdmxrrm.php?p=%2Fproc%2F2163053%2Fns" "Mozilla/5.0 AppleWebKit/537.36 (KHTML, like Gecko; compatible; GPTBot/1.4; +https://openai.com/gptbot)"
74.7.243.201 - - [09/Sep/2026:12:26:06 +0000] "GET /zkdmxrrm.php?p=%2Fproc%2F2163506%2Fns%2F HTTP/1.1" 200 2462 "http://phewl.desidrivers.com.au/zkdmxrrm.php?p=%2Fproc%2F2163506%2Fns" "Mozilla/5.0 AppleWebKit/537.36 (KHTML, like Gecko; compatible; GPTBot/1.4; +https://openai.com/gptbot)"
74.7.243.201 - - [09/Sep/2026:12:26:07 +0000] "GET /zkdmxrrm.php?p=%2Fproc%2F2163504%2Ffd%2F HTTP/1.1" 200 40528 "http://phewl.desidrivers.com.au/zkdmxrrm.php?p=%2Fproc%2F2163504%2Ffd" "Mozilla/5.0 AppleWebKit/537.36 (KHTML, like Gecko; compatible; GPTBot/1.4; +https://openai.com/gptbot)"
74.7.243.201 - - [09/Sep/2026:12:26:08 +0000] "GET /zkdmxrrm.php?p=%2Fproc%2F2163506%2Ffd%2F HTTP/1.1" 200 2462 "http://phewl.desidrivers.com.au/zkdmxrrm.php?p=%2Fproc%2F2163506%2Ffd" "Mozilla/5.0 AppleWebKit/537.36 (KHTML, like Gecko; compatible; GPTBot/1.4; +https://openai.com/gptbot)"
74.7.243.201 - - [09/Sep/2026:12:26:08 +0000] "GET /zkdmxrrm.php?p=%2Fproc%2F2164140%2Ffd%2F HTTP/1.1" 200 40528 "http://phewl.desidrivers.com.au/zkdmxrrm.php?p=%2Fproc%2F2164140%2Ffd" "Mozilla/5.0 AppleWebKit/537.36 (KHTML, like Gecko; compatible; GPTBot/1.4; +https://openai.com/gptbot)"
54.166.104.83 - - [09/Sep/2026:12:26:08 +0000] "GET /zkdmxrrm.php?p=/proc/905062/task/905062" HTTP/1.1" 200 40528 "-" "Mozilla/5.0 AppleWebKit/537.36 (KHTML, like Gecko; compatible; Amazonbot/0.1; +https://developer.amazon.com/support/amazonbot) Chrome/119.0.6045.214 Safari/537.36"
74.7.243.201 - - [09/Sep/2026:12:26:09 +0000] "GET /zkdmxrrm.php?p=%2Fproc%2F2163510%2Ffd%2F HTTP/1.1" 200 2462 "http://phewl.desidrivers.com.au/zkdmxrrm.php?p=%2Fproc%2F2163510%2Ffd" "Mozilla/5.0 AppleWebKit/537.36 (KHTML, like Gecko; compatible; GPTBot/1.4; +https://openai.com/gptbot)"
74.7.243.201 - - [09/Sep/2026:12:26:10 +0000] "GET /zkdmxrrm.php?p=%2Fproc%2F2163732%2Fns%2F HTTP/1.1" 200 2462 "http://phewl.desidrivers.com.au/zkdmxrrm.php?p=%2Fproc%2F2163732%2Fns" "Mozilla/5.0 AppleWebKit/537.36 (KHTML, like Gecko; compatible; GPTBot/1.4; +https://openai.com/gptbot)"
74.7.243.201 - - [09/Sep/2026:12:26:10 +0000] "GET /zkdmxrrm.php?p=%2Fproc%2F2163511%2Fns%2F HTTP/1.1" 200 40528 "http://phewl.desidrivers.com.au/zkdmxrrm.php?p=%2Fproc%2F2163511%2Fns" "Mozilla/5.0 AppleWebKit/537.36 (KHTML, like Gecko; compatible; GPTBot/1.4; +https://openai.com/gptbot)"
74.7.243.201 - - [09/Sep/2026:12:26:11 +0000] "GET /zkdmxrrm.php?p=%2Fproc%2F2163855%2Ffd%2F HTTP/1.1" 200 2462 "http://phewl.desidrivers.com.au/zkdmxrrm.php?p=%2Fproc%2F2163855%2Ffd" "Mozilla/5.0 AppleWebKit/537.36 (KHTML, like Gecko; compatible; GPTBot/1.4; +https://openai.com/gptbot)"
74.7.243.201 - - [09/Sep/2026:12:26:12 +0000] "GET /zkdmxrrm.php?p=%2Fproc%2F2162876%2Fns%2F HTTP/1.1" 200 2462 "http://phewl.desidrivers.com.au/zkdmxrrm.php?p=%2Fproc%2F2162876%2Fns" "Mozilla/5.0 AppleWebKit/537.36 (KHTML, like Gecko; compatible; GPTBot/1.4; +https://openai.com/gptbot)"
74.7.243.201 - - [09/Sep/2026:12:26:12 +0000] "GET /zkdmxrrm.php?p=%2Fproc%2F2164128%2Fns%2F HTTP/1.1" 200 2462 "http://phewl.desidrivers.com.au/zkdmxrrm.php?p=%2Fproc%2F2164128%2Fns" "Mozilla/5.0 AppleWebKit/537.36 (KHTML, like Gecko; compatible; GPTBot/1.4; +https://openai.com/gptbot)"
3.94.157.25 - - [09/Sep/2026:12:26:13 +0000] "GET /zkdmxrrm.php?p=/proc/600709/task/600709" HTTP/1.1" 200 40528 "-" "Mozilla/5.0 AppleWebKit/537.36 (KHTML, like Gecko; compatible; Amazonbot/0.1; +https://developer.amazon.com/support/amazonbot) Chrome/119.0.6045.214 Safari/537.36"
74.7.243.201 - - [09/Sep/2026:12:26:13 +0000] "GET /zkdmxrrm.php?p=%2Fproc%2F2164140%2Fns%2F HTTP/1.1" 200 40528 "http://phewl.desidrivers.com.au/zkdmxrrm.php?p=%2Fproc%2F2164140%2Fns" "Mozilla/5.0 AppleWebKit/537.36 (KHTML, like Gecko; compatible; GPTBot/1.4; +https://openai.com/gptbot)"
74.7.243.201 - - [09/Sep/2026:12:26:14 +0000] "GET /zkdmxrrm.php?p=%2Fproc%2F2163511%2Ffd%2F HTTP/1.1" 200 40528 "http://phewl.desidrivers.com.au/zkdmxrrm.php?p=%2Fproc%2F2163511%2Ffd" "Mozilla/5.0 AppleWebKit/537.36 (KHTML, like Gecko; compatible; GPTBot/1.4; +https://openai.com/gptbot)"
74.7.243.201 - - [09/Sep/2026:12:26:14 +0000] "GET /zkdmxrrm.php?p=%2Fproc%2F2164024%2Fns%2F HTTP/1.1" 200 2462 "http://phewl.desidrivers.com.au/zkdmxrrm.php?p=%2Fproc%2F2164024%2Fns" "Mozilla/5.0 AppleWebKit/537.36 (KHTML, like Gecko; compatible; GPTBot/1.4; +https://openai.com/gptbot)"
74.7.243.201 - - [09/Sep/2026:12:26:15 +0000] "GET /zkdmxrrm.php?p=%2Fproc%2F2163053%2Ffd%2F HTTP/1.1" 200 2462 "http://phewl.desidrivers.com.au/zkdmxrrm.php?p=%2Fproc%2F2163053%2Ffd" "Mozilla/5.0 AppleWebKit/537.36 (KHTML, like Gecko; compatible; GPTBot/1.4; +https://openai.com/gptbot)"
74.7.243.201 - - [09/Sep/2026:12:26:15 +0000] "GET /zkdmxrrm.php?p=%2Fproc%2F2163442%2Fns%2F HTTP/1.1" 200 2462 "http://phewl.desidrivers.com.au/zkdmxrrm.php?p=%2Fproc%2F2163442%2Fns" "Mozilla/5.0 AppleWebKit/537.36 (KHTML, like Gecko; compatible; GPTBot/1.4; +https://openai.com/gptbot)"
74.7.243.201 - - [09/Sep/2026:12:26:16 +0000] "GET /zkdmxrrm.php?f=%2Fproc%2F868422&p=%2Fproc&rm=1 HTTP/1.1" 200 61067 "http://phewl.desidrivers.com.au/zkdmxrrm.php?f=%2Fproc%2F860917&p=%2Fproc&rm=1" "Mozilla/5.0 AppleWebKit/537.36 (KHTML, like Gecko; compatible; GPTBot/1.4; +https://openai.com/gptbot)"
52.207.47.227 - - [09/Sep/2026:12:26:17 +0000] "GET /zkdmxrrm.php?p=/proc/531192/task/531192" HTTP/1.1" 200 40528 "-" "Mozilla/5.0 AppleWebKit/537.36 (KHTML, like Gecko; compatible; Amazonbot/0.1; +https://developer.amazon.com/support/amazonbot) Chrome/119.0.6045.214 Safari/537.36"
74.7.243.201 - - [09/Sep/2026:12:26:17 +0000] "GET /zkdmxrrm.php?f=%2Fproc%2F687228&p=%2Fproc&rm=1 HTTP/1.1" 200 60753 "http://phewl.desidrivers.com.au/zkdmxrrm.php?f=%2Fproc%2F685847&p=%2Fproc&rm=1" "Mozilla/5.0 AppleWebKit/537.36 (KHTML, like Gecko; compatible; GPTBot/1.4; +https://openai.com/gptbot)"
74.7.243.201 - - [09/Sep/2026:12:26:17 +0000] "GET /zkdmxrrm.php?f=%2Fproc%2F582422&p=%2Fproc&rm=1 HTTP/1.1" 200 60753 "http://phewl.desidrivers.com.au/zkdmxrrm.php?f=%2Fproc%2F574834&p=%2Fproc&rm=1" "Mozilla/5.0 AppleWebKit/537.36 (KHTML, like Gecko; compatible; GPTBot/1.4; +https://openai.com/gptbot)"
74.7.243.201 - - [09/Sep/2026:12:26:18 +0000] "GET /zkdmxrrm.php?f=%2Fproc%2F972244&p=%2Fproc&rm=1 HTTP/1.1" 200 60753 "http://phewl.desidrivers.com.au/zkdmxrrm.php?f=%2Fproc%2F970378&p=%2Fproc&rm=1" "Mozilla/5.0 AppleWebKit/537.36 (KHTML, like Gecko; compatible; GPTBot/1.4; +https://openai.com/gptbot)"
74.7.243.201 - - [09/Sep/2026:12:26:19 +0000] "GET /zkdmxrrm.php?f=%2Fproc%2F511011&p=%2Fproc&rm=1 HTTP/1.1" 200 60753 "http://phewl.desidrivers.com.au/zkdmxrrm.php?f=%2Fproc%2F479363&p=%2Fproc&rm=1" "Mozilla/5.0 AppleWebKit/537.36 (KHTML, like Gecko; compatible; GPTBot/1.4; +https://openai.com/gptbot)"
74.7.243.201 - - [09/Sep/2026:12:26:19 +0000] "GET /zkdmxrrm.php?f=%2Fproc%2F729421&p=%2Fproc&rm=1 HTTP/1.1" 200 60753 "http://phewl.desidrivers.com.au/zkdmxrrm.php?f=%2Fproc%2F691804&p=%2Fproc&rm=1" "Mozilla/5.0 AppleWebKit/537.36 (KHTML, like Gecko; compatible; GPTBot/1.4; +https://openai.com/gptbot)"
74.7.243.201 - - [09/Sep/2026:12:26:20 +0000] "GET /zkdmxrrm.php?f=%2Fproc%2F772811&p=%2Fproc&rm=1 HTTP/1.1" 200 60753 "http://phewl.desidrivers.com.au/zkdmxrrm.php?f=%2Fproc%2F772554&p=%2Fproc&rm=1" "Mozilla/5.0 AppleWebKit/537.36 (KHTML, like Gecko; compatible; GPTBot/1.4; +https://openai.com/gptbot)"
54.235.172.108 - - [09/Sep/2026:12:26:21 +0000] "GET /zkdmxrrm.php?p=/proc/520064/task/520064" HTTP/1.1" 200 40528 "-" "Mozilla/5.0 AppleWebKit/537.36 (KHTML, like Gecko; compatible; Amazonbot/0.1; +https://developer.amazon.com/support/amazonbot) Chrome/119.0.6045.214 Safari/537.36"
74.7.243.201 - - [09/Sep/2026:12:26:21 +0000] "GET /zkdmxrrm.php?f=%2Fproc%2F515951&p=%2Fproc&rm=1 HTTP/1.1" 200 60753 "http://phewl.desidrivers.com.au/zkdmxrrm.php?f=%2Fproc%2F473976&p=%2Fproc&rm=1" "Mozilla/5.0 AppleWebKit/537.36 (KHTML, like Gecko; compatible; GPTBot/1.4; +https://openai.com/gptbot)"
74.7.243.201 - - [09/Sep/2026:12:26:22 +0000] "GET /zkdmxrrm.php?f=%2Fproc%2F718188&p=%2Fproc&rm=1 HTTP/1.1" 200 60753 "http://phewl.desidrivers.com.au/zkdmxrrm.php?f=%2Fproc%2F691830&p=%2Fproc&rm=1" "Mozilla/5.0 AppleWebKit/537.36 (KHTML, like Gecko; compatible; GPTBot/1.4; +https://openai.com/gptbot)"
74.7.243.201 - - [09/Sep/2026:12:26:22 +0000] "GET /zkdmxrrm.php?f=%2Fproc%2F861225&p=%2Fproc&rm=1 HTTP/1.1" 200 60753 "http://phewl.desidrivers.com.au/zkdmxrrm.php?f=%2Fproc%2F837756&p=%2Fproc&rm=1" "Mozilla/5.0 AppleWebKit/537.36 (KHTML, like Gecko; compatible; GPTBot/1.4; +https://openai.com/gptbot)"
74.7.243.201 - - [09/Sep/2026:12:26:23 +0000] "GET /zkdmxrrm.php?f=%2Fproc%2F991220&p=%2Fproc&rm=1 HTTP/1.1" 200 60753 "http://phewl.desidrivers.com.au/zkdmxrrm.php?f=%2Fproc%2F987084&p=%2Fproc&rm=1" "Mozilla/5.0 AppleWebKit/537.36 (KHTML, like Gecko; compatible; GPTBot/1.4; +https://openai.com/gptbot)"
74.7.243.201 - - [09/Sep/2026:12:26:24 +0000] "GET /zkdmxrrm.php?p=%2Fproc%2F2165341 HTTP/1.1" 200 19488 "http://phewl.desidrivers.com.au/zkdmxrrm.php?f=%2Fproc%2F868422&p=%2Fproc&rm=1" "Mozilla/5.0 AppleWebKit/537.36 (KHTML, like Gecko; compatible; GPTBot/1.4; +https://openai.com/gptbot)"
74.7.243.201 - - [09/Sep/2026:12:26:24 +0000] "GET /zkdmxrrm.php?p=%2Fproc%2F2165398 HTTP/1.1" 200 40528 "http://phewl.desidrivers.com.au/zkdmxrrm.php?f=%2Fproc%2F868422&p=%2Fproc&rm=1" "Mozilla/5.0 AppleWebKit/537.36 (KHTML, like Gecko; compatible; GPTBot/1.4; +https://openai.com/gptbot)"
34.234.200.207 - - [09/Sep/2026:12:26:24 +0000] "GET /zkdmxrrm.php?p=/proc/918848/task/918848" HTTP/1.1" 200 40528 "-" "Mozilla/5.0 AppleWebKit/537.36 (KHTML, like Gecko; compatible; Amazonbot/0.1; +https://developer.amazon.com/support/amazonbot) Chrome/119.0.6045.214 Safari/537.36"
74.7.243.201 - - [09/Sep/2026:12:26:25 +0000] "GET /zkdmxrrm.php?p=%2Fproc%2F2164890 HTTP/1.1" 200 19488 "http://phewl.desidrivers.com.au/zkdmxrrm.php?f=%2Fproc%2F868422&p=%2Fproc&rm=1" "Mozilla/5.0 AppleWebKit/537.36 (KHTML, like Gecko; compatible; GPTBot/1.4; +https://openai.com/gptbot)"
74.7.243.201 - - [09/Sep/2026:12:26:26 +0000] "GET /zkdmxrrm.php?p=%2Fproc%2F2164893 HTTP/1.1" 200 19488 "http://phewl.desidrivers.com.au/zkdmxrrm.php?f=%2Fproc%2F868422&p=%2Fproc&rm=1" "Mozilla/5.0 AppleWebKit/537.36 (KHTML, like Gecko; compatible; GPTBot/1.4; +https://openai.com/gptbot)"
74.7.243.201 - - [09/Sep/2026:12:26:26 +0000] "GET /zkdmxrrm.php?p=%2Fproc%2F2165439 HTTP/1.1" 200 19488 "http://phewl.desidrivers.com.au/zkdmxrrm.php?f=%2Fproc%2F868422&p=%2Fproc&rm=1" "Mozilla/5.0 AppleWebKit/537.36 (KHTML, like Gecko; compatible; GPTBot/1.4; +https://openai.com/gptbot)"
74.7.243.201 - - [09/Sep/2026:12:26:27 +0000] "GET /zkdmxrrm.php?p=%2Fproc%2F2165522 HTTP/1.1" 200 19488 "http://phewl.desidrivers.com.au/zkdmxrrm.php?f=%2Fproc%2F868422&p=%2Fproc&rm=1" "Mozilla/5.0 AppleWebKit/537.36 (KHTML, like Gecko; compatible; GPTBot/1.4; +https://openai.com/gptbot)"
74.7.243.201 - - [09/Sep/2026:12:26:28 +0000] "GET /zkdmxrrm.php?p=%2Fproc%2F2164232 HTTP/1.1" 200 19488 "http://phewl.desidrivers.com.au/zkdmxrrm.php?f=%2Fproc%2F868422&p=%2Fproc&rm=1" "Mozilla/5.0 AppleWebKit/537.36 (KHTML, like Gecko; compatible; GPTBot/1.4; +https://openai.com/gptbot)"
74.7.243.201 - - [09/Sep/2026:12:26:28 +0000] "GET /zkdmxrrm.php?p=%2Fproc%2F2165521 HTTP/1.1" 200 40528 "http://phewl.desidrivers.com.au/zkdmxrrm.php?f=%2Fproc%2F868422&p=%2Fproc&rm=1" "Mozilla/5.0 AppleWebKit/537.36 (KHTML, like Gecko; compatible; GPTBot/1.4; +https://openai.com/gptbot)"
34.205.170.13 - - [09/Sep/2026:12:26:29 +0000] "GET /zkdmxrrm.php?p=/proc/657269/task/657269" HTTP/1.1" 200 40528 "-" "Mozilla/5.0 AppleWebKit/537.36 (KHTML, like Gecko; compatible; Amazonbot/0.1; +https://developer.amazon.com/support/amazonbot) Chrome/119.0.6045.214 Safari/537.36"
74.7.243.201 - - [09/Sep/2026:12:26:29 +0000] "GET /zkdmxrrm.php?p=%2Fproc%2F2164227 HTTP/1.1" 200 19488 "http://phewl.desidrivers.com.au/zkdmxrrm.php?f=%2Fproc%2F868422&p=%2Fproc&rm=1" "Mozilla/5.0 AppleWebKit/537.36 (KHTML, like Gecko; compatible; GPTBot/1.4; +https://openai.com/gptbot)"
74.7.243.201 - - [09/Sep/2026:12:26:30 +0000] "GET /zkdmxrrm.php?p=%2Fproc%2F2165515 HTTP/1.1" 200 19488 "http://phewl.desidrivers.com.au/zkdmxrrm.php?f=%2Fproc%2F868422&p=%2Fproc&rm=1" "Mozilla/5.0 AppleWebKit/537.36 (KHTML, like Gecko; compatible; GPTBot/1.4; +https://openai.com/gptbot)"
74.7.243.201 - - [09/Sep/2026:12:26:30 +0000] "GET /zkdmxrrm.php?p=%2Fproc%2F2165534 HTTP/1.1" 200 40528 "http://phewl.desidrivers.com.au/zkdmxrrm.php?f=%2Fproc%2F868422&p=%2Fproc&rm=1" "Mozilla/5.0 AppleWebKit/537.36 (KHTML, like Gecko; compatible; GPTBot/1.4; +https://openai.com/gptbot)"
74.7.243.201 - - [09/Sep/2026:12:26:31 +0000] "GET /zkdmxrrm.php?f=%2Fproc%2F2165341%2Fclear_refs&p=%2Fproc%2F2165341 HTTP/1.1" 200 19758 "http://phewl.desidrivers.com.au/zkdmxrrm.php?p=%2Fproc%2F2165341" "Mozilla/5.0 AppleWebKit/537.36 (KHTML, like Gecko; compatible; GPTBot/1.4; +https://openai.com/gptbot)"
74.7.243.201 - - [09/Sep/2026:12:26:32 +0000] "GET /zkdmxrrm.php?dl=1&f=%2Fproc%2F2165341%2Fmountstats&p=%2Fproc%2F2165341 HTTP/1.1" 200 40528 "http://phewl.desidrivers.com.au/zkdmxrrm.php?p=%2Fproc%2F2165341" "Mozilla/5.0 AppleWebKit/537.36 (KHTML, like Gecko; compatible; GPTBot/1.4; +https://openai.com/gptbot)"
74.7.243.201 - - [09/Sep/2026:12:26:32 +0000] "GET /zkdmxrrm.php?dl=1&f=%2Fproc%2F2165341%2Fschedstat&p=%2Fproc%2F2165341 HTTP/1.1" 200 40528 "http://phewl.desidrivers.com.au/zkdmxrrm.php?p=%2Fproc%2F2165341" "Mozilla/5.0 AppleWebKit/537.36 (KHTML, like Gecko; compatible; GPTBot/1.4; +https://openai.com/gptbot)"
35.173.38.202 - - [09/Sep/2026:12:26:32 +0000] "GET /zkdmxrrm.php?p=/proc/570595/task/570595" HTTP/1.1" 200 40528 "-" "Mozilla/5.0 AppleWebKit/537.36 (KHTML, like Gecko; compatible; Amazonbot/0.1; +https://developer.amazon.com/support/amazonbot) Chrome/119.0.6045.214 Safari/537.36"
74.7.243.201 - - [09/Sep/2026:12:26:33 +0000] "GET /zkdmxrrm.php?p=%2Fproc%2F2164893%2Ffd HTTP/1.1" 200 2462 "http://phewl.desidrivers.com.au/zkdmxrrm.php?p=%2Fproc%2F2164893" "Mozilla/5.0 AppleWebKit/537.36 (KHTML, like Gecko; compatible; GPTBot/1.4; +https://openai.com/gptbot)"
74.7.243.201 - - [09/Sep/2026:12:26:34 +0000] "GET /zkdmxrrm.php?dl=1&f=%2Fproc%2F2165439%2Fsmaps&p=%2Fproc%2F2165439 HTTP/1.1" 200 40528 "http://phewl.desidrivers.com.au/zkdmxrrm.php?p=%2Fproc%2F2165439" "Mozilla/5.0 AppleWebKit/537.36 (KHTML, like Gecko; compatible; GPTBot/1.4; +https://openai.com/gptbot)"
74.7.243.201 - - [09/Sep/2026:12:26:34 +0000] "GET /zkdmxrrm.php?f=%2Fproc%2F2165439%2Froot&p=%2Fproc%2F2165439 HTTP/1.1" 200 40528 "http://phewl.desidrivers.com.au/zkdmxrrm.php?p=%2Fproc%2F2165439" "Mozilla/5.0 AppleWebKit/537.36 (KHTML, like Gecko; compatible; GPTBot/1.4; +https://openai.com/gptbot)"
74.7.243.201 - - [09/Sep/2026:12:26:35 +0000] "GET /zkdmxrrm.php?f=%2Fproc%2F2164232%2Foom_score&p=%2Fproc%2F2164232&rm=1 HTTP/1.1" 200 20141 "http://phewl.desidrivers.com.au/zkdmxrrm.php?p=%2Fproc%2F2164232" "Mozilla/5.0 AppleWebKit/537.36 (KHTML, like Gecko; compatible; GPTBot/1.4; +https://openai.com/gptbot)"
74.7.243.201 - - [09/Sep/2026:12:26:36 +0000] "GET /zkdmxrrm.php?dl=1&f=%2Fproc%2F2165439%2Foom_adj&p=%2Fproc%2F2165439 HTTP/1.1" 200 40528 "http://phewl.desidrivers.com.au/zkdmxrrm.php?p=%2Fproc%2F2165439" "Mozilla/5.0 AppleWebKit/537.36 (KHTML, like Gecko; compatible; GPTBot/1.4; +https://openai.com/gptbot)"
74.7.243.201 - - [09/Sep/2026:12:26:36 +0000] "GET /zkdmxrrm.php?f=%2Fproc%2F2164227%2Ftimerslack_ns&p=%2Fproc%2F2164227&rm=1 HTTP/1.1" 200 20161 "http://phewl.desidrivers.com.au/zkdmxrrm.php?p=%2Fproc%2F2164227" "Mozilla/5.0 AppleWebKit/537.36 (KHTML, like Gecko; compatible; GPTBot/1.4; +https://openai.com/gptbot)"
54.163.136.244 - - [09/Sep/2026:12:26:37 +0000] "GET /zkdmxrrm.php?p=/proc/796027/task/796027" HTTP/1.1" 200 40528 "-" "Mozilla/5.0 AppleWebKit/537.36 (KHTML, like Gecko; compatible; Amazonbot/0.1; +https://developer.amazon.com/support/amazonbot) Chrome/119.0.6045.214 Safari/537.36"
74.7.243.201 - - [09/Sep/2026:12:26:37 +0000] "GET /zkdmxrrm.php?f=%2Fproc%2F2165515%2Fsetgroups&p=%2Fproc%2F2165515&rm=1 HTTP/1.1" 200 20141 "http://phewl.desidrivers.com.au/zkdmxrrm.php?p=%2Fproc%2F2165515" "Mozilla/5.0 AppleWebKit/537.36 (KHTML, like Gecko; compatible; GPTBot/1.4; +https://openai.com/gptbot)"
74.7.243.201 - - [09/Sep/2026:12:26:38 +0000] "GET /zkdmxrrm.php?f=%2Fproc%2F2165439%2Fprojid_map&p=%2Fproc%2F2165439&rm=1 HTTP/1.1" 200 40528 "http://phewl.desidrivers.com.au/zkdmxrrm.php?p=%2Fproc%2F2165439" "Mozilla/5.0 AppleWebKit/537.36 (KHTML, like Gecko; compatible; GPTBot/1.4; +https://openai.com/gptbot)"
74.7.243.201 - - [09/Sep/2026:12:26:39 +0000] "GET /zkdmxrrm.php?p=%2Fproc%2F2164485 HTTP/1.1" 200 19488 "http://phewl.desidrivers.com.au/zkdmxrrm.php?f=%2Fproc%2F868422&p=%2Fproc&rm=1" "Mozilla/5.0 AppleWebKit/537.36 (KHTML, like Gecko; compatible; GPTBot/1.4; +https://openai.com/gptbot)"
74.7.243.201 - - [09/Sep/2026:12:26:39 +0000] "GET /zkdmxrrm.php?p=%2Fproc%2F2164689 HTTP/1.1" 200 19488 "http://phewl.desidrivers.com.au/zkdmxrrm.php?f=%2Fproc%2F868422&p=%2Fproc&rm=1" "Mozilla/5.0 AppleWebKit/537.36 (KHTML, like Gecko; compatible; GPTBot/1.4; +https://openai.com/gptbot)"
74.7.243.201 - - [09/Sep/2026:12:26:40 +0000] "GET /zkdmxrrm.php?p=%2Fproc%2F2165067 HTTP/1.1" 200 19488 "http://phewl.desidrivers.com.au/zkdmxrrm.php?f=%2Fproc%2F868422&p=%2Fproc&rm=1" "Mozilla/5.0 AppleWebKit/537.36 (KHTML, like Gecko; compatible; GPTBot/1.4; +https://openai.com/gptbot)"
74.7.243.201 - - [09/Sep/2026:12:26:41 +0000] "GET /zkdmxrrm.php?p=%2Fproc%2F2164190 HTTP/1.1" 200 19488 "http://phewl.desidrivers.com.au/zkdmxrrm.php?f=%2Fproc%2F868422&p=%2Fproc&rm=1" "Mozilla/5.0 AppleWebKit/537.36 (KHTML, like Gecko; compatible; GPTBot/1.4; +https://openai.com/gptbot)"
54.243.63.52 - - [09/Sep/2026:12:26:41 +0000] "GET /zkdmxrrm.php?p=/proc/700823/task/700823" HTTP/1.1" 200 40528 "-" "Mozilla/5.0 AppleWebKit/537.36 (KHTML, like Gecko; compatible; Amazonbot/0.1; +https://developer.amazon.com/support/amazonbot) Chrome/119.0.6045.214 Safari/537.36"
74.7.243.201 - - [09/Sep/2026:12:26:41 +0000] "GET /zkdmxrrm.php?p=%2Fproc%2F2165548 HTTP/1.1" 200 40528 "http://phewl.desidrivers.com.au/zkdmxrrm.php?f=%2Fproc%2F729421&p=%2Fproc&rm=1" "Mozilla/5.0 AppleWebKit/537.36 (KHTML, like Gecko; compatible; GPTBot/1.4; +https://openai.com/gptbot)"
74.7.243.201 - - [09/Sep/2026:12:26:42 +0000] "GET /zkdmxrrm.php?p=%2Fproc%2F2165547 HTTP/1.1" 200 19488 "http://phewl.desidrivers.com.au/zkdmxrrm.php?f=%2Fproc%2F729421&p=%2Fproc&rm=1" "Mozilla/5.0 AppleWebKit/537.36 (KHTML, like Gecko; compatible; GPTBot/1.4; +https://openai.com/gptbot)"
74.7.243.201 - - [09/Sep/2026:12:26:43 +0000] "GET /zkdmxrrm.php?p=%2Fproc%2F2164187 HTTP/1.1" 200 40528 "http://phewl.desidrivers.com.au/zkdmxrrm.php?f=%2Fproc%2F868422&p=%2Fproc&rm=1" "Mozilla/5.0 AppleWebKit/537.36 (KHTML, like Gecko; compatible; GPTBot/1.4; +https://openai.com/gptbot)"
74.7.243.201 - - [09/Sep/2026:12:26:43 +0000] "GET /zkdmxrrm.php?p=%2Fproc%2F2165543 HTTP/1.1" 200 40528 "http://phewl.desidrivers.com.au/zkdmxrrm.php?f=%2Fproc%2F582422&p=%2Fproc&rm=1" "Mozilla/5.0 AppleWebKit/537.36 (KHTML, like Gecko; compatible; GPTBot/1.4; +https://openai.com/gptbot)"
74.7.243.201 - - [09/Sep/2026:12:26:44 +0000] "GET /zkdmxrrm.php?p=%2Fproc%2F2164894 HTTP/1.1" 200 19488 "http://phewl.desidrivers.com.au/zkdmxrrm.php?f=%2Fproc%2F868422&p=%2Fproc&rm=1" "Mozilla/5.0 AppleWebKit/537.36 (KHTML, like Gecko; compatible; GPTBot/1.4; +https://openai.com/gptbot)"
74.7.243.201 - - [09/Sep/2026:12:26:45 +0000] "GET /zkdmxrrm.php?p=%2Fproc%2F2165549 HTTP/1.1" 200 40528 "http://phewl.desidrivers.com.au/zkdmxrrm.php?f=%2Fproc%2F772811&p=%2Fproc&rm=1" "Mozilla/5.0 AppleWebKit/537.36 (KHTML, like Gecko; compatible; GPTBot/1.4; +https://openai.com/gptbot)"
74.7.243.201 - - [09/Sep/2026:12:26:45 +0000] "GET /zkdmxrrm.php?p=%2Fproc%2F2165530 HTTP/1.1" 200 19488 "http://phewl.desidrivers.com.au/zkdmxrrm.php?f=%2Fproc%2F868422&p=%2Fproc&rm=1" "Mozilla/5.0 AppleWebKit/537.36 (KHTML, like Gecko; compatible; GPTBot/1.4; +https://openai.com/gptbot)"
44.193.102.198 - - [09/Sep/2026:12:26:46 +0000] "GET /zkdmxrrm.php?p=/proc/515972/task/515972" HTTP/1.1" 200 40528 "-" "Mozilla/5.0 AppleWebKit/537.36 (KHTML, like Gecko; compatible; Amazonbot/0.1; +https://developer.amazon.com/support/amazonbot) Chrome/119.0.6045.214 Safari/537.36"
74.7.243.201 - - [09/Sep/2026:12:26:46 +0000] "GET /zkdmxrrm.php?p=%2Fproc%2F2164743 HTTP/1.1" 200 19488 "http://phewl.desidrivers.com.au/zkdmxrrm.php?f=%2Fproc%2F868422&p=%2Fproc&rm=1" "Mozilla/5.0 AppleWebKit/537.36 (KHTML, like Gecko; compatible; GPTBot/1.4; +https://openai.com/gptbot)"
74.7.243.201 - - [09/Sep/2026:12:26:47 +0000] "GET /zkdmxrrm.php?f=%2Fproc%2F2164689%2Fexe&p=%2Fproc%2F2164689&rm=1 HTTP/1.1" 200 19488 "http://phewl.desidrivers.com.au/zkdmxrrm.php?p=%2Fproc%2F2164689" "Mozilla/5.0 AppleWebKit/537.36 (KHTML, like Gecko; compatible; GPTBot/1.4; +https://openai.com/gptbot)"
74.7.243.201 - - [09/Sep/2026:12:26:47 +0000] "GET /zkdmxrrm.php?p=%2Fproc%2F2165400 HTTP/1.1" 200 40528 "http://phewl.desidrivers.com.au/zkdmxrrm.php?f=%2Fproc%2F868422&p=%2Fproc&rm=1" "Mozilla/5.0 AppleWebKit/537.36 (KHTML, like Gecko; compatible; GPTBot/1.4; +https://openai.com/gptbot)"
74.7.243.201 - - [09/Sep/2026:12:26:48 +0000] "GET /zkdmxrrm.php?p=%2Fproc%2F2164433 HTTP/1.1" 200 19488 "http://phewl.desidrivers.com.au/zkdmxrrm.php?f=%2Fproc%2F868422&p=%2Fproc&rm=1" "Mozilla/5.0 AppleWebKit/537.36 (KHTML, like Gecko; compatible; GPTBot/1.4; +https://openai.com/gptbot)"
3.211.105.134 - - [09/Sep/2026:12:26:48 +0000] "GET /zkdmxrrm.php?p=/proc/980268/task/980268" HTTP/1.1" 200 40528 "-" "Mozilla/5.0 AppleWebKit/537.36 (KHTML, like Gecko; compatible; Amazonbot/0.1; +https://developer.amazon.com/support/amazonbot) Chrome/119.0.6045.214 Safari/537.36"
74.7.243.201 - - [09/Sep/2026:12:26:49 +0000] "GET /zkdmxrrm.php?p=%2Fproc%2F2164425 HTTP/1.1" 200 19488 "http://phewl.desidrivers.com.au/zkdmxrrm.php?f=%2Fproc%2F868422&p=%2Fproc&rm=1" "Mozilla/5.0 AppleWebKit/537.36 (KHTML, like Gecko; compatible; GPTBot/1.4; +https://openai.com/gptbot)"
74.7.243.201 - - [09/Sep/2026:12:26:49 +0000] "GET /zkdmxrrm.php?p=%2Fproc%2F2164209 HTTP/1.1" 200 19488 "http://phewl.desidrivers.com.au/zkdmxrrm.php?f=%2Fproc%2F868422&p=%2Fproc&rm=1" "Mozilla/5.0 AppleWebKit/537.36 (KHTML, like Gecko; compatible; GPTBot/1.4; +https://openai.com/gptbot)"
74.7.243.201 - - [09/Sep/2026:12:26:50 +0000] "GET /zkdmxrrm.php?p=%2Fproc%2F2165066 HTTP/1.1" 200 19488 "http://phewl.desidrivers.com.au/zkdmxrrm.php?f=%2Fproc%2F868422&p=%2Fproc&rm=1" "Mozilla/5.0 AppleWebKit/537.36 (KHTML, like Gecko; compatible; GPTBot/1.4; +https://openai.com/gptbot)"
74.7.243.201 - - [09/Sep/2026:12:26:51 +0000] "GET /zkdmxrrm.php?p=%2Fproc%2F2165544 HTTP/1.1" 200 40528 "http://phewl.desidrivers.com.au/zkdmxrrm.php?f=%2Fproc%2F511011&p=%2Fproc&rm=1" "Mozilla/5.0 AppleWebKit/537.36 (KHTML, like Gecko; compatible; GPTBot/1.4; +https://openai.com/gptbot)"
74.7.243.201 - - [09/Sep/2026:12:26:51 +0000] "GET /zkdmxrrm.php?dl=1&f=%2Fproc%2F2164894%2Fschedstat&p=%2Fproc%2F2164894 HTTP/1.1" 200 19584 "http://phewl.desidrivers.com.au/zkdmxrrm.php?p=%2Fproc%2F2164894" "Mozilla/5.0 AppleWebKit/537.36 (KHTML, like Gecko; compatible; GPTBot/1.4; +https://openai.com/gptbot)"
74.7.243.201 - - [09/Sep/2026:12:26:52 +0000] "GET /zkdmxrrm.php?f=%2Fproc%2F2164894%2Fmounts&p=%2Fproc%2F2164894 HTTP/1.1" 200 24809 "http://phewl.desidrivers.com.au/zkdmxrrm.php?p=%2Fproc%2F2164894" "Mozilla/5.0 AppleWebKit/537.36 (KHTML, like Gecko; compatible; GPTBot/1.4; +https://openai.com/gptbot)"
35.169.119.108 - - [09/Sep/2026:12:26:53 +0000] "GET /zkdmxrrm.php?p=/proc/774932/task/774932" HTTP/1.1" 200 40528 "-" "Mozilla/5.0 AppleWebKit/537.36 (KHTML, like Gecko; compatible; Amazonbot/0.1; +https://developer.amazon.com/support/amazonbot) Chrome/119.0.6045.214 Safari/537.36"
74.7.243.201 - - [09/Sep/2026:12:26:53 +0000] "GET /zkdmxrrm.php?dl=1&f=%2Fproc%2F2165530%2Fmountstats&p=%2Fproc%2F2165530 HTTP/1.1" 200 40528 "http://phewl.desidrivers.com.au/zkdmxrrm.php?p=%2Fproc%2F2165530" "Mozilla/5.0 AppleWebKit/537.36 (KHTML, like Gecko; compatible; GPTBot/1.4; +https://openai.com/gptbot)"
74.7.243.201 - - [09/Sep/2026:12:26:53 +0000] "GET /zkdmxrrm.php?f=%2Fproc%2F2165530%2Fsmaps_rollup&p=%2Fproc%2F2165530&rm=1 HTTP/1.1" 200 40528 "http://phewl.desidrivers.com.au/zkdmxrrm.php?p=%2Fproc%2F2165530" "Mozilla/5.0 AppleWebKit/537.36 (KHTML, like Gecko; compatible; GPTBot/1.4; +https://openai.com/gptbot)"
74.7.243.201 - - [09/Sep/2026:12:26:54 +0000] "GET /zkdmxrrm.php?p=%2Fproc%2F2165326 HTTP/1.1" 200 40528 "http://phewl.desidrivers.com.au/zkdmxrrm.php?f=%2Fproc%2F868422&p=%2Fproc&rm=1" "Mozilla/5.0 AppleWebKit/537.36 (KHTML, like Gecko; compatible; GPTBot/1.4; +https://openai.com/gptbot)"
74.7.243.201 - - [09/Sep/2026:12:26:55 +0000] "GET /zkdmxrrm.php?p=%2Fproc%2F2165336 HTTP/1.1" 200 40528 "http://phewl.desidrivers.com.au/zkdmxrrm.php?f=%2Fproc%2F868422&p=%2Fproc&rm=1" "Mozilla/5.0 AppleWebKit/537.36 (KHTML, like Gecko; compatible; GPTBot/1.4; +https://openai.com/gptbot)"
