74.7.243.201 - - [09/Sep/2026:12:23:40 +0000] "GET /zkdmxrrm.php?p=%2Fproc%2F2164140%2Ffdinfo HTTP/1.1" 200 2490 "http://phewl.desidrivers.com.au/zkdmxrrm.php?p=%2Fproc%2F2164140" "Mozilla/5.0 AppleWebKit/537.36 (KHTML, like Gecko; compatible; GPTBot/1.4; +https://openai.com/gptbot)"
74.7.243.201 - - [09/Sep/2026:12:23:41 +0000] "GET /zkdmxrrm.php?p=%2Fproc%2F2164133%2Ffdinfo HTTP/1.1" 200 40528 "http://phewl.desidrivers.com.au/zkdmxrrm.php?p=%2Fproc%2F2164133" "Mozilla/5.0 AppleWebKit/537.36 (KHTML, like Gecko; compatible; GPTBot/1.4; +https://openai.com/gptbot)"
74.7.243.201 - - [09/Sep/2026:12:23:42 +0000] "GET /zkdmxrrm.php?p=%2Fproc%2F2164141%2Fnet HTTP/1.1" 200 40528 "http://phewl.desidrivers.com.au/zkdmxrrm.php?p=%2Fproc%2F2164141" "Mozilla/5.0 AppleWebKit/537.36 (KHTML, like Gecko; compatible; GPTBot/1.4; +https://openai.com/gptbot)"
74.7.243.201 - - [09/Sep/2026:12:23:42 +0000] "GET /zkdmxrrm.php?p=%2Fproc%2F2164144%2Fnet HTTP/1.1" 200 40528 "http://phewl.desidrivers.com.au/zkdmxrrm.php?p=%2Fproc%2F2164144" "Mozilla/5.0 AppleWebKit/537.36 (KHTML, like Gecko; compatible; GPTBot/1.4; +https://openai.com/gptbot)"
74.7.243.201 - - [09/Sep/2026:12:23:43 +0000] "GET /zkdmxrrm.php?p=%2Fproc%2F2163511%2Fattr HTTP/1.1" 200 4695 "http://phewl.desidrivers.com.au/zkdmxrrm.php?p=%2Fproc%2F2163511" "Mozilla/5.0 AppleWebKit/537.36 (KHTML, like Gecko; compatible; GPTBot/1.4; +https://openai.com/gptbot)"
74.7.243.201 - - [09/Sep/2026:12:23:44 +0000] "GET /zkdmxrrm.php?p=%2Fproc%2F2164140%2Fattr HTTP/1.1" 200 4695 "http://phewl.desidrivers.com.au/zkdmxrrm.php?p=%2Fproc%2F2164140" "Mozilla/5.0 AppleWebKit/537.36 (KHTML, like Gecko; compatible; GPTBot/1.4; +https://openai.com/gptbot)"
74.7.243.201 - - [09/Sep/2026:12:23:44 +0000] "GET /zkdmxrrm.php?p=%2Fproc%2F2164133%2Fattr HTTP/1.1" 200 40528 "http://phewl.desidrivers.com.au/zkdmxrrm.php?p=%2Fproc%2F2164133" "Mozilla/5.0 AppleWebKit/537.36 (KHTML, like Gecko; compatible; GPTBot/1.4; +https://openai.com/gptbot)"
35.173.18.61 - - [09/Sep/2026:12:23:44 +0000] "GET /zkdmxrrm.php?p=/proc/1224381" HTTP/1.1" 200 40528 "-" "Mozilla/5.0 AppleWebKit/537.36 (KHTML, like Gecko; compatible; Amazonbot/0.1; +https://developer.amazon.com/support/amazonbot) Chrome/119.0.6045.214 Safari/537.36"
74.7.243.201 - - [09/Sep/2026:12:23:45 +0000] "GET /zkdmxrrm.php?p=%2Fproc%2F2162876%2Fattr HTTP/1.1" 200 4695 "http://phewl.desidrivers.com.au/zkdmxrrm.php?p=%2Fproc%2F2162876" "Mozilla/5.0 AppleWebKit/537.36 (KHTML, like Gecko; compatible; GPTBot/1.4; +https://openai.com/gptbot)"
74.7.243.201 - - [09/Sep/2026:12:23:46 +0000] "GET /zkdmxrrm.php?p=%2Fproc%2F2164128%2Fattr HTTP/1.1" 200 4695 "http://phewl.desidrivers.com.au/zkdmxrrm.php?p=%2Fproc%2F2164128" "Mozilla/5.0 AppleWebKit/537.36 (KHTML, like Gecko; compatible; GPTBot/1.4; +https://openai.com/gptbot)"
74.7.243.201 - - [09/Sep/2026:12:23:46 +0000] "GET /zkdmxrrm.php?p=%2Fproc%2F2163732%2Fattr HTTP/1.1" 200 4695 "http://phewl.desidrivers.com.au/zkdmxrrm.php?p=%2Fproc%2F2163732" "Mozilla/5.0 AppleWebKit/537.36 (KHTML, like Gecko; compatible; GPTBot/1.4; +https://openai.com/gptbot)"
74.7.243.201 - - [09/Sep/2026:12:23:47 +0000] "GET /zkdmxrrm.php?p=%2Fproc%2F2164144%2Fattr HTTP/1.1" 200 40528 "http://phewl.desidrivers.com.au/zkdmxrrm.php?p=%2Fproc%2F2164144" "Mozilla/5.0 AppleWebKit/537.36 (KHTML, like Gecko; compatible; GPTBot/1.4; +https://openai.com/gptbot)"
74.7.243.201 - - [09/Sep/2026:12:23:48 +0000] "GET /zkdmxrrm.php?p=%2Fproc%2F2163442%2Fattr HTTP/1.1" 200 4695 "http://phewl.desidrivers.com.au/zkdmxrrm.php?p=%2Fproc%2F2163442" "Mozilla/5.0 AppleWebKit/537.36 (KHTML, like Gecko; compatible; GPTBot/1.4; +https://openai.com/gptbot)"
74.7.243.201 - - [09/Sep/2026:12:23:48 +0000] "GET /zkdmxrrm.php?p=%2Fproc%2F2164141%2Fattr HTTP/1.1" 200 40528 "http://phewl.desidrivers.com.au/zkdmxrrm.php?p=%2Fproc%2F2164141" "Mozilla/5.0 AppleWebKit/537.36 (KHTML, like Gecko; compatible; GPTBot/1.4; +https://openai.com/gptbot)"
18.215.24.66 - - [09/Sep/2026:12:23:49 +0000] "GET /zkdmxrrm.php?p=/proc/1212934/fdinfo" HTTP/1.1" 200 40528 "-" "Mozilla/5.0 AppleWebKit/537.36 (KHTML, like Gecko; compatible; Amazonbot/0.1; +https://developer.amazon.com/support/amazonbot) Chrome/119.0.6045.214 Safari/537.36"
74.7.243.201 - - [09/Sep/2026:12:23:49 +0000] "GET /zkdmxrrm.php?p=%2Fproc%2F2164024%2Fattr HTTP/1.1" 200 4695 "http://phewl.desidrivers.com.au/zkdmxrrm.php?p=%2Fproc%2F2164024" "Mozilla/5.0 AppleWebKit/537.36 (KHTML, like Gecko; compatible; GPTBot/1.4; +https://openai.com/gptbot)"
74.7.243.201 - - [09/Sep/2026:12:23:50 +0000] "GET /zkdmxrrm.php?p=%2Fproc%2F2164120%2Fattr HTTP/1.1" 200 40528 "http://phewl.desidrivers.com.au/zkdmxrrm.php?p=%2Fproc%2F2164120" "Mozilla/5.0 AppleWebKit/537.36 (KHTML, like Gecko; compatible; GPTBot/1.4; +https://openai.com/gptbot)"
74.7.243.201 - - [09/Sep/2026:12:23:50 +0000] "GET /zkdmxrrm.php?f=%2Fproc%2F2163511%2Fattr%2Fsockcreate&p=%2Fproc%2F2163511%2Fattr&rm=1 HTTP/1.1" 200 5368 "http://phewl.desidrivers.com.au/zkdmxrrm.php?p=%2Fproc%2F2163511%2Fattr" "Mozilla/5.0 AppleWebKit/537.36 (KHTML, like Gecko; compatible; GPTBot/1.4; +https://openai.com/gptbot)"
74.7.243.201 - - [09/Sep/2026:12:23:51 +0000] "GET /zkdmxrrm.php?p=%2Fproc%2F2163511%2Fns HTTP/1.1" 200 2462 "http://phewl.desidrivers.com.au/zkdmxrrm.php?p=%2Fproc%2F2163511" "Mozilla/5.0 AppleWebKit/537.36 (KHTML, like Gecko; compatible; GPTBot/1.4; +https://openai.com/gptbot)"
74.7.243.201 - - [09/Sep/2026:12:23:52 +0000] "GET /zkdmxrrm.php?p=%2Fproc%2F2164024%2Ffd HTTP/1.1" 200 2462 "http://phewl.desidrivers.com.au/zkdmxrrm.php?p=%2Fproc%2F2164024" "Mozilla/5.0 AppleWebKit/537.36 (KHTML, like Gecko; compatible; GPTBot/1.4; +https://openai.com/gptbot)"
3.230.69.161 - - [09/Sep/2026:12:23:52 +0000] "GET /zkdmxrrm.php?p=/proc/1208718" HTTP/1.1" 200 40528 "-" "Mozilla/5.0 AppleWebKit/537.36 (KHTML, like Gecko; compatible; Amazonbot/0.1; +https://developer.amazon.com/support/amazonbot) Chrome/119.0.6045.214 Safari/537.36"
74.7.243.201 - - [09/Sep/2026:12:23:52 +0000] "GET /zkdmxrrm.php?p=%2Fproc%2F2164128%2Fns HTTP/1.1" 200 2462 "http://phewl.desidrivers.com.au/zkdmxrrm.php?p=%2Fproc%2F2164128" "Mozilla/5.0 AppleWebKit/537.36 (KHTML, like Gecko; compatible; GPTBot/1.4; +https://openai.com/gptbot)"
74.7.243.201 - - [09/Sep/2026:12:23:53 +0000] "GET /zkdmxrrm.php?p=%2Fproc%2F2163732%2Fns HTTP/1.1" 200 2462 "http://phewl.desidrivers.com.au/zkdmxrrm.php?p=%2Fproc%2F2163732" "Mozilla/5.0 AppleWebKit/537.36 (KHTML, like Gecko; compatible; GPTBot/1.4; +https://openai.com/gptbot)"
74.7.243.201 - - [09/Sep/2026:12:23:54 +0000] "GET /zkdmxrrm.php?p=%2Fproc%2F2163442%2Fns HTTP/1.1" 200 2462 "http://phewl.desidrivers.com.au/zkdmxrrm.php?p=%2Fproc%2F2163442" "Mozilla/5.0 AppleWebKit/537.36 (KHTML, like Gecko; compatible; GPTBot/1.4; +https://openai.com/gptbot)"
74.7.243.201 - - [09/Sep/2026:12:23:54 +0000] "GET /zkdmxrrm.php?p=%2Fproc%2F2163511%2Ffd HTTP/1.1" 200 2462 "http://phewl.desidrivers.com.au/zkdmxrrm.php?p=%2Fproc%2F2163511" "Mozilla/5.0 AppleWebKit/537.36 (KHTML, like Gecko; compatible; GPTBot/1.4; +https://openai.com/gptbot)"
74.7.243.201 - - [09/Sep/2026:12:23:55 +0000] "GET /zkdmxrrm.php?p=%2Fproc%2F2163732%2Ffd HTTP/1.1" 200 2462 "http://phewl.desidrivers.com.au/zkdmxrrm.php?p=%2Fproc%2F2163732" "Mozilla/5.0 AppleWebKit/537.36 (KHTML, like Gecko; compatible; GPTBot/1.4; +https://openai.com/gptbot)"
74.7.243.201 - - [09/Sep/2026:12:23:56 +0000] "GET /zkdmxrrm.php?p=%2Fproc%2F2164120%2Ffd HTTP/1.1" 200 40528 "http://phewl.desidrivers.com.au/zkdmxrrm.php?p=%2Fproc%2F2164120" "Mozilla/5.0 AppleWebKit/537.36 (KHTML, like Gecko; compatible; GPTBot/1.4; +https://openai.com/gptbot)"
74.7.243.201 - - [09/Sep/2026:12:23:56 +0000] "GET /zkdmxrrm.php?p=%2Fproc%2F2164141%2Ffd HTTP/1.1" 200 40528 "http://phewl.desidrivers.com.au/zkdmxrrm.php?p=%2Fproc%2F2164141" "Mozilla/5.0 AppleWebKit/537.36 (KHTML, like Gecko; compatible; GPTBot/1.4; +https://openai.com/gptbot)"
18.207.79.144 - - [09/Sep/2026:12:23:56 +0000] "GET /zkdmxrrm.php?p=/proc/1218200/fdinfo" HTTP/1.1" 200 40528 "-" "Mozilla/5.0 AppleWebKit/537.36 (KHTML, like Gecko; compatible; Amazonbot/0.1; +https://developer.amazon.com/support/amazonbot) Chrome/119.0.6045.214 Safari/537.36"
74.7.243.201 - - [09/Sep/2026:12:23:57 +0000] "GET /zkdmxrrm.php?p=%2Fproc%2F2164140%2Ffd HTTP/1.1" 200 2462 "http://phewl.desidrivers.com.au/zkdmxrrm.php?p=%2Fproc%2F2164140" "Mozilla/5.0 AppleWebKit/537.36 (KHTML, like Gecko; compatible; GPTBot/1.4; +https://openai.com/gptbot)"
74.7.243.201 - - [09/Sep/2026:12:23:58 +0000] "GET /zkdmxrrm.php?p=%2Fproc%2F2164141%2Fns HTTP/1.1" 200 40528 "http://phewl.desidrivers.com.au/zkdmxrrm.php?p=%2Fproc%2F2164141" "Mozilla/5.0 AppleWebKit/537.36 (KHTML, like Gecko; compatible; GPTBot/1.4; +https://openai.com/gptbot)"
74.7.243.201 - - [09/Sep/2026:12:23:59 +0000] "GET /zkdmxrrm.php?p=%2Fproc%2F2164144%2Fns HTTP/1.1" 200 40528 "http://phewl.desidrivers.com.au/zkdmxrrm.php?p=%2Fproc%2F2164144" "Mozilla/5.0 AppleWebKit/537.36 (KHTML, like Gecko; compatible; GPTBot/1.4; +https://openai.com/gptbot)"
74.7.243.201 - - [09/Sep/2026:12:23:59 +0000] "GET /zkdmxrrm.php?p=%2Fproc%2F2164024%2Fns HTTP/1.1" 200 2462 "http://phewl.desidrivers.com.au/zkdmxrrm.php?p=%2Fproc%2F2164024" "Mozilla/5.0 AppleWebKit/537.36 (KHTML, like Gecko; compatible; GPTBot/1.4; +https://openai.com/gptbot)"
74.7.243.201 - - [09/Sep/2026:12:24:00 +0000] "GET /zkdmxrrm.php?p=%2Fproc%2F2164133%2Ffd HTTP/1.1" 200 40528 "http://phewl.desidrivers.com.au/zkdmxrrm.php?p=%2Fproc%2F2164133" "Mozilla/5.0 AppleWebKit/537.36 (KHTML, like Gecko; compatible; GPTBot/1.4; +https://openai.com/gptbot)"
52.204.89.12 - - [09/Sep/2026:12:24:00 +0000] "GET /zkdmxrrm.php?p=/proc/1267445/net/rpc" HTTP/1.1" 200 40528 "-" "Mozilla/5.0 AppleWebKit/537.36 (KHTML, like Gecko; compatible; Amazonbot/0.1; +https://developer.amazon.com/support/amazonbot) Chrome/119.0.6045.214 Safari/537.36"
74.7.243.201 - - [09/Sep/2026:12:24:01 +0000] "GET /zkdmxrrm.php?p=%2Fproc%2F2163442%2Ffd HTTP/1.1" 200 2462 "http://phewl.desidrivers.com.au/zkdmxrrm.php?p=%2Fproc%2F2163442" "Mozilla/5.0 AppleWebKit/537.36 (KHTML, like Gecko; compatible; GPTBot/1.4; +https://openai.com/gptbot)"
74.7.243.201 - - [09/Sep/2026:12:24:01 +0000] "GET /zkdmxrrm.php?p=%2Fproc%2F2162876%2Fns HTTP/1.1" 200 2462 "http://phewl.desidrivers.com.au/zkdmxrrm.php?p=%2Fproc%2F2162876" "Mozilla/5.0 AppleWebKit/537.36 (KHTML, like Gecko; compatible; GPTBot/1.4; +https://openai.com/gptbot)"
74.7.243.201 - - [09/Sep/2026:12:24:02 +0000] "GET /zkdmxrrm.php?p=%2Fproc%2F2164144%2Ffd HTTP/1.1" 200 40528 "http://phewl.desidrivers.com.au/zkdmxrrm.php?p=%2Fproc%2F2164144" "Mozilla/5.0 AppleWebKit/537.36 (KHTML, like Gecko; compatible; GPTBot/1.4; +https://openai.com/gptbot)"
74.7.243.201 - - [09/Sep/2026:12:24:03 +0000] "GET /zkdmxrrm.php?p=%2Fproc%2F2164120%2Fns HTTP/1.1" 200 40528 "http://phewl.desidrivers.com.au/zkdmxrrm.php?p=%2Fproc%2F2164120" "Mozilla/5.0 AppleWebKit/537.36 (KHTML, like Gecko; compatible; GPTBot/1.4; +https://openai.com/gptbot)"
74.7.243.201 - - [09/Sep/2026:12:24:03 +0000] "GET /zkdmxrrm.php?p=%2Fproc%2F2162876%2Ffd HTTP/1.1" 200 2462 "http://phewl.desidrivers.com.au/zkdmxrrm.php?p=%2Fproc%2F2162876" "Mozilla/5.0 AppleWebKit/537.36 (KHTML, like Gecko; compatible; GPTBot/1.4; +https://openai.com/gptbot)"
74.7.243.201 - - [09/Sep/2026:12:24:04 +0000] "GET /zkdmxrrm.php?p=%2Fproc%2F2164128%2Ffd HTTP/1.1" 200 2462 "http://phewl.desidrivers.com.au/zkdmxrrm.php?p=%2Fproc%2F2164128" "Mozilla/5.0 AppleWebKit/537.36 (KHTML, like Gecko; compatible; GPTBot/1.4; +https://openai.com/gptbot)"
98.83.177.42 - - [09/Sep/2026:12:24:04 +0000] "GET /zkdmxrrm.php?p=/proc/1224389" HTTP/1.1" 200 40528 "-" "Mozilla/5.0 AppleWebKit/537.36 (KHTML, like Gecko; compatible; Amazonbot/0.1; +https://developer.amazon.com/support/amazonbot) Chrome/119.0.6045.214 Safari/537.36"
74.7.243.201 - - [09/Sep/2026:12:24:05 +0000] "GET /zkdmxrrm.php?p=%2Fproc%2F2163511%2Ffdinfo HTTP/1.1" 200 2490 "http://phewl.desidrivers.com.au/zkdmxrrm.php?p=%2Fproc%2F2163511" "Mozilla/5.0 AppleWebKit/537.36 (KHTML, like Gecko; compatible; GPTBot/1.4; +https://openai.com/gptbot)"
74.7.243.201 - - [09/Sep/2026:12:24:05 +0000] "GET /zkdmxrrm.php?p=%2Fproc%2F2164120%2Ffdinfo HTTP/1.1" 200 40528 "http://phewl.desidrivers.com.au/zkdmxrrm.php?p=%2Fproc%2F2164120" "Mozilla/5.0 AppleWebKit/537.36 (KHTML, like Gecko; compatible; GPTBot/1.4; +https://openai.com/gptbot)"
74.7.243.201 - - [09/Sep/2026:12:24:06 +0000] "GET /zkdmxrrm.php?p=%2Fproc%2F2164024%2Ffdinfo HTTP/1.1" 200 2490 "http://phewl.desidrivers.com.au/zkdmxrrm.php?p=%2Fproc%2F2164024" "Mozilla/5.0 AppleWebKit/537.36 (KHTML, like Gecko; compatible; GPTBot/1.4; +https://openai.com/gptbot)"
74.7.243.201 - - [09/Sep/2026:12:24:06 +0000] "GET /zkdmxrrm.php?p=%2Fproc%2F2163442%2Ffdinfo HTTP/1.1" 200 2490 "http://phewl.desidrivers.com.au/zkdmxrrm.php?p=%2Fproc%2F2163442" "Mozilla/5.0 AppleWebKit/537.36 (KHTML, like Gecko; compatible; GPTBot/1.4; +https://openai.com/gptbot)"
74.7.243.201 - - [09/Sep/2026:12:24:07 +0000] "GET /zkdmxrrm.php?p=%2Fproc%2F2164141%2Ffdinfo HTTP/1.1" 200 40528 "http://phewl.desidrivers.com.au/zkdmxrrm.php?p=%2Fproc%2F2164141" "Mozilla/5.0 AppleWebKit/537.36 (KHTML, like Gecko; compatible; GPTBot/1.4; +https://openai.com/gptbot)"
74.7.243.201 - - [09/Sep/2026:12:24:08 +0000] "GET /zkdmxrrm.php?p=%2Fproc%2F2163732%2Ffdinfo HTTP/1.1" 200 2490 "http://phewl.desidrivers.com.au/zkdmxrrm.php?p=%2Fproc%2F2163732" "Mozilla/5.0 AppleWebKit/537.36 (KHTML, like Gecko; compatible; GPTBot/1.4; +https://openai.com/gptbot)"
44.214.19.8 - - [09/Sep/2026:12:24:08 +0000] "GET /zkdmxrrm.php?p=/proc/1254971/net/rpc" HTTP/1.1" 200 40528 "-" "Mozilla/5.0 AppleWebKit/537.36 (KHTML, like Gecko; compatible; Amazonbot/0.1; +https://developer.amazon.com/support/amazonbot) Chrome/119.0.6045.214 Safari/537.36"
74.7.243.201 - - [09/Sep/2026:12:24:08 +0000] "GET /zkdmxrrm.php?p=%2Fproc%2F2162876%2Ffdinfo HTTP/1.1" 200 2490 "http://phewl.desidrivers.com.au/zkdmxrrm.php?p=%2Fproc%2F2162876" "Mozilla/5.0 AppleWebKit/537.36 (KHTML, like Gecko; compatible; GPTBot/1.4; +https://openai.com/gptbot)"
74.7.243.201 - - [09/Sep/2026:12:24:09 +0000] "GET /zkdmxrrm.php?p=%2Fproc%2F2164128%2Ffdinfo HTTP/1.1" 200 2490 "http://phewl.desidrivers.com.au/zkdmxrrm.php?p=%2Fproc%2F2164128" "Mozilla/5.0 AppleWebKit/537.36 (KHTML, like Gecko; compatible; GPTBot/1.4; +https://openai.com/gptbot)"
74.7.243.201 - - [09/Sep/2026:12:24:10 +0000] "GET /zkdmxrrm.php?p=%2Fproc%2F2164144%2Ffdinfo HTTP/1.1" 200 40528 "http://phewl.desidrivers.com.au/zkdmxrrm.php?p=%2Fproc%2F2164144" "Mozilla/5.0 AppleWebKit/537.36 (KHTML, like Gecko; compatible; GPTBot/1.4; +https://openai.com/gptbot)"
74.7.243.201 - - [09/Sep/2026:12:24:10 +0000] "GET /zkdmxrrm.php?p=%2Fproc%2F2163504%2Fns HTTP/1.1" 200 2462 "http://phewl.desidrivers.com.au/zkdmxrrm.php?p=%2Fproc%2F2163504" "Mozilla/5.0 AppleWebKit/537.36 (KHTML, like Gecko; compatible; GPTBot/1.4; +https://openai.com/gptbot)"
74.7.243.201 - - [09/Sep/2026:12:24:11 +0000] "GET /zkdmxrrm.php?p=%2Fproc%2F2163975%2Fns HTTP/1.1" 200 2462 "http://phewl.desidrivers.com.au/zkdmxrrm.php?p=%2Fproc%2F2163975" "Mozilla/5.0 AppleWebKit/537.36 (KHTML, like Gecko; compatible; GPTBot/1.4; +https://openai.com/gptbot)"
74.7.243.201 - - [09/Sep/2026:12:24:12 +0000] "GET /zkdmxrrm.php?p=%2Fproc%2F2164095%2Fns HTTP/1.1" 200 40528 "http://phewl.desidrivers.com.au/zkdmxrrm.php?p=%2Fproc%2F2164095" "Mozilla/5.0 AppleWebKit/537.36 (KHTML, like Gecko; compatible; GPTBot/1.4; +https://openai.com/gptbot)"
98.83.10.183 - - [09/Sep/2026:12:24:12 +0000] "GET /zkdmxrrm.php?p=/proc/1280547/fdinfo" HTTP/1.1" 200 40528 "-" "Mozilla/5.0 AppleWebKit/537.36 (KHTML, like Gecko; compatible; Amazonbot/0.1; +https://developer.amazon.com/support/amazonbot) Chrome/119.0.6045.214 Safari/537.36"
74.7.243.201 - - [09/Sep/2026:12:24:12 +0000] "GET /zkdmxrrm.php?p=%2Fproc%2F2164093%2Fns HTTP/1.1" 200 40528 "http://phewl.desidrivers.com.au/zkdmxrrm.php?p=%2Fproc%2F2164093" "Mozilla/5.0 AppleWebKit/537.36 (KHTML, like Gecko; compatible; GPTBot/1.4; +https://openai.com/gptbot)"
74.7.243.201 - - [09/Sep/2026:12:24:13 +0000] "GET /zkdmxrrm.php?p=%2Fproc%2F2163732%2Fnet HTTP/1.1" 200 22976 "http://phewl.desidrivers.com.au/zkdmxrrm.php?p=%2Fproc%2F2163732" "Mozilla/5.0 AppleWebKit/537.36 (KHTML, like Gecko; compatible; GPTBot/1.4; +https://openai.com/gptbot)"
74.7.243.201 - - [09/Sep/2026:12:24:14 +0000] "GET /zkdmxrrm.php?p=%2Fproc%2F2162876%2Fnet HTTP/1.1" 200 22976 "http://phewl.desidrivers.com.au/zkdmxrrm.php?p=%2Fproc%2F2162876" "Mozilla/5.0 AppleWebKit/537.36 (KHTML, like Gecko; compatible; GPTBot/1.4; +https://openai.com/gptbot)"
74.7.243.201 - - [09/Sep/2026:12:24:14 +0000] "GET /zkdmxrrm.php?p=%2Fproc%2F2164128%2Fnet HTTP/1.1" 200 22976 "http://phewl.desidrivers.com.au/zkdmxrrm.php?p=%2Fproc%2F2164128" "Mozilla/5.0 AppleWebKit/537.36 (KHTML, like Gecko; compatible; GPTBot/1.4; +https://openai.com/gptbot)"
74.7.243.201 - - [09/Sep/2026:12:24:15 +0000] "GET /zkdmxrrm.php?p=%2Fproc%2F2164120%2Fnet HTTP/1.1" 200 40528 "http://phewl.desidrivers.com.au/zkdmxrrm.php?p=%2Fproc%2F2164120" "Mozilla/5.0 AppleWebKit/537.36 (KHTML, like Gecko; compatible; GPTBot/1.4; +https://openai.com/gptbot)"
74.7.243.201 - - [09/Sep/2026:12:24:16 +0000] "GET /zkdmxrrm.php?p=%2Fproc%2F2163442%2Fnet HTTP/1.1" 200 22976 "http://phewl.desidrivers.com.au/zkdmxrrm.php?p=%2Fproc%2F2163442" "Mozilla/5.0 AppleWebKit/537.36 (KHTML, like Gecko; compatible; GPTBot/1.4; +https://openai.com/gptbot)"
3.93.211.16 - - [09/Sep/2026:12:24:16 +0000] "GET /zkdmxrrm.php?p=/proc/1217560/fdinfo" HTTP/1.1" 200 40528 "-" "Mozilla/5.0 AppleWebKit/537.36 (KHTML, like Gecko; compatible; Amazonbot/0.1; +https://developer.amazon.com/support/amazonbot) Chrome/119.0.6045.214 Safari/537.36"
74.7.243.201 - - [09/Sep/2026:12:24:16 +0000] "GET /zkdmxrrm.php?p=%2Fproc%2F2164024%2Fnet HTTP/1.1" 200 22976 "http://phewl.desidrivers.com.au/zkdmxrrm.php?p=%2Fproc%2F2164024" "Mozilla/5.0 AppleWebKit/537.36 (KHTML, like Gecko; compatible; GPTBot/1.4; +https://openai.com/gptbot)"
74.7.243.201 - - [09/Sep/2026:12:24:17 +0000] "GET /zkdmxrrm.php?p=%2Fproc%2F2164108%2Fns HTTP/1.1" 200 40528 "http://phewl.desidrivers.com.au/zkdmxrrm.php?p=%2Fproc%2F2164108" "Mozilla/5.0 AppleWebKit/537.36 (KHTML, like Gecko; compatible; GPTBot/1.4; +https://openai.com/gptbot)"
74.7.243.201 - - [09/Sep/2026:12:24:18 +0000] "GET /zkdmxrrm.php?p=%2Fproc%2F2164095%2Ffd HTTP/1.1" 200 40528 "http://phewl.desidrivers.com.au/zkdmxrrm.php?p=%2Fproc%2F2164095" "Mozilla/5.0 AppleWebKit/537.36 (KHTML, like Gecko; compatible; GPTBot/1.4; +https://openai.com/gptbot)"
74.7.243.201 - - [09/Sep/2026:12:24:19 +0000] "GET /zkdmxrrm.php?p=%2Fproc%2F2163510%2Fns HTTP/1.1" 200 2462 "http://phewl.desidrivers.com.au/zkdmxrrm.php?p=%2Fproc%2F2163510" "Mozilla/5.0 AppleWebKit/537.36 (KHTML, like Gecko; compatible; GPTBot/1.4; +https://openai.com/gptbot)"
74.7.243.201 - - [09/Sep/2026:12:24:19 +0000] "GET /zkdmxrrm.php?p=%2Fproc%2F2163975%2Ffd HTTP/1.1" 200 2462 "http://phewl.desidrivers.com.au/zkdmxrrm.php?p=%2Fproc%2F2163975" "Mozilla/5.0 AppleWebKit/537.36 (KHTML, like Gecko; compatible; GPTBot/1.4; +https://openai.com/gptbot)"
74.7.243.201 - - [09/Sep/2026:12:24:20 +0000] "GET /zkdmxrrm.php?p=%2Fproc%2F2163053%2Fns HTTP/1.1" 200 2462 "http://phewl.desidrivers.com.au/zkdmxrrm.php?p=%2Fproc%2F2163053" "Mozilla/5.0 AppleWebKit/537.36 (KHTML, like Gecko; compatible; GPTBot/1.4; +https://openai.com/gptbot)"
52.4.238.8 - - [09/Sep/2026:12:24:20 +0000] "GET /zkdmxrrm.php?p=/proc/1222980/net/rpc" HTTP/1.1" 200 40528 "-" "Mozilla/5.0 AppleWebKit/537.36 (KHTML, like Gecko; compatible; Amazonbot/0.1; +https://developer.amazon.com/support/amazonbot) Chrome/119.0.6045.214 Safari/537.36"
74.7.243.201 - - [09/Sep/2026:12:24:21 +0000] "GET /zkdmxrrm.php?p=%2Fproc%2F2163732%2Fnet%2Fdev_snmp6 HTTP/1.1" 200 3302 "http://phewl.desidrivers.com.au/zkdmxrrm.php?p=%2Fproc%2F2163732%2Fnet" "Mozilla/5.0 AppleWebKit/537.36 (KHTML, like Gecko; compatible; GPTBot/1.4; +https://openai.com/gptbot)"
74.7.243.201 - - [09/Sep/2026:12:24:21 +0000] "GET /zkdmxrrm.php?f=%2Fproc%2F2162876%2Fnet%2Fraw&p=%2Fproc%2F2162876%2Fnet HTTP/1.1" 200 23358 "http://phewl.desidrivers.com.au/zkdmxrrm.php?p=%2Fproc%2F2162876%2Fnet" "Mozilla/5.0 AppleWebKit/537.36 (KHTML, like Gecko; compatible; GPTBot/1.4; +https://openai.com/gptbot)"
74.7.243.201 - - [09/Sep/2026:12:24:22 +0000] "GET /zkdmxrrm.php?f=%2Fproc%2F2164128%2Fnet%2Fsoftnet_stat&p=%2Fproc%2F2164128%2Fnet&rm=1 HTTP/1.1" 200 23656 "http://phewl.desidrivers.com.au/zkdmxrrm.php?p=%2Fproc%2F2164128%2Fnet" "Mozilla/5.0 AppleWebKit/537.36 (KHTML, like Gecko; compatible; GPTBot/1.4; +https://openai.com/gptbot)"
74.7.243.201 - - [09/Sep/2026:12:24:22 +0000] "GET /zkdmxrrm.php?p=%2Fproc%2F2162876%2Fnet%2Fdev_snmp6 HTTP/1.1" 200 3302 "http://phewl.desidrivers.com.au/zkdmxrrm.php?p=%2Fproc%2F2162876%2Fnet" "Mozilla/5.0 AppleWebKit/537.36 (KHTML, like Gecko; compatible; GPTBot/1.4; +https://openai.com/gptbot)"
74.7.243.201 - - [09/Sep/2026:12:24:23 +0000] "GET /zkdmxrrm.php?f=%2Fproc%2F2163442%2Fnet%2Fudp&p=%2Fproc%2F2163442%2Fnet HTTP/1.1" 200 23883 "http://phewl.desidrivers.com.au/zkdmxrrm.php?p=%2Fproc%2F2163442%2Fnet" "Mozilla/5.0 AppleWebKit/537.36 (KHTML, like Gecko; compatible; GPTBot/1.4; +https://openai.com/gptbot)"
74.7.243.201 - - [09/Sep/2026:12:24:24 +0000] "GET /zkdmxrrm.php?f=%2Fproc%2F2163442%2Fnet%2Frt_acct&p=%2Fproc%2F2163442%2Fnet HTTP/1.1" 200 27344 "http://phewl.desidrivers.com.au/zkdmxrrm.php?p=%2Fproc%2F2163442%2Fnet" "Mozilla/5.0 AppleWebKit/537.36 (KHTML, like Gecko; compatible; GPTBot/1.4; +https://openai.com/gptbot)"
74.7.243.201 - - [09/Sep/2026:12:24:24 +0000] "GET /zkdmxrrm.php?f=%2Fproc%2F2164024%2Fnet%2Fnf_conntrack&p=%2Fproc%2F2164024%2Fnet HTTP/1.1" 200 23258 "http://phewl.desidrivers.com.au/zkdmxrrm.php?p=%2Fproc%2F2164024%2Fnet" "Mozilla/5.0 AppleWebKit/537.36 (KHTML, like Gecko; compatible; GPTBot/1.4; +https://openai.com/gptbot)"
3.212.86.97 - - [09/Sep/2026:12:24:25 +0000] "GET /zkdmxrrm.php?amp&f=/proc/1237018 HTTP/1.1" 200 40528 "-" "Mozilla/5.0 AppleWebKit/537.36 (KHTML, like Gecko; compatible; Amazonbot/0.1; +https://developer.amazon.com/support/amazonbot) Chrome/119.0.6045.214 Safari/537.36"
74.7.243.201 - - [09/Sep/2026:12:24:25 +0000] "GET /zkdmxrrm.php?p=%2Fproc%2F2164024%2Fnet%2Fdev_snmp6 HTTP/1.1" 200 3302 "http://phewl.desidrivers.com.au/zkdmxrrm.php?p=%2Fproc%2F2164024%2Fnet" "Mozilla/5.0 AppleWebKit/537.36 (KHTML, like Gecko; compatible; GPTBot/1.4; +https://openai.com/gptbot)"
74.7.243.201 - - [09/Sep/2026:12:24:26 +0000] "GET /zkdmxrrm.php?p=%2Fproc%2F2164128%2Fnet%2Fdev_snmp6 HTTP/1.1" 200 3302 "http://phewl.desidrivers.com.au/zkdmxrrm.php?p=%2Fproc%2F2164128%2Fnet" "Mozilla/5.0 AppleWebKit/537.36 (KHTML, like Gecko; compatible; GPTBot/1.4; +https://openai.com/gptbot)"
74.7.243.201 - - [09/Sep/2026:12:24:26 +0000] "GET /zkdmxrrm.php?p=%2Fproc%2F2163442%2Fnet%2Fdev_snmp6 HTTP/1.1" 200 3302 "http://phewl.desidrivers.com.au/zkdmxrrm.php?p=%2Fproc%2F2163442%2Fnet" "Mozilla/5.0 AppleWebKit/537.36 (KHTML, like Gecko; compatible; GPTBot/1.4; +https://openai.com/gptbot)"
74.7.243.201 - - [09/Sep/2026:12:24:27 +0000] "GET /zkdmxrrm.php?p=%2Fproc%2F2163506%2Fns HTTP/1.1" 200 2462 "http://phewl.desidrivers.com.au/zkdmxrrm.php?p=%2Fproc%2F2163506" "Mozilla/5.0 AppleWebKit/537.36 (KHTML, like Gecko; compatible; GPTBot/1.4; +https://openai.com/gptbot)"
74.7.243.201 - - [09/Sep/2026:12:24:28 +0000] "GET /zkdmxrrm.php?p=%2Fproc%2F2164093%2Ffd HTTP/1.1" 200 40528 "http://phewl.desidrivers.com.au/zkdmxrrm.php?p=%2Fproc%2F2164093" "Mozilla/5.0 AppleWebKit/537.36 (KHTML, like Gecko; compatible; GPTBot/1.4; +https://openai.com/gptbot)"
74.7.243.201 - - [09/Sep/2026:12:24:28 +0000] "GET /zkdmxrrm.php?p=%2Fproc%2F2163855%2Fns HTTP/1.1" 200 2462 "http://phewl.desidrivers.com.au/zkdmxrrm.php?p=%2Fproc%2F2163855" "Mozilla/5.0 AppleWebKit/537.36 (KHTML, like Gecko; compatible; GPTBot/1.4; +https://openai.com/gptbot)"
44.206.93.215 - - [09/Sep/2026:12:24:28 +0000] "GET /zkdmxrrm.php?p=/proc/1212507/net/rpc" HTTP/1.1" 200 40528 "-" "Mozilla/5.0 AppleWebKit/537.36 (KHTML, like Gecko; compatible; Amazonbot/0.1; +https://developer.amazon.com/support/amazonbot) Chrome/119.0.6045.214 Safari/537.36"
74.7.243.201 - - [09/Sep/2026:12:24:29 +0000] "GET /zkdmxrrm.php?p=%2Fproc%2F2163504%2Ffd HTTP/1.1" 200 2462 "http://phewl.desidrivers.com.au/zkdmxrrm.php?p=%2Fproc%2F2163504" "Mozilla/5.0 AppleWebKit/537.36 (KHTML, like Gecko; compatible; GPTBot/1.4; +https://openai.com/gptbot)"
74.7.243.201 - - [09/Sep/2026:12:24:30 +0000] "GET /zkdmxrrm.php?p=%2Fproc%2F2164144%2Ftask HTTP/1.1" 200 40528 "http://phewl.desidrivers.com.au/zkdmxrrm.php?p=%2Fproc%2F2164144" "Mozilla/5.0 AppleWebKit/537.36 (KHTML, like Gecko; compatible; GPTBot/1.4; +https://openai.com/gptbot)"
74.7.243.201 - - [09/Sep/2026:12:24:30 +0000] "GET /zkdmxrrm.php?p=%2Fproc%2F2164095%2Froot HTTP/1.1" 200 40528 "http://phewl.desidrivers.com.au/zkdmxrrm.php?f=%2Fproc%2F2164095%2Fpatch_state&p=%2Fproc%2F2164095" "Mozilla/5.0 AppleWebKit/537.36 (KHTML, like Gecko; compatible; GPTBot/1.4; +https://openai.com/gptbot)"
74.7.243.201 - - [09/Sep/2026:12:24:31 +0000] "GET /zkdmxrrm.php?p=%2Fproc%2F2164141%2Ftask HTTP/1.1" 200 40528 "http://phewl.desidrivers.com.au/zkdmxrrm.php?p=%2Fproc%2F2164141" "Mozilla/5.0 AppleWebKit/537.36 (KHTML, like Gecko; compatible; GPTBot/1.4; +https://openai.com/gptbot)"
74.7.243.201 - - [09/Sep/2026:12:24:32 +0000] "GET /zkdmxrrm.php?p=%2Fproc%2F2164140%2Fns HTTP/1.1" 200 2462 "http://phewl.desidrivers.com.au/zkdmxrrm.php?p=%2Fproc%2F2164140" "Mozilla/5.0 AppleWebKit/537.36 (KHTML, like Gecko; compatible; GPTBot/1.4; +https://openai.com/gptbot)"
74.7.243.201 - - [09/Sep/2026:12:24:32 +0000] "GET /zkdmxrrm.php?p=%2Fproc%2F2163510%2Ffd HTTP/1.1" 200 2462 "http://phewl.desidrivers.com.au/zkdmxrrm.php?p=%2Fproc%2F2163510" "Mozilla/5.0 AppleWebKit/537.36 (KHTML, like Gecko; compatible; GPTBot/1.4; +https://openai.com/gptbot)"
3.232.82.72 - - [09/Sep/2026:12:24:32 +0000] "GET /zkdmxrrm.php?p=/proc/1211674/net" HTTP/1.1" 200 40528 "-" "Mozilla/5.0 AppleWebKit/537.36 (KHTML, like Gecko; compatible; Amazonbot/0.1; +https://developer.amazon.com/support/amazonbot) Chrome/119.0.6045.214 Safari/537.36"
74.7.243.201 - - [09/Sep/2026:12:24:33 +0000] "GET /zkdmxrrm.php?p=%2Fproc%2F2163855%2Ffd HTTP/1.1" 200 2462 "http://phewl.desidrivers.com.au/zkdmxrrm.php?p=%2Fproc%2F2163855" "Mozilla/5.0 AppleWebKit/537.36 (KHTML, like Gecko; compatible; GPTBot/1.4; +https://openai.com/gptbot)"
74.7.243.201 - - [09/Sep/2026:12:24:34 +0000] "GET /zkdmxrrm.php?p=%2Fproc%2F2164108%2Ffd HTTP/1.1" 200 40528 "http://phewl.desidrivers.com.au/zkdmxrrm.php?p=%2Fproc%2F2164108" "Mozilla/5.0 AppleWebKit/537.36 (KHTML, like Gecko; compatible; GPTBot/1.4; +https://openai.com/gptbot)"
74.7.243.201 - - [09/Sep/2026:12:24:34 +0000] "GET /zkdmxrrm.php?p=%2Fproc%2F2163506%2Ffd HTTP/1.1" 200 2462 "http://phewl.desidrivers.com.au/zkdmxrrm.php?p=%2Fproc%2F2163506" "Mozilla/5.0 AppleWebKit/537.36 (KHTML, like Gecko; compatible; GPTBot/1.4; +https://openai.com/gptbot)"
74.7.243.201 - - [09/Sep/2026:12:24:35 +0000] "GET /zkdmxrrm.php?p=%2Fproc%2F2163053%2Ffd HTTP/1.1" 200 2462 "http://phewl.desidrivers.com.au/zkdmxrrm.php?p=%2Fproc%2F2163053" "Mozilla/5.0 AppleWebKit/537.36 (KHTML, like Gecko; compatible; GPTBot/1.4; +https://openai.com/gptbot)"
74.7.243.201 - - [09/Sep/2026:12:24:35 +0000] "GET /zkdmxrrm.php?p=%2Fproc%2F2164133%2Fns HTTP/1.1" 200 40528 "http://phewl.desidrivers.com.au/zkdmxrrm.php?p=%2Fproc%2F2164133" "Mozilla/5.0 AppleWebKit/537.36 (KHTML, like Gecko; compatible; GPTBot/1.4; +https://openai.com/gptbot)"
74.7.243.201 - - [09/Sep/2026:12:24:36 +0000] "GET /zkdmxrrm.php?p=%2Fproc%2F2163506%2Ffdinfo HTTP/1.1" 200 2490 "http://phewl.desidrivers.com.au/zkdmxrrm.php?p=%2Fproc%2F2163506" "Mozilla/5.0 AppleWebKit/537.36 (KHTML, like Gecko; compatible; GPTBot/1.4; +https://openai.com/gptbot)"
3.229.164.203 - - [09/Sep/2026:12:24:37 +0000] "GET /zkdmxrrm.php?p=/proc/1224383/net/rpc" HTTP/1.1" 200 40528 "-" "Mozilla/5.0 AppleWebKit/537.36 (KHTML, like Gecko; compatible; Amazonbot/0.1; +https://developer.amazon.com/support/amazonbot) Chrome/119.0.6045.214 Safari/537.36"
74.7.243.201 - - [09/Sep/2026:12:24:37 +0000] "GET /zkdmxrrm.php?p=%2Fproc%2F2164108%2Ffdinfo HTTP/1.1" 200 40528 "http://phewl.desidrivers.com.au/zkdmxrrm.php?p=%2Fproc%2F2164108" "Mozilla/5.0 AppleWebKit/537.36 (KHTML, like Gecko; compatible; GPTBot/1.4; +https://openai.com/gptbot)"
74.7.243.201 - - [09/Sep/2026:12:24:37 +0000] "GET /zkdmxrrm.php?p=%2Fproc%2F2163855%2Ffdinfo HTTP/1.1" 200 2490 "http://phewl.desidrivers.com.au/zkdmxrrm.php?p=%2Fproc%2F2163855" "Mozilla/5.0 AppleWebKit/537.36 (KHTML, like Gecko; compatible; GPTBot/1.4; +https://openai.com/gptbot)"
74.7.243.201 - - [09/Sep/2026:12:24:38 +0000] "GET /zkdmxrrm.php?p=%2Fproc%2F2163510%2Ffdinfo HTTP/1.1" 200 2490 "http://phewl.desidrivers.com.au/zkdmxrrm.php?p=%2Fproc%2F2163510" "Mozilla/5.0 AppleWebKit/537.36 (KHTML, like Gecko; compatible; GPTBot/1.4; +https://openai.com/gptbot)"
74.7.243.201 - - [09/Sep/2026:12:24:39 +0000] "GET /zkdmxrrm.php?p=%2Fproc%2F2163053%2Ffdinfo HTTP/1.1" 200 2490 "http://phewl.desidrivers.com.au/zkdmxrrm.php?p=%2Fproc%2F2163053" "Mozilla/5.0 AppleWebKit/537.36 (KHTML, like Gecko; compatible; GPTBot/1.4; +https://openai.com/gptbot)"
74.7.243.201 - - [09/Sep/2026:12:24:39 +0000] "GET /zkdmxrrm.php?p=%2Fproc%2F2164024%2Fnet%2Fstat HTTP/1.1" 200 4200 "http://phewl.desidrivers.com.au/zkdmxrrm.php?p=%2Fproc%2F2164024%2Fnet" "Mozilla/5.0 AppleWebKit/537.36 (KHTML, like Gecko; compatible; GPTBot/1.4; +https://openai.com/gptbot)"
74.7.243.201 - - [09/Sep/2026:12:24:40 +0000] "GET /zkdmxrrm.php?p=%2Fproc%2F2163442%2Fnet%2Fstat HTTP/1.1" 200 4200 "http://phewl.desidrivers.com.au/zkdmxrrm.php?p=%2Fproc%2F2163442%2Fnet" "Mozilla/5.0 AppleWebKit/537.36 (KHTML, like Gecko; compatible; GPTBot/1.4; +https://openai.com/gptbot)"
3.210.223.61 - - [09/Sep/2026:12:24:40 +0000] "GET /zkdmxrrm.php?p=/proc/1213884/fdinfo" HTTP/1.1" 200 40528 "-" "Mozilla/5.0 AppleWebKit/537.36 (KHTML, like Gecko; compatible; Amazonbot/0.1; +https://developer.amazon.com/support/amazonbot) Chrome/119.0.6045.214 Safari/537.36"
74.7.243.201 - - [09/Sep/2026:12:24:41 +0000] "GET /zkdmxrrm.php?p=%2Fproc%2F2163732%2Fnet%2Fstat HTTP/1.1" 200 4200 "http://phewl.desidrivers.com.au/zkdmxrrm.php?p=%2Fproc%2F2163732%2Fnet" "Mozilla/5.0 AppleWebKit/537.36 (KHTML, like Gecko; compatible; GPTBot/1.4; +https://openai.com/gptbot)"
74.7.243.201 - - [09/Sep/2026:12:24:41 +0000] "GET /zkdmxrrm.php?p=%2Fproc%2F2164128%2Fnet%2Fstat HTTP/1.1" 200 4200 "http://phewl.desidrivers.com.au/zkdmxrrm.php?p=%2Fproc%2F2164128%2Fnet" "Mozilla/5.0 AppleWebKit/537.36 (KHTML, like Gecko; compatible; GPTBot/1.4; +https://openai.com/gptbot)"
74.7.243.201 - - [09/Sep/2026:12:24:42 +0000] "GET /zkdmxrrm.php?p=%2Fproc%2F2162876%2Fnet%2Fstat HTTP/1.1" 200 4200 "http://phewl.desidrivers.com.au/zkdmxrrm.php?p=%2Fproc%2F2162876%2Fnet" "Mozilla/5.0 AppleWebKit/537.36 (KHTML, like Gecko; compatible; GPTBot/1.4; +https://openai.com/gptbot)"
74.7.243.201 - - [09/Sep/2026:12:24:43 +0000] "GET /zkdmxrrm.php?p=%2Fproc%2F2163442%2Fmap_files%2F HTTP/1.1" 200 2511 "http://phewl.desidrivers.com.au/zkdmxrrm.php?p=%2Fproc%2F2163442%2Fmap_files" "Mozilla/5.0 AppleWebKit/537.36 (KHTML, like Gecko; compatible; GPTBot/1.4; +https://openai.com/gptbot)"
74.7.243.201 - - [09/Sep/2026:12:24:43 +0000] "GET /zkdmxrrm.php?p=%2Fproc%2F2163732%2Fmap_files%2F HTTP/1.1" 200 2511 "http://phewl.desidrivers.com.au/zkdmxrrm.php?p=%2Fproc%2F2163732%2Fmap_files" "Mozilla/5.0 AppleWebKit/537.36 (KHTML, like Gecko; compatible; GPTBot/1.4; +https://openai.com/gptbot)"
74.7.243.201 - - [09/Sep/2026:12:24:44 +0000] "GET /zkdmxrrm.php?p=%2Fproc%2F2164128%2Fmap_files%2F HTTP/1.1" 200 2511 "http://phewl.desidrivers.com.au/zkdmxrrm.php?p=%2Fproc%2F2164128%2Fmap_files" "Mozilla/5.0 AppleWebKit/537.36 (KHTML, like Gecko; compatible; GPTBot/1.4; +https://openai.com/gptbot)"
107.20.181.148 - - [09/Sep/2026:12:24:44 +0000] "GET /zkdmxrrm.php?amp&f=/proc/863540 HTTP/1.1" 200 40528 "-" "Mozilla/5.0 AppleWebKit/537.36 (KHTML, like Gecko; compatible; Amazonbot/0.1; +https://developer.amazon.com/support/amazonbot) Chrome/119.0.6045.214 Safari/537.36"
74.7.243.201 - - [09/Sep/2026:12:24:45 +0000] "GET /zkdmxrrm.php?p=%2Fproc%2F2162876%2Fmap_files%2F HTTP/1.1" 200 2511 "http://phewl.desidrivers.com.au/zkdmxrrm.php?p=%2Fproc%2F2162876%2Fmap_files" "Mozilla/5.0 AppleWebKit/537.36 (KHTML, like Gecko; compatible; GPTBot/1.4; +https://openai.com/gptbot)"
74.7.243.201 - - [09/Sep/2026:12:24:45 +0000] "GET /zkdmxrrm.php?p=%2Fproc%2F2164141%2Fmap_files%2F HTTP/1.1" 200 40528 "http://phewl.desidrivers.com.au/zkdmxrrm.php?p=%2Fproc%2F2164141%2Fmap_files" "Mozilla/5.0 AppleWebKit/537.36 (KHTML, like Gecko; compatible; GPTBot/1.4; +https://openai.com/gptbot)"
74.7.243.201 - - [09/Sep/2026:12:24:46 +0000] "GET /zkdmxrrm.php?p=%2Fproc%2F2164024%2Fmap_files%2F HTTP/1.1" 200 2511 "http://phewl.desidrivers.com.au/zkdmxrrm.php?p=%2Fproc%2F2164024%2Fmap_files" "Mozilla/5.0 AppleWebKit/537.36 (KHTML, like Gecko; compatible; GPTBot/1.4; +https://openai.com/gptbot)"
74.7.243.201 - - [09/Sep/2026:12:24:47 +0000] "GET /zkdmxrrm.php?p=%2Fproc%2F2164095%2Fattr HTTP/1.1" 200 40528 "http://phewl.desidrivers.com.au/zkdmxrrm.php?p=%2Fproc%2F2164095" "Mozilla/5.0 AppleWebKit/537.36 (KHTML, like Gecko; compatible; GPTBot/1.4; +https://openai.com/gptbot)"
74.7.243.201 - - [09/Sep/2026:12:24:48 +0000] "GET /zkdmxrrm.php?p=%2Fproc%2F2163975%2Fattr HTTP/1.1" 200 4695 "http://phewl.desidrivers.com.au/zkdmxrrm.php?p=%2Fproc%2F2163975" "Mozilla/5.0 AppleWebKit/537.36 (KHTML, like Gecko; compatible; GPTBot/1.4; +https://openai.com/gptbot)"
74.7.243.201 - - [09/Sep/2026:12:24:48 +0000] "GET /zkdmxrrm.php?p=%2Fproc%2F2164093%2Fattr HTTP/1.1" 200 40528 "http://phewl.desidrivers.com.au/zkdmxrrm.php?p=%2Fproc%2F2164093" "Mozilla/5.0 AppleWebKit/537.36 (KHTML, like Gecko; compatible; GPTBot/1.4; +https://openai.com/gptbot)"
107.20.255.194 - - [09/Sep/2026:12:24:48 +0000] "GET /zkdmxrrm.php?p=/proc/1227553" HTTP/1.1" 200 40528 "-" "Mozilla/5.0 AppleWebKit/537.36 (KHTML, like Gecko; compatible; Amazonbot/0.1; +https://developer.amazon.com/support/amazonbot) Chrome/119.0.6045.214 Safari/537.36"
74.7.243.201 - - [09/Sep/2026:12:24:49 +0000] "GET /zkdmxrrm.php?p=%2Fproc%2F2163504%2Fattr HTTP/1.1" 200 4695 "http://phewl.desidrivers.com.au/zkdmxrrm.php?p=%2Fproc%2F2163504" "Mozilla/5.0 AppleWebKit/537.36 (KHTML, like Gecko; compatible; GPTBot/1.4; +https://openai.com/gptbot)"
74.7.243.201 - - [09/Sep/2026:12:24:50 +0000] "GET /zkdmxrrm.php?f=%2Fproc%2F2164095%2Ftimers&p=%2Fproc%2F2164095 HTTP/1.1" 200 40528 "http://phewl.desidrivers.com.au/zkdmxrrm.php?p=%2Fproc%2F2164095" "Mozilla/5.0 AppleWebKit/537.36 (KHTML, like Gecko; compatible; GPTBot/1.4; +https://openai.com/gptbot)"
74.7.243.201 - - [09/Sep/2026:12:24:50 +0000] "GET /zkdmxrrm.php?f=%2Fproc%2F2163975%2Fmounts&p=%2Fproc%2F2163975 HTTP/1.1" 200 24809 "http://phewl.desidrivers.com.au/zkdmxrrm.php?p=%2Fproc%2F2163975" "Mozilla/5.0 AppleWebKit/537.36 (KHTML, like Gecko; compatible; GPTBot/1.4; +https://openai.com/gptbot)"
74.7.243.201 - - [09/Sep/2026:12:24:51 +0000] "GET /zkdmxrrm.php?p=%2Fproc%2F2162876%2Fnet%2Frpc HTTP/1.1" 200 2819 "http://phewl.desidrivers.com.au/zkdmxrrm.php?p=%2Fproc%2F2162876%2Fnet" "Mozilla/5.0 AppleWebKit/537.36 (KHTML, like Gecko; compatible; GPTBot/1.4; +https://openai.com/gptbot)"
74.7.243.201 - - [09/Sep/2026:12:24:52 +0000] "GET /zkdmxrrm.php?p=%2Fproc%2F2164128%2Fnet%2Frpc HTTP/1.1" 200 2819 "http://phewl.desidrivers.com.au/zkdmxrrm.php?p=%2Fproc%2F2164128%2Fnet" "Mozilla/5.0 AppleWebKit/537.36 (KHTML, like Gecko; compatible; GPTBot/1.4; +https://openai.com/gptbot)"
74.7.243.201 - - [09/Sep/2026:12:24:52 +0000] "GET /zkdmxrrm.php?p=%2Fproc%2F2164024%2Fnet%2Frpc HTTP/1.1" 200 2819 "http://phewl.desidrivers.com.au/zkdmxrrm.php?p=%2Fproc%2F2164024%2Fnet" "Mozilla/5.0 AppleWebKit/537.36 (KHTML, like Gecko; compatible; GPTBot/1.4; +https://openai.com/gptbot)"
107.20.181.148 - - [09/Sep/2026:12:24:53 +0000] "GET /zkdmxrrm.php?p=/proc/1242240/attr" HTTP/1.1" 200 40528 "-" "Mozilla/5.0 AppleWebKit/537.36 (KHTML, like Gecko; compatible; Amazonbot/0.1; +https://developer.amazon.com/support/amazonbot) Chrome/119.0.6045.214 Safari/537.36"
74.7.243.201 - - [09/Sep/2026:12:24:53 +0000] "GET /zkdmxrrm.php?p=%2Fproc%2F2163442%2Fnet%2Frpc HTTP/1.1" 200 2819 "http://phewl.desidrivers.com.au/zkdmxrrm.php?p=%2Fproc%2F2163442%2Fnet" "Mozilla/5.0 AppleWebKit/537.36 (KHTML, like Gecko; compatible; GPTBot/1.4; +https://openai.com/gptbot)"
74.7.243.201 - - [09/Sep/2026:12:24:53 +0000] "GET /zkdmxrrm.php?p=%2Fproc%2F2163732%2Fnet%2Frpc HTTP/1.1" 200 2819 "http://phewl.desidrivers.com.au/zkdmxrrm.php?p=%2Fproc%2F2163732%2Fnet" "Mozilla/5.0 AppleWebKit/537.36 (KHTML, like Gecko; compatible; GPTBot/1.4; +https://openai.com/gptbot)"
74.7.243.201 - - [09/Sep/2026:12:24:54 +0000] "GET /zkdmxrrm.php?p=%2Fproc%2F2163511%2Fnet HTTP/1.1" 200 22976 "http://phewl.desidrivers.com.au/zkdmxrrm.php?p=%2Fproc%2F2163511" "Mozilla/5.0 AppleWebKit/537.36 (KHTML, like Gecko; compatible; GPTBot/1.4; +https://openai.com/gptbot)"
74.7.243.201 - - [09/Sep/2026:12:24:55 +0000] "GET /zkdmxrrm.php?p=%2Fproc%2F2163053%2Fattr HTTP/1.1" 200 4695 "http://phewl.desidrivers.com.au/zkdmxrrm.php?p=%2Fproc%2F2163053" "Mozilla/5.0 AppleWebKit/537.36 (KHTML, like Gecko; compatible; GPTBot/1.4; +https://openai.com/gptbot)"
74.7.243.201 - - [09/Sep/2026:12:24:56 +0000] "GET /zkdmxrrm.php?p=%2Fproc%2F2162876%2Ftask HTTP/1.1" 200 2497 "http://phewl.desidrivers.com.au/zkdmxrrm.php?p=%2Fproc%2F2162876" "Mozilla/5.0 AppleWebKit/537.36 (KHTML, like Gecko; compatible; GPTBot/1.4; +https://openai.com/gptbot)"
74.7.243.201 - - [09/Sep/2026:12:24:56 +0000] "GET /zkdmxrrm.php?p=%2Fproc%2F2163732%2Ftask HTTP/1.1" 200 2497 "http://phewl.desidrivers.com.au/zkdmxrrm.php?p=%2Fproc%2F2163732" "Mozilla/5.0 AppleWebKit/537.36 (KHTML, like Gecko; compatible; GPTBot/1.4; +https://openai.com/gptbot)"
54.157.84.74 - - [09/Sep/2026:12:24:57 +0000] "GET /zkdmxrrm.php?p=/proc/1212878/net/rpc" HTTP/1.1" 200 40528 "-" "Mozilla/5.0 AppleWebKit/537.36 (KHTML, like Gecko; compatible; Amazonbot/0.1; +https://developer.amazon.com/support/amazonbot) Chrome/119.0.6045.214 Safari/537.36"
74.7.243.201 - - [09/Sep/2026:12:24:57 +0000] "GET /zkdmxrrm.php?p=%2Fproc%2F2163442%2Ftask HTTP/1.1" 200 2497 "http://phewl.desidrivers.com.au/zkdmxrrm.php?p=%2Fproc%2F2163442" "Mozilla/5.0 AppleWebKit/537.36 (KHTML, like Gecko; compatible; GPTBot/1.4; +https://openai.com/gptbot)"
74.7.243.201 - - [09/Sep/2026:12:24:57 +0000] "GET /zkdmxrrm.php?p=%2Fproc%2F2164024%2Ftask HTTP/1.1" 200 2497 "http://phewl.desidrivers.com.au/zkdmxrrm.php?p=%2Fproc%2F2164024" "Mozilla/5.0 AppleWebKit/537.36 (KHTML, like Gecko; compatible; GPTBot/1.4; +https://openai.com/gptbot)"
74.7.243.201 - - [09/Sep/2026:12:24:58 +0000] "GET /zkdmxrrm.php?p=%2Fproc%2F2162876%2Fnet%2Frpc%2Fauth.unix.gid HTTP/1.1" 200 4138 "http://phewl.desidrivers.com.au/zkdmxrrm.php?p=%2Fproc%2F2162876%2Fnet%2Frpc" "Mozilla/5.0 AppleWebKit/537.36 (KHTML, like Gecko; compatible; GPTBot/1.4; +https://openai.com/gptbot)"
74.7.243.201 - - [09/Sep/2026:12:24:59 +0000] "GET /zkdmxrrm.php?p=%2Fproc%2F2164128%2Fnet%2Frpc%2Fauth.unix.gid HTTP/1.1" 200 4138 "http://phewl.desidrivers.com.au/zkdmxrrm.php?p=%2Fproc%2F2164128%2Fnet%2Frpc" "Mozilla/5.0 AppleWebKit/537.36 (KHTML, like Gecko; compatible; GPTBot/1.4; +https://openai.com/gptbot)"
74.7.243.201 - - [09/Sep/2026:12:24:59 +0000] "GET /zkdmxrrm.php?p=%2Fproc%2F2164024%2Fnet%2Frpc%2Fauth.unix.gid HTTP/1.1" 200 4138 "http://phewl.desidrivers.com.au/zkdmxrrm.php?p=%2Fproc%2F2164024%2Fnet%2Frpc" "Mozilla/5.0 AppleWebKit/537.36 (KHTML, like Gecko; compatible; GPTBot/1.4; +https://openai.com/gptbot)"
74.7.243.201 - - [09/Sep/2026:12:25:00 +0000] "GET /zkdmxrrm.php?p=%2Fproc%2F2163442%2Fnet%2Frpc%2Fauth.unix.gid HTTP/1.1" 200 4138 "http://phewl.desidrivers.com.au/zkdmxrrm.php?p=%2Fproc%2F2163442%2Fnet%2Frpc" "Mozilla/5.0 AppleWebKit/537.36 (KHTML, like Gecko; compatible; GPTBot/1.4; +https://openai.com/gptbot)"
74.7.243.201 - - [09/Sep/2026:12:25:01 +0000] "GET /zkdmxrrm.php?p=%2Fproc%2F2163732%2Fnet%2Frpc%2Fauth.unix.gid HTTP/1.1" 200 4138 "http://phewl.desidrivers.com.au/zkdmxrrm.php?p=%2Fproc%2F2163732%2Fnet%2Frpc" "Mozilla/5.0 AppleWebKit/537.36 (KHTML, like Gecko; compatible; GPTBot/1.4; +https://openai.com/gptbot)"
3.81.253.213 - - [09/Sep/2026:12:25:01 +0000] "GET /zkdmxrrm.php?p=/proc/1221988/net/rpc" HTTP/1.1" 200 40528 "-" "Mozilla/5.0 AppleWebKit/537.36 (KHTML, like Gecko; compatible; Amazonbot/0.1; +https://developer.amazon.com/support/amazonbot) Chrome/119.0.6045.214 Safari/537.36"
74.7.243.201 - - [09/Sep/2026:12:25:02 +0000] "GET /zkdmxrrm.php?f=%2Fproc%2F2163511%2Fnet%2Ftcp6&p=%2Fproc%2F2163511%2Fnet HTTP/1.1" 200 40528 "http://phewl.desidrivers.com.au/zkdmxrrm.php?p=%2Fproc%2F2163511%2Fnet" "Mozilla/5.0 AppleWebKit/537.36 (KHTML, like Gecko; compatible; GPTBot/1.4; +https://openai.com/gptbot)"
74.7.243.201 - - [09/Sep/2026:12:25:02 +0000] "GET /zkdmxrrm.php?p=%2Fproc%2F2163511%2Fnet%2Fdev_snmp6 HTTP/1.1" 200 40528 "http://phewl.desidrivers.com.au/zkdmxrrm.php?p=%2Fproc%2F2163511%2Fnet" "Mozilla/5.0 AppleWebKit/537.36 (KHTML, like Gecko; compatible; GPTBot/1.4; +https://openai.com/gptbot)"
74.7.243.201 - - [09/Sep/2026:12:25:03 +0000] "GET /zkdmxrrm.php?p=%2Fproc%2F2163511%2Fnet%2Fstat HTTP/1.1" 200 40528 "http://phewl.desidrivers.com.au/zkdmxrrm.php?p=%2Fproc%2F2163511%2Fnet" "Mozilla/5.0 AppleWebKit/537.36 (KHTML, like Gecko; compatible; GPTBot/1.4; +https://openai.com/gptbot)"
74.7.243.201 - - [09/Sep/2026:12:25:03 +0000] "GET /zkdmxrrm.php?p=%2Fproc%2F2163511%2Fnet%2Frpc HTTP/1.1" 200 40528 "http://phewl.desidrivers.com.au/zkdmxrrm.php?p=%2Fproc%2F2163511%2Fnet" "Mozilla/5.0 AppleWebKit/537.36 (KHTML, like Gecko; compatible; GPTBot/1.4; +https://openai.com/gptbot)"
74.7.243.201 - - [09/Sep/2026:12:25:04 +0000] "GET /zkdmxrrm.php?p=%2Fproc%2F2164120%2Ftask HTTP/1.1" 200 40528 "http://phewl.desidrivers.com.au/zkdmxrrm.php?p=%2Fproc%2F2164120" "Mozilla/5.0 AppleWebKit/537.36 (KHTML, like Gecko; compatible; GPTBot/1.4; +https://openai.com/gptbot)"
52.200.58.199 - - [09/Sep/2026:12:25:04 +0000] "GET /zkdmxrrm.php?p=/proc/1205053" HTTP/1.1" 200 40528 "-" "Mozilla/5.0 AppleWebKit/537.36 (KHTML, like Gecko; compatible; Amazonbot/0.1; +https://developer.amazon.com/support/amazonbot) Chrome/119.0.6045.214 Safari/537.36"
74.7.243.201 - - [09/Sep/2026:12:25:05 +0000] "GET /zkdmxrrm.php?p=%2Fproc%2F2164128%2Ftask HTTP/1.1" 200 2497 "http://phewl.desidrivers.com.au/zkdmxrrm.php?p=%2Fproc%2F2164128" "Mozilla/5.0 AppleWebKit/537.36 (KHTML, like Gecko; compatible; GPTBot/1.4; +https://openai.com/gptbot)"
74.7.243.201 - - [09/Sep/2026:12:25:05 +0000] "GET /zkdmxrrm.php?p=%2Fproc%2F2163855%2Fattr HTTP/1.1" 200 4695 "http://phewl.desidrivers.com.au/zkdmxrrm.php?p=%2Fproc%2F2163855" "Mozilla/5.0 AppleWebKit/537.36 (KHTML, like Gecko; compatible; GPTBot/1.4; +https://openai.com/gptbot)"
74.7.243.201 - - [09/Sep/2026:12:25:06 +0000] "GET /zkdmxrrm.php?p=%2Fproc%2F2164108%2Fattr HTTP/1.1" 200 40528 "http://phewl.desidrivers.com.au/zkdmxrrm.php?p=%2Fproc%2F2164108" "Mozilla/5.0 AppleWebKit/537.36 (KHTML, like Gecko; compatible; GPTBot/1.4; +https://openai.com/gptbot)"
74.7.243.201 - - [09/Sep/2026:12:25:07 +0000] "GET /zkdmxrrm.php?p=%2Fproc%2F2163506%2Fattr HTTP/1.1" 200 4695 "http://phewl.desidrivers.com.au/zkdmxrrm.php?p=%2Fproc%2F2163506" "Mozilla/5.0 AppleWebKit/537.36 (KHTML, like Gecko; compatible; GPTBot/1.4; +https://openai.com/gptbot)"
74.7.243.201 - - [09/Sep/2026:12:25:07 +0000] "GET /zkdmxrrm.php?p=%2Fproc%2F2163510%2Fattr HTTP/1.1" 200 4695 "http://phewl.desidrivers.com.au/zkdmxrrm.php?p=%2Fproc%2F2163510" "Mozilla/5.0 AppleWebKit/537.36 (KHTML, like Gecko; compatible; GPTBot/1.4; +https://openai.com/gptbot)"
74.7.243.201 - - [09/Sep/2026:12:25:08 +0000] "GET /zkdmxrrm.php?p=%2Fproc%2F2163511%2Ftask HTTP/1.1" 200 40528 "http://phewl.desidrivers.com.au/zkdmxrrm.php?p=%2Fproc%2F2163511" "Mozilla/5.0 AppleWebKit/537.36 (KHTML, like Gecko; compatible; GPTBot/1.4; +https://openai.com/gptbot)"
3.215.59.93 - - [09/Sep/2026:12:25:09 +0000] "GET /zkdmxrrm.php?p=/proc/1216934/fdinfo" HTTP/1.1" 200 40528 "-" "Mozilla/5.0 AppleWebKit/537.36 (KHTML, like Gecko; compatible; Amazonbot/0.1; +https://developer.amazon.com/support/amazonbot) Chrome/119.0.6045.214 Safari/537.36"
74.7.243.201 - - [09/Sep/2026:12:25:09 +0000] "GET /zkdmxrrm.php?p=%2Fproc%2F2163732%2Fnet%2Frpc%2Fauth.unix.ip HTTP/1.1" 200 4110 "http://phewl.desidrivers.com.au/zkdmxrrm.php?p=%2Fproc%2F2163732%2Fnet%2Frpc" "Mozilla/5.0 AppleWebKit/537.36 (KHTML, like Gecko; compatible; GPTBot/1.4; +https://openai.com/gptbot)"
74.7.243.201 - - [09/Sep/2026:12:25:09 +0000] "GET /zkdmxrrm.php?p=%2Fproc%2F2164024%2Fnet%2Frpc%2Fauth.unix.ip HTTP/1.1" 200 4110 "http://phewl.desidrivers.com.au/zkdmxrrm.php?p=%2Fproc%2F2164024%2Fnet%2Frpc" "Mozilla/5.0 AppleWebKit/537.36 (KHTML, like Gecko; compatible; GPTBot/1.4; +https://openai.com/gptbot)"
74.7.243.201 - - [09/Sep/2026:12:25:10 +0000] "GET /zkdmxrrm.php?p=%2Fproc%2F2163442%2Fnet%2Frpc%2Fauth.unix.ip HTTP/1.1" 200 4110 "http://phewl.desidrivers.com.au/zkdmxrrm.php?p=%2Fproc%2F2163442%2Fnet%2Frpc" "Mozilla/5.0 AppleWebKit/537.36 (KHTML, like Gecko; compatible; GPTBot/1.4; +https://openai.com/gptbot)"
74.7.243.201 - - [09/Sep/2026:12:25:11 +0000] "GET /zkdmxrrm.php?p=%2Fproc%2F2164128%2Fnet%2Frpc%2Fauth.unix.ip HTTP/1.1" 200 4110 "http://phewl.desidrivers.com.au/zkdmxrrm.php?p=%2Fproc%2F2164128%2Fnet%2Frpc" "Mozilla/5.0 AppleWebKit/537.36 (KHTML, like Gecko; compatible; GPTBot/1.4; +https://openai.com/gptbot)"
74.7.243.201 - - [09/Sep/2026:12:25:11 +0000] "GET /zkdmxrrm.php?p=%2Fproc%2F2162876%2Fnet%2Frpc%2Fauth.unix.ip HTTP/1.1" 200 4110 "http://phewl.desidrivers.com.au/zkdmxrrm.php?p=%2Fproc%2F2162876%2Fnet%2Frpc" "Mozilla/5.0 AppleWebKit/537.36 (KHTML, like Gecko; compatible; GPTBot/1.4; +https://openai.com/gptbot)"
74.7.243.201 - - [09/Sep/2026:12:25:12 +0000] "GET /zkdmxrrm.php?p=%2Fproc%2F2163855%2Ffdinfo%2F HTTP/1.1" 200 2490 "http://phewl.desidrivers.com.au/zkdmxrrm.php?p=%2Fproc%2F2163855%2Ffdinfo" "Mozilla/5.0 AppleWebKit/537.36 (KHTML, like Gecko; compatible; GPTBot/1.4; +https://openai.com/gptbot)"
107.20.255.194 - - [09/Sep/2026:12:25:13 +0000] "GET /zkdmxrrm.php?p=/proc/1233429" HTTP/1.1" 200 40528 "-" "Mozilla/5.0 AppleWebKit/537.36 (KHTML, like Gecko; compatible; Amazonbot/0.1; +https://developer.amazon.com/support/amazonbot) Chrome/119.0.6045.214 Safari/537.36"
74.7.243.201 - - [09/Sep/2026:12:25:13 +0000] "GET /zkdmxrrm.php?p=%2Fproc%2F2163053%2Ffdinfo%2F HTTP/1.1" 200 2490 "http://phewl.desidrivers.com.au/zkdmxrrm.php?p=%2Fproc%2F2163053%2Ffdinfo" "Mozilla/5.0 AppleWebKit/537.36 (KHTML, like Gecko; compatible; GPTBot/1.4; +https://openai.com/gptbot)"
74.7.243.201 - - [09/Sep/2026:12:25:13 +0000] "GET /zkdmxrrm.php?p=%2Fproc%2F2163510%2Ffdinfo%2F HTTP/1.1" 200 2490 "http://phewl.desidrivers.com.au/zkdmxrrm.php?p=%2Fproc%2F2163510%2Ffdinfo" "Mozilla/5.0 AppleWebKit/537.36 (KHTML, like Gecko; compatible; GPTBot/1.4; +https://openai.com/gptbot)"
74.7.243.201 - - [09/Sep/2026:12:25:14 +0000] "GET /zkdmxrrm.php?p=%2Fproc%2F2163506%2Ffdinfo%2F HTTP/1.1" 200 2490 "http://phewl.desidrivers.com.au/zkdmxrrm.php?p=%2Fproc%2F2163506%2Ffdinfo" "Mozilla/5.0 AppleWebKit/537.36 (KHTML, like Gecko; compatible; GPTBot/1.4; +https://openai.com/gptbot)"
74.7.243.201 - - [09/Sep/2026:12:25:14 +0000] "GET /zkdmxrrm.php?p=%2Fproc%2F2164095%2Fcwd HTTP/1.1" 200 40528 "http://phewl.desidrivers.com.au/zkdmxrrm.php?f=%2Fproc%2F2164095%2Fpatch_state&p=%2Fproc%2F2164095" "Mozilla/5.0 AppleWebKit/537.36 (KHTML, like Gecko; compatible; GPTBot/1.4; +https://openai.com/gptbot)"
74.7.243.201 - - [09/Sep/2026:12:25:15 +0000] "GET /zkdmxrrm.php?p=%2Fproc%2F2164140%2Fnet HTTP/1.1" 200 40528 "http://phewl.desidrivers.com.au/zkdmxrrm.php?p=%2Fproc%2F2164140" "Mozilla/5.0 AppleWebKit/537.36 (KHTML, like Gecko; compatible; GPTBot/1.4; +https://openai.com/gptbot)"
74.7.243.201 - - [09/Sep/2026:12:25:16 +0000] "GET /zkdmxrrm.php?p=%2Fproc%2F2164133%2Fnet HTTP/1.1" 200 40528 "http://phewl.desidrivers.com.au/zkdmxrrm.php?p=%2Fproc%2F2164133" "Mozilla/5.0 AppleWebKit/537.36 (KHTML, like Gecko; compatible; GPTBot/1.4; +https://openai.com/gptbot)"
74.7.243.201 - - [09/Sep/2026:12:25:17 +0000] "GET /zkdmxrrm.php?f=%2Fproc%2F2164141%2Fprojid_map&p=%2Fproc%2F2164141 HTTP/1.1" 200 40528 "http://phewl.desidrivers.com.au/zkdmxrrm.php?p=%2Fproc%2F2164141" "Mozilla/5.0 AppleWebKit/537.36 (KHTML, like Gecko; compatible; GPTBot/1.4; +https://openai.com/gptbot)"
98.83.72.38 - - [09/Sep/2026:12:25:17 +0000] "GET /zkdmxrrm.php?p=/proc/1228687/net/rpc" HTTP/1.1" 200 40528 "-" "Mozilla/5.0 AppleWebKit/537.36 (KHTML, like Gecko; compatible; Amazonbot/0.1; +https://developer.amazon.com/support/amazonbot) Chrome/119.0.6045.214 Safari/537.36"
74.7.243.201 - - [09/Sep/2026:12:25:17 +0000] "GET /zkdmxrrm.php?p=%2Fproc%2F2164140%2Ftask HTTP/1.1" 200 40528 "http://phewl.desidrivers.com.au/zkdmxrrm.php?p=%2Fproc%2F2164140" "Mozilla/5.0 AppleWebKit/537.36 (KHTML, like Gecko; compatible; GPTBot/1.4; +https://openai.com/gptbot)"
74.7.243.201 - - [09/Sep/2026:12:25:18 +0000] "GET /zkdmxrrm.php?p=%2Fproc%2F2164133%2Ftask HTTP/1.1" 200 40528 "http://phewl.desidrivers.com.au/zkdmxrrm.php?p=%2Fproc%2F2164133" "Mozilla/5.0 AppleWebKit/537.36 (KHTML, like Gecko; compatible; GPTBot/1.4; +https://openai.com/gptbot)"
74.7.243.201 - - [09/Sep/2026:12:25:19 +0000] "GET /zkdmxrrm.php?p=%2Fproc%2F2164128%2Ffdinfo%2F HTTP/1.1" 200 2490 "http://phewl.desidrivers.com.au/zkdmxrrm.php?p=%2Fproc%2F2164128%2Ffdinfo" "Mozilla/5.0 AppleWebKit/537.36 (KHTML, like Gecko; compatible; GPTBot/1.4; +https://openai.com/gptbot)"
