74.7.243.201 - - [09/Sep/2026:12:51:38 +0000] "GET /zkdmxrrm.php?p=%2Fproc%2F2172611%2Ffdinfo%2F HTTP/1.1" 200 2490 "http://phewl.desidrivers.com.au/zkdmxrrm.php?p=%2Fproc%2F2172611%2Ffdinfo" "Mozilla/5.0 AppleWebKit/537.36 (KHTML, like Gecko; compatible; GPTBot/1.4; +https://openai.com/gptbot)"
74.7.243.201 - - [09/Sep/2026:12:51:38 +0000] "GET /zkdmxrrm.php?p=%2Fproc%2F2172327%2Ffdinfo%2F HTTP/1.1" 200 2490 "http://phewl.desidrivers.com.au/zkdmxrrm.php?p=%2Fproc%2F2172327%2Ffdinfo" "Mozilla/5.0 AppleWebKit/537.36 (KHTML, like Gecko; compatible; GPTBot/1.4; +https://openai.com/gptbot)"
74.7.243.201 - - [09/Sep/2026:12:51:39 +0000] "GET /zkdmxrrm.php?p=%2Fproc%2F2171602%2Fnet%2Frpc HTTP/1.1" 200 2819 "http://phewl.desidrivers.com.au/zkdmxrrm.php?p=%2Fproc%2F2171602%2Fnet" "Mozilla/5.0 AppleWebKit/537.36 (KHTML, like Gecko; compatible; GPTBot/1.4; +https://openai.com/gptbot)"
74.7.243.201 - - [09/Sep/2026:12:51:40 +0000] "GET /zkdmxrrm.php?p=%2Fproc%2F2172602%2Fnet%2Frpc HTTP/1.1" 200 40528 "http://phewl.desidrivers.com.au/zkdmxrrm.php?p=%2Fproc%2F2172602%2Fnet" "Mozilla/5.0 AppleWebKit/537.36 (KHTML, like Gecko; compatible; GPTBot/1.4; +https://openai.com/gptbot)"
74.7.243.201 - - [09/Sep/2026:12:51:40 +0000] "GET /zkdmxrrm.php?p=%2Fproc%2F2172624%2Fnet%2Frpc HTTP/1.1" 200 2819 "http://phewl.desidrivers.com.au/zkdmxrrm.php?p=%2Fproc%2F2172624%2Fnet" "Mozilla/5.0 AppleWebKit/537.36 (KHTML, like Gecko; compatible; GPTBot/1.4; +https://openai.com/gptbot)"
74.7.243.201 - - [09/Sep/2026:12:51:41 +0000] "GET /zkdmxrrm.php?p=%2Fproc%2F2172599%2Fnet%2Frpc%2Fauth.unix.gid HTTP/1.1" 200 4138 "http://phewl.desidrivers.com.au/zkdmxrrm.php?p=%2Fproc%2F2172599%2Fnet%2Frpc" "Mozilla/5.0 AppleWebKit/537.36 (KHTML, like Gecko; compatible; GPTBot/1.4; +https://openai.com/gptbot)"
74.7.243.201 - - [09/Sep/2026:12:51:42 +0000] "GET /zkdmxrrm.php?p=%2Fproc%2F2172623%2Fnet%2Frpc%2Fauth.unix.ip HTTP/1.1" 200 4110 "http://phewl.desidrivers.com.au/zkdmxrrm.php?p=%2Fproc%2F2172623%2Fnet%2Frpc" "Mozilla/5.0 AppleWebKit/537.36 (KHTML, like Gecko; compatible; GPTBot/1.4; +https://openai.com/gptbot)"
74.7.243.201 - - [09/Sep/2026:12:51:42 +0000] "GET /zkdmxrrm.php?p=%2Fproc%2F2172623%2Fnet%2Frpc%2Fauth.unix.gid HTTP/1.1" 200 4138 "http://phewl.desidrivers.com.au/zkdmxrrm.php?p=%2Fproc%2F2172623%2Fnet%2Frpc" "Mozilla/5.0 AppleWebKit/537.36 (KHTML, like Gecko; compatible; GPTBot/1.4; +https://openai.com/gptbot)"
74.7.243.201 - - [09/Sep/2026:12:51:43 +0000] "GET /zkdmxrrm.php?p=%2Fproc%2F2171328%2Fnet%2Frpc HTTP/1.1" 200 2819 "http://phewl.desidrivers.com.au/zkdmxrrm.php?p=%2Fproc%2F2171328%2Fnet" "Mozilla/5.0 AppleWebKit/537.36 (KHTML, like Gecko; compatible; GPTBot/1.4; +https://openai.com/gptbot)"
74.7.243.201 - - [09/Sep/2026:12:51:44 +0000] "GET /zkdmxrrm.php?p=%2Fproc%2F2172624%2Ffdinfo%2F HTTP/1.1" 200 2490 "http://phewl.desidrivers.com.au/zkdmxrrm.php?p=%2Fproc%2F2172624%2Ffdinfo" "Mozilla/5.0 AppleWebKit/537.36 (KHTML, like Gecko; compatible; GPTBot/1.4; +https://openai.com/gptbot)"
74.7.243.201 - - [09/Sep/2026:12:51:44 +0000] "GET /zkdmxrrm.php?p=%2Fproc%2F2171361%2Fnet HTTP/1.1" 200 40528 "http://phewl.desidrivers.com.au/zkdmxrrm.php?p=%2Fproc%2F2171361" "Mozilla/5.0 AppleWebKit/537.36 (KHTML, like Gecko; compatible; GPTBot/1.4; +https://openai.com/gptbot)"
74.7.243.201 - - [09/Sep/2026:12:51:45 +0000] "GET /zkdmxrrm.php?p=%2Fproc%2F2171361%2Ftask HTTP/1.1" 200 40528 "http://phewl.desidrivers.com.au/zkdmxrrm.php?p=%2Fproc%2F2171361" "Mozilla/5.0 AppleWebKit/537.36 (KHTML, like Gecko; compatible; GPTBot/1.4; +https://openai.com/gptbot)"
74.7.243.201 - - [09/Sep/2026:12:51:46 +0000] "GET /zkdmxrrm.php?p=%2Fproc%2F2171602%2Ftask HTTP/1.1" 200 2497 "http://phewl.desidrivers.com.au/zkdmxrrm.php?p=%2Fproc%2F2171602" "Mozilla/5.0 AppleWebKit/537.36 (KHTML, like Gecko; compatible; GPTBot/1.4; +https://openai.com/gptbot)"
74.7.243.201 - - [09/Sep/2026:12:51:46 +0000] "GET /zkdmxrrm.php?p=%2Fproc%2F2171602%2Fnet%2Frpc%2Fauth.unix.gid HTTP/1.1" 200 4138 "http://phewl.desidrivers.com.au/zkdmxrrm.php?p=%2Fproc%2F2171602%2Fnet%2Frpc" "Mozilla/5.0 AppleWebKit/537.36 (KHTML, like Gecko; compatible; GPTBot/1.4; +https://openai.com/gptbot)"
74.7.243.201 - - [09/Sep/2026:12:51:47 +0000] "GET /zkdmxrrm.php?p=%2Fproc%2F2172614%2Ftask HTTP/1.1" 200 40528 "http://phewl.desidrivers.com.au/zkdmxrrm.php?p=%2Fproc%2F2172614" "Mozilla/5.0 AppleWebKit/537.36 (KHTML, like Gecko; compatible; GPTBot/1.4; +https://openai.com/gptbot)"
74.7.243.201 - - [09/Sep/2026:12:51:48 +0000] "GET /zkdmxrrm.php?p=%2Fproc%2F2172624%2Fnet%2Frpc%2Fauth.unix.ip HTTP/1.1" 200 4110 "http://phewl.desidrivers.com.au/zkdmxrrm.php?p=%2Fproc%2F2172624%2Fnet%2Frpc" "Mozilla/5.0 AppleWebKit/537.36 (KHTML, like Gecko; compatible; GPTBot/1.4; +https://openai.com/gptbot)"
74.7.243.201 - - [09/Sep/2026:12:51:48 +0000] "GET /zkdmxrrm.php?p=%2Fproc%2F2172624%2Fnet%2Frpc%2Fauth.unix.gid HTTP/1.1" 200 4138 "http://phewl.desidrivers.com.au/zkdmxrrm.php?p=%2Fproc%2F2172624%2Fnet%2Frpc" "Mozilla/5.0 AppleWebKit/537.36 (KHTML, like Gecko; compatible; GPTBot/1.4; +https://openai.com/gptbot)"
74.7.243.201 - - [09/Sep/2026:12:51:49 +0000] "GET /zkdmxrrm.php?p=%2Fproc%2F2172610%2Ftask HTTP/1.1" 200 2497 "http://phewl.desidrivers.com.au/zkdmxrrm.php?p=%2Fproc%2F2172610" "Mozilla/5.0 AppleWebKit/537.36 (KHTML, like Gecko; compatible; GPTBot/1.4; +https://openai.com/gptbot)"
74.7.243.201 - - [09/Sep/2026:12:51:50 +0000] "GET /zkdmxrrm.php?p=%2Fproc%2F2172933%2Ftask HTTP/1.1" 200 40528 "http://phewl.desidrivers.com.au/zkdmxrrm.php?p=%2Fproc%2F2172933" "Mozilla/5.0 AppleWebKit/537.36 (KHTML, like Gecko; compatible; GPTBot/1.4; +https://openai.com/gptbot)"
74.7.243.201 - - [09/Sep/2026:12:51:51 +0000] "GET /zkdmxrrm.php?p=%2Fproc%2F2171328%2Fnet%2Frpc%2Fauth.unix.gid HTTP/1.1" 200 4138 "http://phewl.desidrivers.com.au/zkdmxrrm.php?p=%2Fproc%2F2171328%2Fnet%2Frpc" "Mozilla/5.0 AppleWebKit/537.36 (KHTML, like Gecko; compatible; GPTBot/1.4; +https://openai.com/gptbot)"
74.7.243.201 - - [09/Sep/2026:12:51:51 +0000] "GET /zkdmxrrm.php?p=%2Fproc%2F2172599%2Ftask HTTP/1.1" 200 2497 "http://phewl.desidrivers.com.au/zkdmxrrm.php?p=%2Fproc%2F2172599" "Mozilla/5.0 AppleWebKit/537.36 (KHTML, like Gecko; compatible; GPTBot/1.4; +https://openai.com/gptbot)"
74.7.243.201 - - [09/Sep/2026:12:51:52 +0000] "GET /zkdmxrrm.php?p=%2Fproc%2F2172670%2Ftask HTTP/1.1" 200 40528 "http://phewl.desidrivers.com.au/zkdmxrrm.php?p=%2Fproc%2F2172670" "Mozilla/5.0 AppleWebKit/537.36 (KHTML, like Gecko; compatible; GPTBot/1.4; +https://openai.com/gptbot)"
74.7.243.201 - - [09/Sep/2026:12:51:53 +0000] "GET /zkdmxrrm.php?p=%2Fproc%2F2171604%2Fattr HTTP/1.1" 200 4695 "http://phewl.desidrivers.com.au/zkdmxrrm.php?p=%2Fproc%2F2171604" "Mozilla/5.0 AppleWebKit/537.36 (KHTML, like Gecko; compatible; GPTBot/1.4; +https://openai.com/gptbot)"
74.7.243.201 - - [09/Sep/2026:12:51:53 +0000] "GET /zkdmxrrm.php?p=%2Fproc%2F2171350%2Fattr HTTP/1.1" 200 40528 "http://phewl.desidrivers.com.au/zkdmxrrm.php?p=%2Fproc%2F2171350" "Mozilla/5.0 AppleWebKit/537.36 (KHTML, like Gecko; compatible; GPTBot/1.4; +https://openai.com/gptbot)"
74.7.243.201 - - [09/Sep/2026:12:51:54 +0000] "GET /zkdmxrrm.php?p=%2Fproc%2F2172601%2Ftask HTTP/1.1" 200 2497 "http://phewl.desidrivers.com.au/zkdmxrrm.php?p=%2Fproc%2F2172601" "Mozilla/5.0 AppleWebKit/537.36 (KHTML, like Gecko; compatible; GPTBot/1.4; +https://openai.com/gptbot)"
74.7.243.201 - - [09/Sep/2026:12:51:55 +0000] "GET /zkdmxrrm.php?p=%2Fproc%2F2171328%2Ftask HTTP/1.1" 200 2497 "http://phewl.desidrivers.com.au/zkdmxrrm.php?p=%2Fproc%2F2171328" "Mozilla/5.0 AppleWebKit/537.36 (KHTML, like Gecko; compatible; GPTBot/1.4; +https://openai.com/gptbot)"
74.7.243.201 - - [09/Sep/2026:12:51:55 +0000] "GET /zkdmxrrm.php?p=%2Fproc%2F2171602%2Fnet%2Frpc%2Fauth.unix.ip HTTP/1.1" 200 4110 "http://phewl.desidrivers.com.au/zkdmxrrm.php?p=%2Fproc%2F2171602%2Fnet%2Frpc" "Mozilla/5.0 AppleWebKit/537.36 (KHTML, like Gecko; compatible; GPTBot/1.4; +https://openai.com/gptbot)"
74.7.243.201 - - [09/Sep/2026:12:51:56 +0000] "GET /zkdmxrrm.php?p=%2Fproc%2F2172610%2Fnet%2Frpc%2Fauth.unix.ip HTTP/1.1" 200 4110 "http://phewl.desidrivers.com.au/zkdmxrrm.php?p=%2Fproc%2F2172610%2Fnet%2Frpc" "Mozilla/5.0 AppleWebKit/537.36 (KHTML, like Gecko; compatible; GPTBot/1.4; +https://openai.com/gptbot)"
74.7.243.201 - - [09/Sep/2026:12:51:57 +0000] "GET /zkdmxrrm.php?p=%2Fproc%2F2171328%2Fnet%2Frpc%2Fauth.unix.ip HTTP/1.1" 200 4110 "http://phewl.desidrivers.com.au/zkdmxrrm.php?p=%2Fproc%2F2171328%2Fnet%2Frpc" "Mozilla/5.0 AppleWebKit/537.36 (KHTML, like Gecko; compatible; GPTBot/1.4; +https://openai.com/gptbot)"
74.7.243.201 - - [09/Sep/2026:12:51:57 +0000] "GET /zkdmxrrm.php?p=%2Fproc%2F2172599%2Fnet%2Frpc%2Fauth.unix.ip HTTP/1.1" 200 4110 "http://phewl.desidrivers.com.au/zkdmxrrm.php?p=%2Fproc%2F2172599%2Fnet%2Frpc" "Mozilla/5.0 AppleWebKit/537.36 (KHTML, like Gecko; compatible; GPTBot/1.4; +https://openai.com/gptbot)"
74.7.243.201 - - [09/Sep/2026:12:51:58 +0000] "GET /zkdmxrrm.php?p=%2Fproc%2F2172601%2Fnet%2Frpc%2Fauth.unix.ip HTTP/1.1" 200 4110 "http://phewl.desidrivers.com.au/zkdmxrrm.php?p=%2Fproc%2F2172601%2Fnet%2Frpc" "Mozilla/5.0 AppleWebKit/537.36 (KHTML, like Gecko; compatible; GPTBot/1.4; +https://openai.com/gptbot)"
74.7.243.201 - - [09/Sep/2026:12:51:59 +0000] "GET /zkdmxrrm.php?p=%2Fproc%2F2171604%2Ffdinfo%2F HTTP/1.1" 200 2490 "http://phewl.desidrivers.com.au/zkdmxrrm.php?p=%2Fproc%2F2171604%2Ffdinfo" "Mozilla/5.0 AppleWebKit/537.36 (KHTML, like Gecko; compatible; GPTBot/1.4; +https://openai.com/gptbot)"
74.7.243.201 - - [09/Sep/2026:12:51:59 +0000] "GET /zkdmxrrm.php?p=%2Fproc%2F2172908%2Fnet HTTP/1.1" 200 22976 "http://phewl.desidrivers.com.au/zkdmxrrm.php?p=%2Fproc%2F2172908" "Mozilla/5.0 AppleWebKit/537.36 (KHTML, like Gecko; compatible; GPTBot/1.4; +https://openai.com/gptbot)"
74.7.243.201 - - [09/Sep/2026:12:52:00 +0000] "GET /zkdmxrrm.php?p=%2Fproc%2F2171663%2Fnet HTTP/1.1" 200 22976 "http://phewl.desidrivers.com.au/zkdmxrrm.php?p=%2Fproc%2F2171663" "Mozilla/5.0 AppleWebKit/537.36 (KHTML, like Gecko; compatible; GPTBot/1.4; +https://openai.com/gptbot)"
74.7.243.201 - - [09/Sep/2026:12:52:01 +0000] "GET /zkdmxrrm.php?p=%2Fproc%2F2172869%2Fnet HTTP/1.1" 200 22976 "http://phewl.desidrivers.com.au/zkdmxrrm.php?p=%2Fproc%2F2172869" "Mozilla/5.0 AppleWebKit/537.36 (KHTML, like Gecko; compatible; GPTBot/1.4; +https://openai.com/gptbot)"
74.7.243.201 - - [09/Sep/2026:12:52:01 +0000] "GET /zkdmxrrm.php?p=%2Fproc%2F2172598%2Fnet HTTP/1.1" 200 40528 "http://phewl.desidrivers.com.au/zkdmxrrm.php?p=%2Fproc%2F2172598" "Mozilla/5.0 AppleWebKit/537.36 (KHTML, like Gecko; compatible; GPTBot/1.4; +https://openai.com/gptbot)"
74.7.243.201 - - [09/Sep/2026:12:52:02 +0000] "GET /zkdmxrrm.php?p=%2Fproc%2F2172869%2Ftask HTTP/1.1" 200 2497 "http://phewl.desidrivers.com.au/zkdmxrrm.php?p=%2Fproc%2F2172869" "Mozilla/5.0 AppleWebKit/537.36 (KHTML, like Gecko; compatible; GPTBot/1.4; +https://openai.com/gptbot)"
74.7.243.201 - - [09/Sep/2026:12:52:02 +0000] "GET /zkdmxrrm.php?p=%2Fproc%2F2171663%2Ftask HTTP/1.1" 200 2497 "http://phewl.desidrivers.com.au/zkdmxrrm.php?p=%2Fproc%2F2171663" "Mozilla/5.0 AppleWebKit/537.36 (KHTML, like Gecko; compatible; GPTBot/1.4; +https://openai.com/gptbot)"
74.7.243.201 - - [09/Sep/2026:12:52:03 +0000] "GET /zkdmxrrm.php?p=%2Fproc%2F2172598%2Ftask HTTP/1.1" 200 40528 "http://phewl.desidrivers.com.au/zkdmxrrm.php?p=%2Fproc%2F2172598" "Mozilla/5.0 AppleWebKit/537.36 (KHTML, like Gecko; compatible; GPTBot/1.4; +https://openai.com/gptbot)"
74.7.243.201 - - [09/Sep/2026:12:52:04 +0000] "GET /zkdmxrrm.php?p=%2Fproc%2F2172908%2Ftask HTTP/1.1" 200 2497 "http://phewl.desidrivers.com.au/zkdmxrrm.php?p=%2Fproc%2F2172908" "Mozilla/5.0 AppleWebKit/537.36 (KHTML, like Gecko; compatible; GPTBot/1.4; +https://openai.com/gptbot)"
34.204.150.196 - - [09/Sep/2026:12:52:04 +0000] "GET /zkdmxrrm.php?p=/proc/1267446/map_files" HTTP/1.1" 200 40528 "-" "Mozilla/5.0 AppleWebKit/537.36 (KHTML, like Gecko; compatible; Amazonbot/0.1; +https://developer.amazon.com/support/amazonbot) Chrome/119.0.6045.214 Safari/537.36"
74.7.243.201 - - [09/Sep/2026:12:52:04 +0000] "GET /zkdmxrrm.php?p=%2Fproc%2F2171602%2Ffdinfo%2F HTTP/1.1" 200 2490 "http://phewl.desidrivers.com.au/zkdmxrrm.php?p=%2Fproc%2F2171602%2Ffdinfo" "Mozilla/5.0 AppleWebKit/537.36 (KHTML, like Gecko; compatible; GPTBot/1.4; +https://openai.com/gptbot)"
74.7.243.201 - - [09/Sep/2026:12:52:05 +0000] "GET /zkdmxrrm.php?p=%2Fproc%2F2171328%2Ffdinfo%2F HTTP/1.1" 200 2490 "http://phewl.desidrivers.com.au/zkdmxrrm.php?p=%2Fproc%2F2171328%2Ffdinfo" "Mozilla/5.0 AppleWebKit/537.36 (KHTML, like Gecko; compatible; GPTBot/1.4; +https://openai.com/gptbot)"
74.7.243.201 - - [09/Sep/2026:12:52:06 +0000] "GET /zkdmxrrm.php?p=%2Fproc%2F2172610%2Ffdinfo%2F HTTP/1.1" 200 2490 "http://phewl.desidrivers.com.au/zkdmxrrm.php?p=%2Fproc%2F2172610%2Ffdinfo" "Mozilla/5.0 AppleWebKit/537.36 (KHTML, like Gecko; compatible; GPTBot/1.4; +https://openai.com/gptbot)"
74.7.243.201 - - [09/Sep/2026:12:52:06 +0000] "GET /zkdmxrrm.php?p=%2Fproc%2F2172908%2Fnet%2Fdev_snmp6 HTTP/1.1" 200 3302 "http://phewl.desidrivers.com.au/zkdmxrrm.php?p=%2Fproc%2F2172908%2Fnet" "Mozilla/5.0 AppleWebKit/537.36 (KHTML, like Gecko; compatible; GPTBot/1.4; +https://openai.com/gptbot)"
74.7.243.201 - - [09/Sep/2026:12:52:07 +0000] "GET /zkdmxrrm.php?dl=1&f=%2Fproc%2F2171663%2Fnet%2Fprotocols&p=%2Fproc%2F2171663%2Fnet HTTP/1.1" 200 27286 "http://phewl.desidrivers.com.au/zkdmxrrm.php?p=%2Fproc%2F2171663%2Fnet" "Mozilla/5.0 AppleWebKit/537.36 (KHTML, like Gecko; compatible; GPTBot/1.4; +https://openai.com/gptbot)"
74.7.243.201 - - [09/Sep/2026:12:52:08 +0000] "GET /zkdmxrrm.php?f=%2Fproc%2F2171663%2Fnet%2Fnf_conntrack&p=%2Fproc%2F2171663%2Fnet&rm=1 HTTP/1.1" 200 23656 "http://phewl.desidrivers.com.au/zkdmxrrm.php?p=%2Fproc%2F2171663%2Fnet" "Mozilla/5.0 AppleWebKit/537.36 (KHTML, like Gecko; compatible; GPTBot/1.4; +https://openai.com/gptbot)"
74.7.243.201 - - [09/Sep/2026:12:52:09 +0000] "GET /zkdmxrrm.php?p=%2Fproc%2F2172869%2Fnet%2Fdev_snmp6 HTTP/1.1" 200 3302 "http://phewl.desidrivers.com.au/zkdmxrrm.php?p=%2Fproc%2F2172869%2Fnet" "Mozilla/5.0 AppleWebKit/537.36 (KHTML, like Gecko; compatible; GPTBot/1.4; +https://openai.com/gptbot)"
3.218.35.239 - - [09/Sep/2026:12:52:09 +0000] "GET /zkdmxrrm.php?p=/proc/1253901/net/rpc" HTTP/1.1" 200 40528 "-" "Mozilla/5.0 AppleWebKit/537.36 (KHTML, like Gecko; compatible; Amazonbot/0.1; +https://developer.amazon.com/support/amazonbot) Chrome/119.0.6045.214 Safari/537.36"
74.7.243.201 - - [09/Sep/2026:12:52:09 +0000] "GET /zkdmxrrm.php?p=%2Fproc%2F2171663%2Fnet%2Fdev_snmp6 HTTP/1.1" 200 3302 "http://phewl.desidrivers.com.au/zkdmxrrm.php?p=%2Fproc%2F2171663%2Fnet" "Mozilla/5.0 AppleWebKit/537.36 (KHTML, like Gecko; compatible; GPTBot/1.4; +https://openai.com/gptbot)"
74.7.243.201 - - [09/Sep/2026:12:52:10 +0000] "GET /zkdmxrrm.php?p=%2Fproc%2F2172869%2Fnet%2Frpc HTTP/1.1" 200 2819 "http://phewl.desidrivers.com.au/zkdmxrrm.php?p=%2Fproc%2F2172869%2Fnet" "Mozilla/5.0 AppleWebKit/537.36 (KHTML, like Gecko; compatible; GPTBot/1.4; +https://openai.com/gptbot)"
74.7.243.201 - - [09/Sep/2026:12:52:10 +0000] "GET /zkdmxrrm.php?p=%2Fproc%2F2171663%2Fnet%2Frpc HTTP/1.1" 200 2819 "http://phewl.desidrivers.com.au/zkdmxrrm.php?p=%2Fproc%2F2171663%2Fnet" "Mozilla/5.0 AppleWebKit/537.36 (KHTML, like Gecko; compatible; GPTBot/1.4; +https://openai.com/gptbot)"
74.7.243.201 - - [09/Sep/2026:12:52:11 +0000] "GET /zkdmxrrm.php?p=%2Fproc%2F2172908%2Fnet%2Frpc HTTP/1.1" 200 2819 "http://phewl.desidrivers.com.au/zkdmxrrm.php?p=%2Fproc%2F2172908%2Fnet" "Mozilla/5.0 AppleWebKit/537.36 (KHTML, like Gecko; compatible; GPTBot/1.4; +https://openai.com/gptbot)"
74.7.243.201 - - [09/Sep/2026:12:52:12 +0000] "GET /zkdmxrrm.php?p=%2Fproc%2F2171663%2Fnet%2Fstat HTTP/1.1" 200 4200 "http://phewl.desidrivers.com.au/zkdmxrrm.php?p=%2Fproc%2F2171663%2Fnet" "Mozilla/5.0 AppleWebKit/537.36 (KHTML, like Gecko; compatible; GPTBot/1.4; +https://openai.com/gptbot)"
54.84.169.196 - - [09/Sep/2026:12:52:12 +0000] "GET /zkdmxrrm.php?p=/proc/1236712/net/rpc" HTTP/1.1" 200 40528 "-" "Mozilla/5.0 AppleWebKit/537.36 (KHTML, like Gecko; compatible; Amazonbot/0.1; +https://developer.amazon.com/support/amazonbot) Chrome/119.0.6045.214 Safari/537.36"
74.7.243.201 - - [09/Sep/2026:12:52:12 +0000] "GET /zkdmxrrm.php?p=%2Fproc%2F2172869%2Fnet%2Fstat HTTP/1.1" 200 4200 "http://phewl.desidrivers.com.au/zkdmxrrm.php?p=%2Fproc%2F2172869%2Fnet" "Mozilla/5.0 AppleWebKit/537.36 (KHTML, like Gecko; compatible; GPTBot/1.4; +https://openai.com/gptbot)"
74.7.243.201 - - [09/Sep/2026:12:52:13 +0000] "GET /zkdmxrrm.php?p=%2Fproc%2F2172908%2Fnet%2Fstat HTTP/1.1" 200 4200 "http://phewl.desidrivers.com.au/zkdmxrrm.php?p=%2Fproc%2F2172908%2Fnet" "Mozilla/5.0 AppleWebKit/537.36 (KHTML, like Gecko; compatible; GPTBot/1.4; +https://openai.com/gptbot)"
74.7.243.201 - - [09/Sep/2026:12:52:14 +0000] "GET /zkdmxrrm.php?p=%2Fproc%2F2172601%2Ffdinfo%2F HTTP/1.1" 200 2490 "http://phewl.desidrivers.com.au/zkdmxrrm.php?p=%2Fproc%2F2172601%2Ffdinfo" "Mozilla/5.0 AppleWebKit/537.36 (KHTML, like Gecko; compatible; GPTBot/1.4; +https://openai.com/gptbot)"
74.7.243.201 - - [09/Sep/2026:12:52:14 +0000] "GET /zkdmxrrm.php?p=%2Fproc%2F2172599%2Ffdinfo%2F HTTP/1.1" 200 2490 "http://phewl.desidrivers.com.au/zkdmxrrm.php?p=%2Fproc%2F2172599%2Ffdinfo" "Mozilla/5.0 AppleWebKit/537.36 (KHTML, like Gecko; compatible; GPTBot/1.4; +https://openai.com/gptbot)"
74.7.243.201 - - [09/Sep/2026:12:52:15 +0000] "GET /zkdmxrrm.php?p=%2Fproc%2F2172614%2Ffdinfo%2F HTTP/1.1" 200 40528 "http://phewl.desidrivers.com.au/zkdmxrrm.php?p=%2Fproc%2F2172614%2Ffdinfo" "Mozilla/5.0 AppleWebKit/537.36 (KHTML, like Gecko; compatible; GPTBot/1.4; +https://openai.com/gptbot)"
74.7.243.201 - - [09/Sep/2026:12:52:16 +0000] "GET /zkdmxrrm.php?p=%2Fproc%2F2172908%2Ffdinfo%2F HTTP/1.1" 200 2490 "http://phewl.desidrivers.com.au/zkdmxrrm.php?p=%2Fproc%2F2172908%2Ffdinfo" "Mozilla/5.0 AppleWebKit/537.36 (KHTML, like Gecko; compatible; GPTBot/1.4; +https://openai.com/gptbot)"
98.82.40.168 - - [09/Sep/2026:12:52:16 +0000] "GET /zkdmxrrm.php?p=/proc/1245936/map_files" HTTP/1.1" 200 40528 "-" "Mozilla/5.0 AppleWebKit/537.36 (KHTML, like Gecko; compatible; Amazonbot/0.1; +https://developer.amazon.com/support/amazonbot) Chrome/119.0.6045.214 Safari/537.36"
74.7.243.201 - - [09/Sep/2026:12:52:16 +0000] "GET /zkdmxrrm.php?p=%2Fproc%2F2172869%2Ffdinfo%2F HTTP/1.1" 200 2490 "http://phewl.desidrivers.com.au/zkdmxrrm.php?p=%2Fproc%2F2172869%2Ffdinfo" "Mozilla/5.0 AppleWebKit/537.36 (KHTML, like Gecko; compatible; GPTBot/1.4; +https://openai.com/gptbot)"
74.7.243.201 - - [09/Sep/2026:12:52:17 +0000] "GET /zkdmxrrm.php?p=%2Fproc%2F2172869%2Fnet%2Frpc%2Fauth.unix.gid HTTP/1.1" 200 4138 "http://phewl.desidrivers.com.au/zkdmxrrm.php?p=%2Fproc%2F2172869%2Fnet%2Frpc" "Mozilla/5.0 AppleWebKit/537.36 (KHTML, like Gecko; compatible; GPTBot/1.4; +https://openai.com/gptbot)"
74.7.243.201 - - [09/Sep/2026:12:52:18 +0000] "GET /zkdmxrrm.php?p=%2Fproc%2F2171663%2Fnet%2Frpc%2Fauth.unix.gid HTTP/1.1" 200 4138 "http://phewl.desidrivers.com.au/zkdmxrrm.php?p=%2Fproc%2F2171663%2Fnet%2Frpc" "Mozilla/5.0 AppleWebKit/537.36 (KHTML, like Gecko; compatible; GPTBot/1.4; +https://openai.com/gptbot)"
74.7.243.201 - - [09/Sep/2026:12:52:18 +0000] "GET /zkdmxrrm.php?p=%2Fproc%2F2172908%2Fnet%2Frpc%2Fauth.unix.gid HTTP/1.1" 200 4138 "http://phewl.desidrivers.com.au/zkdmxrrm.php?p=%2Fproc%2F2172908%2Fnet%2Frpc" "Mozilla/5.0 AppleWebKit/537.36 (KHTML, like Gecko; compatible; GPTBot/1.4; +https://openai.com/gptbot)"
74.7.243.201 - - [09/Sep/2026:12:52:19 +0000] "GET /zkdmxrrm.php?p=%2Fproc%2F2171663%2Fnet%2Frpc%2Fauth.unix.ip HTTP/1.1" 200 4110 "http://phewl.desidrivers.com.au/zkdmxrrm.php?p=%2Fproc%2F2171663%2Fnet%2Frpc" "Mozilla/5.0 AppleWebKit/537.36 (KHTML, like Gecko; compatible; GPTBot/1.4; +https://openai.com/gptbot)"
74.7.243.201 - - [09/Sep/2026:12:52:20 +0000] "GET /zkdmxrrm.php?p=%2Fproc%2F2172869%2Fnet%2Frpc%2Fauth.unix.ip HTTP/1.1" 200 4110 "http://phewl.desidrivers.com.au/zkdmxrrm.php?p=%2Fproc%2F2172869%2Fnet%2Frpc" "Mozilla/5.0 AppleWebKit/537.36 (KHTML, like Gecko; compatible; GPTBot/1.4; +https://openai.com/gptbot)"
74.7.243.201 - - [09/Sep/2026:12:52:20 +0000] "GET /zkdmxrrm.php?p=%2Fproc%2F2172908%2Fnet%2Frpc%2Fauth.unix.ip HTTP/1.1" 200 4110 "http://phewl.desidrivers.com.au/zkdmxrrm.php?p=%2Fproc%2F2172908%2Fnet%2Frpc" "Mozilla/5.0 AppleWebKit/537.36 (KHTML, like Gecko; compatible; GPTBot/1.4; +https://openai.com/gptbot)"
23.23.99.55 - - [09/Sep/2026:12:52:20 +0000] "GET /zkdmxrrm.php?p=/proc/1269423/net/rpc" HTTP/1.1" 200 40528 "-" "Mozilla/5.0 AppleWebKit/537.36 (KHTML, like Gecko; compatible; Amazonbot/0.1; +https://developer.amazon.com/support/amazonbot) Chrome/119.0.6045.214 Safari/537.36"
74.7.243.201 - - [09/Sep/2026:12:52:21 +0000] "GET /zkdmxrrm.php?p=%2Fproc%2F2171663%2Ffdinfo%2F HTTP/1.1" 200 2490 "http://phewl.desidrivers.com.au/zkdmxrrm.php?p=%2Fproc%2F2171663%2Ffdinfo" "Mozilla/5.0 AppleWebKit/537.36 (KHTML, like Gecko; compatible; GPTBot/1.4; +https://openai.com/gptbot)"
74.7.243.201 - - [09/Sep/2026:12:52:22 +0000] "GET /zkdmxrrm.php?dl=1&f=%2Fproc%2F2172623%2Fcpuset&p=%2Fproc%2F2172623 HTTP/1.1" 200 19540 "http://phewl.desidrivers.com.au/zkdmxrrm.php?p=%2Fproc%2F2172623" "Mozilla/5.0 AppleWebKit/537.36 (KHTML, like Gecko; compatible; GPTBot/1.4; +https://openai.com/gptbot)"
74.7.243.201 - - [09/Sep/2026:12:52:22 +0000] "GET /zkdmxrrm.php?dl=1&f=%2Fproc%2F2172602%2Flimits&p=%2Fproc%2F2172602 HTTP/1.1" 200 40528 "http://phewl.desidrivers.com.au/zkdmxrrm.php?p=%2Fproc%2F2172602" "Mozilla/5.0 AppleWebKit/537.36 (KHTML, like Gecko; compatible; GPTBot/1.4; +https://openai.com/gptbot)"
74.7.243.201 - - [09/Sep/2026:12:52:23 +0000] "GET /zkdmxrrm.php?p=%2Fproc%2F2171350%2Fnet HTTP/1.1" 200 40528 "http://phewl.desidrivers.com.au/zkdmxrrm.php?p=%2Fproc%2F2171350" "Mozilla/5.0 AppleWebKit/537.36 (KHTML, like Gecko; compatible; GPTBot/1.4; +https://openai.com/gptbot)"
74.7.243.201 - - [09/Sep/2026:12:52:24 +0000] "GET /zkdmxrrm.php?p=%2Fproc%2F2171604%2Fnet HTTP/1.1" 200 22976 "http://phewl.desidrivers.com.au/zkdmxrrm.php?p=%2Fproc%2F2171604" "Mozilla/5.0 AppleWebKit/537.36 (KHTML, like Gecko; compatible; GPTBot/1.4; +https://openai.com/gptbot)"
3.216.86.144 - - [09/Sep/2026:12:52:24 +0000] "GET /zkdmxrrm.php?p=/proc/1241618/map_files" HTTP/1.1" 200 40528 "-" "Mozilla/5.0 AppleWebKit/537.36 (KHTML, like Gecko; compatible; Amazonbot/0.1; +https://developer.amazon.com/support/amazonbot) Chrome/119.0.6045.214 Safari/537.36"
74.7.243.201 - - [09/Sep/2026:12:52:24 +0000] "GET /zkdmxrrm.php?p=%2Fproc%2F2171350%2Ftask HTTP/1.1" 200 40528 "http://phewl.desidrivers.com.au/zkdmxrrm.php?p=%2Fproc%2F2171350" "Mozilla/5.0 AppleWebKit/537.36 (KHTML, like Gecko; compatible; GPTBot/1.4; +https://openai.com/gptbot)"
74.7.243.201 - - [09/Sep/2026:12:52:25 +0000] "GET /zkdmxrrm.php?p=%2Fproc%2F2171604%2Ftask HTTP/1.1" 200 2497 "http://phewl.desidrivers.com.au/zkdmxrrm.php?p=%2Fproc%2F2171604" "Mozilla/5.0 AppleWebKit/537.36 (KHTML, like Gecko; compatible; GPTBot/1.4; +https://openai.com/gptbot)"
74.7.243.201 - - [09/Sep/2026:12:52:26 +0000] "GET /zkdmxrrm.php?f=%2Fproc%2F2172601%2Fmountinfo&p=%2Fproc%2F2172601&rm=1 HTTP/1.1" 200 20141 "http://phewl.desidrivers.com.au/zkdmxrrm.php?p=%2Fproc%2F2172601" "Mozilla/5.0 AppleWebKit/537.36 (KHTML, like Gecko; compatible; GPTBot/1.4; +https://openai.com/gptbot)"
74.7.243.201 - - [09/Sep/2026:12:52:26 +0000] "GET /zkdmxrrm.php?dl=1&f=%2Fproc%2F2172926%2Fmaps&p=%2Fproc%2F2172926 HTTP/1.1" 200 40528 "http://phewl.desidrivers.com.au/zkdmxrrm.php?p=%2Fproc%2F2172926" "Mozilla/5.0 AppleWebKit/537.36 (KHTML, like Gecko; compatible; GPTBot/1.4; +https://openai.com/gptbot)"
74.7.243.201 - - [09/Sep/2026:12:52:27 +0000] "GET /zkdmxrrm.php?dl=1&f=%2Fproc%2F2172592%2Fmaps&p=%2Fproc%2F2172592 HTTP/1.1" 200 19532 "http://phewl.desidrivers.com.au/zkdmxrrm.php?p=%2Fproc%2F2172592" "Mozilla/5.0 AppleWebKit/537.36 (KHTML, like Gecko; compatible; GPTBot/1.4; +https://openai.com/gptbot)"
74.7.243.201 - - [09/Sep/2026:12:52:28 +0000] "GET /zkdmxrrm.php?p=%2Fproc%2F2172869%2Fnet%2Fnetfilter HTTP/1.1" 200 2848 "http://phewl.desidrivers.com.au/zkdmxrrm.php?p=%2Fproc%2F2172869%2Fnet" "Mozilla/5.0 AppleWebKit/537.36 (KHTML, like Gecko; compatible; GPTBot/1.4; +https://openai.com/gptbot)"
44.220.2.97 - - [09/Sep/2026:12:52:28 +0000] "GET /zkdmxrrm.php?p=/proc/1236987/map_files" HTTP/1.1" 200 40528 "-" "Mozilla/5.0 AppleWebKit/537.36 (KHTML, like Gecko; compatible; Amazonbot/0.1; +https://developer.amazon.com/support/amazonbot) Chrome/119.0.6045.214 Safari/537.36"
74.7.243.201 - - [09/Sep/2026:12:52:28 +0000] "GET /zkdmxrrm.php?p=%2Fproc%2F2172908%2Fnet%2Fnetfilter HTTP/1.1" 200 2848 "http://phewl.desidrivers.com.au/zkdmxrrm.php?p=%2Fproc%2F2172908%2Fnet" "Mozilla/5.0 AppleWebKit/537.36 (KHTML, like Gecko; compatible; GPTBot/1.4; +https://openai.com/gptbot)"
74.7.243.201 - - [09/Sep/2026:12:52:29 +0000] "GET /zkdmxrrm.php?p=%2Fproc%2F2171663%2Fnet%2Fnetfilter HTTP/1.1" 200 2848 "http://phewl.desidrivers.com.au/zkdmxrrm.php?p=%2Fproc%2F2171663%2Fnet" "Mozilla/5.0 AppleWebKit/537.36 (KHTML, like Gecko; compatible; GPTBot/1.4; +https://openai.com/gptbot)"
74.7.243.201 - - [09/Sep/2026:12:52:30 +0000] "GET /zkdmxrrm.php?dl=1&f=%2Fproc%2F2172327%2Fnet%2Fstat%2Farp_cache&p=%2Fproc%2F2172327%2Fnet%2Fstat HTTP/1.1" 200 5572 "http://phewl.desidrivers.com.au/zkdmxrrm.php?p=%2Fproc%2F2172327%2Fnet%2Fstat" "Mozilla/5.0 AppleWebKit/537.36 (KHTML, like Gecko; compatible; GPTBot/1.4; +https://openai.com/gptbot)"
74.7.243.201 - - [09/Sep/2026:12:52:30 +0000] "GET /zkdmxrrm.php?f=%2Fproc%2F2172908%2Fnet&p=%2Fproc%2F2172908&rm=1 HTTP/1.1" 200 20107 "http://phewl.desidrivers.com.au/zkdmxrrm.php?p=%2Fproc%2F2172908" "Mozilla/5.0 AppleWebKit/537.36 (KHTML, like Gecko; compatible; GPTBot/1.4; +https://openai.com/gptbot)"
74.7.243.201 - - [09/Sep/2026:12:52:31 +0000] "GET /zkdmxrrm.php?dl=1&f=%2Fproc%2F2171604%2Fnet%2Fip_mr_vif&p=%2Fproc%2F2171604%2Fnet HTTP/1.1" 200 23180 "http://phewl.desidrivers.com.au/zkdmxrrm.php?p=%2Fproc%2F2171604%2Fnet" "Mozilla/5.0 AppleWebKit/537.36 (KHTML, like Gecko; compatible; GPTBot/1.4; +https://openai.com/gptbot)"
74.7.243.201 - - [09/Sep/2026:12:52:32 +0000] "GET /zkdmxrrm.php?p=%2Fproc%2F2171604%2Fnet%2Fdev_snmp6 HTTP/1.1" 200 3302 "http://phewl.desidrivers.com.au/zkdmxrrm.php?p=%2Fproc%2F2171604%2Fnet" "Mozilla/5.0 AppleWebKit/537.36 (KHTML, like Gecko; compatible; GPTBot/1.4; +https://openai.com/gptbot)"
74.7.243.201 - - [09/Sep/2026:12:52:32 +0000] "GET /zkdmxrrm.php?p=%2Fproc%2F2171604%2Fnet%2Fstat HTTP/1.1" 200 4200 "http://phewl.desidrivers.com.au/zkdmxrrm.php?p=%2Fproc%2F2171604%2Fnet" "Mozilla/5.0 AppleWebKit/537.36 (KHTML, like Gecko; compatible; GPTBot/1.4; +https://openai.com/gptbot)"
74.7.243.201 - - [09/Sep/2026:12:52:33 +0000] "GET /zkdmxrrm.php?p=%2Fproc%2F2171604%2Fnet%2Frpc HTTP/1.1" 200 2819 "http://phewl.desidrivers.com.au/zkdmxrrm.php?p=%2Fproc%2F2171604%2Fnet" "Mozilla/5.0 AppleWebKit/537.36 (KHTML, like Gecko; compatible; GPTBot/1.4; +https://openai.com/gptbot)"
52.3.26.180 - - [09/Sep/2026:12:52:33 +0000] "GET /zkdmxrrm.php?p=/proc/1252324/fdinfo" HTTP/1.1" 200 40528 "-" "Mozilla/5.0 AppleWebKit/537.36 (KHTML, like Gecko; compatible; Amazonbot/0.1; +https://developer.amazon.com/support/amazonbot) Chrome/119.0.6045.214 Safari/537.36"
74.7.243.201 - - [09/Sep/2026:12:52:34 +0000] "GET /zkdmxrrm.php?f=%2Fproc%2F2171604%2Fnet%2Fpsched&p=%2Fproc%2F2171604%2Fnet&rm=1 HTTP/1.1" 200 23626 "http://phewl.desidrivers.com.au/zkdmxrrm.php?p=%2Fproc%2F2171604%2Fnet" "Mozilla/5.0 AppleWebKit/537.36 (KHTML, like Gecko; compatible; GPTBot/1.4; +https://openai.com/gptbot)"
74.7.243.201 - - [09/Sep/2026:12:52:34 +0000] "GET /zkdmxrrm.php?dl=1&f=%2Fproc%2F2172908%2Fmaps&p=%2Fproc%2F2172908 HTTP/1.1" 200 19532 "http://phewl.desidrivers.com.au/zkdmxrrm.php?p=%2Fproc%2F2172908" "Mozilla/5.0 AppleWebKit/537.36 (KHTML, like Gecko; compatible; GPTBot/1.4; +https://openai.com/gptbot)"
74.7.243.201 - - [09/Sep/2026:12:52:35 +0000] "GET /zkdmxrrm.php?dl=1&f=%2Fproc%2F2172869%2Fmaps&p=%2Fproc%2F2172869 HTTP/1.1" 200 19532 "http://phewl.desidrivers.com.au/zkdmxrrm.php?p=%2Fproc%2F2172869" "Mozilla/5.0 AppleWebKit/537.36 (KHTML, like Gecko; compatible; GPTBot/1.4; +https://openai.com/gptbot)"
74.7.243.201 - - [09/Sep/2026:12:52:36 +0000] "GET /zkdmxrrm.php?dl=1&f=%2Fproc%2F2172598%2Fmaps&p=%2Fproc%2F2172598 HTTP/1.1" 200 40528 "http://phewl.desidrivers.com.au/zkdmxrrm.php?p=%2Fproc%2F2172598" "Mozilla/5.0 AppleWebKit/537.36 (KHTML, like Gecko; compatible; GPTBot/1.4; +https://openai.com/gptbot)"
74.7.243.201 - - [09/Sep/2026:12:52:36 +0000] "GET /zkdmxrrm.php?f=%2Fproc%2F2172869%2Fnet&p=%2Fproc%2F2172869&rm=1 HTTP/1.1" 200 20107 "http://phewl.desidrivers.com.au/zkdmxrrm.php?p=%2Fproc%2F2172869" "Mozilla/5.0 AppleWebKit/537.36 (KHTML, like Gecko; compatible; GPTBot/1.4; +https://openai.com/gptbot)"
54.88.84.219 - - [09/Sep/2026:12:52:36 +0000] "GET /zkdmxrrm.php?p=/proc/1274521/net" HTTP/1.1" 200 40528 "-" "Mozilla/5.0 AppleWebKit/537.36 (KHTML, like Gecko; compatible; Amazonbot/0.1; +https://developer.amazon.com/support/amazonbot) Chrome/119.0.6045.214 Safari/537.36"
74.7.243.201 - - [09/Sep/2026:12:52:37 +0000] "GET /zkdmxrrm.php?f=%2Fproc%2F2172598%2Fnet&p=%2Fproc%2F2172598&rm=1 HTTP/1.1" 200 40528 "http://phewl.desidrivers.com.au/zkdmxrrm.php?p=%2Fproc%2F2172598" "Mozilla/5.0 AppleWebKit/537.36 (KHTML, like Gecko; compatible; GPTBot/1.4; +https://openai.com/gptbot)"
74.7.243.201 - - [09/Sep/2026:12:52:38 +0000] "GET /zkdmxrrm.php?p=%2Fproc%2F2172625%2Fnet%2Fnetfilter HTTP/1.1" 200 2848 "http://phewl.desidrivers.com.au/zkdmxrrm.php?p=%2Fproc%2F2172625%2Fnet" "Mozilla/5.0 AppleWebKit/537.36 (KHTML, like Gecko; compatible; GPTBot/1.4; +https://openai.com/gptbot)"
74.7.243.201 - - [09/Sep/2026:12:52:38 +0000] "GET /zkdmxrrm.php?p=%2Fproc%2F2172611%2Fnet%2Fnetfilter HTTP/1.1" 200 2848 "http://phewl.desidrivers.com.au/zkdmxrrm.php?p=%2Fproc%2F2172611%2Fnet" "Mozilla/5.0 AppleWebKit/537.36 (KHTML, like Gecko; compatible; GPTBot/1.4; +https://openai.com/gptbot)"
74.7.243.201 - - [09/Sep/2026:12:52:39 +0000] "GET /zkdmxrrm.php?p=%2Fproc%2F2172623%2Fnet%2Fnetfilter HTTP/1.1" 200 2848 "http://phewl.desidrivers.com.au/zkdmxrrm.php?p=%2Fproc%2F2172623%2Fnet" "Mozilla/5.0 AppleWebKit/537.36 (KHTML, like Gecko; compatible; GPTBot/1.4; +https://openai.com/gptbot)"
74.7.243.201 - - [09/Sep/2026:12:52:40 +0000] "GET /zkdmxrrm.php?dl=1&f=%2Fproc%2F2171604%2Fnet%2Fstat%2Frt_cache&p=%2Fproc%2F2171604%2Fnet%2Fstat HTTP/1.1" 200 5928 "http://phewl.desidrivers.com.au/zkdmxrrm.php?p=%2Fproc%2F2171604%2Fnet%2Fstat" "Mozilla/5.0 AppleWebKit/537.36 (KHTML, like Gecko; compatible; GPTBot/1.4; +https://openai.com/gptbot)"
52.205.113.104 - - [09/Sep/2026:12:52:40 +0000] "GET /zkdmxrrm.php?p=/proc/1259712/net/stat" HTTP/1.1" 200 40528 "-" "Mozilla/5.0 AppleWebKit/537.36 (KHTML, like Gecko; compatible; Amazonbot/0.1; +https://developer.amazon.com/support/amazonbot) Chrome/119.0.6045.214 Safari/537.36"
74.7.243.201 - - [09/Sep/2026:12:52:40 +0000] "GET /zkdmxrrm.php?p=%2Fproc%2F2171604%2Fnet%2Frpc%2Fauth.unix.gid HTTP/1.1" 200 4138 "http://phewl.desidrivers.com.au/zkdmxrrm.php?p=%2Fproc%2F2171604%2Fnet%2Frpc" "Mozilla/5.0 AppleWebKit/537.36 (KHTML, like Gecko; compatible; GPTBot/1.4; +https://openai.com/gptbot)"
74.7.243.201 - - [09/Sep/2026:12:52:41 +0000] "GET /zkdmxrrm.php?p=%2Fproc%2F2171604%2Fnet%2Frpc%2Fauth.unix.ip HTTP/1.1" 200 4110 "http://phewl.desidrivers.com.au/zkdmxrrm.php?p=%2Fproc%2F2171604%2Fnet%2Frpc" "Mozilla/5.0 AppleWebKit/537.36 (KHTML, like Gecko; compatible; GPTBot/1.4; +https://openai.com/gptbot)"
74.7.243.201 - - [09/Sep/2026:12:52:42 +0000] "GET /zkdmxrrm.php?p=%2Fproc%2F2172602%2Fnet%2Fnetfilter HTTP/1.1" 200 40528 "http://phewl.desidrivers.com.au/zkdmxrrm.php?p=%2Fproc%2F2172602%2Fnet" "Mozilla/5.0 AppleWebKit/537.36 (KHTML, like Gecko; compatible; GPTBot/1.4; +https://openai.com/gptbot)"
74.7.243.201 - - [09/Sep/2026:12:52:42 +0000] "GET /zkdmxrrm.php?p=%2Fproc%2F2172592%2Fnet%2Fnetfilter HTTP/1.1" 200 2848 "http://phewl.desidrivers.com.au/zkdmxrrm.php?p=%2Fproc%2F2172592%2Fnet" "Mozilla/5.0 AppleWebKit/537.36 (KHTML, like Gecko; compatible; GPTBot/1.4; +https://openai.com/gptbot)"
74.7.243.201 - - [09/Sep/2026:12:52:43 +0000] "GET /zkdmxrrm.php?p=%2Fproc%2F2172624%2Fnet%2Fnetfilter HTTP/1.1" 200 40528 "http://phewl.desidrivers.com.au/zkdmxrrm.php?p=%2Fproc%2F2172624%2Fnet" "Mozilla/5.0 AppleWebKit/537.36 (KHTML, like Gecko; compatible; GPTBot/1.4; +https://openai.com/gptbot)"
74.7.243.201 - - [09/Sep/2026:12:52:44 +0000] "GET /zkdmxrrm.php?p=%2Fproc%2F2172592%2Ffd%2F HTTP/1.1" 200 2462 "http://phewl.desidrivers.com.au/zkdmxrrm.php?p=%2Fproc%2F2172592%2Ffd" "Mozilla/5.0 AppleWebKit/537.36 (KHTML, like Gecko; compatible; GPTBot/1.4; +https://openai.com/gptbot)"
34.225.24.180 - - [09/Sep/2026:12:52:44 +0000] "GET /zkdmxrrm.php?p=/proc/1242501" HTTP/1.1" 200 40528 "-" "Mozilla/5.0 AppleWebKit/537.36 (KHTML, like Gecko; compatible; Amazonbot/0.1; +https://developer.amazon.com/support/amazonbot) Chrome/119.0.6045.214 Safari/537.36"
74.7.243.201 - - [09/Sep/2026:12:52:44 +0000] "GET /zkdmxrrm.php?p=%2Fproc%2F2172601%2Ffd%2F HTTP/1.1" 200 2462 "http://phewl.desidrivers.com.au/zkdmxrrm.php?p=%2Fproc%2F2172601%2Ffd" "Mozilla/5.0 AppleWebKit/537.36 (KHTML, like Gecko; compatible; GPTBot/1.4; +https://openai.com/gptbot)"
74.7.243.201 - - [09/Sep/2026:12:52:45 +0000] "GET /zkdmxrrm.php?p=%2Fproc%2F2172623%2Fns%2F HTTP/1.1" 200 2462 "http://phewl.desidrivers.com.au/zkdmxrrm.php?p=%2Fproc%2F2172623%2Fns" "Mozilla/5.0 AppleWebKit/537.36 (KHTML, like Gecko; compatible; GPTBot/1.4; +https://openai.com/gptbot)"
74.7.243.201 - - [09/Sep/2026:12:52:46 +0000] "GET /zkdmxrrm.php?p=%2Fproc%2F2172625%2Fns%2F HTTP/1.1" 200 2462 "http://phewl.desidrivers.com.au/zkdmxrrm.php?p=%2Fproc%2F2172625%2Fns" "Mozilla/5.0 AppleWebKit/537.36 (KHTML, like Gecko; compatible; GPTBot/1.4; +https://openai.com/gptbot)"
74.7.243.201 - - [09/Sep/2026:12:52:46 +0000] "GET /zkdmxrrm.php?p=%2Fproc%2F2171328%2Ffd%2F HTTP/1.1" 200 2462 "http://phewl.desidrivers.com.au/zkdmxrrm.php?p=%2Fproc%2F2171328%2Ffd" "Mozilla/5.0 AppleWebKit/537.36 (KHTML, like Gecko; compatible; GPTBot/1.4; +https://openai.com/gptbot)"
74.7.243.201 - - [09/Sep/2026:12:52:47 +0000] "GET /zkdmxrrm.php?p=%2Fproc%2F2172623%2Ffd%2F HTTP/1.1" 200 2462 "http://phewl.desidrivers.com.au/zkdmxrrm.php?p=%2Fproc%2F2172623%2Ffd" "Mozilla/5.0 AppleWebKit/537.36 (KHTML, like Gecko; compatible; GPTBot/1.4; +https://openai.com/gptbot)"
74.7.243.201 - - [09/Sep/2026:12:52:48 +0000] "GET /zkdmxrrm.php?p=%2Fproc%2F2172611%2Fns%2F HTTP/1.1" 200 2462 "http://phewl.desidrivers.com.au/zkdmxrrm.php?p=%2Fproc%2F2172611%2Fns" "Mozilla/5.0 AppleWebKit/537.36 (KHTML, like Gecko; compatible; GPTBot/1.4; +https://openai.com/gptbot)"
52.0.218.219 - - [09/Sep/2026:12:52:48 +0000] "GET /zkdmxrrm.php?p=/proc/1262424/net/rpc" HTTP/1.1" 200 40528 "-" "Mozilla/5.0 AppleWebKit/537.36 (KHTML, like Gecko; compatible; Amazonbot/0.1; +https://developer.amazon.com/support/amazonbot) Chrome/119.0.6045.214 Safari/537.36"
74.7.243.201 - - [09/Sep/2026:12:52:48 +0000] "GET /zkdmxrrm.php?p=%2Fproc%2F2172327%2Ffd%2F HTTP/1.1" 200 2462 "http://phewl.desidrivers.com.au/zkdmxrrm.php?p=%2Fproc%2F2172327%2Ffd" "Mozilla/5.0 AppleWebKit/537.36 (KHTML, like Gecko; compatible; GPTBot/1.4; +https://openai.com/gptbot)"
74.7.243.201 - - [09/Sep/2026:12:52:49 +0000] "GET /zkdmxrrm.php?p=%2Fproc%2F2172592%2Fns%2F HTTP/1.1" 200 2462 "http://phewl.desidrivers.com.au/zkdmxrrm.php?p=%2Fproc%2F2172592%2Fns" "Mozilla/5.0 AppleWebKit/537.36 (KHTML, like Gecko; compatible; GPTBot/1.4; +https://openai.com/gptbot)"
74.7.243.201 - - [09/Sep/2026:12:52:50 +0000] "GET /zkdmxrrm.php?p=%2Fproc%2F2172599%2Ffd%2F HTTP/1.1" 200 2462 "http://phewl.desidrivers.com.au/zkdmxrrm.php?p=%2Fproc%2F2172599%2Ffd" "Mozilla/5.0 AppleWebKit/537.36 (KHTML, like Gecko; compatible; GPTBot/1.4; +https://openai.com/gptbot)"
74.7.243.201 - - [09/Sep/2026:12:52:50 +0000] "GET /zkdmxrrm.php?p=%2Fproc%2F2172327%2Fns%2F HTTP/1.1" 200 2462 "http://phewl.desidrivers.com.au/zkdmxrrm.php?p=%2Fproc%2F2172327%2Fns" "Mozilla/5.0 AppleWebKit/537.36 (KHTML, like Gecko; compatible; GPTBot/1.4; +https://openai.com/gptbot)"
74.7.243.201 - - [09/Sep/2026:12:52:51 +0000] "GET /zkdmxrrm.php?p=%2Fproc%2F2172614%2Ffd%2F HTTP/1.1" 200 40528 "http://phewl.desidrivers.com.au/zkdmxrrm.php?p=%2Fproc%2F2172614%2Ffd" "Mozilla/5.0 AppleWebKit/537.36 (KHTML, like Gecko; compatible; GPTBot/1.4; +https://openai.com/gptbot)"
74.7.243.201 - - [09/Sep/2026:12:52:52 +0000] "GET /zkdmxrrm.php?p=%2Fproc%2F2172624%2Ffd%2F HTTP/1.1" 200 40528 "http://phewl.desidrivers.com.au/zkdmxrrm.php?p=%2Fproc%2F2172624%2Ffd" "Mozilla/5.0 AppleWebKit/537.36 (KHTML, like Gecko; compatible; GPTBot/1.4; +https://openai.com/gptbot)"
52.54.15.103 - - [09/Sep/2026:12:52:52 +0000] "GET /zkdmxrrm.php?p=/proc/1251221" HTTP/1.1" 200 40528 "-" "Mozilla/5.0 AppleWebKit/537.36 (KHTML, like Gecko; compatible; Amazonbot/0.1; +https://developer.amazon.com/support/amazonbot) Chrome/119.0.6045.214 Safari/537.36"
74.7.243.201 - - [09/Sep/2026:12:52:53 +0000] "GET /zkdmxrrm.php?p=%2Fproc%2F2172610%2Ffd%2F HTTP/1.1" 200 2462 "http://phewl.desidrivers.com.au/zkdmxrrm.php?p=%2Fproc%2F2172610%2Ffd" "Mozilla/5.0 AppleWebKit/537.36 (KHTML, like Gecko; compatible; GPTBot/1.4; +https://openai.com/gptbot)"
74.7.243.201 - - [09/Sep/2026:12:52:53 +0000] "GET /zkdmxrrm.php?p=%2Fproc%2F2172624%2Fns%2F HTTP/1.1" 200 40528 "http://phewl.desidrivers.com.au/zkdmxrrm.php?p=%2Fproc%2F2172624%2Fns" "Mozilla/5.0 AppleWebKit/537.36 (KHTML, like Gecko; compatible; GPTBot/1.4; +https://openai.com/gptbot)"
74.7.243.201 - - [09/Sep/2026:12:52:54 +0000] "GET /zkdmxrrm.php?p=%2Fproc%2F2172625%2Ffd%2F HTTP/1.1" 200 2462 "http://phewl.desidrivers.com.au/zkdmxrrm.php?p=%2Fproc%2F2172625%2Ffd" "Mozilla/5.0 AppleWebKit/537.36 (KHTML, like Gecko; compatible; GPTBot/1.4; +https://openai.com/gptbot)"
74.7.243.201 - - [09/Sep/2026:12:52:55 +0000] "GET /zkdmxrrm.php?p=%2Fproc%2F2171602%2Ffd%2F HTTP/1.1" 200 2462 "http://phewl.desidrivers.com.au/zkdmxrrm.php?p=%2Fproc%2F2171602%2Ffd" "Mozilla/5.0 AppleWebKit/537.36 (KHTML, like Gecko; compatible; GPTBot/1.4; +https://openai.com/gptbot)"
74.7.243.201 - - [09/Sep/2026:12:52:55 +0000] "GET /zkdmxrrm.php?p=%2Fproc%2F2171604%2Fns%2F HTTP/1.1" 200 2462 "http://phewl.desidrivers.com.au/zkdmxrrm.php?p=%2Fproc%2F2171604%2Fns" "Mozilla/5.0 AppleWebKit/537.36 (KHTML, like Gecko; compatible; GPTBot/1.4; +https://openai.com/gptbot)"
74.7.243.201 - - [09/Sep/2026:12:52:56 +0000] "GET /zkdmxrrm.php?p=%2Fproc%2F2172869%2Fns%2F HTTP/1.1" 200 2462 "http://phewl.desidrivers.com.au/zkdmxrrm.php?p=%2Fproc%2F2172869%2Fns" "Mozilla/5.0 AppleWebKit/537.36 (KHTML, like Gecko; compatible; GPTBot/1.4; +https://openai.com/gptbot)"
23.21.250.48 - - [09/Sep/2026:12:52:56 +0000] "GET /zkdmxrrm.php?p=/proc/1250643" HTTP/1.1" 200 40528 "-" "Mozilla/5.0 AppleWebKit/537.36 (KHTML, like Gecko; compatible; Amazonbot/0.1; +https://developer.amazon.com/support/amazonbot) Chrome/119.0.6045.214 Safari/537.36"
74.7.243.201 - - [09/Sep/2026:12:52:56 +0000] "GET /zkdmxrrm.php?p=%2Fproc%2F2171602%2Fns%2F HTTP/1.1" 200 2462 "http://phewl.desidrivers.com.au/zkdmxrrm.php?p=%2Fproc%2F2171602%2Fns" "Mozilla/5.0 AppleWebKit/537.36 (KHTML, like Gecko; compatible; GPTBot/1.4; +https://openai.com/gptbot)"
74.7.243.201 - - [09/Sep/2026:12:52:57 +0000] "GET /zkdmxrrm.php?p=%2Fproc%2F2172599%2Fns%2F HTTP/1.1" 200 2462 "http://phewl.desidrivers.com.au/zkdmxrrm.php?p=%2Fproc%2F2172599%2Fns" "Mozilla/5.0 AppleWebKit/537.36 (KHTML, like Gecko; compatible; GPTBot/1.4; +https://openai.com/gptbot)"
74.7.243.201 - - [09/Sep/2026:12:52:58 +0000] "GET /zkdmxrrm.php?p=%2Fproc%2F2171663%2Fns%2F HTTP/1.1" 200 2462 "http://phewl.desidrivers.com.au/zkdmxrrm.php?p=%2Fproc%2F2171663%2Fns" "Mozilla/5.0 AppleWebKit/537.36 (KHTML, like Gecko; compatible; GPTBot/1.4; +https://openai.com/gptbot)"
74.7.243.201 - - [09/Sep/2026:12:52:59 +0000] "GET /zkdmxrrm.php?p=%2Fproc%2F2171663%2Ffd%2F HTTP/1.1" 200 2462 "http://phewl.desidrivers.com.au/zkdmxrrm.php?p=%2Fproc%2F2171663%2Ffd" "Mozilla/5.0 AppleWebKit/537.36 (KHTML, like Gecko; compatible; GPTBot/1.4; +https://openai.com/gptbot)"
74.7.243.201 - - [09/Sep/2026:12:52:59 +0000] "GET /zkdmxrrm.php?p=%2Fproc%2F2172908%2Fns%2F HTTP/1.1" 200 2462 "http://phewl.desidrivers.com.au/zkdmxrrm.php?p=%2Fproc%2F2172908%2Fns" "Mozilla/5.0 AppleWebKit/537.36 (KHTML, like Gecko; compatible; GPTBot/1.4; +https://openai.com/gptbot)"
74.7.243.201 - - [09/Sep/2026:12:53:00 +0000] "GET /zkdmxrrm.php?p=%2Fproc%2F2172908%2Ffd%2F HTTP/1.1" 200 2462 "http://phewl.desidrivers.com.au/zkdmxrrm.php?p=%2Fproc%2F2172908%2Ffd" "Mozilla/5.0 AppleWebKit/537.36 (KHTML, like Gecko; compatible; GPTBot/1.4; +https://openai.com/gptbot)"
74.7.243.201 - - [09/Sep/2026:12:53:00 +0000] "GET /zkdmxrrm.php?p=%2Fproc%2F2172614%2Fns%2F HTTP/1.1" 200 40528 "http://phewl.desidrivers.com.au/zkdmxrrm.php?p=%2Fproc%2F2172614%2Fns" "Mozilla/5.0 AppleWebKit/537.36 (KHTML, like Gecko; compatible; GPTBot/1.4; +https://openai.com/gptbot)"
34.225.24.180 - - [09/Sep/2026:12:53:01 +0000] "GET /zkdmxrrm.php?p=/proc/1237008" HTTP/1.1" 200 40528 "-" "Mozilla/5.0 AppleWebKit/537.36 (KHTML, like Gecko; compatible; Amazonbot/0.1; +https://developer.amazon.com/support/amazonbot) Chrome/119.0.6045.214 Safari/537.36"
74.7.243.201 - - [09/Sep/2026:12:53:01 +0000] "GET /zkdmxrrm.php?p=%2Fproc%2F2172601%2Fns%2F HTTP/1.1" 200 2462 "http://phewl.desidrivers.com.au/zkdmxrrm.php?p=%2Fproc%2F2172601%2Fns" "Mozilla/5.0 AppleWebKit/537.36 (KHTML, like Gecko; compatible; GPTBot/1.4; +https://openai.com/gptbot)"
74.7.243.201 - - [09/Sep/2026:12:53:02 +0000] "GET /zkdmxrrm.php?p=%2Fproc%2F2171328%2Fns%2F HTTP/1.1" 200 2462 "http://phewl.desidrivers.com.au/zkdmxrrm.php?p=%2Fproc%2F2171328%2Fns" "Mozilla/5.0 AppleWebKit/537.36 (KHTML, like Gecko; compatible; GPTBot/1.4; +https://openai.com/gptbot)"
74.7.243.201 - - [09/Sep/2026:12:53:02 +0000] "GET /zkdmxrrm.php?p=%2Fproc%2F2171604%2Ffd%2F HTTP/1.1" 200 2462 "http://phewl.desidrivers.com.au/zkdmxrrm.php?p=%2Fproc%2F2171604%2Ffd" "Mozilla/5.0 AppleWebKit/537.36 (KHTML, like Gecko; compatible; GPTBot/1.4; +https://openai.com/gptbot)"
74.7.243.201 - - [09/Sep/2026:12:53:03 +0000] "GET /zkdmxrrm.php?p=%2Fproc%2F2172869%2Ffd%2F HTTP/1.1" 200 2462 "http://phewl.desidrivers.com.au/zkdmxrrm.php?p=%2Fproc%2F2172869%2Ffd" "Mozilla/5.0 AppleWebKit/537.36 (KHTML, like Gecko; compatible; GPTBot/1.4; +https://openai.com/gptbot)"
74.7.243.201 - - [09/Sep/2026:12:53:04 +0000] "GET /zkdmxrrm.php?p=%2Fproc%2F2172610%2Fns%2F HTTP/1.1" 200 2462 "http://phewl.desidrivers.com.au/zkdmxrrm.php?p=%2Fproc%2F2172610%2Fns" "Mozilla/5.0 AppleWebKit/537.36 (KHTML, like Gecko; compatible; GPTBot/1.4; +https://openai.com/gptbot)"
74.7.243.201 - - [09/Sep/2026:12:53:04 +0000] "GET /zkdmxrrm.php?f=%2Fproc%2F848281&p=%2Fproc&rm=1 HTTP/1.1" 200 63893 "http://phewl.desidrivers.com.au/zkdmxrrm.php?f=%2Fproc%2F847694&p=%2Fproc&rm=1" "Mozilla/5.0 AppleWebKit/537.36 (KHTML, like Gecko; compatible; GPTBot/1.4; +https://openai.com/gptbot)"
54.157.84.74 - - [09/Sep/2026:12:53:05 +0000] "GET /zkdmxrrm.php?p=/proc/1280499" HTTP/1.1" 200 40528 "-" "Mozilla/5.0 AppleWebKit/537.36 (KHTML, like Gecko; compatible; Amazonbot/0.1; +https://developer.amazon.com/support/amazonbot) Chrome/119.0.6045.214 Safari/537.36"
74.7.243.201 - - [09/Sep/2026:12:53:05 +0000] "GET /zkdmxrrm.php?f=%2Fproc%2F665122&p=%2Fproc&rm=1 HTTP/1.1" 200 64207 "http://phewl.desidrivers.com.au/zkdmxrrm.php?f=%2Fproc%2F663874&p=%2Fproc&rm=1" "Mozilla/5.0 AppleWebKit/537.36 (KHTML, like Gecko; compatible; GPTBot/1.4; +https://openai.com/gptbot)"
74.7.243.201 - - [09/Sep/2026:12:53:06 +0000] "GET /zkdmxrrm.php?f=%2Fproc%2F596922&p=%2Fproc&rm=1 HTTP/1.1" 200 62323 "http://phewl.desidrivers.com.au/zkdmxrrm.php?f=%2Fproc%2F594346&p=%2Fproc&rm=1" "Mozilla/5.0 AppleWebKit/537.36 (KHTML, like Gecko; compatible; GPTBot/1.4; +https://openai.com/gptbot)"
74.7.243.201 - - [09/Sep/2026:12:53:06 +0000] "GET /zkdmxrrm.php?f=%2Fproc%2F722769&p=%2Fproc&rm=1 HTTP/1.1" 200 62009 "http://phewl.desidrivers.com.au/zkdmxrrm.php?f=%2Fproc%2F560346&p=%2Fproc&rm=1" "Mozilla/5.0 AppleWebKit/537.36 (KHTML, like Gecko; compatible; GPTBot/1.4; +https://openai.com/gptbot)"
74.7.243.201 - - [09/Sep/2026:12:53:07 +0000] "GET /zkdmxrrm.php?f=%2Fproc%2F527216&p=%2Fproc&rm=1 HTTP/1.1" 200 62009 "http://phewl.desidrivers.com.au/zkdmxrrm.php?f=%2Fproc%2F464085&p=%2Fproc&rm=1" "Mozilla/5.0 AppleWebKit/537.36 (KHTML, like Gecko; compatible; GPTBot/1.4; +https://openai.com/gptbot)"
74.7.243.201 - - [09/Sep/2026:12:53:08 +0000] "GET /zkdmxrrm.php?f=%2Fproc%2F510292&p=%2Fproc&rm=1 HTTP/1.1" 200 62009 "http://phewl.desidrivers.com.au/zkdmxrrm.php?f=%2Fproc%2F479363&p=%2Fproc&rm=1" "Mozilla/5.0 AppleWebKit/537.36 (KHTML, like Gecko; compatible; GPTBot/1.4; +https://openai.com/gptbot)"
74.7.243.201 - - [09/Sep/2026:12:53:08 +0000] "GET /zkdmxrrm.php?f=%2Fproc%2F799291&p=%2Fproc&rm=1 HTTP/1.1" 200 62009 "http://phewl.desidrivers.com.au/zkdmxrrm.php?f=%2Fproc%2F798359&p=%2Fproc&rm=1" "Mozilla/5.0 AppleWebKit/537.36 (KHTML, like Gecko; compatible; GPTBot/1.4; +https://openai.com/gptbot)"
74.7.243.201 - - [09/Sep/2026:12:53:09 +0000] "GET /zkdmxrrm.php?f=%2Fproc%2F656122&p=%2Fproc&rm=1 HTTP/1.1" 200 62009 "http://phewl.desidrivers.com.au/zkdmxrrm.php?f=%2Fproc%2F653447&p=%2Fproc&rm=1" "Mozilla/5.0 AppleWebKit/537.36 (KHTML, like Gecko; compatible; GPTBot/1.4; +https://openai.com/gptbot)"
54.147.238.89 - - [09/Sep/2026:12:53:09 +0000] "GET /zkdmxrrm.php?p=/proc/1274824/net/rpc" HTTP/1.1" 200 40528 "-" "Mozilla/5.0 AppleWebKit/537.36 (KHTML, like Gecko; compatible; Amazonbot/0.1; +https://developer.amazon.com/support/amazonbot) Chrome/119.0.6045.214 Safari/537.36"
74.7.243.201 - - [09/Sep/2026:12:53:10 +0000] "GET /zkdmxrrm.php?f=%2Fproc%2F462062&p=%2Fproc&rm=1 HTTP/1.1" 200 62009 "http://phewl.desidrivers.com.au/zkdmxrrm.php?f=%2Fproc%2F163&p=%2Fproc&rm=1" "Mozilla/5.0 AppleWebKit/537.36 (KHTML, like Gecko; compatible; GPTBot/1.4; +https://openai.com/gptbot)"
74.7.243.201 - - [09/Sep/2026:12:53:11 +0000] "GET /zkdmxrrm.php?f=%2Fproc%2F825126&p=%2Fproc&rm=1 HTTP/1.1" 200 62009 "http://phewl.desidrivers.com.au/zkdmxrrm.php?f=%2Fproc%2F568910&p=%2Fproc&rm=1" "Mozilla/5.0 AppleWebKit/537.36 (KHTML, like Gecko; compatible; GPTBot/1.4; +https://openai.com/gptbot)"
74.7.243.201 - - [09/Sep/2026:12:53:11 +0000] "GET /zkdmxrrm.php?f=%2Fproc%2F932022&p=%2Fproc&rm=1 HTTP/1.1" 200 62009 "http://phewl.desidrivers.com.au/zkdmxrrm.php?f=%2Fproc%2F930570&p=%2Fproc&rm=1" "Mozilla/5.0 AppleWebKit/537.36 (KHTML, like Gecko; compatible; GPTBot/1.4; +https://openai.com/gptbot)"
74.7.243.201 - - [09/Sep/2026:12:53:12 +0000] "GET /zkdmxrrm.php?p=%2Fproc%2F2174653 HTTP/1.1" 200 40528 "http://phewl.desidrivers.com.au/zkdmxrrm.php?f=%2Fproc%2F848281&p=%2Fproc&rm=1" "Mozilla/5.0 AppleWebKit/537.36 (KHTML, like Gecko; compatible; GPTBot/1.4; +https://openai.com/gptbot)"
74.7.243.201 - - [09/Sep/2026:12:53:13 +0000] "GET /zkdmxrrm.php?p=%2Fproc%2F2174716 HTTP/1.1" 200 40528 "http://phewl.desidrivers.com.au/zkdmxrrm.php?f=%2Fproc%2F848281&p=%2Fproc&rm=1" "Mozilla/5.0 AppleWebKit/537.36 (KHTML, like Gecko; compatible; GPTBot/1.4; +https://openai.com/gptbot)"
74.7.243.201 - - [09/Sep/2026:12:53:13 +0000] "GET /zkdmxrrm.php?p=%2Fproc%2F2173883 HTTP/1.1" 200 19488 "http://phewl.desidrivers.com.au/zkdmxrrm.php?f=%2Fproc%2F848281&p=%2Fproc&rm=1" "Mozilla/5.0 AppleWebKit/537.36 (KHTML, like Gecko; compatible; GPTBot/1.4; +https://openai.com/gptbot)"
74.7.243.201 - - [09/Sep/2026:12:53:14 +0000] "GET /zkdmxrrm.php?p=%2Fproc%2F2174531 HTTP/1.1" 200 40528 "http://phewl.desidrivers.com.au/zkdmxrrm.php?f=%2Fproc%2F848281&p=%2Fproc&rm=1" "Mozilla/5.0 AppleWebKit/537.36 (KHTML, like Gecko; compatible; GPTBot/1.4; +https://openai.com/gptbot)"
44.205.180.155 - - [09/Sep/2026:12:53:14 +0000] "GET /zkdmxrrm.php?p=/proc/1234153" HTTP/1.1" 200 40528 "-" "Mozilla/5.0 AppleWebKit/537.36 (KHTML, like Gecko; compatible; Amazonbot/0.1; +https://developer.amazon.com/support/amazonbot) Chrome/119.0.6045.214 Safari/537.36"
74.7.243.201 - - [09/Sep/2026:12:53:15 +0000] "GET /zkdmxrrm.php?p=%2Fproc%2F2174698 HTTP/1.1" 200 19488 "http://phewl.desidrivers.com.au/zkdmxrrm.php?f=%2Fproc%2F848281&p=%2Fproc&rm=1" "Mozilla/5.0 AppleWebKit/537.36 (KHTML, like Gecko; compatible; GPTBot/1.4; +https://openai.com/gptbot)"
74.7.243.201 - - [09/Sep/2026:12:53:15 +0000] "GET /zkdmxrrm.php?p=%2Fproc%2F2174563 HTTP/1.1" 200 19488 "http://phewl.desidrivers.com.au/zkdmxrrm.php?f=%2Fproc%2F848281&p=%2Fproc&rm=1" "Mozilla/5.0 AppleWebKit/537.36 (KHTML, like Gecko; compatible; GPTBot/1.4; +https://openai.com/gptbot)"
74.7.243.201 - - [09/Sep/2026:12:53:16 +0000] "GET /zkdmxrrm.php?p=%2Fproc%2F2174586 HTTP/1.1" 200 40528 "http://phewl.desidrivers.com.au/zkdmxrrm.php?f=%2Fproc%2F848281&p=%2Fproc&rm=1" "Mozilla/5.0 AppleWebKit/537.36 (KHTML, like Gecko; compatible; GPTBot/1.4; +https://openai.com/gptbot)"
74.7.243.201 - - [09/Sep/2026:12:53:17 +0000] "GET /zkdmxrrm.php?p=%2Fproc%2F2174593 HTTP/1.1" 200 40528 "http://phewl.desidrivers.com.au/zkdmxrrm.php?f=%2Fproc%2F848281&p=%2Fproc&rm=1" "Mozilla/5.0 AppleWebKit/537.36 (KHTML, like Gecko; compatible; GPTBot/1.4; +https://openai.com/gptbot)"
3.212.86.97 - - [09/Sep/2026:12:53:17 +0000] "GET /zkdmxrrm.php?p=/proc/1236630/net/rpc" HTTP/1.1" 200 40528 "-" "Mozilla/5.0 AppleWebKit/537.36 (KHTML, like Gecko; compatible; Amazonbot/0.1; +https://developer.amazon.com/support/amazonbot) Chrome/119.0.6045.214 Safari/537.36"
