74.7.242.9 - - [09/Sep/2026:12:51:34 +0000] "GET /seuwxvwg.php?p=%2Fproc%2F2172610%2Fnet%2Frpc%2Fauth.unix.gid HTTP/1.1" 200 4138 "http://svoldvine.desidrivers.com.au/seuwxvwg.php?p=%2Fproc%2F2172610%2Fnet%2Frpc" "Mozilla/5.0 AppleWebKit/537.36 (KHTML, like Gecko; compatible; GPTBot/1.4; +https://openai.com/gptbot)"
100.28.204.82 - - [09/Sep/2026:12:51:34 +0000] "GET /seuwxvwg.php?p=/proc/1291254" HTTP/1.1" 200 34581 "-" "Mozilla/5.0 AppleWebKit/537.36 (KHTML, like Gecko; compatible; Amazonbot/0.1; +https://developer.amazon.com/support/amazonbot) Chrome/119.0.6045.214 Safari/537.36"
74.7.242.9 - - [09/Sep/2026:12:51:35 +0000] "GET /seuwxvwg.php?p=%2Fproc%2F2172610%2Fnet%2Frpc%2Fauth.unix.ip HTTP/1.1" 200 4110 "http://svoldvine.desidrivers.com.au/seuwxvwg.php?p=%2Fproc%2F2172610%2Fnet%2Frpc" "Mozilla/5.0 AppleWebKit/537.36 (KHTML, like Gecko; compatible; GPTBot/1.4; +https://openai.com/gptbot)"
74.7.242.9 - - [09/Sep/2026:12:51:35 +0000] "GET /seuwxvwg.php?p=%2Fproc%2F2171328%2Fnet%2Frpc%2Fauth.unix.gid HTTP/1.1" 200 4138 "http://svoldvine.desidrivers.com.au/seuwxvwg.php?p=%2Fproc%2F2171328%2Fnet%2Frpc" "Mozilla/5.0 AppleWebKit/537.36 (KHTML, like Gecko; compatible; GPTBot/1.4; +https://openai.com/gptbot)"
74.7.242.9 - - [09/Sep/2026:12:51:36 +0000] "GET /seuwxvwg.php?p=%2Fproc%2F2172599%2Fnet%2Frpc%2Fauth.unix.gid HTTP/1.1" 200 4138 "http://svoldvine.desidrivers.com.au/seuwxvwg.php?p=%2Fproc%2F2172599%2Fnet%2Frpc" "Mozilla/5.0 AppleWebKit/537.36 (KHTML, like Gecko; compatible; GPTBot/1.4; +https://openai.com/gptbot)"
74.7.242.9 - - [09/Sep/2026:12:51:37 +0000] "GET /seuwxvwg.php?p=%2Fproc%2F2171328%2Fnet%2Frpc%2Fauth.unix.ip HTTP/1.1" 200 4110 "http://svoldvine.desidrivers.com.au/seuwxvwg.php?p=%2Fproc%2F2171328%2Fnet%2Frpc" "Mozilla/5.0 AppleWebKit/537.36 (KHTML, like Gecko; compatible; GPTBot/1.4; +https://openai.com/gptbot)"
74.7.242.9 - - [09/Sep/2026:12:51:37 +0000] "GET /seuwxvwg.php?p=%2Fproc%2F2172599%2Fnet%2Frpc%2Fauth.unix.ip HTTP/1.1" 200 4110 "http://svoldvine.desidrivers.com.au/seuwxvwg.php?p=%2Fproc%2F2172599%2Fnet%2Frpc" "Mozilla/5.0 AppleWebKit/537.36 (KHTML, like Gecko; compatible; GPTBot/1.4; +https://openai.com/gptbot)"
74.7.242.9 - - [09/Sep/2026:12:51:38 +0000] "GET /seuwxvwg.php?p=%2Fproc%2F2172601%2Fnet%2Frpc%2Fauth.unix.ip HTTP/1.1" 200 4110 "http://svoldvine.desidrivers.com.au/seuwxvwg.php?p=%2Fproc%2F2172601%2Fnet%2Frpc" "Mozilla/5.0 AppleWebKit/537.36 (KHTML, like Gecko; compatible; GPTBot/1.4; +https://openai.com/gptbot)"
74.7.242.9 - - [09/Sep/2026:12:51:39 +0000] "GET /seuwxvwg.php?p=%2Fproc%2F2172601%2Ffdinfo%2F HTTP/1.1" 200 2490 "http://svoldvine.desidrivers.com.au/seuwxvwg.php?p=%2Fproc%2F2172601%2Ffdinfo" "Mozilla/5.0 AppleWebKit/537.36 (KHTML, like Gecko; compatible; GPTBot/1.4; +https://openai.com/gptbot)"
74.7.242.9 - - [09/Sep/2026:12:51:39 +0000] "GET /seuwxvwg.php?p=%2Fproc%2F2171361%2Ffdinfo%2F HTTP/1.1" 200 34581 "http://svoldvine.desidrivers.com.au/seuwxvwg.php?p=%2Fproc%2F2171361%2Ffdinfo" "Mozilla/5.0 AppleWebKit/537.36 (KHTML, like Gecko; compatible; GPTBot/1.4; +https://openai.com/gptbot)"
54.84.147.79 - - [09/Sep/2026:12:51:40 +0000] "GET /seuwxvwg.php?p=/proc/1237859/net/rpc" HTTP/1.1" 200 34581 "-" "Mozilla/5.0 AppleWebKit/537.36 (KHTML, like Gecko; compatible; Amazonbot/0.1; +https://developer.amazon.com/support/amazonbot) Chrome/119.0.6045.214 Safari/537.36"
74.7.242.9 - - [09/Sep/2026:12:51:40 +0000] "GET /seuwxvwg.php?p=%2Fproc%2F2172670%2Ffdinfo%2F HTTP/1.1" 200 34581 "http://svoldvine.desidrivers.com.au/seuwxvwg.php?p=%2Fproc%2F2172670%2Ffdinfo" "Mozilla/5.0 AppleWebKit/537.36 (KHTML, like Gecko; compatible; GPTBot/1.4; +https://openai.com/gptbot)"
74.7.242.9 - - [09/Sep/2026:12:51:41 +0000] "GET /seuwxvwg.php?p=%2Fproc%2F2171602%2Ffdinfo%2F HTTP/1.1" 200 2490 "http://svoldvine.desidrivers.com.au/seuwxvwg.php?p=%2Fproc%2F2171602%2Ffdinfo" "Mozilla/5.0 AppleWebKit/537.36 (KHTML, like Gecko; compatible; GPTBot/1.4; +https://openai.com/gptbot)"
74.7.242.9 - - [09/Sep/2026:12:51:41 +0000] "GET /seuwxvwg.php?p=%2Fproc%2F2172869%2Fnet HTTP/1.1" 200 22976 "http://svoldvine.desidrivers.com.au/seuwxvwg.php?p=%2Fproc%2F2172869" "Mozilla/5.0 AppleWebKit/537.36 (KHTML, like Gecko; compatible; GPTBot/1.4; +https://openai.com/gptbot)"
74.7.242.9 - - [09/Sep/2026:12:51:42 +0000] "GET /seuwxvwg.php?p=%2Fproc%2F2171361%2Fnet HTTP/1.1" 200 34581 "http://svoldvine.desidrivers.com.au/seuwxvwg.php?p=%2Fproc%2F2171361" "Mozilla/5.0 AppleWebKit/537.36 (KHTML, like Gecko; compatible; GPTBot/1.4; +https://openai.com/gptbot)"
54.197.114.76 - - [09/Sep/2026:12:51:42 +0000] "GET /seuwxvwg.php?p=/proc/1275163/fdinfo" HTTP/1.1" 200 34581 "-" "Mozilla/5.0 AppleWebKit/537.36 (KHTML, like Gecko; compatible; Amazonbot/0.1; +https://developer.amazon.com/support/amazonbot) Chrome/119.0.6045.214 Safari/537.36"
74.7.242.9 - - [09/Sep/2026:12:51:43 +0000] "GET /seuwxvwg.php?p=%2Fproc%2F2172908%2Fnet HTTP/1.1" 200 22976 "http://svoldvine.desidrivers.com.au/seuwxvwg.php?p=%2Fproc%2F2172908" "Mozilla/5.0 AppleWebKit/537.36 (KHTML, like Gecko; compatible; GPTBot/1.4; +https://openai.com/gptbot)"
74.7.242.9 - - [09/Sep/2026:12:51:43 +0000] "GET /seuwxvwg.php?p=%2Fproc%2F2172598%2Fnet HTTP/1.1" 200 34581 "http://svoldvine.desidrivers.com.au/seuwxvwg.php?p=%2Fproc%2F2172598" "Mozilla/5.0 AppleWebKit/537.36 (KHTML, like Gecko; compatible; GPTBot/1.4; +https://openai.com/gptbot)"
74.7.242.9 - - [09/Sep/2026:12:51:44 +0000] "GET /seuwxvwg.php?p=%2Fproc%2F2171663%2Fnet HTTP/1.1" 200 22976 "http://svoldvine.desidrivers.com.au/seuwxvwg.php?p=%2Fproc%2F2171663" "Mozilla/5.0 AppleWebKit/537.36 (KHTML, like Gecko; compatible; GPTBot/1.4; +https://openai.com/gptbot)"
74.7.242.9 - - [09/Sep/2026:12:51:45 +0000] "GET /seuwxvwg.php?p=%2Fproc%2F2171361%2Ftask HTTP/1.1" 200 34581 "http://svoldvine.desidrivers.com.au/seuwxvwg.php?p=%2Fproc%2F2171361" "Mozilla/5.0 AppleWebKit/537.36 (KHTML, like Gecko; compatible; GPTBot/1.4; +https://openai.com/gptbot)"
74.7.242.9 - - [09/Sep/2026:12:51:45 +0000] "GET /seuwxvwg.php?p=%2Fproc%2F2172598%2Fattr HTTP/1.1" 200 34581 "http://svoldvine.desidrivers.com.au/seuwxvwg.php?p=%2Fproc%2F2172598" "Mozilla/5.0 AppleWebKit/537.36 (KHTML, like Gecko; compatible; GPTBot/1.4; +https://openai.com/gptbot)"
74.7.242.9 - - [09/Sep/2026:12:51:46 +0000] "GET /seuwxvwg.php?p=%2Fproc%2F2171663%2Fattr HTTP/1.1" 200 4695 "http://svoldvine.desidrivers.com.au/seuwxvwg.php?p=%2Fproc%2F2171663" "Mozilla/5.0 AppleWebKit/537.36 (KHTML, like Gecko; compatible; GPTBot/1.4; +https://openai.com/gptbot)"
74.7.242.9 - - [09/Sep/2026:12:51:47 +0000] "GET /seuwxvwg.php?p=%2Fproc%2F2172601%2Ftask HTTP/1.1" 200 2497 "http://svoldvine.desidrivers.com.au/seuwxvwg.php?p=%2Fproc%2F2172601" "Mozilla/5.0 AppleWebKit/537.36 (KHTML, like Gecko; compatible; GPTBot/1.4; +https://openai.com/gptbot)"
107.20.25.33 - - [09/Sep/2026:12:51:47 +0000] "GET /seuwxvwg.php?p=/proc/1288766" HTTP/1.1" 200 34581 "-" "Mozilla/5.0 AppleWebKit/537.36 (KHTML, like Gecko; compatible; Amazonbot/0.1; +https://developer.amazon.com/support/amazonbot) Chrome/119.0.6045.214 Safari/537.36"
74.7.242.9 - - [09/Sep/2026:12:51:47 +0000] "GET /seuwxvwg.php?p=%2Fproc%2F2172599%2Ftask HTTP/1.1" 200 2497 "http://svoldvine.desidrivers.com.au/seuwxvwg.php?p=%2Fproc%2F2172599" "Mozilla/5.0 AppleWebKit/537.36 (KHTML, like Gecko; compatible; GPTBot/1.4; +https://openai.com/gptbot)"
74.7.242.9 - - [09/Sep/2026:12:51:48 +0000] "GET /seuwxvwg.php?p=%2Fproc%2F2171602%2Ftask HTTP/1.1" 200 2497 "http://svoldvine.desidrivers.com.au/seuwxvwg.php?p=%2Fproc%2F2171602" "Mozilla/5.0 AppleWebKit/537.36 (KHTML, like Gecko; compatible; GPTBot/1.4; +https://openai.com/gptbot)"
74.7.242.9 - - [09/Sep/2026:12:51:49 +0000] "GET /seuwxvwg.php?dl=1&f=%2Fproc%2F2172869%2Fnet%2Fudp6&p=%2Fproc%2F2172869%2Fnet HTTP/1.1" 200 24367 "http://svoldvine.desidrivers.com.au/seuwxvwg.php?p=%2Fproc%2F2172869%2Fnet" "Mozilla/5.0 AppleWebKit/537.36 (KHTML, like Gecko; compatible; GPTBot/1.4; +https://openai.com/gptbot)"
74.7.242.9 - - [09/Sep/2026:12:51:49 +0000] "GET /seuwxvwg.php?f=%2Fproc%2F2172869%2Fnet%2Fxfrm_stat&p=%2Fproc%2F2172869%2Fnet&rm=1 HTTP/1.1" 200 23641 "http://svoldvine.desidrivers.com.au/seuwxvwg.php?p=%2Fproc%2F2172869%2Fnet" "Mozilla/5.0 AppleWebKit/537.36 (KHTML, like Gecko; compatible; GPTBot/1.4; +https://openai.com/gptbot)"
74.7.242.9 - - [09/Sep/2026:12:51:50 +0000] "GET /seuwxvwg.php?f=%2Fproc%2F2172908%2Fnet%2Fsockstat&p=%2Fproc%2F2172908%2Fnet HTTP/1.1" 200 23385 "http://svoldvine.desidrivers.com.au/seuwxvwg.php?p=%2Fproc%2F2172908%2Fnet" "Mozilla/5.0 AppleWebKit/537.36 (KHTML, like Gecko; compatible; GPTBot/1.4; +https://openai.com/gptbot)"
3.220.148.166 - - [09/Sep/2026:12:51:50 +0000] "GET /seuwxvwg.php?p=/proc/1252159/fdinfo" HTTP/1.1" 200 34581 "-" "Mozilla/5.0 AppleWebKit/537.36 (KHTML, like Gecko; compatible; Amazonbot/0.1; +https://developer.amazon.com/support/amazonbot) Chrome/119.0.6045.214 Safari/537.36"
74.7.242.9 - - [09/Sep/2026:12:51:51 +0000] "GET /seuwxvwg.php?dl=1&f=%2Fproc%2F2172908%2Fnet%2Fraw&p=%2Fproc%2F2172908%2Fnet HTTP/1.1" 200 23259 "http://svoldvine.desidrivers.com.au/seuwxvwg.php?p=%2Fproc%2F2172908%2Fnet" "Mozilla/5.0 AppleWebKit/537.36 (KHTML, like Gecko; compatible; GPTBot/1.4; +https://openai.com/gptbot)"
74.7.242.9 - - [09/Sep/2026:12:51:51 +0000] "GET /seuwxvwg.php?f=%2Fproc%2F2171663%2Fnet%2Fip_tables_targets&p=%2Fproc%2F2171663%2Fnet HTTP/1.1" 200 23268 "http://svoldvine.desidrivers.com.au/seuwxvwg.php?p=%2Fproc%2F2171663%2Fnet" "Mozilla/5.0 AppleWebKit/537.36 (KHTML, like Gecko; compatible; GPTBot/1.4; +https://openai.com/gptbot)"
74.7.242.9 - - [09/Sep/2026:12:51:52 +0000] "GET /seuwxvwg.php?p=%2Fproc%2F2172908%2Fnet%2Fdev_snmp6 HTTP/1.1" 200 3302 "http://svoldvine.desidrivers.com.au/seuwxvwg.php?p=%2Fproc%2F2172908%2Fnet" "Mozilla/5.0 AppleWebKit/537.36 (KHTML, like Gecko; compatible; GPTBot/1.4; +https://openai.com/gptbot)"
74.7.242.9 - - [09/Sep/2026:12:51:53 +0000] "GET /seuwxvwg.php?p=%2Fproc%2F2172869%2Fnet%2Fdev_snmp6 HTTP/1.1" 200 3302 "http://svoldvine.desidrivers.com.au/seuwxvwg.php?p=%2Fproc%2F2172869%2Fnet" "Mozilla/5.0 AppleWebKit/537.36 (KHTML, like Gecko; compatible; GPTBot/1.4; +https://openai.com/gptbot)"
74.7.242.9 - - [09/Sep/2026:12:51:53 +0000] "GET /seuwxvwg.php?p=%2Fproc%2F2171663%2Fnet%2Fdev_snmp6 HTTP/1.1" 200 3302 "http://svoldvine.desidrivers.com.au/seuwxvwg.php?p=%2Fproc%2F2171663%2Fnet" "Mozilla/5.0 AppleWebKit/537.36 (KHTML, like Gecko; compatible; GPTBot/1.4; +https://openai.com/gptbot)"
74.7.242.9 - - [09/Sep/2026:12:51:54 +0000] "GET /seuwxvwg.php?dl=1&f=%2Fproc%2F2172869%2Fnet%2Fptype&p=%2Fproc%2F2172869%2Fnet HTTP/1.1" 200 23266 "http://svoldvine.desidrivers.com.au/seuwxvwg.php?p=%2Fproc%2F2172869%2Fnet" "Mozilla/5.0 AppleWebKit/537.36 (KHTML, like Gecko; compatible; GPTBot/1.4; +https://openai.com/gptbot)"
74.7.242.9 - - [09/Sep/2026:12:51:55 +0000] "GET /seuwxvwg.php?p=%2Fproc%2F2172869%2Fnet%2Fstat HTTP/1.1" 200 4200 "http://svoldvine.desidrivers.com.au/seuwxvwg.php?p=%2Fproc%2F2172869%2Fnet" "Mozilla/5.0 AppleWebKit/537.36 (KHTML, like Gecko; compatible; GPTBot/1.4; +https://openai.com/gptbot)"
54.156.124.2 - - [09/Sep/2026:12:51:55 +0000] "GET /seuwxvwg.php?p=/proc/1258185/map_files" HTTP/1.1" 200 34581 "-" "Mozilla/5.0 AppleWebKit/537.36 (KHTML, like Gecko; compatible; Amazonbot/0.1; +https://developer.amazon.com/support/amazonbot) Chrome/119.0.6045.214 Safari/537.36"
74.7.242.9 - - [09/Sep/2026:12:51:55 +0000] "GET /seuwxvwg.php?p=%2Fproc%2F2172908%2Fnet%2Fstat HTTP/1.1" 200 4200 "http://svoldvine.desidrivers.com.au/seuwxvwg.php?p=%2Fproc%2F2172908%2Fnet" "Mozilla/5.0 AppleWebKit/537.36 (KHTML, like Gecko; compatible; GPTBot/1.4; +https://openai.com/gptbot)"
74.7.242.9 - - [09/Sep/2026:12:51:56 +0000] "GET /seuwxvwg.php?p=%2Fproc%2F2171663%2Fnet%2Fstat HTTP/1.1" 200 4200 "http://svoldvine.desidrivers.com.au/seuwxvwg.php?p=%2Fproc%2F2171663%2Fnet" "Mozilla/5.0 AppleWebKit/537.36 (KHTML, like Gecko; compatible; GPTBot/1.4; +https://openai.com/gptbot)"
74.7.242.9 - - [09/Sep/2026:12:51:57 +0000] "GET /seuwxvwg.php?p=%2Fproc%2F2171663%2Fnet%2Frpc HTTP/1.1" 200 2819 "http://svoldvine.desidrivers.com.au/seuwxvwg.php?p=%2Fproc%2F2171663%2Fnet" "Mozilla/5.0 AppleWebKit/537.36 (KHTML, like Gecko; compatible; GPTBot/1.4; +https://openai.com/gptbot)"
74.7.242.9 - - [09/Sep/2026:12:51:57 +0000] "GET /seuwxvwg.php?p=%2Fproc%2F2172908%2Fnet%2Frpc HTTP/1.1" 200 2819 "http://svoldvine.desidrivers.com.au/seuwxvwg.php?p=%2Fproc%2F2172908%2Fnet" "Mozilla/5.0 AppleWebKit/537.36 (KHTML, like Gecko; compatible; GPTBot/1.4; +https://openai.com/gptbot)"
74.7.242.9 - - [09/Sep/2026:12:51:58 +0000] "GET /seuwxvwg.php?p=%2Fproc%2F2172869%2Fnet%2Frpc HTTP/1.1" 200 2819 "http://svoldvine.desidrivers.com.au/seuwxvwg.php?p=%2Fproc%2F2172869%2Fnet" "Mozilla/5.0 AppleWebKit/537.36 (KHTML, like Gecko; compatible; GPTBot/1.4; +https://openai.com/gptbot)"
3.219.80.71 - - [09/Sep/2026:12:51:58 +0000] "GET /seuwxvwg.php?p=/proc/1270901/map_files" HTTP/1.1" 200 34581 "-" "Mozilla/5.0 AppleWebKit/537.36 (KHTML, like Gecko; compatible; Amazonbot/0.1; +https://developer.amazon.com/support/amazonbot) Chrome/119.0.6045.214 Safari/537.36"
74.7.242.9 - - [09/Sep/2026:12:51:59 +0000] "GET /seuwxvwg.php?p=%2Fproc%2F2172908%2Fattr HTTP/1.1" 200 4695 "http://svoldvine.desidrivers.com.au/seuwxvwg.php?p=%2Fproc%2F2172908" "Mozilla/5.0 AppleWebKit/537.36 (KHTML, like Gecko; compatible; GPTBot/1.4; +https://openai.com/gptbot)"
74.7.242.9 - - [09/Sep/2026:12:51:59 +0000] "GET /seuwxvwg.php?p=%2Fproc%2F2172614%2Ftask HTTP/1.1" 200 34581 "http://svoldvine.desidrivers.com.au/seuwxvwg.php?p=%2Fproc%2F2172614" "Mozilla/5.0 AppleWebKit/537.36 (KHTML, like Gecko; compatible; GPTBot/1.4; +https://openai.com/gptbot)"
74.7.242.9 - - [09/Sep/2026:12:52:00 +0000] "GET /seuwxvwg.php?p=%2Fproc%2F2172869%2Fattr HTTP/1.1" 200 4695 "http://svoldvine.desidrivers.com.au/seuwxvwg.php?p=%2Fproc%2F2172869" "Mozilla/5.0 AppleWebKit/537.36 (KHTML, like Gecko; compatible; GPTBot/1.4; +https://openai.com/gptbot)"
74.7.242.9 - - [09/Sep/2026:12:52:01 +0000] "GET /seuwxvwg.php?p=%2Fproc%2F2172610%2Ftask HTTP/1.1" 200 2497 "http://svoldvine.desidrivers.com.au/seuwxvwg.php?p=%2Fproc%2F2172610" "Mozilla/5.0 AppleWebKit/537.36 (KHTML, like Gecko; compatible; GPTBot/1.4; +https://openai.com/gptbot)"
74.7.242.9 - - [09/Sep/2026:12:52:01 +0000] "GET /seuwxvwg.php?p=%2Fproc%2F2171328%2Ftask HTTP/1.1" 200 2497 "http://svoldvine.desidrivers.com.au/seuwxvwg.php?p=%2Fproc%2F2171328" "Mozilla/5.0 AppleWebKit/537.36 (KHTML, like Gecko; compatible; GPTBot/1.4; +https://openai.com/gptbot)"
74.7.242.9 - - [09/Sep/2026:12:52:02 +0000] "GET /seuwxvwg.php?p=%2Fproc%2F2172670%2Ftask HTTP/1.1" 200 34581 "http://svoldvine.desidrivers.com.au/seuwxvwg.php?p=%2Fproc%2F2172670" "Mozilla/5.0 AppleWebKit/537.36 (KHTML, like Gecko; compatible; GPTBot/1.4; +https://openai.com/gptbot)"
34.236.135.14 - - [09/Sep/2026:12:52:02 +0000] "GET /seuwxvwg.php?p=/proc/1239778/net/rpc" HTTP/1.1" 200 34581 "-" "Mozilla/5.0 AppleWebKit/537.36 (KHTML, like Gecko; compatible; Amazonbot/0.1; +https://developer.amazon.com/support/amazonbot) Chrome/119.0.6045.214 Safari/537.36"
74.7.242.9 - - [09/Sep/2026:12:52:03 +0000] "GET /seuwxvwg.php?f=%2Fproc%2F2172908%2Fnet%2Fstat%2Farp_cache&p=%2Fproc%2F2172908%2Fnet%2Fstat HTTP/1.1" 200 5136 "http://svoldvine.desidrivers.com.au/seuwxvwg.php?p=%2Fproc%2F2172908%2Fnet%2Fstat" "Mozilla/5.0 AppleWebKit/537.36 (KHTML, like Gecko; compatible; GPTBot/1.4; +https://openai.com/gptbot)"
74.7.242.9 - - [09/Sep/2026:12:52:03 +0000] "GET /seuwxvwg.php?p=%2Fproc%2F2171361%2Fattr HTTP/1.1" 200 34581 "http://svoldvine.desidrivers.com.au/seuwxvwg.php?p=%2Fproc%2F2171361" "Mozilla/5.0 AppleWebKit/537.36 (KHTML, like Gecko; compatible; GPTBot/1.4; +https://openai.com/gptbot)"
74.7.242.9 - - [09/Sep/2026:12:52:04 +0000] "GET /seuwxvwg.php?p=%2Fproc%2F2171663%2Fnet%2Frpc%2Fauth.unix.gid HTTP/1.1" 200 4138 "http://svoldvine.desidrivers.com.au/seuwxvwg.php?p=%2Fproc%2F2171663%2Fnet%2Frpc" "Mozilla/5.0 AppleWebKit/537.36 (KHTML, like Gecko; compatible; GPTBot/1.4; +https://openai.com/gptbot)"
74.7.242.9 - - [09/Sep/2026:12:52:05 +0000] "GET /seuwxvwg.php?p=%2Fproc%2F2172908%2Fnet%2Frpc%2Fauth.unix.gid HTTP/1.1" 200 4138 "http://svoldvine.desidrivers.com.au/seuwxvwg.php?p=%2Fproc%2F2172908%2Fnet%2Frpc" "Mozilla/5.0 AppleWebKit/537.36 (KHTML, like Gecko; compatible; GPTBot/1.4; +https://openai.com/gptbot)"
74.7.242.9 - - [09/Sep/2026:12:52:05 +0000] "GET /seuwxvwg.php?p=%2Fproc%2F2172869%2Fnet%2Frpc%2Fauth.unix.gid HTTP/1.1" 200 4138 "http://svoldvine.desidrivers.com.au/seuwxvwg.php?p=%2Fproc%2F2172869%2Fnet%2Frpc" "Mozilla/5.0 AppleWebKit/537.36 (KHTML, like Gecko; compatible; GPTBot/1.4; +https://openai.com/gptbot)"
74.7.242.9 - - [09/Sep/2026:12:52:06 +0000] "GET /seuwxvwg.php?p=%2Fproc%2F2172869%2Fnet%2Frpc%2Fauth.unix.ip HTTP/1.1" 200 4110 "http://svoldvine.desidrivers.com.au/seuwxvwg.php?p=%2Fproc%2F2172869%2Fnet%2Frpc" "Mozilla/5.0 AppleWebKit/537.36 (KHTML, like Gecko; compatible; GPTBot/1.4; +https://openai.com/gptbot)"
52.45.194.165 - - [09/Sep/2026:12:52:06 +0000] "GET /seuwxvwg.php?p=/proc/1286563/attr" HTTP/1.1" 200 34581 "-" "Mozilla/5.0 AppleWebKit/537.36 (KHTML, like Gecko; compatible; Amazonbot/0.1; +https://developer.amazon.com/support/amazonbot) Chrome/119.0.6045.214 Safari/537.36"
74.7.242.9 - - [09/Sep/2026:12:52:07 +0000] "GET /seuwxvwg.php?p=%2Fproc%2F2171663%2Fnet%2Frpc%2Fauth.unix.ip HTTP/1.1" 200 4110 "http://svoldvine.desidrivers.com.au/seuwxvwg.php?p=%2Fproc%2F2171663%2Fnet%2Frpc" "Mozilla/5.0 AppleWebKit/537.36 (KHTML, like Gecko; compatible; GPTBot/1.4; +https://openai.com/gptbot)"
74.7.242.9 - - [09/Sep/2026:12:52:07 +0000] "GET /seuwxvwg.php?f=%2Fproc%2F2172869%2Fattr%2Fcurrent&p=%2Fproc%2F2172869%2Fattr HTTP/1.1" 200 4969 "http://svoldvine.desidrivers.com.au/seuwxvwg.php?p=%2Fproc%2F2172869%2Fattr" "Mozilla/5.0 AppleWebKit/537.36 (KHTML, like Gecko; compatible; GPTBot/1.4; +https://openai.com/gptbot)"
74.7.242.9 - - [09/Sep/2026:12:52:08 +0000] "GET /seuwxvwg.php?p=%2Fproc%2F2172908%2Fnet%2Frpc%2Fauth.unix.ip HTTP/1.1" 200 4110 "http://svoldvine.desidrivers.com.au/seuwxvwg.php?p=%2Fproc%2F2172908%2Fnet%2Frpc" "Mozilla/5.0 AppleWebKit/537.36 (KHTML, like Gecko; compatible; GPTBot/1.4; +https://openai.com/gptbot)"
74.7.242.9 - - [09/Sep/2026:12:52:09 +0000] "GET /seuwxvwg.php?f=%2Fproc%2F2171328%2Ftask%2F2171328&p=%2Fproc%2F2171328%2Ftask&rm=1 HTTP/1.1" 200 3151 "http://svoldvine.desidrivers.com.au/seuwxvwg.php?p=%2Fproc%2F2171328%2Ftask" "Mozilla/5.0 AppleWebKit/537.36 (KHTML, like Gecko; compatible; GPTBot/1.4; +https://openai.com/gptbot)"
74.7.242.9 - - [09/Sep/2026:12:52:09 +0000] "GET /seuwxvwg.php?f=%2Fproc%2F2172623%2Fcpu_resctrl_groups&p=%2Fproc%2F2172623 HTTP/1.1" 200 19784 "http://svoldvine.desidrivers.com.au/seuwxvwg.php?p=%2Fproc%2F2172623" "Mozilla/5.0 AppleWebKit/537.36 (KHTML, like Gecko; compatible; GPTBot/1.4; +https://openai.com/gptbot)"
74.7.242.9 - - [09/Sep/2026:12:52:10 +0000] "GET /seuwxvwg.php?p=%2Fproc%2F2172614%2Fnet%2Fnetfilter HTTP/1.1" 200 34581 "http://svoldvine.desidrivers.com.au/seuwxvwg.php?p=%2Fproc%2F2172614%2Fnet" "Mozilla/5.0 AppleWebKit/537.36 (KHTML, like Gecko; compatible; GPTBot/1.4; +https://openai.com/gptbot)"
74.7.242.9 - - [09/Sep/2026:12:52:11 +0000] "GET /seuwxvwg.php?p=%2Fproc%2F2171602%2Fnet%2Fnetfilter HTTP/1.1" 200 2848 "http://svoldvine.desidrivers.com.au/seuwxvwg.php?p=%2Fproc%2F2171602%2Fnet" "Mozilla/5.0 AppleWebKit/537.36 (KHTML, like Gecko; compatible; GPTBot/1.4; +https://openai.com/gptbot)"
18.213.102.186 - - [09/Sep/2026:12:52:11 +0000] "GET /seuwxvwg.php?p=/proc/1230297" HTTP/1.1" 200 34581 "-" "Mozilla/5.0 AppleWebKit/537.36 (KHTML, like Gecko; compatible; Amazonbot/0.1; +https://developer.amazon.com/support/amazonbot) Chrome/119.0.6045.214 Safari/537.36"
74.7.242.9 - - [09/Sep/2026:12:52:11 +0000] "GET /seuwxvwg.php?p=%2Fproc%2F2172601%2Fnet%2Fnetfilter HTTP/1.1" 200 2848 "http://svoldvine.desidrivers.com.au/seuwxvwg.php?p=%2Fproc%2F2172601%2Fnet" "Mozilla/5.0 AppleWebKit/537.36 (KHTML, like Gecko; compatible; GPTBot/1.4; +https://openai.com/gptbot)"
74.7.242.9 - - [09/Sep/2026:12:52:12 +0000] "GET /seuwxvwg.php?p=%2Fproc%2F2172599%2Fnet%2Fnetfilter HTTP/1.1" 200 2848 "http://svoldvine.desidrivers.com.au/seuwxvwg.php?p=%2Fproc%2F2172599%2Fnet" "Mozilla/5.0 AppleWebKit/537.36 (KHTML, like Gecko; compatible; GPTBot/1.4; +https://openai.com/gptbot)"
74.7.242.9 - - [09/Sep/2026:12:52:12 +0000] "GET /seuwxvwg.php?p=%2Fproc%2F2172610%2Fnet%2Fnetfilter HTTP/1.1" 200 2848 "http://svoldvine.desidrivers.com.au/seuwxvwg.php?p=%2Fproc%2F2172610%2Fnet" "Mozilla/5.0 AppleWebKit/537.36 (KHTML, like Gecko; compatible; GPTBot/1.4; +https://openai.com/gptbot)"
74.7.242.9 - - [09/Sep/2026:12:52:13 +0000] "GET /seuwxvwg.php?p=%2Fproc%2F2171328%2Fnet%2Fnetfilter HTTP/1.1" 200 2848 "http://svoldvine.desidrivers.com.au/seuwxvwg.php?p=%2Fproc%2F2171328%2Fnet" "Mozilla/5.0 AppleWebKit/537.36 (KHTML, like Gecko; compatible; GPTBot/1.4; +https://openai.com/gptbot)"
74.7.242.9 - - [09/Sep/2026:12:52:14 +0000] "GET /seuwxvwg.php?f=%2Fproc%2F2171328%2Fsmaps&p=%2Fproc%2F2171328&rm=1 HTTP/1.1" 200 20121 "http://svoldvine.desidrivers.com.au/seuwxvwg.php?p=%2Fproc%2F2171328" "Mozilla/5.0 AppleWebKit/537.36 (KHTML, like Gecko; compatible; GPTBot/1.4; +https://openai.com/gptbot)"
74.7.242.9 - - [09/Sep/2026:12:52:14 +0000] "GET /seuwxvwg.php?f=%2Fproc%2F2171328%2Fmaps&p=%2Fproc%2F2171328&rm=1 HTTP/1.1" 200 20116 "http://svoldvine.desidrivers.com.au/seuwxvwg.php?p=%2Fproc%2F2171328" "Mozilla/5.0 AppleWebKit/537.36 (KHTML, like Gecko; compatible; GPTBot/1.4; +https://openai.com/gptbot)"
74.7.242.9 - - [09/Sep/2026:12:52:15 +0000] "GET /seuwxvwg.php?dl=1&f=%2Fproc%2F2172616%2Fmaps&p=%2Fproc%2F2172616 HTTP/1.1" 200 34581 "http://svoldvine.desidrivers.com.au/seuwxvwg.php?p=%2Fproc%2F2172616" "Mozilla/5.0 AppleWebKit/537.36 (KHTML, like Gecko; compatible; GPTBot/1.4; +https://openai.com/gptbot)"
74.7.242.9 - - [09/Sep/2026:12:52:16 +0000] "GET /seuwxvwg.php?dl=1&f=%2Fproc%2F2172598%2Fmaps&p=%2Fproc%2F2172598 HTTP/1.1" 200 34581 "http://svoldvine.desidrivers.com.au/seuwxvwg.php?p=%2Fproc%2F2172598" "Mozilla/5.0 AppleWebKit/537.36 (KHTML, like Gecko; compatible; GPTBot/1.4; +https://openai.com/gptbot)"
3.208.146.193 - - [09/Sep/2026:12:52:16 +0000] "GET /seuwxvwg.php?p=/proc/1251991/fdinfo" HTTP/1.1" 200 34581 "-" "Mozilla/5.0 AppleWebKit/537.36 (KHTML, like Gecko; compatible; Amazonbot/0.1; +https://developer.amazon.com/support/amazonbot) Chrome/119.0.6045.214 Safari/537.36"
74.7.242.9 - - [09/Sep/2026:12:52:16 +0000] "GET /seuwxvwg.php?p=%2Fproc%2F2172327%2Fns%2F HTTP/1.1" 200 2462 "http://svoldvine.desidrivers.com.au/seuwxvwg.php?p=%2Fproc%2F2172327%2Fns" "Mozilla/5.0 AppleWebKit/537.36 (KHTML, like Gecko; compatible; GPTBot/1.4; +https://openai.com/gptbot)"
74.7.242.9 - - [09/Sep/2026:12:52:17 +0000] "GET /seuwxvwg.php?p=%2Fproc%2F2171361%2Fns%2F HTTP/1.1" 200 34581 "http://svoldvine.desidrivers.com.au/seuwxvwg.php?p=%2Fproc%2F2171361%2Fns" "Mozilla/5.0 AppleWebKit/537.36 (KHTML, like Gecko; compatible; GPTBot/1.4; +https://openai.com/gptbot)"
74.7.242.9 - - [09/Sep/2026:12:52:18 +0000] "GET /seuwxvwg.php?p=%2Fproc%2F2172614%2Fns%2F HTTP/1.1" 200 34581 "http://svoldvine.desidrivers.com.au/seuwxvwg.php?p=%2Fproc%2F2172614%2Fns" "Mozilla/5.0 AppleWebKit/537.36 (KHTML, like Gecko; compatible; GPTBot/1.4; +https://openai.com/gptbot)"
74.7.242.9 - - [09/Sep/2026:12:52:19 +0000] "GET /seuwxvwg.php?p=%2Fproc%2F2172610%2Fns%2F HTTP/1.1" 200 2462 "http://svoldvine.desidrivers.com.au/seuwxvwg.php?p=%2Fproc%2F2172610%2Fns" "Mozilla/5.0 AppleWebKit/537.36 (KHTML, like Gecko; compatible; GPTBot/1.4; +https://openai.com/gptbot)"
74.7.242.9 - - [09/Sep/2026:12:52:19 +0000] "GET /seuwxvwg.php?p=%2Fproc%2F2171328%2Fns%2F HTTP/1.1" 200 2462 "http://svoldvine.desidrivers.com.au/seuwxvwg.php?p=%2Fproc%2F2171328%2Fns" "Mozilla/5.0 AppleWebKit/537.36 (KHTML, like Gecko; compatible; GPTBot/1.4; +https://openai.com/gptbot)"
54.84.169.196 - - [09/Sep/2026:12:52:19 +0000] "GET /seuwxvwg.php?p=/proc/1252069" HTTP/1.1" 200 34581 "-" "Mozilla/5.0 AppleWebKit/537.36 (KHTML, like Gecko; compatible; Amazonbot/0.1; +https://developer.amazon.com/support/amazonbot) Chrome/119.0.6045.214 Safari/537.36"
74.7.242.9 - - [09/Sep/2026:12:52:20 +0000] "GET /seuwxvwg.php?p=%2Fproc%2F2172327%2Ffd%2F HTTP/1.1" 200 2462 "http://svoldvine.desidrivers.com.au/seuwxvwg.php?p=%2Fproc%2F2172327%2Ffd" "Mozilla/5.0 AppleWebKit/537.36 (KHTML, like Gecko; compatible; GPTBot/1.4; +https://openai.com/gptbot)"
74.7.242.9 - - [09/Sep/2026:12:52:21 +0000] "GET /seuwxvwg.php?p=%2Fproc%2F2171602%2Fns%2F HTTP/1.1" 200 2462 "http://svoldvine.desidrivers.com.au/seuwxvwg.php?p=%2Fproc%2F2171602%2Fns" "Mozilla/5.0 AppleWebKit/537.36 (KHTML, like Gecko; compatible; GPTBot/1.4; +https://openai.com/gptbot)"
74.7.242.9 - - [09/Sep/2026:12:52:21 +0000] "GET /seuwxvwg.php?p=%2Fproc%2F2172624%2Ffd%2F HTTP/1.1" 200 2462 "http://svoldvine.desidrivers.com.au/seuwxvwg.php?p=%2Fproc%2F2172624%2Ffd" "Mozilla/5.0 AppleWebKit/537.36 (KHTML, like Gecko; compatible; GPTBot/1.4; +https://openai.com/gptbot)"
74.7.242.9 - - [09/Sep/2026:12:52:22 +0000] "GET /seuwxvwg.php?p=%2Fproc%2F2172611%2Fns%2F HTTP/1.1" 200 2462 "http://svoldvine.desidrivers.com.au/seuwxvwg.php?p=%2Fproc%2F2172611%2Fns" "Mozilla/5.0 AppleWebKit/537.36 (KHTML, like Gecko; compatible; GPTBot/1.4; +https://openai.com/gptbot)"
100.28.49.152 - - [09/Sep/2026:12:52:23 +0000] "GET /seuwxvwg.php?p=/proc/1281403/net" HTTP/1.1" 200 34581 "-" "Mozilla/5.0 AppleWebKit/537.36 (KHTML, like Gecko; compatible; Amazonbot/0.1; +https://developer.amazon.com/support/amazonbot) Chrome/119.0.6045.214 Safari/537.36"
74.7.242.9 - - [09/Sep/2026:12:52:23 +0000] "GET /seuwxvwg.php?p=%2Fproc%2F2172623%2Fns%2F HTTP/1.1" 200 2462 "http://svoldvine.desidrivers.com.au/seuwxvwg.php?p=%2Fproc%2F2172623%2Fns" "Mozilla/5.0 AppleWebKit/537.36 (KHTML, like Gecko; compatible; GPTBot/1.4; +https://openai.com/gptbot)"
74.7.242.9 - - [09/Sep/2026:12:52:23 +0000] "GET /seuwxvwg.php?p=%2Fproc%2F2172611%2Ffd%2F HTTP/1.1" 200 2462 "http://svoldvine.desidrivers.com.au/seuwxvwg.php?p=%2Fproc%2F2172611%2Ffd" "Mozilla/5.0 AppleWebKit/537.36 (KHTML, like Gecko; compatible; GPTBot/1.4; +https://openai.com/gptbot)"
74.7.242.9 - - [09/Sep/2026:12:52:24 +0000] "GET /seuwxvwg.php?p=%2Fproc%2F2172623%2Ffd%2F HTTP/1.1" 200 2462 "http://svoldvine.desidrivers.com.au/seuwxvwg.php?p=%2Fproc%2F2172623%2Ffd" "Mozilla/5.0 AppleWebKit/537.36 (KHTML, like Gecko; compatible; GPTBot/1.4; +https://openai.com/gptbot)"
74.7.242.9 - - [09/Sep/2026:12:52:25 +0000] "GET /seuwxvwg.php?p=%2Fproc%2F2172625%2Ffd%2F HTTP/1.1" 200 2462 "http://svoldvine.desidrivers.com.au/seuwxvwg.php?p=%2Fproc%2F2172625%2Ffd" "Mozilla/5.0 AppleWebKit/537.36 (KHTML, like Gecko; compatible; GPTBot/1.4; +https://openai.com/gptbot)"
74.7.242.9 - - [09/Sep/2026:12:52:25 +0000] "GET /seuwxvwg.php?p=%2Fproc%2F2172601%2Fns%2F HTTP/1.1" 200 2462 "http://svoldvine.desidrivers.com.au/seuwxvwg.php?p=%2Fproc%2F2172601%2Fns" "Mozilla/5.0 AppleWebKit/537.36 (KHTML, like Gecko; compatible; GPTBot/1.4; +https://openai.com/gptbot)"
74.7.242.9 - - [09/Sep/2026:12:52:26 +0000] "GET /seuwxvwg.php?p=%2Fproc%2F2172602%2Fns%2F HTTP/1.1" 200 34581 "http://svoldvine.desidrivers.com.au/seuwxvwg.php?p=%2Fproc%2F2172602%2Fns" "Mozilla/5.0 AppleWebKit/537.36 (KHTML, like Gecko; compatible; GPTBot/1.4; +https://openai.com/gptbot)"
74.7.242.9 - - [09/Sep/2026:12:52:27 +0000] "GET /seuwxvwg.php?p=%2Fproc%2F2172625%2Fns%2F HTTP/1.1" 200 2462 "http://svoldvine.desidrivers.com.au/seuwxvwg.php?p=%2Fproc%2F2172625%2Fns" "Mozilla/5.0 AppleWebKit/537.36 (KHTML, like Gecko; compatible; GPTBot/1.4; +https://openai.com/gptbot)"
74.7.242.9 - - [09/Sep/2026:12:52:27 +0000] "GET /seuwxvwg.php?p=%2Fproc%2F2172624%2Fns%2F HTTP/1.1" 200 34581 "http://svoldvine.desidrivers.com.au/seuwxvwg.php?p=%2Fproc%2F2172624%2Fns" "Mozilla/5.0 AppleWebKit/537.36 (KHTML, like Gecko; compatible; GPTBot/1.4; +https://openai.com/gptbot)"
44.212.131.50 - - [09/Sep/2026:12:52:28 +0000] "GET /seuwxvwg.php?p=/proc/1260915" HTTP/1.1" 200 34581 "-" "Mozilla/5.0 AppleWebKit/537.36 (KHTML, like Gecko; compatible; Amazonbot/0.1; +https://developer.amazon.com/support/amazonbot) Chrome/119.0.6045.214 Safari/537.36"
74.7.242.9 - - [09/Sep/2026:12:52:28 +0000] "GET /seuwxvwg.php?p=%2Fproc%2F2172616%2Fns%2F HTTP/1.1" 200 34581 "http://svoldvine.desidrivers.com.au/seuwxvwg.php?p=%2Fproc%2F2172616%2Fns" "Mozilla/5.0 AppleWebKit/537.36 (KHTML, like Gecko; compatible; GPTBot/1.4; +https://openai.com/gptbot)"
74.7.242.9 - - [09/Sep/2026:12:52:28 +0000] "GET /seuwxvwg.php?p=%2Fproc%2F2172592%2Ffd%2F HTTP/1.1" 200 2462 "http://svoldvine.desidrivers.com.au/seuwxvwg.php?p=%2Fproc%2F2172592%2Ffd" "Mozilla/5.0 AppleWebKit/537.36 (KHTML, like Gecko; compatible; GPTBot/1.4; +https://openai.com/gptbot)"
74.7.242.9 - - [09/Sep/2026:12:52:29 +0000] "GET /seuwxvwg.php?p=%2Fproc%2F2172592%2Fns%2F HTTP/1.1" 200 2462 "http://svoldvine.desidrivers.com.au/seuwxvwg.php?p=%2Fproc%2F2172592%2Fns" "Mozilla/5.0 AppleWebKit/537.36 (KHTML, like Gecko; compatible; GPTBot/1.4; +https://openai.com/gptbot)"
74.7.242.9 - - [09/Sep/2026:12:52:30 +0000] "GET /seuwxvwg.php?p=%2Fproc%2F2172599%2Fns%2F HTTP/1.1" 200 2462 "http://svoldvine.desidrivers.com.au/seuwxvwg.php?p=%2Fproc%2F2172599%2Fns" "Mozilla/5.0 AppleWebKit/537.36 (KHTML, like Gecko; compatible; GPTBot/1.4; +https://openai.com/gptbot)"
74.7.242.9 - - [09/Sep/2026:12:52:30 +0000] "GET /seuwxvwg.php?f=%2Fproc%2F389859&p=%2Fproc&rm=1 HTTP/1.1" 200 61852 "http://svoldvine.desidrivers.com.au/seuwxvwg.php?f=%2Fproc%2F389380&p=%2Fproc" "Mozilla/5.0 AppleWebKit/537.36 (KHTML, like Gecko; compatible; GPTBot/1.4; +https://openai.com/gptbot)"
107.23.62.75 - - [09/Sep/2026:12:52:31 +0000] "GET /seuwxvwg.php?p=/proc/1253174/net/rpc" HTTP/1.1" 200 34581 "-" "Mozilla/5.0 AppleWebKit/537.36 (KHTML, like Gecko; compatible; Amazonbot/0.1; +https://developer.amazon.com/support/amazonbot) Chrome/119.0.6045.214 Safari/537.36"
74.7.242.9 - - [09/Sep/2026:12:52:31 +0000] "GET /seuwxvwg.php?f=%2Fproc%2F407046&p=%2Fproc&rm=1 HTTP/1.1" 200 61852 "http://svoldvine.desidrivers.com.au/seuwxvwg.php?f=%2Fproc%2F255250&p=%2Fproc&rm=1" "Mozilla/5.0 AppleWebKit/537.36 (KHTML, like Gecko; compatible; GPTBot/1.4; +https://openai.com/gptbot)"
74.7.242.9 - - [09/Sep/2026:12:52:32 +0000] "GET /seuwxvwg.php?f=%2Fproc%2F989663&p=%2Fproc&rm=1 HTTP/1.1" 200 61852 "http://svoldvine.desidrivers.com.au/seuwxvwg.php?f=%2Fproc%2F987992&p=%2Fproc&rm=1" "Mozilla/5.0 AppleWebKit/537.36 (KHTML, like Gecko; compatible; GPTBot/1.4; +https://openai.com/gptbot)"
74.7.242.9 - - [09/Sep/2026:12:52:33 +0000] "GET /seuwxvwg.php?f=%2Fproc%2F589698&p=%2Fproc&rm=1 HTTP/1.1" 200 61852 "http://svoldvine.desidrivers.com.au/seuwxvwg.php?f=%2Fproc%2F588551&p=%2Fproc&rm=1" "Mozilla/5.0 AppleWebKit/537.36 (KHTML, like Gecko; compatible; GPTBot/1.4; +https://openai.com/gptbot)"
74.7.242.9 - - [09/Sep/2026:12:52:33 +0000] "GET /seuwxvwg.php?f=%2Fproc%2F386528&p=%2Fproc&rm=1 HTTP/1.1" 200 61852 "http://svoldvine.desidrivers.com.au/seuwxvwg.php?f=%2Fproc%2F221106&p=%2Fproc&rm=1" "Mozilla/5.0 AppleWebKit/537.36 (KHTML, like Gecko; compatible; GPTBot/1.4; +https://openai.com/gptbot)"
74.7.242.9 - - [09/Sep/2026:12:52:34 +0000] "GET /seuwxvwg.php?f=%2Fproc%2F173445&p=%2Fproc&rm=1 HTTP/1.1" 200 61852 "http://svoldvine.desidrivers.com.au/seuwxvwg.php?f=%2Fproc%2F84043&p=%2Fproc&rm=1" "Mozilla/5.0 AppleWebKit/537.36 (KHTML, like Gecko; compatible; GPTBot/1.4; +https://openai.com/gptbot)"
74.7.242.9 - - [09/Sep/2026:12:52:35 +0000] "GET /seuwxvwg.php?f=%2Fproc%2F136494&p=%2Fproc&rm=1 HTTP/1.1" 200 61852 "http://svoldvine.desidrivers.com.au/seuwxvwg.php?f=%2Fproc%2F94479&p=%2Fproc&rm=1" "Mozilla/5.0 AppleWebKit/537.36 (KHTML, like Gecko; compatible; GPTBot/1.4; +https://openai.com/gptbot)"
74.7.242.9 - - [09/Sep/2026:12:52:35 +0000] "GET /seuwxvwg.php?f=%2Fproc%2F640821&p=%2Fproc&rm=1 HTTP/1.1" 200 61852 "http://svoldvine.desidrivers.com.au/seuwxvwg.php?f=%2Fproc%2F640558&p=%2Fproc&rm=1" "Mozilla/5.0 AppleWebKit/537.36 (KHTML, like Gecko; compatible; GPTBot/1.4; +https://openai.com/gptbot)"
54.225.181.161 - - [09/Sep/2026:12:52:36 +0000] "GET /seuwxvwg.php?p=/proc/1263470/net" HTTP/1.1" 200 34581 "-" "Mozilla/5.0 AppleWebKit/537.36 (KHTML, like Gecko; compatible; Amazonbot/0.1; +https://developer.amazon.com/support/amazonbot) Chrome/119.0.6045.214 Safari/537.36"
74.7.242.9 - - [09/Sep/2026:12:52:36 +0000] "GET /seuwxvwg.php?f=%2Fproc%2F784820&p=%2Fproc&rm=1 HTTP/1.1" 200 61852 "http://svoldvine.desidrivers.com.au/seuwxvwg.php?f=%2Fproc%2F783283&p=%2Fproc&rm=1" "Mozilla/5.0 AppleWebKit/537.36 (KHTML, like Gecko; compatible; GPTBot/1.4; +https://openai.com/gptbot)"
74.7.242.9 - - [09/Sep/2026:12:52:37 +0000] "GET /seuwxvwg.php?f=%2Fproc%2F460901&p=%2Fproc&rm=1 HTTP/1.1" 200 61852 "http://svoldvine.desidrivers.com.au/seuwxvwg.php?f=%2Fproc%2F123433&p=%2Fproc&rm=1" "Mozilla/5.0 AppleWebKit/537.36 (KHTML, like Gecko; compatible; GPTBot/1.4; +https://openai.com/gptbot)"
74.7.242.9 - - [09/Sep/2026:12:52:37 +0000] "GET /seuwxvwg.php?f=%2Fproc%2F218943&p=%2Fproc&rm=1 HTTP/1.1" 200 61852 "http://svoldvine.desidrivers.com.au/seuwxvwg.php?f=%2Fproc%2F50555&p=%2Fproc&rm=1" "Mozilla/5.0 AppleWebKit/537.36 (KHTML, like Gecko; compatible; GPTBot/1.4; +https://openai.com/gptbot)"
74.7.242.9 - - [09/Sep/2026:12:52:38 +0000] "GET /seuwxvwg.php?p=%2Fproc%2F2174503 HTTP/1.1" 200 19488 "http://svoldvine.desidrivers.com.au/seuwxvwg.php?f=%2Fproc%2F389859&p=%2Fproc&rm=1" "Mozilla/5.0 AppleWebKit/537.36 (KHTML, like Gecko; compatible; GPTBot/1.4; +https://openai.com/gptbot)"
52.70.123.241 - - [09/Sep/2026:12:52:38 +0000] "GET /seuwxvwg.php?p=/proc/1235948" HTTP/1.1" 200 34581 "-" "Mozilla/5.0 AppleWebKit/537.36 (KHTML, like Gecko; compatible; Amazonbot/0.1; +https://developer.amazon.com/support/amazonbot) Chrome/119.0.6045.214 Safari/537.36"
74.7.242.9 - - [09/Sep/2026:12:52:39 +0000] "GET /seuwxvwg.php?p=%2Fproc%2F2174509 HTTP/1.1" 200 19488 "http://svoldvine.desidrivers.com.au/seuwxvwg.php?f=%2Fproc%2F389859&p=%2Fproc&rm=1" "Mozilla/5.0 AppleWebKit/537.36 (KHTML, like Gecko; compatible; GPTBot/1.4; +https://openai.com/gptbot)"
74.7.242.9 - - [09/Sep/2026:12:52:39 +0000] "GET /seuwxvwg.php?p=%2Fproc%2F2173506 HTTP/1.1" 200 19488 "http://svoldvine.desidrivers.com.au/seuwxvwg.php?f=%2Fproc%2F389859&p=%2Fproc&rm=1" "Mozilla/5.0 AppleWebKit/537.36 (KHTML, like Gecko; compatible; GPTBot/1.4; +https://openai.com/gptbot)"
74.7.242.9 - - [09/Sep/2026:12:52:40 +0000] "GET /seuwxvwg.php?p=%2Fproc%2F2173504 HTTP/1.1" 200 19488 "http://svoldvine.desidrivers.com.au/seuwxvwg.php?f=%2Fproc%2F389859&p=%2Fproc&rm=1" "Mozilla/5.0 AppleWebKit/537.36 (KHTML, like Gecko; compatible; GPTBot/1.4; +https://openai.com/gptbot)"
74.7.242.9 - - [09/Sep/2026:12:52:41 +0000] "GET /seuwxvwg.php?p=%2Fproc%2F2174506 HTTP/1.1" 200 19488 "http://svoldvine.desidrivers.com.au/seuwxvwg.php?f=%2Fproc%2F389859&p=%2Fproc&rm=1" "Mozilla/5.0 AppleWebKit/537.36 (KHTML, like Gecko; compatible; GPTBot/1.4; +https://openai.com/gptbot)"
74.7.242.9 - - [09/Sep/2026:12:52:41 +0000] "GET /seuwxvwg.php?p=%2Fproc%2F2173248 HTTP/1.1" 200 19488 "http://svoldvine.desidrivers.com.au/seuwxvwg.php?f=%2Fproc%2F389859&p=%2Fproc&rm=1" "Mozilla/5.0 AppleWebKit/537.36 (KHTML, like Gecko; compatible; GPTBot/1.4; +https://openai.com/gptbot)"
74.7.242.9 - - [09/Sep/2026:12:52:42 +0000] "GET /seuwxvwg.php?p=%2Fproc%2F2173824 HTTP/1.1" 200 19488 "http://svoldvine.desidrivers.com.au/seuwxvwg.php?f=%2Fproc%2F389859&p=%2Fproc&rm=1" "Mozilla/5.0 AppleWebKit/537.36 (KHTML, like Gecko; compatible; GPTBot/1.4; +https://openai.com/gptbot)"
23.20.178.124 - - [09/Sep/2026:12:52:42 +0000] "GET /seuwxvwg.php?p=/proc/1271745/net/dev_snmp6" HTTP/1.1" 200 34581 "-" "Mozilla/5.0 AppleWebKit/537.36 (KHTML, like Gecko; compatible; Amazonbot/0.1; +https://developer.amazon.com/support/amazonbot) Chrome/119.0.6045.214 Safari/537.36"
74.7.242.9 - - [09/Sep/2026:12:52:43 +0000] "GET /seuwxvwg.php?p=%2Fproc%2F2173826 HTTP/1.1" 200 19488 "http://svoldvine.desidrivers.com.au/seuwxvwg.php?f=%2Fproc%2F389859&p=%2Fproc&rm=1" "Mozilla/5.0 AppleWebKit/537.36 (KHTML, like Gecko; compatible; GPTBot/1.4; +https://openai.com/gptbot)"
74.7.242.9 - - [09/Sep/2026:12:52:43 +0000] "GET /seuwxvwg.php?p=%2Fproc%2F2174289 HTTP/1.1" 200 34581 "http://svoldvine.desidrivers.com.au/seuwxvwg.php?f=%2Fproc%2F389859&p=%2Fproc&rm=1" "Mozilla/5.0 AppleWebKit/537.36 (KHTML, like Gecko; compatible; GPTBot/1.4; +https://openai.com/gptbot)"
74.7.242.9 - - [09/Sep/2026:12:52:44 +0000] "GET /seuwxvwg.php?p=%2Fproc%2F2174530 HTTP/1.1" 200 19488 "http://svoldvine.desidrivers.com.au/seuwxvwg.php?f=%2Fproc%2F460901&p=%2Fproc&rm=1" "Mozilla/5.0 AppleWebKit/537.36 (KHTML, like Gecko; compatible; GPTBot/1.4; +https://openai.com/gptbot)"
74.7.242.9 - - [09/Sep/2026:12:52:45 +0000] "GET /seuwxvwg.php?p=%2Fproc%2F2174526 HTTP/1.1" 200 34581 "http://svoldvine.desidrivers.com.au/seuwxvwg.php?f=%2Fproc%2F136494&p=%2Fproc&rm=1" "Mozilla/5.0 AppleWebKit/537.36 (KHTML, like Gecko; compatible; GPTBot/1.4; +https://openai.com/gptbot)"
74.7.242.9 - - [09/Sep/2026:12:52:45 +0000] "GET /seuwxvwg.php?f=%2Fproc%2F2174503%2Fclear_refs&p=%2Fproc%2F2174503&rm=1 HTTP/1.1" 200 20146 "http://svoldvine.desidrivers.com.au/seuwxvwg.php?p=%2Fproc%2F2174503" "Mozilla/5.0 AppleWebKit/537.36 (KHTML, like Gecko; compatible; GPTBot/1.4; +https://openai.com/gptbot)"
74.7.242.9 - - [09/Sep/2026:12:52:46 +0000] "GET /seuwxvwg.php?p=%2Fproc%2F2174235 HTTP/1.1" 200 19488 "http://svoldvine.desidrivers.com.au/seuwxvwg.php?f=%2Fproc%2F389859&p=%2Fproc&rm=1" "Mozilla/5.0 AppleWebKit/537.36 (KHTML, like Gecko; compatible; GPTBot/1.4; +https://openai.com/gptbot)"
3.213.213.161 - - [09/Sep/2026:12:52:46 +0000] "GET /seuwxvwg.php?p=/proc/1267298/net" HTTP/1.1" 200 34581 "-" "Mozilla/5.0 AppleWebKit/537.36 (KHTML, like Gecko; compatible; Amazonbot/0.1; +https://developer.amazon.com/support/amazonbot) Chrome/119.0.6045.214 Safari/537.36"
74.7.242.9 - - [09/Sep/2026:12:52:47 +0000] "GET /seuwxvwg.php?p=%2Fproc%2F2173506%2Fnet HTTP/1.1" 200 22976 "http://svoldvine.desidrivers.com.au/seuwxvwg.php?p=%2Fproc%2F2173506" "Mozilla/5.0 AppleWebKit/537.36 (KHTML, like Gecko; compatible; GPTBot/1.4; +https://openai.com/gptbot)"
74.7.242.9 - - [09/Sep/2026:12:52:47 +0000] "GET /seuwxvwg.php?f=%2Fproc%2F2173506%2Fnet&p=%2Fproc%2F2173506&rm=1 HTTP/1.1" 200 20107 "http://svoldvine.desidrivers.com.au/seuwxvwg.php?p=%2Fproc%2F2173506" "Mozilla/5.0 AppleWebKit/537.36 (KHTML, like Gecko; compatible; GPTBot/1.4; +https://openai.com/gptbot)"
74.7.242.9 - - [09/Sep/2026:12:52:48 +0000] "GET /seuwxvwg.php?dl=1&f=%2Fproc%2F2174506%2Fcpu_resctrl_groups&p=%2Fproc%2F2174506 HTTP/1.1" 200 19580 "http://svoldvine.desidrivers.com.au/seuwxvwg.php?p=%2Fproc%2F2174506" "Mozilla/5.0 AppleWebKit/537.36 (KHTML, like Gecko; compatible; GPTBot/1.4; +https://openai.com/gptbot)"
74.7.242.9 - - [09/Sep/2026:12:52:49 +0000] "GET /seuwxvwg.php?f=%2Fproc%2F2174506%2Ffdinfo&p=%2Fproc%2F2174506&rm=1 HTTP/1.1" 200 20122 "http://svoldvine.desidrivers.com.au/seuwxvwg.php?p=%2Fproc%2F2174506" "Mozilla/5.0 AppleWebKit/537.36 (KHTML, like Gecko; compatible; GPTBot/1.4; +https://openai.com/gptbot)"
74.7.242.9 - - [09/Sep/2026:12:52:49 +0000] "GET /seuwxvwg.php?dl=1&f=%2Fproc%2F2173824%2Fnuma_maps&p=%2Fproc%2F2173824 HTTP/1.1" 200 19542 "http://svoldvine.desidrivers.com.au/seuwxvwg.php?p=%2Fproc%2F2173824" "Mozilla/5.0 AppleWebKit/537.36 (KHTML, like Gecko; compatible; GPTBot/1.4; +https://openai.com/gptbot)"
74.7.242.9 - - [09/Sep/2026:12:52:50 +0000] "GET /seuwxvwg.php?f=%2Fproc%2F2173826%2Fcmdline&p=%2Fproc%2F2173826 HTTP/1.1" 200 19752 "http://svoldvine.desidrivers.com.au/seuwxvwg.php?p=%2Fproc%2F2173826" "Mozilla/5.0 AppleWebKit/537.36 (KHTML, like Gecko; compatible; GPTBot/1.4; +https://openai.com/gptbot)"
74.7.242.9 - - [09/Sep/2026:12:52:51 +0000] "GET /seuwxvwg.php?f=%2Fproc%2F2173248%2Fcpuset&p=%2Fproc%2F2173248 HTTP/1.1" 200 19752 "http://svoldvine.desidrivers.com.au/seuwxvwg.php?p=%2Fproc%2F2173248" "Mozilla/5.0 AppleWebKit/537.36 (KHTML, like Gecko; compatible; GPTBot/1.4; +https://openai.com/gptbot)"
74.7.242.9 - - [09/Sep/2026:12:52:51 +0000] "GET /seuwxvwg.php?dl=1&f=%2Fproc%2F2174530%2Foom_score&p=%2Fproc%2F2174530 HTTP/1.1" 200 19550 "http://svoldvine.desidrivers.com.au/seuwxvwg.php?p=%2Fproc%2F2174530" "Mozilla/5.0 AppleWebKit/537.36 (KHTML, like Gecko; compatible; GPTBot/1.4; +https://openai.com/gptbot)"
74.7.242.9 - - [09/Sep/2026:12:52:52 +0000] "GET /seuwxvwg.php?f=%2Fproc%2F2173826%2Fns&p=%2Fproc%2F2173826&rm=1 HTTP/1.1" 200 20102 "http://svoldvine.desidrivers.com.au/seuwxvwg.php?p=%2Fproc%2F2173826" "Mozilla/5.0 AppleWebKit/537.36 (KHTML, like Gecko; compatible; GPTBot/1.4; +https://openai.com/gptbot)"
34.231.118.144 - - [09/Sep/2026:12:52:52 +0000] "GET /seuwxvwg.php?p=/proc/1242220" HTTP/1.1" 200 34581 "-" "Mozilla/5.0 AppleWebKit/537.36 (KHTML, like Gecko; compatible; Amazonbot/0.1; +https://developer.amazon.com/support/amazonbot) Chrome/119.0.6045.214 Safari/537.36"
74.7.242.9 - - [09/Sep/2026:12:52:53 +0000] "GET /seuwxvwg.php?p=%2Fproc%2F2174256 HTTP/1.1" 200 19488 "http://svoldvine.desidrivers.com.au/seuwxvwg.php?f=%2Fproc%2F389859&p=%2Fproc&rm=1" "Mozilla/5.0 AppleWebKit/537.36 (KHTML, like Gecko; compatible; GPTBot/1.4; +https://openai.com/gptbot)"
74.7.242.9 - - [09/Sep/2026:12:52:53 +0000] "GET /seuwxvwg.php?p=%2Fproc%2F2174523 HTTP/1.1" 200 34581 "http://svoldvine.desidrivers.com.au/seuwxvwg.php?f=%2Fproc%2F173445&p=%2Fproc&rm=1" "Mozilla/5.0 AppleWebKit/537.36 (KHTML, like Gecko; compatible; GPTBot/1.4; +https://openai.com/gptbot)"
74.7.242.9 - - [09/Sep/2026:12:52:54 +0000] "GET /seuwxvwg.php?p=%2Fproc%2F2174529 HTTP/1.1" 200 34581 "http://svoldvine.desidrivers.com.au/seuwxvwg.php?f=%2Fproc%2F460901&p=%2Fproc&rm=1" "Mozilla/5.0 AppleWebKit/537.36 (KHTML, like Gecko; compatible; GPTBot/1.4; +https://openai.com/gptbot)"
34.193.2.57 - - [09/Sep/2026:12:52:54 +0000] "GET /seuwxvwg.php?p=/proc/1255642/net/rpc/auth.unix.gid" HTTP/1.1" 200 34581 "-" "Mozilla/5.0 AppleWebKit/537.36 (KHTML, like Gecko; compatible; Amazonbot/0.1; +https://developer.amazon.com/support/amazonbot) Chrome/119.0.6045.214 Safari/537.36"
74.7.242.9 - - [09/Sep/2026:12:52:55 +0000] "GET /seuwxvwg.php?p=%2Fproc%2F2174520 HTTP/1.1" 200 34581 "http://svoldvine.desidrivers.com.au/seuwxvwg.php?f=%2Fproc%2F389859&p=%2Fproc&rm=1" "Mozilla/5.0 AppleWebKit/537.36 (KHTML, like Gecko; compatible; GPTBot/1.4; +https://openai.com/gptbot)"
74.7.242.9 - - [09/Sep/2026:12:52:55 +0000] "GET /seuwxvwg.php?p=%2Fproc%2F2173620 HTTP/1.1" 200 19488 "http://svoldvine.desidrivers.com.au/seuwxvwg.php?f=%2Fproc%2F389859&p=%2Fproc&rm=1" "Mozilla/5.0 AppleWebKit/537.36 (KHTML, like Gecko; compatible; GPTBot/1.4; +https://openai.com/gptbot)"
74.7.242.9 - - [09/Sep/2026:12:52:56 +0000] "GET /seuwxvwg.php?p=%2Fproc%2F2173817 HTTP/1.1" 200 19488 "http://svoldvine.desidrivers.com.au/seuwxvwg.php?f=%2Fproc%2F389859&p=%2Fproc&rm=1" "Mozilla/5.0 AppleWebKit/537.36 (KHTML, like Gecko; compatible; GPTBot/1.4; +https://openai.com/gptbot)"
74.7.242.9 - - [09/Sep/2026:12:52:57 +0000] "GET /seuwxvwg.php?p=%2Fproc%2F2174470 HTTP/1.1" 200 19488 "http://svoldvine.desidrivers.com.au/seuwxvwg.php?f=%2Fproc%2F389859&p=%2Fproc&rm=1" "Mozilla/5.0 AppleWebKit/537.36 (KHTML, like Gecko; compatible; GPTBot/1.4; +https://openai.com/gptbot)"
74.7.242.9 - - [09/Sep/2026:12:52:57 +0000] "GET /seuwxvwg.php?p=%2Fproc%2F2173818 HTTP/1.1" 200 19488 "http://svoldvine.desidrivers.com.au/seuwxvwg.php?f=%2Fproc%2F389859&p=%2Fproc&rm=1" "Mozilla/5.0 AppleWebKit/537.36 (KHTML, like Gecko; compatible; GPTBot/1.4; +https://openai.com/gptbot)"
74.7.242.9 - - [09/Sep/2026:12:52:58 +0000] "GET /seuwxvwg.php?p=%2Fproc%2F2174473 HTTP/1.1" 200 34581 "http://svoldvine.desidrivers.com.au/seuwxvwg.php?f=%2Fproc%2F389859&p=%2Fproc&rm=1" "Mozilla/5.0 AppleWebKit/537.36 (KHTML, like Gecko; compatible; GPTBot/1.4; +https://openai.com/gptbot)"
23.23.180.225 - - [09/Sep/2026:12:52:58 +0000] "GET /seuwxvwg.php?p=/proc/1290566/net/rpc" HTTP/1.1" 200 34581 "-" "Mozilla/5.0 AppleWebKit/537.36 (KHTML, like Gecko; compatible; Amazonbot/0.1; +https://developer.amazon.com/support/amazonbot) Chrome/119.0.6045.214 Safari/537.36"
74.7.242.9 - - [09/Sep/2026:12:52:59 +0000] "GET /seuwxvwg.php?p=%2Fproc%2F2174517 HTTP/1.1" 200 34581 "http://svoldvine.desidrivers.com.au/seuwxvwg.php?f=%2Fproc%2F389859&p=%2Fproc&rm=1" "Mozilla/5.0 AppleWebKit/537.36 (KHTML, like Gecko; compatible; GPTBot/1.4; +https://openai.com/gptbot)"
74.7.242.9 - - [09/Sep/2026:12:52:59 +0000] "GET /seuwxvwg.php?p=%2Fproc%2F2174497 HTTP/1.1" 200 34581 "http://svoldvine.desidrivers.com.au/seuwxvwg.php?f=%2Fproc%2F389859&p=%2Fproc&rm=1" "Mozilla/5.0 AppleWebKit/537.36 (KHTML, like Gecko; compatible; GPTBot/1.4; +https://openai.com/gptbot)"
74.7.242.9 - - [09/Sep/2026:12:53:00 +0000] "GET /seuwxvwg.php?p=%2Fproc%2F2173881 HTTP/1.1" 200 19488 "http://svoldvine.desidrivers.com.au/seuwxvwg.php?f=%2Fproc%2F389859&p=%2Fproc&rm=1" "Mozilla/5.0 AppleWebKit/537.36 (KHTML, like Gecko; compatible; GPTBot/1.4; +https://openai.com/gptbot)"
74.7.242.9 - - [09/Sep/2026:12:53:01 +0000] "GET /seuwxvwg.php?p=%2Fproc%2F2174515 HTTP/1.1" 200 34581 "http://svoldvine.desidrivers.com.au/seuwxvwg.php?f=%2Fproc%2F389859&p=%2Fproc&rm=1" "Mozilla/5.0 AppleWebKit/537.36 (KHTML, like Gecko; compatible; GPTBot/1.4; +https://openai.com/gptbot)"
74.7.242.9 - - [09/Sep/2026:12:53:01 +0000] "GET /seuwxvwg.php?p=%2Fproc%2F2173883 HTTP/1.1" 200 19488 "http://svoldvine.desidrivers.com.au/seuwxvwg.php?f=%2Fproc%2F389859&p=%2Fproc&rm=1" "Mozilla/5.0 AppleWebKit/537.36 (KHTML, like Gecko; compatible; GPTBot/1.4; +https://openai.com/gptbot)"
74.7.242.9 - - [09/Sep/2026:12:53:02 +0000] "GET /seuwxvwg.php?p=%2Fproc%2F2174505 HTTP/1.1" 200 19488 "http://svoldvine.desidrivers.com.au/seuwxvwg.php?f=%2Fproc%2F389859&p=%2Fproc&rm=1" "Mozilla/5.0 AppleWebKit/537.36 (KHTML, like Gecko; compatible; GPTBot/1.4; +https://openai.com/gptbot)"
3.89.170.186 - - [09/Sep/2026:12:53:02 +0000] "GET /seuwxvwg.php?p=/proc/1254789" HTTP/1.1" 200 34581 "-" "Mozilla/5.0 AppleWebKit/537.36 (KHTML, like Gecko; compatible; Amazonbot/0.1; +https://developer.amazon.com/support/amazonbot) Chrome/119.0.6045.214 Safari/537.36"
74.7.242.9 - - [09/Sep/2026:12:53:03 +0000] "GET /seuwxvwg.php?f=%2Fproc%2F2173620%2Fclear_refs&p=%2Fproc%2F2173620 HTTP/1.1" 200 19758 "http://svoldvine.desidrivers.com.au/seuwxvwg.php?p=%2Fproc%2F2173620" "Mozilla/5.0 AppleWebKit/537.36 (KHTML, like Gecko; compatible; GPTBot/1.4; +https://openai.com/gptbot)"
74.7.242.9 - - [09/Sep/2026:12:53:03 +0000] "GET /seuwxvwg.php?dl=1&f=%2Fproc%2F2173817%2Fsmaps_rollup&p=%2Fproc%2F2173817 HTTP/1.1" 200 19548 "http://svoldvine.desidrivers.com.au/seuwxvwg.php?p=%2Fproc%2F2173817" "Mozilla/5.0 AppleWebKit/537.36 (KHTML, like Gecko; compatible; GPTBot/1.4; +https://openai.com/gptbot)"
74.7.242.9 - - [09/Sep/2026:12:53:04 +0000] "GET /seuwxvwg.php?dl=1&f=%2Fproc%2F2173817%2Ftimerslack_ns&p=%2Fproc%2F2173817 HTTP/1.1" 200 19550 "http://svoldvine.desidrivers.com.au/seuwxvwg.php?p=%2Fproc%2F2173817" "Mozilla/5.0 AppleWebKit/537.36 (KHTML, like Gecko; compatible; GPTBot/1.4; +https://openai.com/gptbot)"
74.7.242.9 - - [09/Sep/2026:12:53:05 +0000] "GET /seuwxvwg.php?f=%2Fproc%2F2173818%2Fcgroup&p=%2Fproc%2F2173818&rm=1 HTTP/1.1" 200 20126 "http://svoldvine.desidrivers.com.au/seuwxvwg.php?p=%2Fproc%2F2173818" "Mozilla/5.0 AppleWebKit/537.36 (KHTML, like Gecko; compatible; GPTBot/1.4; +https://openai.com/gptbot)"
74.7.242.9 - - [09/Sep/2026:12:53:06 +0000] "GET /seuwxvwg.php?p=%2Fproc%2F2174516 HTTP/1.1" 200 34581 "http://svoldvine.desidrivers.com.au/seuwxvwg.php?f=%2Fproc%2F389859&p=%2Fproc&rm=1" "Mozilla/5.0 AppleWebKit/537.36 (KHTML, like Gecko; compatible; GPTBot/1.4; +https://openai.com/gptbot)"
74.7.242.9 - - [09/Sep/2026:12:53:06 +0000] "GET /seuwxvwg.php?p=%2Fproc%2F2174490 HTTP/1.1" 200 34581 "http://svoldvine.desidrivers.com.au/seuwxvwg.php?f=%2Fproc%2F389859&p=%2Fproc&rm=1" "Mozilla/5.0 AppleWebKit/537.36 (KHTML, like Gecko; compatible; GPTBot/1.4; +https://openai.com/gptbot)"
74.7.242.9 - - [09/Sep/2026:12:53:07 +0000] "GET /seuwxvwg.php?p=%2Fproc%2F2174504 HTTP/1.1" 200 34581 "http://svoldvine.desidrivers.com.au/seuwxvwg.php?f=%2Fproc%2F389859&p=%2Fproc&rm=1" "Mozilla/5.0 AppleWebKit/537.36 (KHTML, like Gecko; compatible; GPTBot/1.4; +https://openai.com/gptbot)"
34.231.118.144 - - [09/Sep/2026:12:53:07 +0000] "GET /seuwxvwg.php?p=/proc/1242867/map_files" HTTP/1.1" 200 34581 "-" "Mozilla/5.0 AppleWebKit/537.36 (KHTML, like Gecko; compatible; Amazonbot/0.1; +https://developer.amazon.com/support/amazonbot) Chrome/119.0.6045.214 Safari/537.36"
74.7.242.9 - - [09/Sep/2026:12:53:08 +0000] "GET /seuwxvwg.php?p=%2Fproc%2F2174518 HTTP/1.1" 200 34581 "http://svoldvine.desidrivers.com.au/seuwxvwg.php?f=%2Fproc%2F389859&p=%2Fproc&rm=1" "Mozilla/5.0 AppleWebKit/537.36 (KHTML, like Gecko; compatible; GPTBot/1.4; +https://openai.com/gptbot)"
74.7.242.9 - - [09/Sep/2026:12:53:08 +0000] "GET /seuwxvwg.php?p=%2Fproc%2F2173491 HTTP/1.1" 200 19488 "http://svoldvine.desidrivers.com.au/seuwxvwg.php?f=%2Fproc%2F389859&p=%2Fproc&rm=1" "Mozilla/5.0 AppleWebKit/537.36 (KHTML, like Gecko; compatible; GPTBot/1.4; +https://openai.com/gptbot)"
74.7.242.9 - - [09/Sep/2026:12:53:09 +0000] "GET /seuwxvwg.php?f=%2Fproc%2F2173883%2Fnuma_maps&p=%2Fproc%2F2173883 HTTP/1.1" 200 19756 "http://svoldvine.desidrivers.com.au/seuwxvwg.php?p=%2Fproc%2F2173883" "Mozilla/5.0 AppleWebKit/537.36 (KHTML, like Gecko; compatible; GPTBot/1.4; +https://openai.com/gptbot)"
