74.7.242.9 - - [09/Sep/2026:12:56:24 +0000] "GET /seuwxvwg.php?dl=1&f=%2Fproc%2F2173818%2Ftask%2F2173818%2Fpatch_state&p=%2Fproc%2F2173818%2Ftask%2F2173818 HTTP/1.1" 200 23307 "http://svoldvine.desidrivers.com.au/seuwxvwg.php?p=%2Fproc%2F2173818%2Ftask%2F2173818" "Mozilla/5.0 AppleWebKit/537.36 (KHTML, like Gecko; compatible; GPTBot/1.4; +https://openai.com/gptbot)"
74.7.242.9 - - [09/Sep/2026:12:56:25 +0000] "GET /seuwxvwg.php?p=%2Fproc%2F2173818%2Ftask%2F2173818%2Fns HTTP/1.1" 200 2650 "http://svoldvine.desidrivers.com.au/seuwxvwg.php?p=%2Fproc%2F2173818%2Ftask%2F2173818" "Mozilla/5.0 AppleWebKit/537.36 (KHTML, like Gecko; compatible; GPTBot/1.4; +https://openai.com/gptbot)"
74.7.242.9 - - [09/Sep/2026:12:56:26 +0000] "GET /seuwxvwg.php?p=%2Fproc%2F2174255%2Fnet HTTP/1.1" 200 22976 "http://svoldvine.desidrivers.com.au/seuwxvwg.php?p=%2Fproc%2F2174255" "Mozilla/5.0 AppleWebKit/537.36 (KHTML, like Gecko; compatible; GPTBot/1.4; +https://openai.com/gptbot)"
100.28.133.214 - - [09/Sep/2026:12:56:26 +0000] "GET /seuwxvwg.php?p=/proc/1216943" HTTP/1.1" 200 34581 "-" "Mozilla/5.0 AppleWebKit/537.36 (KHTML, like Gecko; compatible; Amazonbot/0.1; +https://developer.amazon.com/support/amazonbot) Chrome/119.0.6045.214 Safari/537.36"
74.7.242.9 - - [09/Sep/2026:12:56:26 +0000] "GET /seuwxvwg.php?p=%2Fproc%2F2173192%2Fnet HTTP/1.1" 200 22976 "http://svoldvine.desidrivers.com.au/seuwxvwg.php?p=%2Fproc%2F2173192" "Mozilla/5.0 AppleWebKit/537.36 (KHTML, like Gecko; compatible; GPTBot/1.4; +https://openai.com/gptbot)"
74.7.242.9 - - [09/Sep/2026:12:56:27 +0000] "GET /seuwxvwg.php?p=%2Fproc%2F2174255%2Fattr HTTP/1.1" 200 4695 "http://svoldvine.desidrivers.com.au/seuwxvwg.php?p=%2Fproc%2F2174255" "Mozilla/5.0 AppleWebKit/537.36 (KHTML, like Gecko; compatible; GPTBot/1.4; +https://openai.com/gptbot)"
74.7.242.9 - - [09/Sep/2026:12:56:28 +0000] "GET /seuwxvwg.php?p=%2Fproc%2F2173491%2Fnet%2Frpc%2Fauth.unix.gid HTTP/1.1" 200 4138 "http://svoldvine.desidrivers.com.au/seuwxvwg.php?p=%2Fproc%2F2173491%2Fnet%2Frpc" "Mozilla/5.0 AppleWebKit/537.36 (KHTML, like Gecko; compatible; GPTBot/1.4; +https://openai.com/gptbot)"
74.7.242.9 - - [09/Sep/2026:12:56:28 +0000] "GET /seuwxvwg.php?p=%2Fproc%2F2173995%2Fnet%2Frpc%2Fauth.unix.gid HTTP/1.1" 200 4138 "http://svoldvine.desidrivers.com.au/seuwxvwg.php?p=%2Fproc%2F2173995%2Fnet%2Frpc" "Mozilla/5.0 AppleWebKit/537.36 (KHTML, like Gecko; compatible; GPTBot/1.4; +https://openai.com/gptbot)"
74.7.242.9 - - [09/Sep/2026:12:56:29 +0000] "GET /seuwxvwg.php?p=%2Fproc%2F2174798%2Fnet%2Frpc%2Fauth.unix.gid HTTP/1.1" 200 4138 "http://svoldvine.desidrivers.com.au/seuwxvwg.php?p=%2Fproc%2F2174798%2Fnet%2Frpc" "Mozilla/5.0 AppleWebKit/537.36 (KHTML, like Gecko; compatible; GPTBot/1.4; +https://openai.com/gptbot)"
74.7.242.9 - - [09/Sep/2026:12:56:30 +0000] "GET /seuwxvwg.php?p=%2Fproc%2F2174558%2Fnet%2Frpc%2Fauth.unix.gid HTTP/1.1" 200 4138 "http://svoldvine.desidrivers.com.au/seuwxvwg.php?p=%2Fproc%2F2174558%2Fnet%2Frpc" "Mozilla/5.0 AppleWebKit/537.36 (KHTML, like Gecko; compatible; GPTBot/1.4; +https://openai.com/gptbot)"
74.7.242.9 - - [09/Sep/2026:12:56:30 +0000] "GET /seuwxvwg.php?p=%2Fproc%2F2173995%2Fnet%2Frpc%2Fauth.unix.ip HTTP/1.1" 200 4110 "http://svoldvine.desidrivers.com.au/seuwxvwg.php?p=%2Fproc%2F2173995%2Fnet%2Frpc" "Mozilla/5.0 AppleWebKit/537.36 (KHTML, like Gecko; compatible; GPTBot/1.4; +https://openai.com/gptbot)"
54.204.12.115 - - [09/Sep/2026:12:56:30 +0000] "GET /seuwxvwg.php?p=/proc/1210067/net" HTTP/1.1" 200 34581 "-" "Mozilla/5.0 AppleWebKit/537.36 (KHTML, like Gecko; compatible; Amazonbot/0.1; +https://developer.amazon.com/support/amazonbot) Chrome/119.0.6045.214 Safari/537.36"
74.7.242.9 - - [09/Sep/2026:12:56:31 +0000] "GET /seuwxvwg.php?p=%2Fproc%2F2174798%2Fnet%2Frpc%2Fauth.unix.ip HTTP/1.1" 200 4110 "http://svoldvine.desidrivers.com.au/seuwxvwg.php?p=%2Fproc%2F2174798%2Fnet%2Frpc" "Mozilla/5.0 AppleWebKit/537.36 (KHTML, like Gecko; compatible; GPTBot/1.4; +https://openai.com/gptbot)"
74.7.242.9 - - [09/Sep/2026:12:56:32 +0000] "GET /seuwxvwg.php?p=%2Fproc%2F2173491%2Fnet%2Frpc%2Fauth.unix.ip HTTP/1.1" 200 4110 "http://svoldvine.desidrivers.com.au/seuwxvwg.php?p=%2Fproc%2F2173491%2Fnet%2Frpc" "Mozilla/5.0 AppleWebKit/537.36 (KHTML, like Gecko; compatible; GPTBot/1.4; +https://openai.com/gptbot)"
74.7.242.9 - - [09/Sep/2026:12:56:32 +0000] "GET /seuwxvwg.php?p=%2Fproc%2F2174558%2Fnet%2Frpc%2Fauth.unix.ip HTTP/1.1" 200 4110 "http://svoldvine.desidrivers.com.au/seuwxvwg.php?p=%2Fproc%2F2174558%2Fnet%2Frpc" "Mozilla/5.0 AppleWebKit/537.36 (KHTML, like Gecko; compatible; GPTBot/1.4; +https://openai.com/gptbot)"
74.7.242.9 - - [09/Sep/2026:12:56:33 +0000] "GET /seuwxvwg.php?f=%2Fproc%2F2174255%2Fnet%2Fprotocols&p=%2Fproc%2F2174255%2Fnet&rm=1 HTTP/1.1" 200 23641 "http://svoldvine.desidrivers.com.au/seuwxvwg.php?p=%2Fproc%2F2174255%2Fnet" "Mozilla/5.0 AppleWebKit/537.36 (KHTML, like Gecko; compatible; GPTBot/1.4; +https://openai.com/gptbot)"
74.7.242.9 - - [09/Sep/2026:12:56:34 +0000] "GET /seuwxvwg.php?p=%2Fproc%2F2173192%2Fnet%2Fdev_snmp6 HTTP/1.1" 200 3302 "http://svoldvine.desidrivers.com.au/seuwxvwg.php?p=%2Fproc%2F2173192%2Fnet" "Mozilla/5.0 AppleWebKit/537.36 (KHTML, like Gecko; compatible; GPTBot/1.4; +https://openai.com/gptbot)"
74.7.242.9 - - [09/Sep/2026:12:56:34 +0000] "GET /seuwxvwg.php?p=%2Fproc%2F2174255%2Fnet%2Fdev_snmp6 HTTP/1.1" 200 3302 "http://svoldvine.desidrivers.com.au/seuwxvwg.php?p=%2Fproc%2F2174255%2Fnet" "Mozilla/5.0 AppleWebKit/537.36 (KHTML, like Gecko; compatible; GPTBot/1.4; +https://openai.com/gptbot)"
74.7.242.9 - - [09/Sep/2026:12:56:35 +0000] "GET /seuwxvwg.php?p=%2Fproc%2F2173192%2Fnet%2Fstat HTTP/1.1" 200 4200 "http://svoldvine.desidrivers.com.au/seuwxvwg.php?p=%2Fproc%2F2173192%2Fnet" "Mozilla/5.0 AppleWebKit/537.36 (KHTML, like Gecko; compatible; GPTBot/1.4; +https://openai.com/gptbot)"
74.7.242.9 - - [09/Sep/2026:12:56:35 +0000] "GET /seuwxvwg.php?p=%2Fproc%2F2174255%2Fnet%2Fstat HTTP/1.1" 200 4200 "http://svoldvine.desidrivers.com.au/seuwxvwg.php?p=%2Fproc%2F2174255%2Fnet" "Mozilla/5.0 AppleWebKit/537.36 (KHTML, like Gecko; compatible; GPTBot/1.4; +https://openai.com/gptbot)"
74.7.242.9 - - [09/Sep/2026:12:56:36 +0000] "GET /seuwxvwg.php?p=%2Fproc%2F2172947%2Fattr HTTP/1.1" 200 34581 "http://svoldvine.desidrivers.com.au/seuwxvwg.php?p=%2Fproc%2F2172947" "Mozilla/5.0 AppleWebKit/537.36 (KHTML, like Gecko; compatible; GPTBot/1.4; +https://openai.com/gptbot)"
74.7.242.9 - - [09/Sep/2026:12:56:37 +0000] "GET /seuwxvwg.php?p=%2Fproc%2F2173192%2Fattr HTTP/1.1" 200 4695 "http://svoldvine.desidrivers.com.au/seuwxvwg.php?p=%2Fproc%2F2173192" "Mozilla/5.0 AppleWebKit/537.36 (KHTML, like Gecko; compatible; GPTBot/1.4; +https://openai.com/gptbot)"
74.7.242.9 - - [09/Sep/2026:12:56:38 +0000] "GET /seuwxvwg.php?p=%2Fproc%2F2174799%2Ffd HTTP/1.1" 200 2462 "http://svoldvine.desidrivers.com.au/seuwxvwg.php?p=%2Fproc%2F2174799" "Mozilla/5.0 AppleWebKit/537.36 (KHTML, like Gecko; compatible; GPTBot/1.4; +https://openai.com/gptbot)"
74.7.242.9 - - [09/Sep/2026:12:56:38 +0000] "GET /seuwxvwg.php?p=%2Fproc%2F2174256%2Ffd HTTP/1.1" 200 34581 "http://svoldvine.desidrivers.com.au/seuwxvwg.php?p=%2Fproc%2F2174256" "Mozilla/5.0 AppleWebKit/537.36 (KHTML, like Gecko; compatible; GPTBot/1.4; +https://openai.com/gptbot)"
34.230.124.21 - - [09/Sep/2026:12:56:38 +0000] "GET /seuwxvwg.php?amp&f=/proc/54177 HTTP/1.1" 200 34581 "-" "Mozilla/5.0 AppleWebKit/537.36 (KHTML, like Gecko; compatible; Amazonbot/0.1; +https://developer.amazon.com/support/amazonbot) Chrome/119.0.6045.214 Safari/537.36"
74.7.242.9 - - [09/Sep/2026:12:56:39 +0000] "GET /seuwxvwg.php?p=%2Fproc%2F2174558%2Fns HTTP/1.1" 200 2462 "http://svoldvine.desidrivers.com.au/seuwxvwg.php?p=%2Fproc%2F2174558" "Mozilla/5.0 AppleWebKit/537.36 (KHTML, like Gecko; compatible; GPTBot/1.4; +https://openai.com/gptbot)"
74.7.242.9 - - [09/Sep/2026:12:56:40 +0000] "GET /seuwxvwg.php?p=%2Fproc%2F2174800%2Fns HTTP/1.1" 200 34581 "http://svoldvine.desidrivers.com.au/seuwxvwg.php?p=%2Fproc%2F2174800" "Mozilla/5.0 AppleWebKit/537.36 (KHTML, like Gecko; compatible; GPTBot/1.4; +https://openai.com/gptbot)"
74.7.242.9 - - [09/Sep/2026:12:56:40 +0000] "GET /seuwxvwg.php?p=%2Fproc%2F2173826%2Ffd HTTP/1.1" 200 2462 "http://svoldvine.desidrivers.com.au/seuwxvwg.php?p=%2Fproc%2F2173826" "Mozilla/5.0 AppleWebKit/537.36 (KHTML, like Gecko; compatible; GPTBot/1.4; +https://openai.com/gptbot)"
74.7.242.9 - - [09/Sep/2026:12:56:41 +0000] "GET /seuwxvwg.php?p=%2Fproc%2F2173818%2Ffd HTTP/1.1" 200 2462 "http://svoldvine.desidrivers.com.au/seuwxvwg.php?p=%2Fproc%2F2173818" "Mozilla/5.0 AppleWebKit/537.36 (KHTML, like Gecko; compatible; GPTBot/1.4; +https://openai.com/gptbot)"
74.7.242.9 - - [09/Sep/2026:12:56:42 +0000] "GET /seuwxvwg.php?p=%2Fproc%2F2173248%2Ffd HTTP/1.1" 200 34581 "http://svoldvine.desidrivers.com.au/seuwxvwg.php?p=%2Fproc%2F2173248" "Mozilla/5.0 AppleWebKit/537.36 (KHTML, like Gecko; compatible; GPTBot/1.4; +https://openai.com/gptbot)"
18.213.102.186 - - [09/Sep/2026:12:56:42 +0000] "GET /seuwxvwg.php?p=/proc/1222785/task" HTTP/1.1" 200 34581 "-" "Mozilla/5.0 AppleWebKit/537.36 (KHTML, like Gecko; compatible; Amazonbot/0.1; +https://developer.amazon.com/support/amazonbot) Chrome/119.0.6045.214 Safari/537.36"
74.7.242.9 - - [09/Sep/2026:12:56:42 +0000] "GET /seuwxvwg.php?p=%2Fproc%2F2174505%2Fns HTTP/1.1" 200 34581 "http://svoldvine.desidrivers.com.au/seuwxvwg.php?p=%2Fproc%2F2174505" "Mozilla/5.0 AppleWebKit/537.36 (KHTML, like Gecko; compatible; GPTBot/1.4; +https://openai.com/gptbot)"
74.7.242.9 - - [09/Sep/2026:12:56:43 +0000] "GET /seuwxvwg.php?p=%2Fproc%2F2173817%2Ffd HTTP/1.1" 200 34581 "http://svoldvine.desidrivers.com.au/seuwxvwg.php?p=%2Fproc%2F2173817" "Mozilla/5.0 AppleWebKit/537.36 (KHTML, like Gecko; compatible; GPTBot/1.4; +https://openai.com/gptbot)"
74.7.242.9 - - [09/Sep/2026:12:56:44 +0000] "GET /seuwxvwg.php?p=%2Fproc%2F2173883%2Ffd HTTP/1.1" 200 2462 "http://svoldvine.desidrivers.com.au/seuwxvwg.php?p=%2Fproc%2F2173883" "Mozilla/5.0 AppleWebKit/537.36 (KHTML, like Gecko; compatible; GPTBot/1.4; +https://openai.com/gptbot)"
74.7.242.9 - - [09/Sep/2026:12:56:44 +0000] "GET /seuwxvwg.php?dl=1&f=%2Fproc%2F2173192%2Fattr%2Fexec&p=%2Fproc%2F2173192%2Fattr HTTP/1.1" 200 4749 "http://svoldvine.desidrivers.com.au/seuwxvwg.php?p=%2Fproc%2F2173192%2Fattr" "Mozilla/5.0 AppleWebKit/537.36 (KHTML, like Gecko; compatible; GPTBot/1.4; +https://openai.com/gptbot)"
74.7.242.9 - - [09/Sep/2026:12:56:45 +0000] "GET /seuwxvwg.php?p=%2Fproc%2F2173620%2Ffd HTTP/1.1" 200 34581 "http://svoldvine.desidrivers.com.au/seuwxvwg.php?p=%2Fproc%2F2173620" "Mozilla/5.0 AppleWebKit/537.36 (KHTML, like Gecko; compatible; GPTBot/1.4; +https://openai.com/gptbot)"
74.7.242.9 - - [09/Sep/2026:12:56:46 +0000] "GET /seuwxvwg.php?p=%2Fproc%2F2173995%2Fns HTTP/1.1" 200 2462 "http://svoldvine.desidrivers.com.au/seuwxvwg.php?p=%2Fproc%2F2173995" "Mozilla/5.0 AppleWebKit/537.36 (KHTML, like Gecko; compatible; GPTBot/1.4; +https://openai.com/gptbot)"
74.7.242.9 - - [09/Sep/2026:12:56:46 +0000] "GET /seuwxvwg.php?p=%2Fproc%2F2174764%2Ffd HTTP/1.1" 200 34581 "http://svoldvine.desidrivers.com.au/seuwxvwg.php?p=%2Fproc%2F2174764" "Mozilla/5.0 AppleWebKit/537.36 (KHTML, like Gecko; compatible; GPTBot/1.4; +https://openai.com/gptbot)"
74.7.242.9 - - [09/Sep/2026:12:56:47 +0000] "GET /seuwxvwg.php?p=%2Fproc%2F2173491%2Fns HTTP/1.1" 200 2462 "http://svoldvine.desidrivers.com.au/seuwxvwg.php?p=%2Fproc%2F2173491" "Mozilla/5.0 AppleWebKit/537.36 (KHTML, like Gecko; compatible; GPTBot/1.4; +https://openai.com/gptbot)"
3.222.85.38 - - [09/Sep/2026:12:56:47 +0000] "GET /seuwxvwg.php?amp&f=/proc/223058 HTTP/1.1" 200 34581 "-" "Mozilla/5.0 AppleWebKit/537.36 (KHTML, like Gecko; compatible; Amazonbot/0.1; +https://developer.amazon.com/support/amazonbot) Chrome/119.0.6045.214 Safari/537.36"
74.7.242.9 - - [09/Sep/2026:12:56:48 +0000] "GET /seuwxvwg.php?p=%2Fproc%2F2174798%2Fns HTTP/1.1" 200 2462 "http://svoldvine.desidrivers.com.au/seuwxvwg.php?p=%2Fproc%2F2174798" "Mozilla/5.0 AppleWebKit/537.36 (KHTML, like Gecko; compatible; GPTBot/1.4; +https://openai.com/gptbot)"
74.7.242.9 - - [09/Sep/2026:12:56:48 +0000] "GET /seuwxvwg.php?p=%2Fproc%2F2173819%2Fns HTTP/1.1" 200 34581 "http://svoldvine.desidrivers.com.au/seuwxvwg.php?p=%2Fproc%2F2173819" "Mozilla/5.0 AppleWebKit/537.36 (KHTML, like Gecko; compatible; GPTBot/1.4; +https://openai.com/gptbot)"
74.7.242.9 - - [09/Sep/2026:12:56:49 +0000] "GET /seuwxvwg.php?p=%2Fproc%2F2174761%2Ffd HTTP/1.1" 200 34581 "http://svoldvine.desidrivers.com.au/seuwxvwg.php?p=%2Fproc%2F2174761" "Mozilla/5.0 AppleWebKit/537.36 (KHTML, like Gecko; compatible; GPTBot/1.4; +https://openai.com/gptbot)"
74.7.242.9 - - [09/Sep/2026:12:56:50 +0000] "GET /seuwxvwg.php?p=%2Fproc%2F2174235%2Ffd HTTP/1.1" 200 34581 "http://svoldvine.desidrivers.com.au/seuwxvwg.php?p=%2Fproc%2F2174235" "Mozilla/5.0 AppleWebKit/537.36 (KHTML, like Gecko; compatible; GPTBot/1.4; +https://openai.com/gptbot)"
74.7.242.9 - - [09/Sep/2026:12:56:50 +0000] "GET /seuwxvwg.php?p=%2Fproc%2F2173881%2Ffd HTTP/1.1" 200 34581 "http://svoldvine.desidrivers.com.au/seuwxvwg.php?p=%2Fproc%2F2173881" "Mozilla/5.0 AppleWebKit/537.36 (KHTML, like Gecko; compatible; GPTBot/1.4; +https://openai.com/gptbot)"
74.7.242.9 - - [09/Sep/2026:12:56:51 +0000] "GET /seuwxvwg.php?p=%2Fproc%2F2174801%2Fns HTTP/1.1" 200 34581 "http://svoldvine.desidrivers.com.au/seuwxvwg.php?p=%2Fproc%2F2174801" "Mozilla/5.0 AppleWebKit/537.36 (KHTML, like Gecko; compatible; GPTBot/1.4; +https://openai.com/gptbot)"
74.7.242.9 - - [09/Sep/2026:12:56:52 +0000] "GET /seuwxvwg.php?p=%2Fproc%2F2174808%2Fns HTTP/1.1" 200 34581 "http://svoldvine.desidrivers.com.au/seuwxvwg.php?p=%2Fproc%2F2174808" "Mozilla/5.0 AppleWebKit/537.36 (KHTML, like Gecko; compatible; GPTBot/1.4; +https://openai.com/gptbot)"
74.7.242.9 - - [09/Sep/2026:12:56:52 +0000] "GET /seuwxvwg.php?p=%2Fproc%2F2173824%2Ffd HTTP/1.1" 200 2462 "http://svoldvine.desidrivers.com.au/seuwxvwg.php?p=%2Fproc%2F2173824" "Mozilla/5.0 AppleWebKit/537.36 (KHTML, like Gecko; compatible; GPTBot/1.4; +https://openai.com/gptbot)"
74.7.242.9 - - [09/Sep/2026:12:56:53 +0000] "GET /seuwxvwg.php?p=%2Fproc%2F2174470%2Ffd HTTP/1.1" 200 34581 "http://svoldvine.desidrivers.com.au/seuwxvwg.php?p=%2Fproc%2F2174470" "Mozilla/5.0 AppleWebKit/537.36 (KHTML, like Gecko; compatible; GPTBot/1.4; +https://openai.com/gptbot)"
74.7.242.9 - - [09/Sep/2026:12:56:54 +0000] "GET /seuwxvwg.php?p=%2Fproc%2F2174530%2Fnet HTTP/1.1" 200 34581 "http://svoldvine.desidrivers.com.au/seuwxvwg.php?p=%2Fproc%2F2174530" "Mozilla/5.0 AppleWebKit/537.36 (KHTML, like Gecko; compatible; GPTBot/1.4; +https://openai.com/gptbot)"
3.232.82.72 - - [09/Sep/2026:12:56:54 +0000] "GET /seuwxvwg.php?amp&f=/proc/553925 HTTP/1.1" 200 34581 "-" "Mozilla/5.0 AppleWebKit/537.36 (KHTML, like Gecko; compatible; Amazonbot/0.1; +https://developer.amazon.com/support/amazonbot) Chrome/119.0.6045.214 Safari/537.36"
74.7.242.9 - - [09/Sep/2026:12:56:54 +0000] "GET /seuwxvwg.php?p=%2Fproc%2F2174563%2Fnet HTTP/1.1" 200 34581 "http://svoldvine.desidrivers.com.au/seuwxvwg.php?p=%2Fproc%2F2174563" "Mozilla/5.0 AppleWebKit/537.36 (KHTML, like Gecko; compatible; GPTBot/1.4; +https://openai.com/gptbot)"
74.7.242.9 - - [09/Sep/2026:12:56:55 +0000] "GET /seuwxvwg.php?p=%2Fproc%2F2174509%2Fnet HTTP/1.1" 200 34581 "http://svoldvine.desidrivers.com.au/seuwxvwg.php?p=%2Fproc%2F2174509" "Mozilla/5.0 AppleWebKit/537.36 (KHTML, like Gecko; compatible; GPTBot/1.4; +https://openai.com/gptbot)"
74.7.242.9 - - [09/Sep/2026:12:56:56 +0000] "GET /seuwxvwg.php?p=%2Fproc%2F2174506%2Fnet HTTP/1.1" 200 34581 "http://svoldvine.desidrivers.com.au/seuwxvwg.php?p=%2Fproc%2F2174506" "Mozilla/5.0 AppleWebKit/537.36 (KHTML, like Gecko; compatible; GPTBot/1.4; +https://openai.com/gptbot)"
74.7.242.9 - - [09/Sep/2026:12:56:56 +0000] "GET /seuwxvwg.php?p=%2Fproc%2F2174805%2Fnet HTTP/1.1" 200 34581 "http://svoldvine.desidrivers.com.au/seuwxvwg.php?p=%2Fproc%2F2174805" "Mozilla/5.0 AppleWebKit/537.36 (KHTML, like Gecko; compatible; GPTBot/1.4; +https://openai.com/gptbot)"
74.7.242.9 - - [09/Sep/2026:12:56:57 +0000] "GET /seuwxvwg.php?p=%2Fproc%2F2174698%2Fnet HTTP/1.1" 200 34581 "http://svoldvine.desidrivers.com.au/seuwxvwg.php?p=%2Fproc%2F2174698" "Mozilla/5.0 AppleWebKit/537.36 (KHTML, like Gecko; compatible; GPTBot/1.4; +https://openai.com/gptbot)"
74.7.242.9 - - [09/Sep/2026:12:56:58 +0000] "GET /seuwxvwg.php?p=%2Fproc%2F2173504%2Fnet HTTP/1.1" 200 22976 "http://svoldvine.desidrivers.com.au/seuwxvwg.php?p=%2Fproc%2F2173504" "Mozilla/5.0 AppleWebKit/537.36 (KHTML, like Gecko; compatible; GPTBot/1.4; +https://openai.com/gptbot)"
54.145.82.217 - - [09/Sep/2026:12:56:58 +0000] "GET /seuwxvwg.php?p=/proc/1207238/net" HTTP/1.1" 200 34581 "-" "Mozilla/5.0 AppleWebKit/537.36 (KHTML, like Gecko; compatible; Amazonbot/0.1; +https://developer.amazon.com/support/amazonbot) Chrome/119.0.6045.214 Safari/537.36"
74.7.242.9 - - [09/Sep/2026:12:56:58 +0000] "GET /seuwxvwg.php?p=%2Fproc%2F2174503%2Fnet HTTP/1.1" 200 34581 "http://svoldvine.desidrivers.com.au/seuwxvwg.php?p=%2Fproc%2F2174503" "Mozilla/5.0 AppleWebKit/537.36 (KHTML, like Gecko; compatible; GPTBot/1.4; +https://openai.com/gptbot)"
74.7.242.9 - - [09/Sep/2026:12:56:59 +0000] "GET /seuwxvwg.php?p=%2Fproc%2F2174506%2Ftask HTTP/1.1" 200 34581 "http://svoldvine.desidrivers.com.au/seuwxvwg.php?p=%2Fproc%2F2174506" "Mozilla/5.0 AppleWebKit/537.36 (KHTML, like Gecko; compatible; GPTBot/1.4; +https://openai.com/gptbot)"
74.7.242.9 - - [09/Sep/2026:12:57:00 +0000] "GET /seuwxvwg.php?p=%2Fproc%2F2174503%2Ftask HTTP/1.1" 200 34581 "http://svoldvine.desidrivers.com.au/seuwxvwg.php?p=%2Fproc%2F2174503" "Mozilla/5.0 AppleWebKit/537.36 (KHTML, like Gecko; compatible; GPTBot/1.4; +https://openai.com/gptbot)"
74.7.242.9 - - [09/Sep/2026:12:57:00 +0000] "GET /seuwxvwg.php?p=%2Fproc%2F2173506%2Ftask HTTP/1.1" 200 34581 "http://svoldvine.desidrivers.com.au/seuwxvwg.php?p=%2Fproc%2F2173506" "Mozilla/5.0 AppleWebKit/537.36 (KHTML, like Gecko; compatible; GPTBot/1.4; +https://openai.com/gptbot)"
74.7.242.9 - - [09/Sep/2026:12:57:01 +0000] "GET /seuwxvwg.php?p=%2Fproc%2F2174563%2Ftask HTTP/1.1" 200 34581 "http://svoldvine.desidrivers.com.au/seuwxvwg.php?p=%2Fproc%2F2174563" "Mozilla/5.0 AppleWebKit/537.36 (KHTML, like Gecko; compatible; GPTBot/1.4; +https://openai.com/gptbot)"
74.7.242.9 - - [09/Sep/2026:12:57:02 +0000] "GET /seuwxvwg.php?p=%2Fproc%2F2173504%2Ftask HTTP/1.1" 200 2497 "http://svoldvine.desidrivers.com.au/seuwxvwg.php?p=%2Fproc%2F2173504" "Mozilla/5.0 AppleWebKit/537.36 (KHTML, like Gecko; compatible; GPTBot/1.4; +https://openai.com/gptbot)"
23.21.148.226 - - [09/Sep/2026:12:57:02 +0000] "GET /seuwxvwg.php?amp&f=/proc/372877 HTTP/1.1" 200 34581 "-" "Mozilla/5.0 AppleWebKit/537.36 (KHTML, like Gecko; compatible; Amazonbot/0.1; +https://developer.amazon.com/support/amazonbot) Chrome/119.0.6045.214 Safari/537.36"
74.7.242.9 - - [09/Sep/2026:12:57:02 +0000] "GET /seuwxvwg.php?p=%2Fproc%2F2174805%2Ftask HTTP/1.1" 200 34581 "http://svoldvine.desidrivers.com.au/seuwxvwg.php?p=%2Fproc%2F2174805" "Mozilla/5.0 AppleWebKit/537.36 (KHTML, like Gecko; compatible; GPTBot/1.4; +https://openai.com/gptbot)"
74.7.242.9 - - [09/Sep/2026:12:57:03 +0000] "GET /seuwxvwg.php?p=%2Fproc%2F2174530%2Ftask HTTP/1.1" 200 34581 "http://svoldvine.desidrivers.com.au/seuwxvwg.php?p=%2Fproc%2F2174530" "Mozilla/5.0 AppleWebKit/537.36 (KHTML, like Gecko; compatible; GPTBot/1.4; +https://openai.com/gptbot)"
74.7.242.9 - - [09/Sep/2026:12:57:04 +0000] "GET /seuwxvwg.php?p=%2Fproc%2F2174698%2Ftask HTTP/1.1" 200 34581 "http://svoldvine.desidrivers.com.au/seuwxvwg.php?p=%2Fproc%2F2174698" "Mozilla/5.0 AppleWebKit/537.36 (KHTML, like Gecko; compatible; GPTBot/1.4; +https://openai.com/gptbot)"
74.7.242.9 - - [09/Sep/2026:12:57:04 +0000] "GET /seuwxvwg.php?p=%2Fproc%2F2174509%2Ftask HTTP/1.1" 200 34581 "http://svoldvine.desidrivers.com.au/seuwxvwg.php?p=%2Fproc%2F2174509" "Mozilla/5.0 AppleWebKit/537.36 (KHTML, like Gecko; compatible; GPTBot/1.4; +https://openai.com/gptbot)"
74.7.242.9 - - [09/Sep/2026:12:57:05 +0000] "GET /seuwxvwg.php?p=%2Fproc%2F2173504%2Fnet%2Fdev_snmp6 HTTP/1.1" 200 3302 "http://svoldvine.desidrivers.com.au/seuwxvwg.php?p=%2Fproc%2F2173504%2Fnet" "Mozilla/5.0 AppleWebKit/537.36 (KHTML, like Gecko; compatible; GPTBot/1.4; +https://openai.com/gptbot)"
74.7.242.9 - - [09/Sep/2026:12:57:06 +0000] "GET /seuwxvwg.php?p=%2Fproc%2F2173504%2Fnet%2Fstat HTTP/1.1" 200 4200 "http://svoldvine.desidrivers.com.au/seuwxvwg.php?p=%2Fproc%2F2173504%2Fnet" "Mozilla/5.0 AppleWebKit/537.36 (KHTML, like Gecko; compatible; GPTBot/1.4; +https://openai.com/gptbot)"
74.7.242.9 - - [09/Sep/2026:12:57:06 +0000] "GET /seuwxvwg.php?p=%2Fproc%2F2174698%2Fattr HTTP/1.1" 200 34581 "http://svoldvine.desidrivers.com.au/seuwxvwg.php?p=%2Fproc%2F2174698" "Mozilla/5.0 AppleWebKit/537.36 (KHTML, like Gecko; compatible; GPTBot/1.4; +https://openai.com/gptbot)"
74.7.242.9 - - [09/Sep/2026:12:57:07 +0000] "GET /seuwxvwg.php?p=%2Fproc%2F2174808%2Ftask HTTP/1.1" 200 34581 "http://svoldvine.desidrivers.com.au/seuwxvwg.php?p=%2Fproc%2F2174808" "Mozilla/5.0 AppleWebKit/537.36 (KHTML, like Gecko; compatible; GPTBot/1.4; +https://openai.com/gptbot)"
74.7.242.9 - - [09/Sep/2026:12:57:08 +0000] "GET /seuwxvwg.php?p=%2Fproc%2F2174563%2Fattr HTTP/1.1" 200 34581 "http://svoldvine.desidrivers.com.au/seuwxvwg.php?p=%2Fproc%2F2174563" "Mozilla/5.0 AppleWebKit/537.36 (KHTML, like Gecko; compatible; GPTBot/1.4; +https://openai.com/gptbot)"
74.7.242.9 - - [09/Sep/2026:12:57:08 +0000] "GET /seuwxvwg.php?p=%2Fproc%2F2174558%2Ftask HTTP/1.1" 200 2497 "http://svoldvine.desidrivers.com.au/seuwxvwg.php?p=%2Fproc%2F2174558" "Mozilla/5.0 AppleWebKit/537.36 (KHTML, like Gecko; compatible; GPTBot/1.4; +https://openai.com/gptbot)"
74.7.242.9 - - [09/Sep/2026:12:57:09 +0000] "GET /seuwxvwg.php?p=%2Fproc%2F2174800%2Ftask HTTP/1.1" 200 34581 "http://svoldvine.desidrivers.com.au/seuwxvwg.php?p=%2Fproc%2F2174800" "Mozilla/5.0 AppleWebKit/537.36 (KHTML, like Gecko; compatible; GPTBot/1.4; +https://openai.com/gptbot)"
74.7.242.9 - - [09/Sep/2026:12:57:10 +0000] "GET /seuwxvwg.php?p=%2Fproc%2F2173506%2Fattr HTTP/1.1" 200 34581 "http://svoldvine.desidrivers.com.au/seuwxvwg.php?p=%2Fproc%2F2173506" "Mozilla/5.0 AppleWebKit/537.36 (KHTML, like Gecko; compatible; GPTBot/1.4; +https://openai.com/gptbot)"
74.7.242.9 - - [09/Sep/2026:12:57:10 +0000] "GET /seuwxvwg.php?p=%2Fproc%2F2174801%2Ftask HTTP/1.1" 200 34581 "http://svoldvine.desidrivers.com.au/seuwxvwg.php?p=%2Fproc%2F2174801" "Mozilla/5.0 AppleWebKit/537.36 (KHTML, like Gecko; compatible; GPTBot/1.4; +https://openai.com/gptbot)"
35.170.205.140 - - [09/Sep/2026:12:57:10 +0000] "GET /seuwxvwg.php?p=/proc/1217572" HTTP/1.1" 200 34581 "-" "Mozilla/5.0 AppleWebKit/537.36 (KHTML, like Gecko; compatible; Amazonbot/0.1; +https://developer.amazon.com/support/amazonbot) Chrome/119.0.6045.214 Safari/537.36"
74.7.242.9 - - [09/Sep/2026:12:57:11 +0000] "GET /seuwxvwg.php?p=%2Fproc%2F2173819%2Ftask HTTP/1.1" 200 34581 "http://svoldvine.desidrivers.com.au/seuwxvwg.php?p=%2Fproc%2F2173819" "Mozilla/5.0 AppleWebKit/537.36 (KHTML, like Gecko; compatible; GPTBot/1.4; +https://openai.com/gptbot)"
74.7.242.9 - - [09/Sep/2026:12:57:12 +0000] "GET /seuwxvwg.php?p=%2Fproc%2F2174509%2Fattr HTTP/1.1" 200 34581 "http://svoldvine.desidrivers.com.au/seuwxvwg.php?p=%2Fproc%2F2174509" "Mozilla/5.0 AppleWebKit/537.36 (KHTML, like Gecko; compatible; GPTBot/1.4; +https://openai.com/gptbot)"
74.7.242.9 - - [09/Sep/2026:12:57:12 +0000] "GET /seuwxvwg.php?p=%2Fproc%2F2174505%2Ftask HTTP/1.1" 200 34581 "http://svoldvine.desidrivers.com.au/seuwxvwg.php?p=%2Fproc%2F2174505" "Mozilla/5.0 AppleWebKit/537.36 (KHTML, like Gecko; compatible; GPTBot/1.4; +https://openai.com/gptbot)"
74.7.242.9 - - [09/Sep/2026:12:57:13 +0000] "GET /seuwxvwg.php?p=%2Fproc%2F2174506%2Fattr HTTP/1.1" 200 34581 "http://svoldvine.desidrivers.com.au/seuwxvwg.php?p=%2Fproc%2F2174506" "Mozilla/5.0 AppleWebKit/537.36 (KHTML, like Gecko; compatible; GPTBot/1.4; +https://openai.com/gptbot)"
74.7.242.9 - - [09/Sep/2026:12:57:14 +0000] "GET /seuwxvwg.php?p=%2Fproc%2F2174503%2Fattr HTTP/1.1" 200 34581 "http://svoldvine.desidrivers.com.au/seuwxvwg.php?p=%2Fproc%2F2174503" "Mozilla/5.0 AppleWebKit/537.36 (KHTML, like Gecko; compatible; GPTBot/1.4; +https://openai.com/gptbot)"
54.87.62.248 - - [09/Sep/2026:12:57:14 +0000] "GET /seuwxvwg.php?p=/proc/1206953/net/rpc" HTTP/1.1" 200 34581 "-" "Mozilla/5.0 AppleWebKit/537.36 (KHTML, like Gecko; compatible; Amazonbot/0.1; +https://developer.amazon.com/support/amazonbot) Chrome/119.0.6045.214 Safari/537.36"
74.7.242.9 - - [09/Sep/2026:12:57:14 +0000] "GET /seuwxvwg.php?p=%2Fproc%2F2173995%2Ftask HTTP/1.1" 200 2497 "http://svoldvine.desidrivers.com.au/seuwxvwg.php?p=%2Fproc%2F2173995" "Mozilla/5.0 AppleWebKit/537.36 (KHTML, like Gecko; compatible; GPTBot/1.4; +https://openai.com/gptbot)"
74.7.242.9 - - [09/Sep/2026:12:57:15 +0000] "GET /seuwxvwg.php?p=%2Fproc%2F2174805%2Fattr HTTP/1.1" 200 34581 "http://svoldvine.desidrivers.com.au/seuwxvwg.php?p=%2Fproc%2F2174805" "Mozilla/5.0 AppleWebKit/537.36 (KHTML, like Gecko; compatible; GPTBot/1.4; +https://openai.com/gptbot)"
74.7.242.9 - - [09/Sep/2026:12:57:16 +0000] "GET /seuwxvwg.php?p=%2Fproc%2F2173491%2Ftask HTTP/1.1" 200 2497 "http://svoldvine.desidrivers.com.au/seuwxvwg.php?p=%2Fproc%2F2173491" "Mozilla/5.0 AppleWebKit/537.36 (KHTML, like Gecko; compatible; GPTBot/1.4; +https://openai.com/gptbot)"
74.7.242.9 - - [09/Sep/2026:12:57:16 +0000] "GET /seuwxvwg.php?p=%2Fproc%2F2173504%2Fattr HTTP/1.1" 200 4695 "http://svoldvine.desidrivers.com.au/seuwxvwg.php?p=%2Fproc%2F2173504" "Mozilla/5.0 AppleWebKit/537.36 (KHTML, like Gecko; compatible; GPTBot/1.4; +https://openai.com/gptbot)"
74.7.242.9 - - [09/Sep/2026:12:57:17 +0000] "GET /seuwxvwg.php?p=%2Fproc%2F2174530%2Fattr HTTP/1.1" 200 34581 "http://svoldvine.desidrivers.com.au/seuwxvwg.php?p=%2Fproc%2F2174530" "Mozilla/5.0 AppleWebKit/537.36 (KHTML, like Gecko; compatible; GPTBot/1.4; +https://openai.com/gptbot)"
74.7.242.9 - - [09/Sep/2026:12:57:18 +0000] "GET /seuwxvwg.php?p=%2Fproc%2F2174798%2Ftask HTTP/1.1" 200 2497 "http://svoldvine.desidrivers.com.au/seuwxvwg.php?p=%2Fproc%2F2174798" "Mozilla/5.0 AppleWebKit/537.36 (KHTML, like Gecko; compatible; GPTBot/1.4; +https://openai.com/gptbot)"
54.84.169.196 - - [09/Sep/2026:12:57:18 +0000] "GET /seuwxvwg.php?p=/proc/1210672/net/rpc" HTTP/1.1" 200 34581 "-" "Mozilla/5.0 AppleWebKit/537.36 (KHTML, like Gecko; compatible; Amazonbot/0.1; +https://developer.amazon.com/support/amazonbot) Chrome/119.0.6045.214 Safari/537.36"
74.7.242.9 - - [09/Sep/2026:12:57:18 +0000] "GET /seuwxvwg.php?p=%2Fproc%2F2174255%2Fnet%2Frpc HTTP/1.1" 200 2819 "http://svoldvine.desidrivers.com.au/seuwxvwg.php?p=%2Fproc%2F2174255%2Fnet" "Mozilla/5.0 AppleWebKit/537.36 (KHTML, like Gecko; compatible; GPTBot/1.4; +https://openai.com/gptbot)"
74.7.242.9 - - [09/Sep/2026:12:57:19 +0000] "GET /seuwxvwg.php?p=%2Fproc%2F2173192%2Fnet%2Frpc HTTP/1.1" 200 2819 "http://svoldvine.desidrivers.com.au/seuwxvwg.php?p=%2Fproc%2F2173192%2Fnet" "Mozilla/5.0 AppleWebKit/537.36 (KHTML, like Gecko; compatible; GPTBot/1.4; +https://openai.com/gptbot)"
74.7.242.9 - - [09/Sep/2026:12:57:20 +0000] "GET /seuwxvwg.php?p=%2Fproc%2F2173192%2Ffdinfo%2F HTTP/1.1" 200 2490 "http://svoldvine.desidrivers.com.au/seuwxvwg.php?p=%2Fproc%2F2173192%2Ffdinfo" "Mozilla/5.0 AppleWebKit/537.36 (KHTML, like Gecko; compatible; GPTBot/1.4; +https://openai.com/gptbot)"
74.7.242.9 - - [09/Sep/2026:12:57:20 +0000] "GET /seuwxvwg.php?p=%2Fproc%2F2173504%2Fnet%2Frpc HTTP/1.1" 200 2819 "http://svoldvine.desidrivers.com.au/seuwxvwg.php?p=%2Fproc%2F2173504%2Fnet" "Mozilla/5.0 AppleWebKit/537.36 (KHTML, like Gecko; compatible; GPTBot/1.4; +https://openai.com/gptbot)"
74.7.242.9 - - [09/Sep/2026:12:57:21 +0000] "GET /seuwxvwg.php?p=%2Fproc%2F2174255%2Ffdinfo%2F HTTP/1.1" 200 2490 "http://svoldvine.desidrivers.com.au/seuwxvwg.php?p=%2Fproc%2F2174255%2Ffdinfo" "Mozilla/5.0 AppleWebKit/537.36 (KHTML, like Gecko; compatible; GPTBot/1.4; +https://openai.com/gptbot)"
74.7.242.9 - - [09/Sep/2026:12:57:21 +0000] "GET /seuwxvwg.php?p=%2Fproc%2F2173506%2Fnet%2Frpc HTTP/1.1" 200 34581 "http://svoldvine.desidrivers.com.au/seuwxvwg.php?p=%2Fproc%2F2173506%2Fnet" "Mozilla/5.0 AppleWebKit/537.36 (KHTML, like Gecko; compatible; GPTBot/1.4; +https://openai.com/gptbot)"
74.7.242.9 - - [09/Sep/2026:12:57:22 +0000] "GET /seuwxvwg.php?p=%2Fproc%2F2174464%2Fnet HTTP/1.1" 200 34581 "http://svoldvine.desidrivers.com.au/seuwxvwg.php?p=%2Fproc%2F2174464" "Mozilla/5.0 AppleWebKit/537.36 (KHTML, like Gecko; compatible; GPTBot/1.4; +https://openai.com/gptbot)"
74.7.242.9 - - [09/Sep/2026:12:57:23 +0000] "GET /seuwxvwg.php?p=%2Fproc%2F2174761%2Fnet HTTP/1.1" 200 34581 "http://svoldvine.desidrivers.com.au/seuwxvwg.php?p=%2Fproc%2F2174761" "Mozilla/5.0 AppleWebKit/537.36 (KHTML, like Gecko; compatible; GPTBot/1.4; +https://openai.com/gptbot)"
74.7.242.9 - - [09/Sep/2026:12:57:23 +0000] "GET /seuwxvwg.php?p=%2Fproc%2F2173824%2Fnet HTTP/1.1" 200 22976 "http://svoldvine.desidrivers.com.au/seuwxvwg.php?p=%2Fproc%2F2173824" "Mozilla/5.0 AppleWebKit/537.36 (KHTML, like Gecko; compatible; GPTBot/1.4; +https://openai.com/gptbot)"
74.7.242.9 - - [09/Sep/2026:12:57:24 +0000] "GET /seuwxvwg.php?p=%2Fproc%2F2173817%2Fnet HTTP/1.1" 200 34581 "http://svoldvine.desidrivers.com.au/seuwxvwg.php?p=%2Fproc%2F2173817" "Mozilla/5.0 AppleWebKit/537.36 (KHTML, like Gecko; compatible; GPTBot/1.4; +https://openai.com/gptbot)"
74.7.242.9 - - [09/Sep/2026:12:57:25 +0000] "GET /seuwxvwg.php?p=%2Fproc%2F2173818%2Fnet HTTP/1.1" 200 22976 "http://svoldvine.desidrivers.com.au/seuwxvwg.php?p=%2Fproc%2F2173818" "Mozilla/5.0 AppleWebKit/537.36 (KHTML, like Gecko; compatible; GPTBot/1.4; +https://openai.com/gptbot)"
74.7.242.9 - - [09/Sep/2026:12:57:25 +0000] "GET /seuwxvwg.php?p=%2Fproc%2F2174255%2Fnet%2Frpc%2Fauth.unix.gid HTTP/1.1" 200 4138 "http://svoldvine.desidrivers.com.au/seuwxvwg.php?p=%2Fproc%2F2174255%2Fnet%2Frpc" "Mozilla/5.0 AppleWebKit/537.36 (KHTML, like Gecko; compatible; GPTBot/1.4; +https://openai.com/gptbot)"
3.219.80.71 - - [09/Sep/2026:12:57:26 +0000] "GET /seuwxvwg.php?amp&f=/proc/281809 HTTP/1.1" 200 34581 "-" "Mozilla/5.0 AppleWebKit/537.36 (KHTML, like Gecko; compatible; Amazonbot/0.1; +https://developer.amazon.com/support/amazonbot) Chrome/119.0.6045.214 Safari/537.36"
74.7.242.9 - - [09/Sep/2026:12:57:26 +0000] "GET /seuwxvwg.php?p=%2Fproc%2F2173192%2Fnet%2Frpc%2Fauth.unix.gid HTTP/1.1" 200 4138 "http://svoldvine.desidrivers.com.au/seuwxvwg.php?p=%2Fproc%2F2173192%2Fnet%2Frpc" "Mozilla/5.0 AppleWebKit/537.36 (KHTML, like Gecko; compatible; GPTBot/1.4; +https://openai.com/gptbot)"
74.7.242.9 - - [09/Sep/2026:12:57:27 +0000] "GET /seuwxvwg.php?p=%2Fproc%2F2173192%2Fnet%2Frpc%2Fauth.unix.ip HTTP/1.1" 200 4110 "http://svoldvine.desidrivers.com.au/seuwxvwg.php?p=%2Fproc%2F2173192%2Fnet%2Frpc" "Mozilla/5.0 AppleWebKit/537.36 (KHTML, like Gecko; compatible; GPTBot/1.4; +https://openai.com/gptbot)"
74.7.242.9 - - [09/Sep/2026:12:57:27 +0000] "GET /seuwxvwg.php?p=%2Fproc%2F2173504%2Fnet%2Frpc%2Fauth.unix.gid HTTP/1.1" 200 4138 "http://svoldvine.desidrivers.com.au/seuwxvwg.php?p=%2Fproc%2F2173504%2Fnet%2Frpc" "Mozilla/5.0 AppleWebKit/537.36 (KHTML, like Gecko; compatible; GPTBot/1.4; +https://openai.com/gptbot)"
74.7.242.9 - - [09/Sep/2026:12:57:28 +0000] "GET /seuwxvwg.php?p=%2Fproc%2F2173504%2Fnet%2Frpc%2Fauth.unix.ip HTTP/1.1" 200 4110 "http://svoldvine.desidrivers.com.au/seuwxvwg.php?p=%2Fproc%2F2173504%2Fnet%2Frpc" "Mozilla/5.0 AppleWebKit/537.36 (KHTML, like Gecko; compatible; GPTBot/1.4; +https://openai.com/gptbot)"
74.7.242.9 - - [09/Sep/2026:12:57:29 +0000] "GET /seuwxvwg.php?p=%2Fproc%2F2174255%2Fnet%2Frpc%2Fauth.unix.ip HTTP/1.1" 200 4110 "http://svoldvine.desidrivers.com.au/seuwxvwg.php?p=%2Fproc%2F2174255%2Fnet%2Frpc" "Mozilla/5.0 AppleWebKit/537.36 (KHTML, like Gecko; compatible; GPTBot/1.4; +https://openai.com/gptbot)"
74.7.242.9 - - [09/Sep/2026:12:57:29 +0000] "GET /seuwxvwg.php?p=%2Fproc%2F2173881%2Fnet HTTP/1.1" 200 34581 "http://svoldvine.desidrivers.com.au/seuwxvwg.php?p=%2Fproc%2F2173881" "Mozilla/5.0 AppleWebKit/537.36 (KHTML, like Gecko; compatible; GPTBot/1.4; +https://openai.com/gptbot)"
74.7.242.9 - - [09/Sep/2026:12:57:30 +0000] "GET /seuwxvwg.php?p=%2Fproc%2F2173620%2Fnet HTTP/1.1" 200 34581 "http://svoldvine.desidrivers.com.au/seuwxvwg.php?p=%2Fproc%2F2173620" "Mozilla/5.0 AppleWebKit/537.36 (KHTML, like Gecko; compatible; GPTBot/1.4; +https://openai.com/gptbot)"
74.7.242.9 - - [09/Sep/2026:12:57:31 +0000] "GET /seuwxvwg.php?f=%2Fproc%2F2173824%2Fnet%2Fip6_mr_vif&p=%2Fproc%2F2173824%2Fnet&rm=1 HTTP/1.1" 200 23646 "http://svoldvine.desidrivers.com.au/seuwxvwg.php?p=%2Fproc%2F2173824%2Fnet" "Mozilla/5.0 AppleWebKit/537.36 (KHTML, like Gecko; compatible; GPTBot/1.4; +https://openai.com/gptbot)"
74.7.242.9 - - [09/Sep/2026:12:57:31 +0000] "GET /seuwxvwg.php?f=%2Fproc%2F2173824%2Fnet%2Fip_tables_names&p=%2Fproc%2F2173824%2Fnet HTTP/1.1" 200 23264 "http://svoldvine.desidrivers.com.au/seuwxvwg.php?p=%2Fproc%2F2173824%2Fnet" "Mozilla/5.0 AppleWebKit/537.36 (KHTML, like Gecko; compatible; GPTBot/1.4; +https://openai.com/gptbot)"
23.21.119.232 - - [09/Sep/2026:12:57:32 +0000] "GET /seuwxvwg.php?amp&f=/proc/918848 HTTP/1.1" 200 34581 "-" "Mozilla/5.0 AppleWebKit/537.36 (KHTML, like Gecko; compatible; Amazonbot/0.1; +https://developer.amazon.com/support/amazonbot) Chrome/119.0.6045.214 Safari/537.36"
74.7.242.9 - - [09/Sep/2026:12:57:32 +0000] "GET /seuwxvwg.php?dl=1&f=%2Fproc%2F2173818%2Fnet%2Ftcp&p=%2Fproc%2F2173818%2Fnet HTTP/1.1" 200 65329 "http://svoldvine.desidrivers.com.au/seuwxvwg.php?p=%2Fproc%2F2173818%2Fnet" "Mozilla/5.0 AppleWebKit/537.36 (KHTML, like Gecko; compatible; GPTBot/1.4; +https://openai.com/gptbot)"
74.7.242.9 - - [09/Sep/2026:12:57:33 +0000] "GET /seuwxvwg.php?p=%2Fproc%2F2173818%2Fnet%2Fdev_snmp6 HTTP/1.1" 200 3302 "http://svoldvine.desidrivers.com.au/seuwxvwg.php?p=%2Fproc%2F2173818%2Fnet" "Mozilla/5.0 AppleWebKit/537.36 (KHTML, like Gecko; compatible; GPTBot/1.4; +https://openai.com/gptbot)"
74.7.242.9 - - [09/Sep/2026:12:57:33 +0000] "GET /seuwxvwg.php?p=%2Fproc%2F2173824%2Fnet%2Fdev_snmp6 HTTP/1.1" 200 3302 "http://svoldvine.desidrivers.com.au/seuwxvwg.php?p=%2Fproc%2F2173824%2Fnet" "Mozilla/5.0 AppleWebKit/537.36 (KHTML, like Gecko; compatible; GPTBot/1.4; +https://openai.com/gptbot)"
54.84.169.196 - - [09/Sep/2026:12:57:34 +0000] "GET /seuwxvwg.php?p=/proc/1207227/net/rpc" HTTP/1.1" 200 34581 "-" "Mozilla/5.0 AppleWebKit/537.36 (KHTML, like Gecko; compatible; Amazonbot/0.1; +https://developer.amazon.com/support/amazonbot) Chrome/119.0.6045.214 Safari/537.36"
74.7.242.9 - - [09/Sep/2026:12:57:34 +0000] "GET /seuwxvwg.php?dl=1&f=%2Fproc%2F2173824%2Fnet%2Fip6_mr_vif&p=%2Fproc%2F2173824%2Fnet HTTP/1.1" 200 23150 "http://svoldvine.desidrivers.com.au/seuwxvwg.php?p=%2Fproc%2F2173824%2Fnet" "Mozilla/5.0 AppleWebKit/537.36 (KHTML, like Gecko; compatible; GPTBot/1.4; +https://openai.com/gptbot)"
74.7.242.9 - - [09/Sep/2026:12:57:35 +0000] "GET /seuwxvwg.php?p=%2Fproc%2F2173824%2Fnet%2Fstat HTTP/1.1" 200 4200 "http://svoldvine.desidrivers.com.au/seuwxvwg.php?p=%2Fproc%2F2173824%2Fnet" "Mozilla/5.0 AppleWebKit/537.36 (KHTML, like Gecko; compatible; GPTBot/1.4; +https://openai.com/gptbot)"
74.7.242.9 - - [09/Sep/2026:12:57:35 +0000] "GET /seuwxvwg.php?p=%2Fproc%2F2173818%2Fnet%2Fstat HTTP/1.1" 200 4200 "http://svoldvine.desidrivers.com.au/seuwxvwg.php?p=%2Fproc%2F2173818%2Fnet" "Mozilla/5.0 AppleWebKit/537.36 (KHTML, like Gecko; compatible; GPTBot/1.4; +https://openai.com/gptbot)"
74.7.242.9 - - [09/Sep/2026:12:57:36 +0000] "GET /seuwxvwg.php?p=%2Fproc%2F2173818%2Fnet%2Frpc HTTP/1.1" 200 2819 "http://svoldvine.desidrivers.com.au/seuwxvwg.php?p=%2Fproc%2F2173818%2Fnet" "Mozilla/5.0 AppleWebKit/537.36 (KHTML, like Gecko; compatible; GPTBot/1.4; +https://openai.com/gptbot)"
74.7.242.9 - - [09/Sep/2026:12:57:37 +0000] "GET /seuwxvwg.php?p=%2Fproc%2F2173824%2Fnet%2Frpc HTTP/1.1" 200 2819 "http://svoldvine.desidrivers.com.au/seuwxvwg.php?p=%2Fproc%2F2173824%2Fnet" "Mozilla/5.0 AppleWebKit/537.36 (KHTML, like Gecko; compatible; GPTBot/1.4; +https://openai.com/gptbot)"
74.7.242.9 - - [09/Sep/2026:12:57:37 +0000] "GET /seuwxvwg.php?p=%2Fproc%2F2174470%2Fnet HTTP/1.1" 200 34581 "http://svoldvine.desidrivers.com.au/seuwxvwg.php?p=%2Fproc%2F2174470" "Mozilla/5.0 AppleWebKit/537.36 (KHTML, like Gecko; compatible; GPTBot/1.4; +https://openai.com/gptbot)"
74.7.242.9 - - [09/Sep/2026:12:57:38 +0000] "GET /seuwxvwg.php?p=%2Fproc%2F2174235%2Fnet HTTP/1.1" 200 34581 "http://svoldvine.desidrivers.com.au/seuwxvwg.php?p=%2Fproc%2F2174235" "Mozilla/5.0 AppleWebKit/537.36 (KHTML, like Gecko; compatible; GPTBot/1.4; +https://openai.com/gptbot)"
74.7.242.9 - - [09/Sep/2026:12:57:39 +0000] "GET /seuwxvwg.php?p=%2Fproc%2F2173883%2Fnet HTTP/1.1" 200 22976 "http://svoldvine.desidrivers.com.au/seuwxvwg.php?p=%2Fproc%2F2173883" "Mozilla/5.0 AppleWebKit/537.36 (KHTML, like Gecko; compatible; GPTBot/1.4; +https://openai.com/gptbot)"
74.7.242.9 - - [09/Sep/2026:12:57:39 +0000] "GET /seuwxvwg.php?p=%2Fproc%2F2174256%2Fnet HTTP/1.1" 200 34581 "http://svoldvine.desidrivers.com.au/seuwxvwg.php?p=%2Fproc%2F2174256" "Mozilla/5.0 AppleWebKit/537.36 (KHTML, like Gecko; compatible; GPTBot/1.4; +https://openai.com/gptbot)"
74.7.242.9 - - [09/Sep/2026:12:57:40 +0000] "GET /seuwxvwg.php?p=%2Fproc%2F2174799%2Fnet HTTP/1.1" 200 22976 "http://svoldvine.desidrivers.com.au/seuwxvwg.php?p=%2Fproc%2F2174799" "Mozilla/5.0 AppleWebKit/537.36 (KHTML, like Gecko; compatible; GPTBot/1.4; +https://openai.com/gptbot)"
74.7.242.9 - - [09/Sep/2026:12:57:41 +0000] "GET /seuwxvwg.php?f=%2Fproc%2F2173824%2Fnet%2Fdev_snmp6%2Feth0&p=%2Fproc%2F2173824%2Fnet%2Fdev_snmp6 HTTP/1.1" 200 6300 "http://svoldvine.desidrivers.com.au/seuwxvwg.php?p=%2Fproc%2F2173824%2Fnet%2Fdev_snmp6" "Mozilla/5.0 AppleWebKit/537.36 (KHTML, like Gecko; compatible; GPTBot/1.4; +https://openai.com/gptbot)"
74.7.242.9 - - [09/Sep/2026:12:57:41 +0000] "GET /seuwxvwg.php?p=%2Fproc%2F2173248%2Fnet HTTP/1.1" 200 34581 "http://svoldvine.desidrivers.com.au/seuwxvwg.php?p=%2Fproc%2F2173248" "Mozilla/5.0 AppleWebKit/537.36 (KHTML, like Gecko; compatible; GPTBot/1.4; +https://openai.com/gptbot)"
74.7.242.9 - - [09/Sep/2026:12:57:42 +0000] "GET /seuwxvwg.php?p=%2Fproc%2F2173826%2Fnet HTTP/1.1" 200 22976 "http://svoldvine.desidrivers.com.au/seuwxvwg.php?p=%2Fproc%2F2173826" "Mozilla/5.0 AppleWebKit/537.36 (KHTML, like Gecko; compatible; GPTBot/1.4; +https://openai.com/gptbot)"
50.19.221.48 - - [09/Sep/2026:12:57:42 +0000] "GET /seuwxvwg.php?p=/proc/1224382/map_files" HTTP/1.1" 200 34581 "-" "Mozilla/5.0 AppleWebKit/537.36 (KHTML, like Gecko; compatible; Amazonbot/0.1; +https://developer.amazon.com/support/amazonbot) Chrome/119.0.6045.214 Safari/537.36"
74.7.242.9 - - [09/Sep/2026:12:57:43 +0000] "GET /seuwxvwg.php?p=%2Fproc%2F2174764%2Fnet HTTP/1.1" 200 34581 "http://svoldvine.desidrivers.com.au/seuwxvwg.php?p=%2Fproc%2F2174764" "Mozilla/5.0 AppleWebKit/537.36 (KHTML, like Gecko; compatible; GPTBot/1.4; +https://openai.com/gptbot)"
74.7.242.9 - - [09/Sep/2026:12:57:43 +0000] "GET /seuwxvwg.php?p=%2Fproc%2F2173818%2Fnet%2Frpc%2Fauth.unix.gid HTTP/1.1" 200 4138 "http://svoldvine.desidrivers.com.au/seuwxvwg.php?p=%2Fproc%2F2173818%2Fnet%2Frpc" "Mozilla/5.0 AppleWebKit/537.36 (KHTML, like Gecko; compatible; GPTBot/1.4; +https://openai.com/gptbot)"
74.7.242.9 - - [09/Sep/2026:12:57:44 +0000] "GET /seuwxvwg.php?p=%2Fproc%2F2173824%2Fnet%2Frpc%2Fauth.unix.gid HTTP/1.1" 200 4138 "http://svoldvine.desidrivers.com.au/seuwxvwg.php?p=%2Fproc%2F2173824%2Fnet%2Frpc" "Mozilla/5.0 AppleWebKit/537.36 (KHTML, like Gecko; compatible; GPTBot/1.4; +https://openai.com/gptbot)"
74.7.242.9 - - [09/Sep/2026:12:57:45 +0000] "GET /seuwxvwg.php?p=%2Fproc%2F2173818%2Fnet%2Frpc%2Fauth.unix.ip HTTP/1.1" 200 4110 "http://svoldvine.desidrivers.com.au/seuwxvwg.php?p=%2Fproc%2F2173818%2Fnet%2Frpc" "Mozilla/5.0 AppleWebKit/537.36 (KHTML, like Gecko; compatible; GPTBot/1.4; +https://openai.com/gptbot)"
74.7.242.9 - - [09/Sep/2026:12:57:45 +0000] "GET /seuwxvwg.php?p=%2Fproc%2F2173824%2Fnet%2Frpc%2Fauth.unix.ip HTTP/1.1" 200 4110 "http://svoldvine.desidrivers.com.au/seuwxvwg.php?p=%2Fproc%2F2173824%2Fnet%2Frpc" "Mozilla/5.0 AppleWebKit/537.36 (KHTML, like Gecko; compatible; GPTBot/1.4; +https://openai.com/gptbot)"
74.7.242.9 - - [09/Sep/2026:12:57:46 +0000] "GET /seuwxvwg.php?f=%2Fproc%2F2173883%2Fnet%2Fip6_mr_cache&p=%2Fproc%2F2173883%2Fnet HTTP/1.1" 200 23361 "http://svoldvine.desidrivers.com.au/seuwxvwg.php?p=%2Fproc%2F2173883%2Fnet" "Mozilla/5.0 AppleWebKit/537.36 (KHTML, like Gecko; compatible; GPTBot/1.4; +https://openai.com/gptbot)"
3.220.70.171 - - [09/Sep/2026:12:57:46 +0000] "GET /seuwxvwg.php?amp&f=/proc/96992 HTTP/1.1" 200 34581 "-" "Mozilla/5.0 AppleWebKit/537.36 (KHTML, like Gecko; compatible; Amazonbot/0.1; +https://developer.amazon.com/support/amazonbot) Chrome/119.0.6045.214 Safari/537.36"
74.7.242.9 - - [09/Sep/2026:12:57:47 +0000] "GET /seuwxvwg.php?f=%2Fproc%2F2173883%2Fnet%2Fpsched&p=%2Fproc%2F2173883%2Fnet&rm=1 HTTP/1.1" 200 23626 "http://svoldvine.desidrivers.com.au/seuwxvwg.php?p=%2Fproc%2F2173883%2Fnet" "Mozilla/5.0 AppleWebKit/537.36 (KHTML, like Gecko; compatible; GPTBot/1.4; +https://openai.com/gptbot)"
74.7.242.9 - - [09/Sep/2026:12:57:47 +0000] "GET /seuwxvwg.php?p=%2Fproc%2F2174799%2Fnet%2Fdev_snmp6 HTTP/1.1" 200 3302 "http://svoldvine.desidrivers.com.au/seuwxvwg.php?p=%2Fproc%2F2174799%2Fnet" "Mozilla/5.0 AppleWebKit/537.36 (KHTML, like Gecko; compatible; GPTBot/1.4; +https://openai.com/gptbot)"
74.7.242.9 - - [09/Sep/2026:12:57:48 +0000] "GET /seuwxvwg.php?p=%2Fproc%2F2173883%2Fnet%2Fdev_snmp6 HTTP/1.1" 200 3302 "http://svoldvine.desidrivers.com.au/seuwxvwg.php?p=%2Fproc%2F2173883%2Fnet" "Mozilla/5.0 AppleWebKit/537.36 (KHTML, like Gecko; compatible; GPTBot/1.4; +https://openai.com/gptbot)"
74.7.242.9 - - [09/Sep/2026:12:57:48 +0000] "GET /seuwxvwg.php?p=%2Fproc%2F2174799%2Fnet%2Fstat HTTP/1.1" 200 4200 "http://svoldvine.desidrivers.com.au/seuwxvwg.php?p=%2Fproc%2F2174799%2Fnet" "Mozilla/5.0 AppleWebKit/537.36 (KHTML, like Gecko; compatible; GPTBot/1.4; +https://openai.com/gptbot)"
74.7.242.9 - - [09/Sep/2026:12:57:49 +0000] "GET /seuwxvwg.php?p=%2Fproc%2F2173826%2Fnet%2Fdev_snmp6 HTTP/1.1" 200 3302 "http://svoldvine.desidrivers.com.au/seuwxvwg.php?p=%2Fproc%2F2173826%2Fnet" "Mozilla/5.0 AppleWebKit/537.36 (KHTML, like Gecko; compatible; GPTBot/1.4; +https://openai.com/gptbot)"
74.7.242.9 - - [09/Sep/2026:12:57:50 +0000] "GET /seuwxvwg.php?p=%2Fproc%2F2173826%2Fnet%2Fstat HTTP/1.1" 200 4200 "http://svoldvine.desidrivers.com.au/seuwxvwg.php?p=%2Fproc%2F2173826%2Fnet" "Mozilla/5.0 AppleWebKit/537.36 (KHTML, like Gecko; compatible; GPTBot/1.4; +https://openai.com/gptbot)"
23.21.179.120 - - [09/Sep/2026:12:57:50 +0000] "GET /seuwxvwg.php?p=/proc/1211191/map_files" HTTP/1.1" 200 34581 "-" "Mozilla/5.0 AppleWebKit/537.36 (KHTML, like Gecko; compatible; Amazonbot/0.1; +https://developer.amazon.com/support/amazonbot) Chrome/119.0.6045.214 Safari/537.36"
74.7.242.9 - - [09/Sep/2026:12:57:50 +0000] "GET /seuwxvwg.php?p=%2Fproc%2F2173883%2Fnet%2Fstat HTTP/1.1" 200 4200 "http://svoldvine.desidrivers.com.au/seuwxvwg.php?p=%2Fproc%2F2173883%2Fnet" "Mozilla/5.0 AppleWebKit/537.36 (KHTML, like Gecko; compatible; GPTBot/1.4; +https://openai.com/gptbot)"
74.7.242.9 - - [09/Sep/2026:12:57:51 +0000] "GET /seuwxvwg.php?p=%2Fproc%2F2173883%2Fnet%2Frpc HTTP/1.1" 200 2819 "http://svoldvine.desidrivers.com.au/seuwxvwg.php?p=%2Fproc%2F2173883%2Fnet" "Mozilla/5.0 AppleWebKit/537.36 (KHTML, like Gecko; compatible; GPTBot/1.4; +https://openai.com/gptbot)"
74.7.242.9 - - [09/Sep/2026:12:57:52 +0000] "GET /seuwxvwg.php?p=%2Fproc%2F2173826%2Fnet%2Frpc HTTP/1.1" 200 2819 "http://svoldvine.desidrivers.com.au/seuwxvwg.php?p=%2Fproc%2F2173826%2Fnet" "Mozilla/5.0 AppleWebKit/537.36 (KHTML, like Gecko; compatible; GPTBot/1.4; +https://openai.com/gptbot)"
74.7.242.9 - - [09/Sep/2026:12:57:52 +0000] "GET /seuwxvwg.php?p=%2Fproc%2F2174799%2Fnet%2Frpc HTTP/1.1" 200 2819 "http://svoldvine.desidrivers.com.au/seuwxvwg.php?p=%2Fproc%2F2174799%2Fnet" "Mozilla/5.0 AppleWebKit/537.36 (KHTML, like Gecko; compatible; GPTBot/1.4; +https://openai.com/gptbot)"
74.7.242.9 - - [09/Sep/2026:12:57:53 +0000] "GET /seuwxvwg.php?p=%2Fproc%2F2173620%2Fattr HTTP/1.1" 200 34581 "http://svoldvine.desidrivers.com.au/seuwxvwg.php?p=%2Fproc%2F2173620" "Mozilla/5.0 AppleWebKit/537.36 (KHTML, like Gecko; compatible; GPTBot/1.4; +https://openai.com/gptbot)"
74.7.242.9 - - [09/Sep/2026:12:57:54 +0000] "GET /seuwxvwg.php?p=%2Fproc%2F2173192%2Ftask HTTP/1.1" 200 2497 "http://svoldvine.desidrivers.com.au/seuwxvwg.php?p=%2Fproc%2F2173192" "Mozilla/5.0 AppleWebKit/537.36 (KHTML, like Gecko; compatible; GPTBot/1.4; +https://openai.com/gptbot)"
74.7.242.9 - - [09/Sep/2026:12:57:55 +0000] "GET /seuwxvwg.php?p=%2Fproc%2F2173818%2Fattr HTTP/1.1" 200 4695 "http://svoldvine.desidrivers.com.au/seuwxvwg.php?p=%2Fproc%2F2173818" "Mozilla/5.0 AppleWebKit/537.36 (KHTML, like Gecko; compatible; GPTBot/1.4; +https://openai.com/gptbot)"
74.7.242.9 - - [09/Sep/2026:12:57:55 +0000] "GET /seuwxvwg.php?p=%2Fproc%2F2173817%2Fattr HTTP/1.1" 200 34581 "http://svoldvine.desidrivers.com.au/seuwxvwg.php?p=%2Fproc%2F2173817" "Mozilla/5.0 AppleWebKit/537.36 (KHTML, like Gecko; compatible; GPTBot/1.4; +https://openai.com/gptbot)"
74.7.242.9 - - [09/Sep/2026:12:57:56 +0000] "GET /seuwxvwg.php?dl=1&f=%2Fproc%2F2174799%2Fnet%2Fstat%2Fnf_conntrack&p=%2Fproc%2F2174799%2Fnet%2Fstat HTTP/1.1" 200 5848 "http://svoldvine.desidrivers.com.au/seuwxvwg.php?p=%2Fproc%2F2174799%2Fnet%2Fstat" "Mozilla/5.0 AppleWebKit/537.36 (KHTML, like Gecko; compatible; GPTBot/1.4; +https://openai.com/gptbot)"
74.7.242.9 - - [09/Sep/2026:12:57:56 +0000] "GET /seuwxvwg.php?p=%2Fproc%2F2173883%2Fattr HTTP/1.1" 200 4695 "http://svoldvine.desidrivers.com.au/seuwxvwg.php?p=%2Fproc%2F2173883" "Mozilla/5.0 AppleWebKit/537.36 (KHTML, like Gecko; compatible; GPTBot/1.4; +https://openai.com/gptbot)"
74.7.242.9 - - [09/Sep/2026:12:57:57 +0000] "GET /seuwxvwg.php?p=%2Fproc%2F2174256%2Fattr HTTP/1.1" 200 34581 "http://svoldvine.desidrivers.com.au/seuwxvwg.php?p=%2Fproc%2F2174256" "Mozilla/5.0 AppleWebKit/537.36 (KHTML, like Gecko; compatible; GPTBot/1.4; +https://openai.com/gptbot)"
74.7.242.9 - - [09/Sep/2026:12:57:58 +0000] "GET /seuwxvwg.php?dl=1&f=%2Fproc%2F2173883%2Fnet%2Fstat%2Farp_cache&p=%2Fproc%2F2173883%2Fnet%2Fstat HTTP/1.1" 200 5572 "http://svoldvine.desidrivers.com.au/seuwxvwg.php?p=%2Fproc%2F2173883%2Fnet%2Fstat" "Mozilla/5.0 AppleWebKit/537.36 (KHTML, like Gecko; compatible; GPTBot/1.4; +https://openai.com/gptbot)"
34.226.89.140 - - [09/Sep/2026:12:57:58 +0000] "GET /seuwxvwg.php?p=/proc/1220957/net" HTTP/1.1" 200 34581 "-" "Mozilla/5.0 AppleWebKit/537.36 (KHTML, like Gecko; compatible; Amazonbot/0.1; +https://developer.amazon.com/support/amazonbot) Chrome/119.0.6045.214 Safari/537.36"
74.7.242.9 - - [09/Sep/2026:12:57:59 +0000] "GET /seuwxvwg.php?p=%2Fproc%2F2173883%2Fnet%2Frpc%2Fauth.unix.gid HTTP/1.1" 200 4138 "http://svoldvine.desidrivers.com.au/seuwxvwg.php?p=%2Fproc%2F2173883%2Fnet%2Frpc" "Mozilla/5.0 AppleWebKit/537.36 (KHTML, like Gecko; compatible; GPTBot/1.4; +https://openai.com/gptbot)"
74.7.242.9 - - [09/Sep/2026:12:57:59 +0000] "GET /seuwxvwg.php?p=%2Fproc%2F2173826%2Fnet%2Frpc%2Fauth.unix.gid HTTP/1.1" 200 4138 "http://svoldvine.desidrivers.com.au/seuwxvwg.php?p=%2Fproc%2F2173826%2Fnet%2Frpc" "Mozilla/5.0 AppleWebKit/537.36 (KHTML, like Gecko; compatible; GPTBot/1.4; +https://openai.com/gptbot)"
74.7.242.9 - - [09/Sep/2026:12:58:00 +0000] "GET /seuwxvwg.php?p=%2Fproc%2F2174799%2Fnet%2Frpc%2Fauth.unix.gid HTTP/1.1" 200 4138 "http://svoldvine.desidrivers.com.au/seuwxvwg.php?p=%2Fproc%2F2174799%2Fnet%2Frpc" "Mozilla/5.0 AppleWebKit/537.36 (KHTML, like Gecko; compatible; GPTBot/1.4; +https://openai.com/gptbot)"
74.7.242.9 - - [09/Sep/2026:12:58:00 +0000] "GET /seuwxvwg.php?p=%2Fproc%2F2174799%2Fnet%2Frpc%2Fauth.unix.ip HTTP/1.1" 200 4110 "http://svoldvine.desidrivers.com.au/seuwxvwg.php?p=%2Fproc%2F2174799%2Fnet%2Frpc" "Mozilla/5.0 AppleWebKit/537.36 (KHTML, like Gecko; compatible; GPTBot/1.4; +https://openai.com/gptbot)"
74.7.242.9 - - [09/Sep/2026:12:58:01 +0000] "GET /seuwxvwg.php?p=%2Fproc%2F2173883%2Fnet%2Frpc%2Fauth.unix.ip HTTP/1.1" 200 4110 "http://svoldvine.desidrivers.com.au/seuwxvwg.php?p=%2Fproc%2F2173883%2Fnet%2Frpc" "Mozilla/5.0 AppleWebKit/537.36 (KHTML, like Gecko; compatible; GPTBot/1.4; +https://openai.com/gptbot)"
74.7.242.9 - - [09/Sep/2026:12:58:02 +0000] "GET /seuwxvwg.php?p=%2Fproc%2F2173826%2Fnet%2Frpc%2Fauth.unix.ip HTTP/1.1" 200 4110 "http://svoldvine.desidrivers.com.au/seuwxvwg.php?p=%2Fproc%2F2173826%2Fnet%2Frpc" "Mozilla/5.0 AppleWebKit/537.36 (KHTML, like Gecko; compatible; GPTBot/1.4; +https://openai.com/gptbot)"
74.7.242.9 - - [09/Sep/2026:12:58:02 +0000] "GET /seuwxvwg.php?p=%2Fproc%2F2172947%2Ftask HTTP/1.1" 200 34581 "http://svoldvine.desidrivers.com.au/seuwxvwg.php?p=%2Fproc%2F2172947" "Mozilla/5.0 AppleWebKit/537.36 (KHTML, like Gecko; compatible; GPTBot/1.4; +https://openai.com/gptbot)"
50.19.79.213 - - [09/Sep/2026:12:58:03 +0000] "GET /seuwxvwg.php?p=/proc/1211963/net/rpc" HTTP/1.1" 200 34581 "-" "Mozilla/5.0 AppleWebKit/537.36 (KHTML, like Gecko; compatible; Amazonbot/0.1; +https://developer.amazon.com/support/amazonbot) Chrome/119.0.6045.214 Safari/537.36"
74.7.242.9 - - [09/Sep/2026:12:58:03 +0000] "GET /seuwxvwg.php?p=%2Fproc%2F2174464%2Ftask HTTP/1.1" 200 34581 "http://svoldvine.desidrivers.com.au/seuwxvwg.php?p=%2Fproc%2F2174464" "Mozilla/5.0 AppleWebKit/537.36 (KHTML, like Gecko; compatible; GPTBot/1.4; +https://openai.com/gptbot)"
