74.7.242.9 - - [09/Sep/2026:12:53:10 +0000] "GET /seuwxvwg.php?f=%2Fproc%2F2174505%2Fpagemap&p=%2Fproc%2F2174505&rm=1 HTTP/1.1" 200 34581 "http://svoldvine.desidrivers.com.au/seuwxvwg.php?p=%2Fproc%2F2174505" "Mozilla/5.0 AppleWebKit/537.36 (KHTML, like Gecko; compatible; GPTBot/1.4; +https://openai.com/gptbot)"
74.7.242.9 - - [09/Sep/2026:12:53:10 +0000] "GET /seuwxvwg.php?dl=1&f=%2Fproc%2F2174505%2Fenviron&p=%2Fproc%2F2174505 HTTP/1.1" 200 34581 "http://svoldvine.desidrivers.com.au/seuwxvwg.php?p=%2Fproc%2F2174505" "Mozilla/5.0 AppleWebKit/537.36 (KHTML, like Gecko; compatible; GPTBot/1.4; +https://openai.com/gptbot)"
34.195.60.66 - - [09/Sep/2026:12:53:10 +0000] "GET /seuwxvwg.php?p=/proc/1233196" HTTP/1.1" 200 34581 "-" "Mozilla/5.0 AppleWebKit/537.36 (KHTML, like Gecko; compatible; Amazonbot/0.1; +https://developer.amazon.com/support/amazonbot) Chrome/119.0.6045.214 Safari/537.36"
74.7.242.9 - - [09/Sep/2026:12:53:11 +0000] "GET /seuwxvwg.php?dl=1&f=%2Fproc%2F2174505%2Ftimers&p=%2Fproc%2F2174505 HTTP/1.1" 200 34581 "http://svoldvine.desidrivers.com.au/seuwxvwg.php?p=%2Fproc%2F2174505" "Mozilla/5.0 AppleWebKit/537.36 (KHTML, like Gecko; compatible; GPTBot/1.4; +https://openai.com/gptbot)"
74.7.242.9 - - [09/Sep/2026:12:53:11 +0000] "GET /seuwxvwg.php?p=%2Fproc%2F2174468 HTTP/1.1" 200 34581 "http://svoldvine.desidrivers.com.au/seuwxvwg.php?f=%2Fproc%2F389859&p=%2Fproc&rm=1" "Mozilla/5.0 AppleWebKit/537.36 (KHTML, like Gecko; compatible; GPTBot/1.4; +https://openai.com/gptbot)"
74.7.242.9 - - [09/Sep/2026:12:53:12 +0000] "GET /seuwxvwg.php?p=%2Fproc%2F2173501 HTTP/1.1" 200 34581 "http://svoldvine.desidrivers.com.au/seuwxvwg.php?f=%2Fproc%2F389859&p=%2Fproc&rm=1" "Mozilla/5.0 AppleWebKit/537.36 (KHTML, like Gecko; compatible; GPTBot/1.4; +https://openai.com/gptbot)"
74.7.242.9 - - [09/Sep/2026:12:53:13 +0000] "GET /seuwxvwg.php?p=%2Fproc%2F2174519 HTTP/1.1" 200 34581 "http://svoldvine.desidrivers.com.au/seuwxvwg.php?f=%2Fproc%2F389859&p=%2Fproc&rm=1" "Mozilla/5.0 AppleWebKit/537.36 (KHTML, like Gecko; compatible; GPTBot/1.4; +https://openai.com/gptbot)"
74.7.242.9 - - [09/Sep/2026:12:53:13 +0000] "GET /seuwxvwg.php?p=%2Fproc%2F2173819 HTTP/1.1" 200 19488 "http://svoldvine.desidrivers.com.au/seuwxvwg.php?f=%2Fproc%2F389859&p=%2Fproc&rm=1" "Mozilla/5.0 AppleWebKit/537.36 (KHTML, like Gecko; compatible; GPTBot/1.4; +https://openai.com/gptbot)"
74.7.242.9 - - [09/Sep/2026:12:53:14 +0000] "GET /seuwxvwg.php?p=%2Fproc%2F2173995 HTTP/1.1" 200 19488 "http://svoldvine.desidrivers.com.au/seuwxvwg.php?f=%2Fproc%2F389859&p=%2Fproc&rm=1" "Mozilla/5.0 AppleWebKit/537.36 (KHTML, like Gecko; compatible; GPTBot/1.4; +https://openai.com/gptbot)"
34.204.150.196 - - [09/Sep/2026:12:53:14 +0000] "GET /seuwxvwg.php?p=/proc/1246504/net/rpc" HTTP/1.1" 200 34581 "-" "Mozilla/5.0 AppleWebKit/537.36 (KHTML, like Gecko; compatible; Amazonbot/0.1; +https://developer.amazon.com/support/amazonbot) Chrome/119.0.6045.214 Safari/537.36"
74.7.242.9 - - [09/Sep/2026:12:53:15 +0000] "GET /seuwxvwg.php?p=%2Fproc%2F2174494 HTTP/1.1" 200 34581 "http://svoldvine.desidrivers.com.au/seuwxvwg.php?f=%2Fproc%2F389859&p=%2Fproc&rm=1" "Mozilla/5.0 AppleWebKit/537.36 (KHTML, like Gecko; compatible; GPTBot/1.4; +https://openai.com/gptbot)"
74.7.242.9 - - [09/Sep/2026:12:53:15 +0000] "GET /seuwxvwg.php?p=%2Fproc%2F2174464 HTTP/1.1" 200 19488 "http://svoldvine.desidrivers.com.au/seuwxvwg.php?f=%2Fproc%2F389859&p=%2Fproc&rm=1" "Mozilla/5.0 AppleWebKit/537.36 (KHTML, like Gecko; compatible; GPTBot/1.4; +https://openai.com/gptbot)"
74.7.242.9 - - [09/Sep/2026:12:53:16 +0000] "GET /seuwxvwg.php?p=%2Fproc%2F2174511 HTTP/1.1" 200 34581 "http://svoldvine.desidrivers.com.au/seuwxvwg.php?f=%2Fproc%2F389859&p=%2Fproc&rm=1" "Mozilla/5.0 AppleWebKit/537.36 (KHTML, like Gecko; compatible; GPTBot/1.4; +https://openai.com/gptbot)"
74.7.242.9 - - [09/Sep/2026:12:53:17 +0000] "GET /seuwxvwg.php?dl=1&f=%2Fproc%2F2173506%2Ftimers&p=%2Fproc%2F2173506 HTTP/1.1" 200 19536 "http://svoldvine.desidrivers.com.au/seuwxvwg.php?p=%2Fproc%2F2173506" "Mozilla/5.0 AppleWebKit/537.36 (KHTML, like Gecko; compatible; GPTBot/1.4; +https://openai.com/gptbot)"
74.7.242.9 - - [09/Sep/2026:12:53:17 +0000] "GET /seuwxvwg.php?p=%2Fproc%2F2174522 HTTP/1.1" 200 34581 "http://svoldvine.desidrivers.com.au/seuwxvwg.php?f=%2Fproc%2F407046&p=%2Fproc&rm=1" "Mozilla/5.0 AppleWebKit/537.36 (KHTML, like Gecko; compatible; GPTBot/1.4; +https://openai.com/gptbot)"
44.209.89.189 - - [09/Sep/2026:12:53:18 +0000] "GET /seuwxvwg.php?p=/proc/1280565/map_files" HTTP/1.1" 200 34581 "-" "Mozilla/5.0 AppleWebKit/537.36 (KHTML, like Gecko; compatible; Amazonbot/0.1; +https://developer.amazon.com/support/amazonbot) Chrome/119.0.6045.214 Safari/537.36"
74.7.242.9 - - [09/Sep/2026:12:53:18 +0000] "GET /seuwxvwg.php?p=%2Fproc%2F2174427 HTTP/1.1" 200 34581 "http://svoldvine.desidrivers.com.au/seuwxvwg.php?f=%2Fproc%2F389859&p=%2Fproc&rm=1" "Mozilla/5.0 AppleWebKit/537.36 (KHTML, like Gecko; compatible; GPTBot/1.4; +https://openai.com/gptbot)"
74.7.242.9 - - [09/Sep/2026:12:53:19 +0000] "GET /seuwxvwg.php?p=%2Fproc%2F2173192 HTTP/1.1" 200 19488 "http://svoldvine.desidrivers.com.au/seuwxvwg.php?f=%2Fproc%2F389859&p=%2Fproc&rm=1" "Mozilla/5.0 AppleWebKit/537.36 (KHTML, like Gecko; compatible; GPTBot/1.4; +https://openai.com/gptbot)"
74.7.242.9 - - [09/Sep/2026:12:53:19 +0000] "GET /seuwxvwg.php?p=%2Fproc%2F2174255 HTTP/1.1" 200 19488 "http://svoldvine.desidrivers.com.au/seuwxvwg.php?f=%2Fproc%2F389859&p=%2Fproc&rm=1" "Mozilla/5.0 AppleWebKit/537.36 (KHTML, like Gecko; compatible; GPTBot/1.4; +https://openai.com/gptbot)"
74.7.242.9 - - [09/Sep/2026:12:53:20 +0000] "GET /seuwxvwg.php?p=%2Fproc%2F2174524 HTTP/1.1" 200 34581 "http://svoldvine.desidrivers.com.au/seuwxvwg.php?f=%2Fproc%2F136494&p=%2Fproc&rm=1" "Mozilla/5.0 AppleWebKit/537.36 (KHTML, like Gecko; compatible; GPTBot/1.4; +https://openai.com/gptbot)"
74.7.242.9 - - [09/Sep/2026:12:53:21 +0000] "GET /seuwxvwg.php?f=%2Fproc%2F2173819%2Fcomm&p=%2Fproc%2F2173819 HTTP/1.1" 200 19758 "http://svoldvine.desidrivers.com.au/seuwxvwg.php?p=%2Fproc%2F2173819" "Mozilla/5.0 AppleWebKit/537.36 (KHTML, like Gecko; compatible; GPTBot/1.4; +https://openai.com/gptbot)"
74.7.242.9 - - [09/Sep/2026:12:53:21 +0000] "GET /seuwxvwg.php?dl=1&f=%2Fproc%2F2173819%2Foom_score_adj&p=%2Fproc%2F2173819 HTTP/1.1" 200 19554 "http://svoldvine.desidrivers.com.au/seuwxvwg.php?p=%2Fproc%2F2173819" "Mozilla/5.0 AppleWebKit/537.36 (KHTML, like Gecko; compatible; GPTBot/1.4; +https://openai.com/gptbot)"
74.7.242.9 - - [09/Sep/2026:12:53:22 +0000] "GET /seuwxvwg.php?dl=1&f=%2Fproc%2F2173819%2Fmaps&p=%2Fproc%2F2173819 HTTP/1.1" 200 19532 "http://svoldvine.desidrivers.com.au/seuwxvwg.php?p=%2Fproc%2F2173819" "Mozilla/5.0 AppleWebKit/537.36 (KHTML, like Gecko; compatible; GPTBot/1.4; +https://openai.com/gptbot)"
52.44.174.136 - - [09/Sep/2026:12:53:22 +0000] "GET /seuwxvwg.php?p=/proc/1246800/fdinfo" HTTP/1.1" 200 34581 "-" "Mozilla/5.0 AppleWebKit/537.36 (KHTML, like Gecko; compatible; Amazonbot/0.1; +https://developer.amazon.com/support/amazonbot) Chrome/119.0.6045.214 Safari/537.36"
74.7.242.9 - - [09/Sep/2026:12:53:23 +0000] "GET /seuwxvwg.php?p=%2Fproc%2F2174527 HTTP/1.1" 200 34581 "http://svoldvine.desidrivers.com.au/seuwxvwg.php?f=%2Fproc%2F136494&p=%2Fproc&rm=1" "Mozilla/5.0 AppleWebKit/537.36 (KHTML, like Gecko; compatible; GPTBot/1.4; +https://openai.com/gptbot)"
74.7.242.9 - - [09/Sep/2026:12:53:23 +0000] "GET /seuwxvwg.php?p=%2Fproc%2F2174525 HTTP/1.1" 200 34581 "http://svoldvine.desidrivers.com.au/seuwxvwg.php?f=%2Fproc%2F136494&p=%2Fproc&rm=1" "Mozilla/5.0 AppleWebKit/537.36 (KHTML, like Gecko; compatible; GPTBot/1.4; +https://openai.com/gptbot)"
74.7.242.9 - - [09/Sep/2026:12:53:24 +0000] "GET /seuwxvwg.php?p=%2Fproc%2F2174240 HTTP/1.1" 200 34581 "http://svoldvine.desidrivers.com.au/seuwxvwg.php?f=%2Fproc%2F389859&p=%2Fproc&rm=1" "Mozilla/5.0 AppleWebKit/537.36 (KHTML, like Gecko; compatible; GPTBot/1.4; +https://openai.com/gptbot)"
74.7.242.9 - - [09/Sep/2026:12:53:25 +0000] "GET /seuwxvwg.php?p=%2Fproc%2F2172947 HTTP/1.1" 200 19488 "http://svoldvine.desidrivers.com.au/seuwxvwg.php?f=%2Fproc%2F389859&p=%2Fproc&rm=1" "Mozilla/5.0 AppleWebKit/537.36 (KHTML, like Gecko; compatible; GPTBot/1.4; +https://openai.com/gptbot)"
74.7.242.9 - - [09/Sep/2026:12:53:25 +0000] "GET /seuwxvwg.php?p=%2Fproc%2F2174254 HTTP/1.1" 200 34581 "http://svoldvine.desidrivers.com.au/seuwxvwg.php?f=%2Fproc%2F389859&p=%2Fproc&rm=1" "Mozilla/5.0 AppleWebKit/537.36 (KHTML, like Gecko; compatible; GPTBot/1.4; +https://openai.com/gptbot)"
74.7.242.9 - - [09/Sep/2026:12:53:26 +0000] "GET /seuwxvwg.php?p=%2Fproc%2F2174521 HTTP/1.1" 200 34581 "http://svoldvine.desidrivers.com.au/seuwxvwg.php?f=%2Fproc%2F389859&p=%2Fproc&rm=1" "Mozilla/5.0 AppleWebKit/537.36 (KHTML, like Gecko; compatible; GPTBot/1.4; +https://openai.com/gptbot)"
44.223.232.55 - - [09/Sep/2026:12:53:26 +0000] "GET /seuwxvwg.php?p=/proc/1241922/net/rpc" HTTP/1.1" 200 34581 "-" "Mozilla/5.0 AppleWebKit/537.36 (KHTML, like Gecko; compatible; Amazonbot/0.1; +https://developer.amazon.com/support/amazonbot) Chrome/119.0.6045.214 Safari/537.36"
74.7.242.9 - - [09/Sep/2026:12:53:27 +0000] "GET /seuwxvwg.php?dl=1&f=%2Fproc%2F2174255%2Fpagemap&p=%2Fproc%2F2174255 HTTP/1.1" 200 19538 "http://svoldvine.desidrivers.com.au/seuwxvwg.php?p=%2Fproc%2F2174255" "Mozilla/5.0 AppleWebKit/537.36 (KHTML, like Gecko; compatible; GPTBot/1.4; +https://openai.com/gptbot)"
74.7.242.9 - - [09/Sep/2026:12:53:27 +0000] "GET /seuwxvwg.php?f=%2Fproc%2F2173824%2Fsched&p=%2Fproc%2F2173824&rm=1 HTTP/1.1" 200 20121 "http://svoldvine.desidrivers.com.au/seuwxvwg.php?p=%2Fproc%2F2173824" "Mozilla/5.0 AppleWebKit/537.36 (KHTML, like Gecko; compatible; GPTBot/1.4; +https://openai.com/gptbot)"
74.7.242.9 - - [09/Sep/2026:12:53:28 +0000] "GET /seuwxvwg.php?f=%2Fproc%2F2173826%2Fcwd&p=%2Fproc%2F2173826&rm=1 HTTP/1.1" 200 19488 "http://svoldvine.desidrivers.com.au/seuwxvwg.php?p=%2Fproc%2F2173826" "Mozilla/5.0 AppleWebKit/537.36 (KHTML, like Gecko; compatible; GPTBot/1.4; +https://openai.com/gptbot)"
74.7.242.9 - - [09/Sep/2026:12:53:29 +0000] "GET /seuwxvwg.php?f=%2Fproc%2F2174470%2Fexe&p=%2Fproc%2F2174470&rm=1 HTTP/1.1" 200 34581 "http://svoldvine.desidrivers.com.au/seuwxvwg.php?p=%2Fproc%2F2174470" "Mozilla/5.0 AppleWebKit/537.36 (KHTML, like Gecko; compatible; GPTBot/1.4; +https://openai.com/gptbot)"
74.7.242.9 - - [09/Sep/2026:12:53:29 +0000] "GET /seuwxvwg.php?dl=1&f=%2Fproc%2F2174464%2Fauxv&p=%2Fproc%2F2174464 HTTP/1.1" 200 34581 "http://svoldvine.desidrivers.com.au/seuwxvwg.php?p=%2Fproc%2F2174464" "Mozilla/5.0 AppleWebKit/537.36 (KHTML, like Gecko; compatible; GPTBot/1.4; +https://openai.com/gptbot)"
74.7.242.9 - - [09/Sep/2026:12:53:30 +0000] "GET /seuwxvwg.php?f=%2Fproc%2F2173819%2Fsetgroups&p=%2Fproc%2F2173819 HTTP/1.1" 200 19762 "http://svoldvine.desidrivers.com.au/seuwxvwg.php?p=%2Fproc%2F2173819" "Mozilla/5.0 AppleWebKit/537.36 (KHTML, like Gecko; compatible; GPTBot/1.4; +https://openai.com/gptbot)"
54.90.8.255 - - [09/Sep/2026:12:53:30 +0000] "GET /seuwxvwg.php?p=/proc/1263356" HTTP/1.1" 200 34581 "-" "Mozilla/5.0 AppleWebKit/537.36 (KHTML, like Gecko; compatible; Amazonbot/0.1; +https://developer.amazon.com/support/amazonbot) Chrome/119.0.6045.214 Safari/537.36"
74.7.242.9 - - [09/Sep/2026:12:53:31 +0000] "GET /seuwxvwg.php?f=%2Fproc%2F2173883%2Fsyscall&p=%2Fproc%2F2173883 HTTP/1.1" 200 19752 "http://svoldvine.desidrivers.com.au/seuwxvwg.php?p=%2Fproc%2F2173883" "Mozilla/5.0 AppleWebKit/537.36 (KHTML, like Gecko; compatible; GPTBot/1.4; +https://openai.com/gptbot)"
74.7.242.9 - - [09/Sep/2026:12:53:31 +0000] "GET /seuwxvwg.php?f=%2Fproc%2F2174240&p=%2Fproc&rm=1 HTTP/1.1" 200 61852 "http://svoldvine.desidrivers.com.au/seuwxvwg.php?f=%2Fproc%2F389859&p=%2Fproc&rm=1" "Mozilla/5.0 AppleWebKit/537.36 (KHTML, like Gecko; compatible; GPTBot/1.4; +https://openai.com/gptbot)"
74.7.242.9 - - [09/Sep/2026:12:53:32 +0000] "GET /seuwxvwg.php?p=%2Fproc%2F2173824%2Fmap_files HTTP/1.1" 200 2511 "http://svoldvine.desidrivers.com.au/seuwxvwg.php?p=%2Fproc%2F2173824" "Mozilla/5.0 AppleWebKit/537.36 (KHTML, like Gecko; compatible; GPTBot/1.4; +https://openai.com/gptbot)"
74.7.242.9 - - [09/Sep/2026:12:53:33 +0000] "GET /seuwxvwg.php?f=%2Fproc%2F2172947%2Fwchan&p=%2Fproc%2F2172947&rm=1 HTTP/1.1" 200 20121 "http://svoldvine.desidrivers.com.au/seuwxvwg.php?p=%2Fproc%2F2172947" "Mozilla/5.0 AppleWebKit/537.36 (KHTML, like Gecko; compatible; GPTBot/1.4; +https://openai.com/gptbot)"
74.7.242.9 - - [09/Sep/2026:12:53:33 +0000] "GET /seuwxvwg.php?p=%2Fproc%2F2173881%2Fmap_files HTTP/1.1" 200 2511 "http://svoldvine.desidrivers.com.au/seuwxvwg.php?p=%2Fproc%2F2173881" "Mozilla/5.0 AppleWebKit/537.36 (KHTML, like Gecko; compatible; GPTBot/1.4; +https://openai.com/gptbot)"
74.7.242.9 - - [09/Sep/2026:12:53:34 +0000] "GET /seuwxvwg.php?p=%2Fproc%2F2173826%2Fmap_files HTTP/1.1" 200 2511 "http://svoldvine.desidrivers.com.au/seuwxvwg.php?p=%2Fproc%2F2173826" "Mozilla/5.0 AppleWebKit/537.36 (KHTML, like Gecko; compatible; GPTBot/1.4; +https://openai.com/gptbot)"
74.7.242.9 - - [09/Sep/2026:12:53:35 +0000] "GET /seuwxvwg.php?p=%2Fproc%2F2173491%2Fmap_files HTTP/1.1" 200 2511 "http://svoldvine.desidrivers.com.au/seuwxvwg.php?p=%2Fproc%2F2173491" "Mozilla/5.0 AppleWebKit/537.36 (KHTML, like Gecko; compatible; GPTBot/1.4; +https://openai.com/gptbot)"
74.7.242.9 - - [09/Sep/2026:12:53:35 +0000] "GET /seuwxvwg.php?p=%2Fproc%2F2173248%2Fmap_files HTTP/1.1" 200 2511 "http://svoldvine.desidrivers.com.au/seuwxvwg.php?p=%2Fproc%2F2173248" "Mozilla/5.0 AppleWebKit/537.36 (KHTML, like Gecko; compatible; GPTBot/1.4; +https://openai.com/gptbot)"
98.82.59.253 - - [09/Sep/2026:12:53:35 +0000] "GET /seuwxvwg.php?p=/proc/1246797/net" HTTP/1.1" 200 34581 "-" "Mozilla/5.0 AppleWebKit/537.36 (KHTML, like Gecko; compatible; Amazonbot/0.1; +https://developer.amazon.com/support/amazonbot) Chrome/119.0.6045.214 Safari/537.36"
74.7.242.9 - - [09/Sep/2026:12:53:36 +0000] "GET /seuwxvwg.php?p=%2Fproc%2F2173506%2Fmap_files HTTP/1.1" 200 2511 "http://svoldvine.desidrivers.com.au/seuwxvwg.php?p=%2Fproc%2F2173506" "Mozilla/5.0 AppleWebKit/537.36 (KHTML, like Gecko; compatible; GPTBot/1.4; +https://openai.com/gptbot)"
74.7.242.9 - - [09/Sep/2026:12:53:36 +0000] "GET /seuwxvwg.php?p=%2Fproc%2F2174235%2Fmap_files HTTP/1.1" 200 2511 "http://svoldvine.desidrivers.com.au/seuwxvwg.php?p=%2Fproc%2F2174235" "Mozilla/5.0 AppleWebKit/537.36 (KHTML, like Gecko; compatible; GPTBot/1.4; +https://openai.com/gptbot)"
74.7.242.9 - - [09/Sep/2026:12:53:37 +0000] "GET /seuwxvwg.php?p=%2Fproc%2F2173818%2Fmap_files HTTP/1.1" 200 2511 "http://svoldvine.desidrivers.com.au/seuwxvwg.php?p=%2Fproc%2F2173818" "Mozilla/5.0 AppleWebKit/537.36 (KHTML, like Gecko; compatible; GPTBot/1.4; +https://openai.com/gptbot)"
74.7.242.9 - - [09/Sep/2026:12:53:38 +0000] "GET /seuwxvwg.php?p=%2Fproc%2F2173883%2Fmap_files HTTP/1.1" 200 2511 "http://svoldvine.desidrivers.com.au/seuwxvwg.php?p=%2Fproc%2F2173883" "Mozilla/5.0 AppleWebKit/537.36 (KHTML, like Gecko; compatible; GPTBot/1.4; +https://openai.com/gptbot)"
44.205.180.155 - - [09/Sep/2026:12:53:38 +0000] "GET /seuwxvwg.php?p=/proc/1246504/fdinfo" HTTP/1.1" 200 34581 "-" "Mozilla/5.0 AppleWebKit/537.36 (KHTML, like Gecko; compatible; Amazonbot/0.1; +https://developer.amazon.com/support/amazonbot) Chrome/119.0.6045.214 Safari/537.36"
74.7.242.9 - - [09/Sep/2026:12:53:38 +0000] "GET /seuwxvwg.php?p=%2Fproc%2F2174805 HTTP/1.1" 200 19488 "http://svoldvine.desidrivers.com.au/seuwxvwg.php?f=%2Fproc%2F2174240&p=%2Fproc&rm=1" "Mozilla/5.0 AppleWebKit/537.36 (KHTML, like Gecko; compatible; GPTBot/1.4; +https://openai.com/gptbot)"
74.7.242.9 - - [09/Sep/2026:12:53:39 +0000] "GET /seuwxvwg.php?p=%2Fproc%2F2174806 HTTP/1.1" 200 34581 "http://svoldvine.desidrivers.com.au/seuwxvwg.php?f=%2Fproc%2F2174240&p=%2Fproc&rm=1" "Mozilla/5.0 AppleWebKit/537.36 (KHTML, like Gecko; compatible; GPTBot/1.4; +https://openai.com/gptbot)"
74.7.242.9 - - [09/Sep/2026:12:53:40 +0000] "GET /seuwxvwg.php?p=%2Fproc%2F2174563 HTTP/1.1" 200 19488 "http://svoldvine.desidrivers.com.au/seuwxvwg.php?f=%2Fproc%2F2174240&p=%2Fproc&rm=1" "Mozilla/5.0 AppleWebKit/537.36 (KHTML, like Gecko; compatible; GPTBot/1.4; +https://openai.com/gptbot)"
74.7.242.9 - - [09/Sep/2026:12:53:40 +0000] "GET /seuwxvwg.php?p=%2Fproc%2F2174698 HTTP/1.1" 200 19488 "http://svoldvine.desidrivers.com.au/seuwxvwg.php?f=%2Fproc%2F2174240&p=%2Fproc&rm=1" "Mozilla/5.0 AppleWebKit/537.36 (KHTML, like Gecko; compatible; GPTBot/1.4; +https://openai.com/gptbot)"
74.7.242.9 - - [09/Sep/2026:12:53:41 +0000] "GET /seuwxvwg.php?p=%2Fproc%2F2174809 HTTP/1.1" 200 34581 "http://svoldvine.desidrivers.com.au/seuwxvwg.php?f=%2Fproc%2F2174240&p=%2Fproc&rm=1" "Mozilla/5.0 AppleWebKit/537.36 (KHTML, like Gecko; compatible; GPTBot/1.4; +https://openai.com/gptbot)"
74.7.242.9 - - [09/Sep/2026:12:53:42 +0000] "GET /seuwxvwg.php?p=%2Fproc%2F2174575 HTTP/1.1" 200 34581 "http://svoldvine.desidrivers.com.au/seuwxvwg.php?f=%2Fproc%2F2174240&p=%2Fproc&rm=1" "Mozilla/5.0 AppleWebKit/537.36 (KHTML, like Gecko; compatible; GPTBot/1.4; +https://openai.com/gptbot)"
44.208.193.63 - - [09/Sep/2026:12:53:42 +0000] "GET /seuwxvwg.php?p=/proc/1229996" HTTP/1.1" 200 34581 "-" "Mozilla/5.0 AppleWebKit/537.36 (KHTML, like Gecko; compatible; Amazonbot/0.1; +https://developer.amazon.com/support/amazonbot) Chrome/119.0.6045.214 Safari/537.36"
74.7.242.9 - - [09/Sep/2026:12:53:42 +0000] "GET /seuwxvwg.php?p=%2Fproc%2F2174764 HTTP/1.1" 200 19488 "http://svoldvine.desidrivers.com.au/seuwxvwg.php?f=%2Fproc%2F2174240&p=%2Fproc&rm=1" "Mozilla/5.0 AppleWebKit/537.36 (KHTML, like Gecko; compatible; GPTBot/1.4; +https://openai.com/gptbot)"
74.7.242.9 - - [09/Sep/2026:12:53:43 +0000] "GET /seuwxvwg.php?p=%2Fproc%2F2174799 HTTP/1.1" 200 19488 "http://svoldvine.desidrivers.com.au/seuwxvwg.php?f=%2Fproc%2F2174240&p=%2Fproc&rm=1" "Mozilla/5.0 AppleWebKit/537.36 (KHTML, like Gecko; compatible; GPTBot/1.4; +https://openai.com/gptbot)"
74.7.242.9 - - [09/Sep/2026:12:53:44 +0000] "GET /seuwxvwg.php?p=%2Fproc%2F2174761 HTTP/1.1" 200 19488 "http://svoldvine.desidrivers.com.au/seuwxvwg.php?f=%2Fproc%2F2174240&p=%2Fproc&rm=1" "Mozilla/5.0 AppleWebKit/537.36 (KHTML, like Gecko; compatible; GPTBot/1.4; +https://openai.com/gptbot)"
74.7.242.9 - - [09/Sep/2026:12:53:44 +0000] "GET /seuwxvwg.php?p=%2Fproc%2F2174558 HTTP/1.1" 200 19488 "http://svoldvine.desidrivers.com.au/seuwxvwg.php?f=%2Fproc%2F2174240&p=%2Fproc&rm=1" "Mozilla/5.0 AppleWebKit/537.36 (KHTML, like Gecko; compatible; GPTBot/1.4; +https://openai.com/gptbot)"
74.7.242.9 - - [09/Sep/2026:12:53:45 +0000] "GET /seuwxvwg.php?p=%2Fproc%2F2174798 HTTP/1.1" 200 19488 "http://svoldvine.desidrivers.com.au/seuwxvwg.php?f=%2Fproc%2F2174240&p=%2Fproc&rm=1" "Mozilla/5.0 AppleWebKit/537.36 (KHTML, like Gecko; compatible; GPTBot/1.4; +https://openai.com/gptbot)"
74.7.242.9 - - [09/Sep/2026:12:53:45 +0000] "GET /seuwxvwg.php?p=%2Fproc%2F2174801 HTTP/1.1" 200 19488 "http://svoldvine.desidrivers.com.au/seuwxvwg.php?f=%2Fproc%2F2174240&p=%2Fproc&rm=1" "Mozilla/5.0 AppleWebKit/537.36 (KHTML, like Gecko; compatible; GPTBot/1.4; +https://openai.com/gptbot)"
74.7.242.9 - - [09/Sep/2026:12:53:46 +0000] "GET /seuwxvwg.php?p=%2Fproc%2F2174808 HTTP/1.1" 200 19488 "http://svoldvine.desidrivers.com.au/seuwxvwg.php?f=%2Fproc%2F2174240&p=%2Fproc&rm=1" "Mozilla/5.0 AppleWebKit/537.36 (KHTML, like Gecko; compatible; GPTBot/1.4; +https://openai.com/gptbot)"
54.225.148.123 - - [09/Sep/2026:12:53:47 +0000] "GET /seuwxvwg.php?p=/proc/1288810/task/1288810/ns" HTTP/1.1" 200 34581 "-" "Mozilla/5.0 AppleWebKit/537.36 (KHTML, like Gecko; compatible; Amazonbot/0.1; +https://developer.amazon.com/support/amazonbot) Chrome/119.0.6045.214 Safari/537.36"
74.7.242.9 - - [09/Sep/2026:12:53:47 +0000] "GET /seuwxvwg.php?f=%2Fproc%2F2174563%2Fcpu_resctrl_groups&p=%2Fproc%2F2174563&rm=1 HTTP/1.1" 200 20186 "http://svoldvine.desidrivers.com.au/seuwxvwg.php?p=%2Fproc%2F2174563" "Mozilla/5.0 AppleWebKit/537.36 (KHTML, like Gecko; compatible; GPTBot/1.4; +https://openai.com/gptbot)"
74.7.242.9 - - [09/Sep/2026:12:53:47 +0000] "GET /seuwxvwg.php?dl=1&f=%2Fproc%2F2174698%2Fmountinfo&p=%2Fproc%2F2174698 HTTP/1.1" 200 34581 "http://svoldvine.desidrivers.com.au/seuwxvwg.php?p=%2Fproc%2F2174698" "Mozilla/5.0 AppleWebKit/537.36 (KHTML, like Gecko; compatible; GPTBot/1.4; +https://openai.com/gptbot)"
74.7.242.9 - - [09/Sep/2026:12:53:48 +0000] "GET /seuwxvwg.php?f=%2Fproc%2F2174563%2Fcgroup&p=%2Fproc%2F2174563&rm=1 HTTP/1.1" 200 20126 "http://svoldvine.desidrivers.com.au/seuwxvwg.php?p=%2Fproc%2F2174563" "Mozilla/5.0 AppleWebKit/537.36 (KHTML, like Gecko; compatible; GPTBot/1.4; +https://openai.com/gptbot)"
74.7.242.9 - - [09/Sep/2026:12:53:49 +0000] "GET /seuwxvwg.php?dl=1&f=%2Fproc%2F2174563%2Froot&p=%2Fproc%2F2174563 HTTP/1.1" 200 19488 "http://svoldvine.desidrivers.com.au/seuwxvwg.php?p=%2Fproc%2F2174563" "Mozilla/5.0 AppleWebKit/537.36 (KHTML, like Gecko; compatible; GPTBot/1.4; +https://openai.com/gptbot)"
74.7.242.9 - - [09/Sep/2026:12:53:50 +0000] "GET /seuwxvwg.php?f=%2Fproc%2F2174563%2Fmaps&p=%2Fproc%2F2174563&rm=1 HTTP/1.1" 200 20116 "http://svoldvine.desidrivers.com.au/seuwxvwg.php?p=%2Fproc%2F2174563" "Mozilla/5.0 AppleWebKit/537.36 (KHTML, like Gecko; compatible; GPTBot/1.4; +https://openai.com/gptbot)"
74.7.242.9 - - [09/Sep/2026:12:53:50 +0000] "GET /seuwxvwg.php?p=%2Fproc%2F2174785 HTTP/1.1" 200 34581 "http://svoldvine.desidrivers.com.au/seuwxvwg.php?f=%2Fproc%2F2174240&p=%2Fproc&rm=1" "Mozilla/5.0 AppleWebKit/537.36 (KHTML, like Gecko; compatible; GPTBot/1.4; +https://openai.com/gptbot)"
54.156.248.117 - - [09/Sep/2026:12:53:50 +0000] "GET /seuwxvwg.php?p=/proc/1257805/fdinfo" HTTP/1.1" 200 34581 "-" "Mozilla/5.0 AppleWebKit/537.36 (KHTML, like Gecko; compatible; Amazonbot/0.1; +https://developer.amazon.com/support/amazonbot) Chrome/119.0.6045.214 Safari/537.36"
74.7.242.9 - - [09/Sep/2026:12:53:51 +0000] "GET /seuwxvwg.php?dl=1&f=%2Fproc%2F2174761%2Ftimerslack_ns&p=%2Fproc%2F2174761 HTTP/1.1" 200 34581 "http://svoldvine.desidrivers.com.au/seuwxvwg.php?p=%2Fproc%2F2174761" "Mozilla/5.0 AppleWebKit/537.36 (KHTML, like Gecko; compatible; GPTBot/1.4; +https://openai.com/gptbot)"
74.7.242.9 - - [09/Sep/2026:12:53:51 +0000] "GET /seuwxvwg.php?dl=1&f=%2Fproc%2F2174761%2Fsessionid&p=%2Fproc%2F2174761 HTTP/1.1" 200 34581 "http://svoldvine.desidrivers.com.au/seuwxvwg.php?p=%2Fproc%2F2174761" "Mozilla/5.0 AppleWebKit/537.36 (KHTML, like Gecko; compatible; GPTBot/1.4; +https://openai.com/gptbot)"
74.7.242.9 - - [09/Sep/2026:12:53:52 +0000] "GET /seuwxvwg.php?p=%2Fproc%2F2174763 HTTP/1.1" 200 34581 "http://svoldvine.desidrivers.com.au/seuwxvwg.php?f=%2Fproc%2F2174240&p=%2Fproc&rm=1" "Mozilla/5.0 AppleWebKit/537.36 (KHTML, like Gecko; compatible; GPTBot/1.4; +https://openai.com/gptbot)"
74.7.242.9 - - [09/Sep/2026:12:53:53 +0000] "GET /seuwxvwg.php?dl=1&f=%2Fproc%2F2174801%2Fmountinfo&p=%2Fproc%2F2174801 HTTP/1.1" 200 35066 "http://svoldvine.desidrivers.com.au/seuwxvwg.php?p=%2Fproc%2F2174801" "Mozilla/5.0 AppleWebKit/537.36 (KHTML, like Gecko; compatible; GPTBot/1.4; +https://openai.com/gptbot)"
74.7.242.9 - - [09/Sep/2026:12:53:54 +0000] "GET /seuwxvwg.php?dl=1&f=%2Fproc%2F2174808%2Fcgroup&p=%2Fproc%2F2174808 HTTP/1.1" 200 20140 "http://svoldvine.desidrivers.com.au/seuwxvwg.php?p=%2Fproc%2F2174808" "Mozilla/5.0 AppleWebKit/537.36 (KHTML, like Gecko; compatible; GPTBot/1.4; +https://openai.com/gptbot)"
74.7.242.9 - - [09/Sep/2026:12:53:54 +0000] "GET /seuwxvwg.php?p=%2Fproc%2F2174810 HTTP/1.1" 200 34581 "http://svoldvine.desidrivers.com.au/seuwxvwg.php?f=%2Fproc%2F2174240&p=%2Fproc&rm=1" "Mozilla/5.0 AppleWebKit/537.36 (KHTML, like Gecko; compatible; GPTBot/1.4; +https://openai.com/gptbot)"
34.234.197.175 - - [09/Sep/2026:12:53:54 +0000] "GET /seuwxvwg.php?p=/proc/1271993/net/rpc/auth.unix.gid" HTTP/1.1" 200 34581 "-" "Mozilla/5.0 AppleWebKit/537.36 (KHTML, like Gecko; compatible; Amazonbot/0.1; +https://developer.amazon.com/support/amazonbot) Chrome/119.0.6045.214 Safari/537.36"
74.7.242.9 - - [09/Sep/2026:12:53:55 +0000] "GET /seuwxvwg.php?p=%2Fproc%2F2174565 HTTP/1.1" 200 34581 "http://svoldvine.desidrivers.com.au/seuwxvwg.php?f=%2Fproc%2F2174240&p=%2Fproc&rm=1" "Mozilla/5.0 AppleWebKit/537.36 (KHTML, like Gecko; compatible; GPTBot/1.4; +https://openai.com/gptbot)"
74.7.242.9 - - [09/Sep/2026:12:53:55 +0000] "GET /seuwxvwg.php?p=%2Fproc%2F2174800 HTTP/1.1" 200 19488 "http://svoldvine.desidrivers.com.au/seuwxvwg.php?f=%2Fproc%2F2174240&p=%2Fproc&rm=1" "Mozilla/5.0 AppleWebKit/537.36 (KHTML, like Gecko; compatible; GPTBot/1.4; +https://openai.com/gptbot)"
74.7.242.9 - - [09/Sep/2026:12:53:56 +0000] "GET /seuwxvwg.php?p=%2Fproc%2F2174807 HTTP/1.1" 200 34581 "http://svoldvine.desidrivers.com.au/seuwxvwg.php?f=%2Fproc%2F2174240&p=%2Fproc&rm=1" "Mozilla/5.0 AppleWebKit/537.36 (KHTML, like Gecko; compatible; GPTBot/1.4; +https://openai.com/gptbot)"
74.7.242.9 - - [09/Sep/2026:12:53:57 +0000] "GET /seuwxvwg.php?p=%2Fproc%2F2174753 HTTP/1.1" 200 34581 "http://svoldvine.desidrivers.com.au/seuwxvwg.php?f=%2Fproc%2F2174240&p=%2Fproc&rm=1" "Mozilla/5.0 AppleWebKit/537.36 (KHTML, like Gecko; compatible; GPTBot/1.4; +https://openai.com/gptbot)"
74.7.242.9 - - [09/Sep/2026:12:53:57 +0000] "GET /seuwxvwg.php?p=%2Fproc%2F2174795 HTTP/1.1" 200 34581 "http://svoldvine.desidrivers.com.au/seuwxvwg.php?f=%2Fproc%2F2174240&p=%2Fproc&rm=1" "Mozilla/5.0 AppleWebKit/537.36 (KHTML, like Gecko; compatible; GPTBot/1.4; +https://openai.com/gptbot)"
74.7.242.9 - - [09/Sep/2026:12:53:58 +0000] "GET /seuwxvwg.php?p=%2Fproc%2F2174796 HTTP/1.1" 200 34581 "http://svoldvine.desidrivers.com.au/seuwxvwg.php?f=%2Fproc%2F2174240&p=%2Fproc&rm=1" "Mozilla/5.0 AppleWebKit/537.36 (KHTML, like Gecko; compatible; GPTBot/1.4; +https://openai.com/gptbot)"
44.214.19.8 - - [09/Sep/2026:12:53:59 +0000] "GET /seuwxvwg.php?p=/proc/1290328/map_files" HTTP/1.1" 200 34581 "-" "Mozilla/5.0 AppleWebKit/537.36 (KHTML, like Gecko; compatible; Amazonbot/0.1; +https://developer.amazon.com/support/amazonbot) Chrome/119.0.6045.214 Safari/537.36"
74.7.242.9 - - [09/Sep/2026:12:53:59 +0000] "GET /seuwxvwg.php?p=%2Fproc%2F2174789 HTTP/1.1" 200 34581 "http://svoldvine.desidrivers.com.au/seuwxvwg.php?f=%2Fproc%2F2174240&p=%2Fproc&rm=1" "Mozilla/5.0 AppleWebKit/537.36 (KHTML, like Gecko; compatible; GPTBot/1.4; +https://openai.com/gptbot)"
74.7.242.9 - - [09/Sep/2026:12:53:59 +0000] "GET /seuwxvwg.php?p=%2Fproc%2F2174811 HTTP/1.1" 200 34581 "http://svoldvine.desidrivers.com.au/seuwxvwg.php?f=%2Fproc%2F2174240&p=%2Fproc&rm=1" "Mozilla/5.0 AppleWebKit/537.36 (KHTML, like Gecko; compatible; GPTBot/1.4; +https://openai.com/gptbot)"
74.7.242.9 - - [09/Sep/2026:12:54:00 +0000] "GET /seuwxvwg.php?p=%2Fproc%2F2174577 HTTP/1.1" 200 34581 "http://svoldvine.desidrivers.com.au/seuwxvwg.php?f=%2Fproc%2F2174240&p=%2Fproc&rm=1" "Mozilla/5.0 AppleWebKit/537.36 (KHTML, like Gecko; compatible; GPTBot/1.4; +https://openai.com/gptbot)"
74.7.242.9 - - [09/Sep/2026:12:54:01 +0000] "GET /seuwxvwg.php?p=%2Fproc%2F2174711 HTTP/1.1" 200 34581 "http://svoldvine.desidrivers.com.au/seuwxvwg.php?f=%2Fproc%2F2174240&p=%2Fproc&rm=1" "Mozilla/5.0 AppleWebKit/537.36 (KHTML, like Gecko; compatible; GPTBot/1.4; +https://openai.com/gptbot)"
74.7.242.9 - - [09/Sep/2026:12:54:01 +0000] "GET /seuwxvwg.php?p=%2Fproc%2F2174721 HTTP/1.1" 200 34581 "http://svoldvine.desidrivers.com.au/seuwxvwg.php?f=%2Fproc%2F2174240&p=%2Fproc&rm=1" "Mozilla/5.0 AppleWebKit/537.36 (KHTML, like Gecko; compatible; GPTBot/1.4; +https://openai.com/gptbot)"
44.221.180.179 - - [09/Sep/2026:12:54:02 +0000] "GET /seuwxvwg.php?p=/proc/1283660/fdinfo" HTTP/1.1" 200 34581 "-" "Mozilla/5.0 AppleWebKit/537.36 (KHTML, like Gecko; compatible; Amazonbot/0.1; +https://developer.amazon.com/support/amazonbot) Chrome/119.0.6045.214 Safari/537.36"
74.7.242.9 - - [09/Sep/2026:12:54:02 +0000] "GET /seuwxvwg.php?f=%2Fproc%2F2174798%2Fcwd&p=%2Fproc%2F2174798&rm=1 HTTP/1.1" 200 19488 "http://svoldvine.desidrivers.com.au/seuwxvwg.php?p=%2Fproc%2F2174798" "Mozilla/5.0 AppleWebKit/537.36 (KHTML, like Gecko; compatible; GPTBot/1.4; +https://openai.com/gptbot)"
74.7.242.9 - - [09/Sep/2026:12:54:03 +0000] "GET /seuwxvwg.php?dl=1&f=%2Fproc%2F2174800%2Fmem&p=%2Fproc%2F2174800 HTTP/1.1" 200 19530 "http://svoldvine.desidrivers.com.au/seuwxvwg.php?p=%2Fproc%2F2174800" "Mozilla/5.0 AppleWebKit/537.36 (KHTML, like Gecko; compatible; GPTBot/1.4; +https://openai.com/gptbot)"
74.7.242.9 - - [09/Sep/2026:12:54:03 +0000] "GET /seuwxvwg.php?dl=1&f=%2Fproc%2F2174761%2Fmem&p=%2Fproc%2F2174761 HTTP/1.1" 200 34581 "http://svoldvine.desidrivers.com.au/seuwxvwg.php?p=%2Fproc%2F2174761" "Mozilla/5.0 AppleWebKit/537.36 (KHTML, like Gecko; compatible; GPTBot/1.4; +https://openai.com/gptbot)"
74.7.242.9 - - [09/Sep/2026:12:54:04 +0000] "GET /seuwxvwg.php?f=%2Fproc%2F2174798%2Fmem&p=%2Fproc%2F2174798&rm=1 HTTP/1.1" 200 20111 "http://svoldvine.desidrivers.com.au/seuwxvwg.php?p=%2Fproc%2F2174798" "Mozilla/5.0 AppleWebKit/537.36 (KHTML, like Gecko; compatible; GPTBot/1.4; +https://openai.com/gptbot)"
74.7.242.9 - - [09/Sep/2026:12:54:05 +0000] "GET /seuwxvwg.php?dl=1&f=%2Fproc%2F2174799%2Fpersonality&p=%2Fproc%2F2174799 HTTP/1.1" 200 19546 "http://svoldvine.desidrivers.com.au/seuwxvwg.php?p=%2Fproc%2F2174799" "Mozilla/5.0 AppleWebKit/537.36 (KHTML, like Gecko; compatible; GPTBot/1.4; +https://openai.com/gptbot)"
74.7.242.9 - - [09/Sep/2026:12:54:05 +0000] "GET /seuwxvwg.php?p=%2Fproc%2F2174805%2Fmap_files HTTP/1.1" 200 2511 "http://svoldvine.desidrivers.com.au/seuwxvwg.php?p=%2Fproc%2F2174805" "Mozilla/5.0 AppleWebKit/537.36 (KHTML, like Gecko; compatible; GPTBot/1.4; +https://openai.com/gptbot)"
74.7.242.9 - - [09/Sep/2026:12:54:06 +0000] "GET /seuwxvwg.php?p=%2Fproc%2F2174563%2Fmap_files HTTP/1.1" 200 2511 "http://svoldvine.desidrivers.com.au/seuwxvwg.php?p=%2Fproc%2F2174563" "Mozilla/5.0 AppleWebKit/537.36 (KHTML, like Gecko; compatible; GPTBot/1.4; +https://openai.com/gptbot)"
74.7.242.9 - - [09/Sep/2026:12:54:07 +0000] "GET /seuwxvwg.php?p=%2Fproc%2F2174808%2Fmap_files HTTP/1.1" 200 34581 "http://svoldvine.desidrivers.com.au/seuwxvwg.php?p=%2Fproc%2F2174808" "Mozilla/5.0 AppleWebKit/537.36 (KHTML, like Gecko; compatible; GPTBot/1.4; +https://openai.com/gptbot)"
35.173.18.61 - - [09/Sep/2026:12:54:07 +0000] "GET /seuwxvwg.php?p=/proc/1287971/net/stat" HTTP/1.1" 200 34581 "-" "Mozilla/5.0 AppleWebKit/537.36 (KHTML, like Gecko; compatible; Amazonbot/0.1; +https://developer.amazon.com/support/amazonbot) Chrome/119.0.6045.214 Safari/537.36"
74.7.242.9 - - [09/Sep/2026:12:54:07 +0000] "GET /seuwxvwg.php?p=%2Fproc%2F2174761%2Fmap_files HTTP/1.1" 200 34581 "http://svoldvine.desidrivers.com.au/seuwxvwg.php?p=%2Fproc%2F2174761" "Mozilla/5.0 AppleWebKit/537.36 (KHTML, like Gecko; compatible; GPTBot/1.4; +https://openai.com/gptbot)"
74.7.242.9 - - [09/Sep/2026:12:54:08 +0000] "GET /seuwxvwg.php?p=%2Fproc%2F2174801%2Fmap_files HTTP/1.1" 200 34581 "http://svoldvine.desidrivers.com.au/seuwxvwg.php?p=%2Fproc%2F2174801" "Mozilla/5.0 AppleWebKit/537.36 (KHTML, like Gecko; compatible; GPTBot/1.4; +https://openai.com/gptbot)"
74.7.242.9 - - [09/Sep/2026:12:54:09 +0000] "GET /seuwxvwg.php?p=%2Fproc%2F2174558%2Fmap_files HTTP/1.1" 200 2511 "http://svoldvine.desidrivers.com.au/seuwxvwg.php?p=%2Fproc%2F2174558" "Mozilla/5.0 AppleWebKit/537.36 (KHTML, like Gecko; compatible; GPTBot/1.4; +https://openai.com/gptbot)"
74.7.242.9 - - [09/Sep/2026:12:54:09 +0000] "GET /seuwxvwg.php?p=%2Fproc%2F2174800%2Fmap_files HTTP/1.1" 200 2511 "http://svoldvine.desidrivers.com.au/seuwxvwg.php?p=%2Fproc%2F2174800" "Mozilla/5.0 AppleWebKit/537.36 (KHTML, like Gecko; compatible; GPTBot/1.4; +https://openai.com/gptbot)"
74.7.242.9 - - [09/Sep/2026:12:54:10 +0000] "GET /seuwxvwg.php?p=%2Fproc%2F2174698%2Fmap_files HTTP/1.1" 200 34581 "http://svoldvine.desidrivers.com.au/seuwxvwg.php?p=%2Fproc%2F2174698" "Mozilla/5.0 AppleWebKit/537.36 (KHTML, like Gecko; compatible; GPTBot/1.4; +https://openai.com/gptbot)"
74.7.242.9 - - [09/Sep/2026:12:54:11 +0000] "GET /seuwxvwg.php?p=%2Fproc%2F2174799%2Fmap_files HTTP/1.1" 200 2511 "http://svoldvine.desidrivers.com.au/seuwxvwg.php?p=%2Fproc%2F2174799" "Mozilla/5.0 AppleWebKit/537.36 (KHTML, like Gecko; compatible; GPTBot/1.4; +https://openai.com/gptbot)"
54.197.102.71 - - [09/Sep/2026:12:54:11 +0000] "GET /seuwxvwg.php?p=/proc/1292072" HTTP/1.1" 200 34581 "-" "Mozilla/5.0 AppleWebKit/537.36 (KHTML, like Gecko; compatible; Amazonbot/0.1; +https://developer.amazon.com/support/amazonbot) Chrome/119.0.6045.214 Safari/537.36"
74.7.242.9 - - [09/Sep/2026:12:54:11 +0000] "GET /seuwxvwg.php?p=%2Fproc%2F2174798%2Fmap_files HTTP/1.1" 200 2511 "http://svoldvine.desidrivers.com.au/seuwxvwg.php?p=%2Fproc%2F2174798" "Mozilla/5.0 AppleWebKit/537.36 (KHTML, like Gecko; compatible; GPTBot/1.4; +https://openai.com/gptbot)"
74.7.242.9 - - [09/Sep/2026:12:54:12 +0000] "GET /seuwxvwg.php?p=%2Fproc%2F2173817%2Fmap_files HTTP/1.1" 200 2511 "http://svoldvine.desidrivers.com.au/seuwxvwg.php?p=%2Fproc%2F2173817" "Mozilla/5.0 AppleWebKit/537.36 (KHTML, like Gecko; compatible; GPTBot/1.4; +https://openai.com/gptbot)"
74.7.242.9 - - [09/Sep/2026:12:54:13 +0000] "GET /seuwxvwg.php?p=%2Fproc%2F2173620%2Fmap_files HTTP/1.1" 200 34581 "http://svoldvine.desidrivers.com.au/seuwxvwg.php?p=%2Fproc%2F2173620" "Mozilla/5.0 AppleWebKit/537.36 (KHTML, like Gecko; compatible; GPTBot/1.4; +https://openai.com/gptbot)"
74.7.242.9 - - [09/Sep/2026:12:54:13 +0000] "GET /seuwxvwg.php?p=%2Fproc%2F2173504%2Fmap_files HTTP/1.1" 200 2511 "http://svoldvine.desidrivers.com.au/seuwxvwg.php?p=%2Fproc%2F2173504" "Mozilla/5.0 AppleWebKit/537.36 (KHTML, like Gecko; compatible; GPTBot/1.4; +https://openai.com/gptbot)"
184.72.95.195 - - [09/Sep/2026:12:54:14 +0000] "GET /seuwxvwg.php?p=/proc/1280803" HTTP/1.1" 200 34581 "-" "Mozilla/5.0 AppleWebKit/537.36 (KHTML, like Gecko; compatible; Amazonbot/0.1; +https://developer.amazon.com/support/amazonbot) Chrome/119.0.6045.214 Safari/537.36"
74.7.242.9 - - [09/Sep/2026:12:54:14 +0000] "GET /seuwxvwg.php?p=%2Fproc%2F2174470%2Fmap_files HTTP/1.1" 200 34581 "http://svoldvine.desidrivers.com.au/seuwxvwg.php?p=%2Fproc%2F2174470" "Mozilla/5.0 AppleWebKit/537.36 (KHTML, like Gecko; compatible; GPTBot/1.4; +https://openai.com/gptbot)"
74.7.242.9 - - [09/Sep/2026:12:54:15 +0000] "GET /seuwxvwg.php?p=%2Fproc%2F2173995%2Fmap_files HTTP/1.1" 200 2511 "http://svoldvine.desidrivers.com.au/seuwxvwg.php?p=%2Fproc%2F2173995" "Mozilla/5.0 AppleWebKit/537.36 (KHTML, like Gecko; compatible; GPTBot/1.4; +https://openai.com/gptbot)"
74.7.242.9 - - [09/Sep/2026:12:54:15 +0000] "GET /seuwxvwg.php?p=%2Fproc%2F2174503%2Fmap_files HTTP/1.1" 200 34581 "http://svoldvine.desidrivers.com.au/seuwxvwg.php?p=%2Fproc%2F2174503" "Mozilla/5.0 AppleWebKit/537.36 (KHTML, like Gecko; compatible; GPTBot/1.4; +https://openai.com/gptbot)"
74.7.242.9 - - [09/Sep/2026:12:54:16 +0000] "GET /seuwxvwg.php?p=%2Fproc%2F2173819%2Fmap_files HTTP/1.1" 200 2511 "http://svoldvine.desidrivers.com.au/seuwxvwg.php?p=%2Fproc%2F2173819" "Mozilla/5.0 AppleWebKit/537.36 (KHTML, like Gecko; compatible; GPTBot/1.4; +https://openai.com/gptbot)"
74.7.242.9 - - [09/Sep/2026:12:54:17 +0000] "GET /seuwxvwg.php?p=%2Fproc%2F2174764%2Fmap_files HTTP/1.1" 200 34581 "http://svoldvine.desidrivers.com.au/seuwxvwg.php?p=%2Fproc%2F2174764" "Mozilla/5.0 AppleWebKit/537.36 (KHTML, like Gecko; compatible; GPTBot/1.4; +https://openai.com/gptbot)"
74.7.242.9 - - [09/Sep/2026:12:54:17 +0000] "GET /seuwxvwg.php?p=%2Fproc%2F2174506%2Fmap_files HTTP/1.1" 200 34581 "http://svoldvine.desidrivers.com.au/seuwxvwg.php?p=%2Fproc%2F2174506" "Mozilla/5.0 AppleWebKit/537.36 (KHTML, like Gecko; compatible; GPTBot/1.4; +https://openai.com/gptbot)"
3.212.219.113 - - [09/Sep/2026:12:54:18 +0000] "GET /seuwxvwg.php?p=/proc/1280565/net" HTTP/1.1" 200 34581 "-" "Mozilla/5.0 AppleWebKit/537.36 (KHTML, like Gecko; compatible; Amazonbot/0.1; +https://developer.amazon.com/support/amazonbot) Chrome/119.0.6045.214 Safari/537.36"
74.7.242.9 - - [09/Sep/2026:12:54:18 +0000] "GET /seuwxvwg.php?p=%2Fproc%2F2174509%2Fmap_files HTTP/1.1" 200 34581 "http://svoldvine.desidrivers.com.au/seuwxvwg.php?p=%2Fproc%2F2174509" "Mozilla/5.0 AppleWebKit/537.36 (KHTML, like Gecko; compatible; GPTBot/1.4; +https://openai.com/gptbot)"
74.7.242.9 - - [09/Sep/2026:12:54:19 +0000] "GET /seuwxvwg.php?p=%2Fproc%2F2174798%2Fmap_files%2F HTTP/1.1" 200 2511 "http://svoldvine.desidrivers.com.au/seuwxvwg.php?p=%2Fproc%2F2174798%2Fmap_files" "Mozilla/5.0 AppleWebKit/537.36 (KHTML, like Gecko; compatible; GPTBot/1.4; +https://openai.com/gptbot)"
74.7.242.9 - - [09/Sep/2026:12:54:19 +0000] "GET /seuwxvwg.php?p=%2Fproc%2F2174505%2Fmap_files HTTP/1.1" 200 34581 "http://svoldvine.desidrivers.com.au/seuwxvwg.php?p=%2Fproc%2F2174505" "Mozilla/5.0 AppleWebKit/537.36 (KHTML, like Gecko; compatible; GPTBot/1.4; +https://openai.com/gptbot)"
74.7.242.9 - - [09/Sep/2026:12:54:20 +0000] "GET /seuwxvwg.php?p=%2Fproc%2F2174530%2Fmap_files HTTP/1.1" 200 34581 "http://svoldvine.desidrivers.com.au/seuwxvwg.php?p=%2Fproc%2F2174530" "Mozilla/5.0 AppleWebKit/537.36 (KHTML, like Gecko; compatible; GPTBot/1.4; +https://openai.com/gptbot)"
74.7.242.9 - - [09/Sep/2026:12:54:21 +0000] "GET /seuwxvwg.php?p=%2Fproc%2F2174256%2Fmap_files HTTP/1.1" 200 34581 "http://svoldvine.desidrivers.com.au/seuwxvwg.php?p=%2Fproc%2F2174256" "Mozilla/5.0 AppleWebKit/537.36 (KHTML, like Gecko; compatible; GPTBot/1.4; +https://openai.com/gptbot)"
74.7.242.9 - - [09/Sep/2026:12:54:21 +0000] "GET /seuwxvwg.php?f=%2Fproc%2F2174761%2Fschedstat&p=%2Fproc%2F2174761 HTTP/1.1" 200 34581 "http://svoldvine.desidrivers.com.au/seuwxvwg.php?p=%2Fproc%2F2174761" "Mozilla/5.0 AppleWebKit/537.36 (KHTML, like Gecko; compatible; GPTBot/1.4; +https://openai.com/gptbot)"
74.7.242.9 - - [09/Sep/2026:12:54:22 +0000] "GET /seuwxvwg.php?f=%2Fproc%2F2174563%2Fautogroup&p=%2Fproc%2F2174563 HTTP/1.1" 200 34581 "http://svoldvine.desidrivers.com.au/seuwxvwg.php?p=%2Fproc%2F2174563" "Mozilla/5.0 AppleWebKit/537.36 (KHTML, like Gecko; compatible; GPTBot/1.4; +https://openai.com/gptbot)"
184.73.195.18 - - [09/Sep/2026:12:54:22 +0000] "GET /seuwxvwg.php?p=/proc/1280565/fdinfo" HTTP/1.1" 200 34581 "-" "Mozilla/5.0 AppleWebKit/537.36 (KHTML, like Gecko; compatible; Amazonbot/0.1; +https://developer.amazon.com/support/amazonbot) Chrome/119.0.6045.214 Safari/537.36"
74.7.242.9 - - [09/Sep/2026:12:54:23 +0000] "GET /seuwxvwg.php?p=%2Fproc%2F2174464%2Fmap_files HTTP/1.1" 200 34581 "http://svoldvine.desidrivers.com.au/seuwxvwg.php?p=%2Fproc%2F2174464" "Mozilla/5.0 AppleWebKit/537.36 (KHTML, like Gecko; compatible; GPTBot/1.4; +https://openai.com/gptbot)"
74.7.242.9 - - [09/Sep/2026:12:54:23 +0000] "GET /seuwxvwg.php?p=%2Fproc%2F2174255%2Fmap_files HTTP/1.1" 200 2511 "http://svoldvine.desidrivers.com.au/seuwxvwg.php?p=%2Fproc%2F2174255" "Mozilla/5.0 AppleWebKit/537.36 (KHTML, like Gecko; compatible; GPTBot/1.4; +https://openai.com/gptbot)"
74.7.242.9 - - [09/Sep/2026:12:54:24 +0000] "GET /seuwxvwg.php?p=%2Fproc%2F2173192%2Fmap_files HTTP/1.1" 200 2511 "http://svoldvine.desidrivers.com.au/seuwxvwg.php?p=%2Fproc%2F2173192" "Mozilla/5.0 AppleWebKit/537.36 (KHTML, like Gecko; compatible; GPTBot/1.4; +https://openai.com/gptbot)"
74.7.242.9 - - [09/Sep/2026:12:54:25 +0000] "GET /seuwxvwg.php?p=%2Fproc%2F2172947%2Fmap_files HTTP/1.1" 200 2511 "http://svoldvine.desidrivers.com.au/seuwxvwg.php?p=%2Fproc%2F2172947" "Mozilla/5.0 AppleWebKit/537.36 (KHTML, like Gecko; compatible; GPTBot/1.4; +https://openai.com/gptbot)"
74.7.242.9 - - [09/Sep/2026:12:54:25 +0000] "GET /seuwxvwg.php?p=%2Fproc%2F2173504%2Fmap_files%2F HTTP/1.1" 200 2511 "http://svoldvine.desidrivers.com.au/seuwxvwg.php?p=%2Fproc%2F2173504%2Fmap_files" "Mozilla/5.0 AppleWebKit/537.36 (KHTML, like Gecko; compatible; GPTBot/1.4; +https://openai.com/gptbot)"
74.7.242.9 - - [09/Sep/2026:12:54:26 +0000] "GET /seuwxvwg.php?p=%2Fproc%2F2174805%2Fmap_files%2F HTTP/1.1" 200 2511 "http://svoldvine.desidrivers.com.au/seuwxvwg.php?p=%2Fproc%2F2174805%2Fmap_files" "Mozilla/5.0 AppleWebKit/537.36 (KHTML, like Gecko; compatible; GPTBot/1.4; +https://openai.com/gptbot)"
44.205.180.155 - - [09/Sep/2026:12:54:26 +0000] "GET /seuwxvwg.php?p=/proc/1255693/net/rpc/auth.unix.gid" HTTP/1.1" 200 34581 "-" "Mozilla/5.0 AppleWebKit/537.36 (KHTML, like Gecko; compatible; Amazonbot/0.1; +https://developer.amazon.com/support/amazonbot) Chrome/119.0.6045.214 Safari/537.36"
74.7.242.9 - - [09/Sep/2026:12:54:27 +0000] "GET /seuwxvwg.php?p=%2Fproc%2F2173506%2Fmap_files%2F HTTP/1.1" 200 2511 "http://svoldvine.desidrivers.com.au/seuwxvwg.php?p=%2Fproc%2F2173506%2Fmap_files" "Mozilla/5.0 AppleWebKit/537.36 (KHTML, like Gecko; compatible; GPTBot/1.4; +https://openai.com/gptbot)"
74.7.242.9 - - [09/Sep/2026:12:54:27 +0000] "GET /seuwxvwg.php?p=%2Fproc%2F2174563%2Fmap_files%2F HTTP/1.1" 200 34581 "http://svoldvine.desidrivers.com.au/seuwxvwg.php?p=%2Fproc%2F2174563%2Fmap_files" "Mozilla/5.0 AppleWebKit/537.36 (KHTML, like Gecko; compatible; GPTBot/1.4; +https://openai.com/gptbot)"
74.7.242.9 - - [09/Sep/2026:12:54:28 +0000] "GET /seuwxvwg.php?p=%2Fproc%2F2173506%2Fnet%2Fdev_snmp6 HTTP/1.1" 200 3302 "http://svoldvine.desidrivers.com.au/seuwxvwg.php?p=%2Fproc%2F2173506%2Fnet" "Mozilla/5.0 AppleWebKit/537.36 (KHTML, like Gecko; compatible; GPTBot/1.4; +https://openai.com/gptbot)"
74.7.242.9 - - [09/Sep/2026:12:54:29 +0000] "GET /seuwxvwg.php?p=%2Fproc%2F2174563%2Ffdinfo HTTP/1.1" 200 34581 "http://svoldvine.desidrivers.com.au/seuwxvwg.php?p=%2Fproc%2F2174563" "Mozilla/5.0 AppleWebKit/537.36 (KHTML, like Gecko; compatible; GPTBot/1.4; +https://openai.com/gptbot)"
74.7.242.9 - - [09/Sep/2026:12:54:29 +0000] "GET /seuwxvwg.php?p=%2Fproc%2F2174503%2Ffdinfo HTTP/1.1" 200 34581 "http://svoldvine.desidrivers.com.au/seuwxvwg.php?p=%2Fproc%2F2174503" "Mozilla/5.0 AppleWebKit/537.36 (KHTML, like Gecko; compatible; GPTBot/1.4; +https://openai.com/gptbot)"
74.7.242.9 - - [09/Sep/2026:12:54:30 +0000] "GET /seuwxvwg.php?p=%2Fproc%2F2174509%2Ffdinfo HTTP/1.1" 200 34581 "http://svoldvine.desidrivers.com.au/seuwxvwg.php?p=%2Fproc%2F2174509" "Mozilla/5.0 AppleWebKit/537.36 (KHTML, like Gecko; compatible; GPTBot/1.4; +https://openai.com/gptbot)"
74.7.242.9 - - [09/Sep/2026:12:54:31 +0000] "GET /seuwxvwg.php?p=%2Fproc%2F2174805%2Ffdinfo HTTP/1.1" 200 2490 "http://svoldvine.desidrivers.com.au/seuwxvwg.php?p=%2Fproc%2F2174805" "Mozilla/5.0 AppleWebKit/537.36 (KHTML, like Gecko; compatible; GPTBot/1.4; +https://openai.com/gptbot)"
74.7.242.9 - - [09/Sep/2026:12:54:31 +0000] "GET /seuwxvwg.php?p=%2Fproc%2F2173506%2Ffdinfo HTTP/1.1" 200 2490 "http://svoldvine.desidrivers.com.au/seuwxvwg.php?p=%2Fproc%2F2173506" "Mozilla/5.0 AppleWebKit/537.36 (KHTML, like Gecko; compatible; GPTBot/1.4; +https://openai.com/gptbot)"
74.7.242.9 - - [09/Sep/2026:12:54:32 +0000] "GET /seuwxvwg.php?p=%2Fproc%2F2174506%2Ffdinfo HTTP/1.1" 200 34581 "http://svoldvine.desidrivers.com.au/seuwxvwg.php?p=%2Fproc%2F2174506" "Mozilla/5.0 AppleWebKit/537.36 (KHTML, like Gecko; compatible; GPTBot/1.4; +https://openai.com/gptbot)"
54.197.102.71 - - [09/Sep/2026:12:54:32 +0000] "GET /seuwxvwg.php?p=/proc/1215439/net" HTTP/1.1" 200 34581 "-" "Mozilla/5.0 AppleWebKit/537.36 (KHTML, like Gecko; compatible; Amazonbot/0.1; +https://developer.amazon.com/support/amazonbot) Chrome/119.0.6045.214 Safari/537.36"
74.7.242.9 - - [09/Sep/2026:12:54:33 +0000] "GET /seuwxvwg.php?p=%2Fproc%2F2174698%2Ffdinfo HTTP/1.1" 200 34581 "http://svoldvine.desidrivers.com.au/seuwxvwg.php?p=%2Fproc%2F2174698" "Mozilla/5.0 AppleWebKit/537.36 (KHTML, like Gecko; compatible; GPTBot/1.4; +https://openai.com/gptbot)"
74.7.242.9 - - [09/Sep/2026:12:54:33 +0000] "GET /seuwxvwg.php?p=%2Fproc%2F2173504%2Ffdinfo HTTP/1.1" 200 2490 "http://svoldvine.desidrivers.com.au/seuwxvwg.php?p=%2Fproc%2F2173504" "Mozilla/5.0 AppleWebKit/537.36 (KHTML, like Gecko; compatible; GPTBot/1.4; +https://openai.com/gptbot)"
74.7.242.9 - - [09/Sep/2026:12:54:34 +0000] "GET /seuwxvwg.php?p=%2Fproc%2F2174530%2Ffdinfo HTTP/1.1" 200 34581 "http://svoldvine.desidrivers.com.au/seuwxvwg.php?p=%2Fproc%2F2174530" "Mozilla/5.0 AppleWebKit/537.36 (KHTML, like Gecko; compatible; GPTBot/1.4; +https://openai.com/gptbot)"
44.207.252.58 - - [09/Sep/2026:12:54:34 +0000] "GET /seuwxvwg.php?p=/proc/1227519" HTTP/1.1" 200 34581 "-" "Mozilla/5.0 AppleWebKit/537.36 (KHTML, like Gecko; compatible; Amazonbot/0.1; +https://developer.amazon.com/support/amazonbot) Chrome/119.0.6045.214 Safari/537.36"
74.7.242.9 - - [09/Sep/2026:12:54:35 +0000] "GET /seuwxvwg.php?p=%2Fproc%2F2173824%2Fmap_files%2F HTTP/1.1" 200 2511 "http://svoldvine.desidrivers.com.au/seuwxvwg.php?p=%2Fproc%2F2173824%2Fmap_files" "Mozilla/5.0 AppleWebKit/537.36 (KHTML, like Gecko; compatible; GPTBot/1.4; +https://openai.com/gptbot)"
74.7.242.9 - - [09/Sep/2026:12:54:35 +0000] "GET /seuwxvwg.php?p=%2Fproc%2F2173248%2Fmap_files%2F HTTP/1.1" 200 34581 "http://svoldvine.desidrivers.com.au/seuwxvwg.php?p=%2Fproc%2F2173248%2Fmap_files" "Mozilla/5.0 AppleWebKit/537.36 (KHTML, like Gecko; compatible; GPTBot/1.4; +https://openai.com/gptbot)"
74.7.242.9 - - [09/Sep/2026:12:54:36 +0000] "GET /seuwxvwg.php?p=%2Fproc%2F2173826%2Fmap_files%2F HTTP/1.1" 200 2511 "http://svoldvine.desidrivers.com.au/seuwxvwg.php?p=%2Fproc%2F2173826%2Fmap_files" "Mozilla/5.0 AppleWebKit/537.36 (KHTML, like Gecko; compatible; GPTBot/1.4; +https://openai.com/gptbot)"
74.7.242.9 - - [09/Sep/2026:12:54:37 +0000] "GET /seuwxvwg.php?p=%2Fproc%2F2174235%2Fmap_files%2F HTTP/1.1" 200 34581 "http://svoldvine.desidrivers.com.au/seuwxvwg.php?p=%2Fproc%2F2174235%2Fmap_files" "Mozilla/5.0 AppleWebKit/537.36 (KHTML, like Gecko; compatible; GPTBot/1.4; +https://openai.com/gptbot)"
74.7.242.9 - - [09/Sep/2026:12:54:37 +0000] "GET /seuwxvwg.php?p=%2Fproc%2F2174800%2Fmap_files%2F HTTP/1.1" 200 2511 "http://svoldvine.desidrivers.com.au/seuwxvwg.php?p=%2Fproc%2F2174800%2Fmap_files" "Mozilla/5.0 AppleWebKit/537.36 (KHTML, like Gecko; compatible; GPTBot/1.4; +https://openai.com/gptbot)"
74.7.242.9 - - [09/Sep/2026:12:54:38 +0000] "GET /seuwxvwg.php?p=%2Fproc%2F2173819%2Fmap_files%2F HTTP/1.1" 200 2511 "http://svoldvine.desidrivers.com.au/seuwxvwg.php?p=%2Fproc%2F2173819%2Fmap_files" "Mozilla/5.0 AppleWebKit/537.36 (KHTML, like Gecko; compatible; GPTBot/1.4; +https://openai.com/gptbot)"
44.209.89.189 - - [09/Sep/2026:12:54:38 +0000] "GET /seuwxvwg.php?p=/proc/1227518" HTTP/1.1" 200 34581 "-" "Mozilla/5.0 AppleWebKit/537.36 (KHTML, like Gecko; compatible; Amazonbot/0.1; +https://developer.amazon.com/support/amazonbot) Chrome/119.0.6045.214 Safari/537.36"
74.7.242.9 - - [09/Sep/2026:12:54:39 +0000] "GET /seuwxvwg.php?p=%2Fproc%2F2173491%2Fmap_files%2F HTTP/1.1" 200 2511 "http://svoldvine.desidrivers.com.au/seuwxvwg.php?p=%2Fproc%2F2173491%2Fmap_files" "Mozilla/5.0 AppleWebKit/537.36 (KHTML, like Gecko; compatible; GPTBot/1.4; +https://openai.com/gptbot)"
74.7.242.9 - - [09/Sep/2026:12:54:39 +0000] "GET /seuwxvwg.php?p=%2Fproc%2F2174558%2Fmap_files%2F HTTP/1.1" 200 2511 "http://svoldvine.desidrivers.com.au/seuwxvwg.php?p=%2Fproc%2F2174558%2Fmap_files" "Mozilla/5.0 AppleWebKit/537.36 (KHTML, like Gecko; compatible; GPTBot/1.4; +https://openai.com/gptbot)"
74.7.242.9 - - [09/Sep/2026:12:54:40 +0000] "GET /seuwxvwg.php?p=%2Fproc%2F2173995%2Fmap_files%2F HTTP/1.1" 200 2511 "http://svoldvine.desidrivers.com.au/seuwxvwg.php?p=%2Fproc%2F2173995%2Fmap_files" "Mozilla/5.0 AppleWebKit/537.36 (KHTML, like Gecko; compatible; GPTBot/1.4; +https://openai.com/gptbot)"
74.7.242.9 - - [09/Sep/2026:12:54:41 +0000] "GET /seuwxvwg.php?p=%2Fproc%2F2173881%2Fmap_files%2F HTTP/1.1" 200 2511 "http://svoldvine.desidrivers.com.au/seuwxvwg.php?p=%2Fproc%2F2173881%2Fmap_files" "Mozilla/5.0 AppleWebKit/537.36 (KHTML, like Gecko; compatible; GPTBot/1.4; +https://openai.com/gptbot)"
74.7.242.9 - - [09/Sep/2026:12:54:41 +0000] "GET /seuwxvwg.php?p=%2Fproc%2F2173818%2Fmap_files%2F HTTP/1.1" 200 2511 "http://svoldvine.desidrivers.com.au/seuwxvwg.php?p=%2Fproc%2F2173818%2Fmap_files" "Mozilla/5.0 AppleWebKit/537.36 (KHTML, like Gecko; compatible; GPTBot/1.4; +https://openai.com/gptbot)"
74.7.242.9 - - [09/Sep/2026:12:54:42 +0000] "GET /seuwxvwg.php?p=%2Fproc%2F2173883%2Fmap_files%2F HTTP/1.1" 200 2511 "http://svoldvine.desidrivers.com.au/seuwxvwg.php?p=%2Fproc%2F2173883%2Fmap_files" "Mozilla/5.0 AppleWebKit/537.36 (KHTML, like Gecko; compatible; GPTBot/1.4; +https://openai.com/gptbot)"
3.221.156.96 - - [09/Sep/2026:12:54:42 +0000] "GET /seuwxvwg.php?amp&f=/proc/109212 HTTP/1.1" 200 34581 "-" "Mozilla/5.0 AppleWebKit/537.36 (KHTML, like Gecko; compatible; Amazonbot/0.1; +https://developer.amazon.com/support/amazonbot) Chrome/119.0.6045.214 Safari/537.36"
74.7.242.9 - - [09/Sep/2026:12:54:43 +0000] "GET /seuwxvwg.php?p=%2Fproc%2F2174799%2Fmap_files%2F HTTP/1.1" 200 2511 "http://svoldvine.desidrivers.com.au/seuwxvwg.php?p=%2Fproc%2F2174799%2Fmap_files" "Mozilla/5.0 AppleWebKit/537.36 (KHTML, like Gecko; compatible; GPTBot/1.4; +https://openai.com/gptbot)"
74.7.242.9 - - [09/Sep/2026:12:54:43 +0000] "GET /seuwxvwg.php?p=%2Fproc%2F2173817%2Fmap_files%2F HTTP/1.1" 200 2511 "http://svoldvine.desidrivers.com.au/seuwxvwg.php?p=%2Fproc%2F2173817%2Fmap_files" "Mozilla/5.0 AppleWebKit/537.36 (KHTML, like Gecko; compatible; GPTBot/1.4; +https://openai.com/gptbot)"
74.7.242.9 - - [09/Sep/2026:12:54:44 +0000] "GET /seuwxvwg.php?p=%2Fproc%2F2174255%2Fmap_files%2F HTTP/1.1" 200 2511 "http://svoldvine.desidrivers.com.au/seuwxvwg.php?p=%2Fproc%2F2174255%2Fmap_files" "Mozilla/5.0 AppleWebKit/537.36 (KHTML, like Gecko; compatible; GPTBot/1.4; +https://openai.com/gptbot)"
74.7.242.9 - - [09/Sep/2026:12:54:45 +0000] "GET /seuwxvwg.php?p=%2Fproc%2F2172947%2Fmap_files%2F HTTP/1.1" 200 34581 "http://svoldvine.desidrivers.com.au/seuwxvwg.php?p=%2Fproc%2F2172947%2Fmap_files" "Mozilla/5.0 AppleWebKit/537.36 (KHTML, like Gecko; compatible; GPTBot/1.4; +https://openai.com/gptbot)"
