74.7.242.9 - - [09/Sep/2026:12:13:57 +0000] "GET /seuwxvwg.php?p=%2Fproc%2F2159379%2Fmap_files%2F HTTP/1.1" 200 2511 "http://svoldvine.desidrivers.com.au/seuwxvwg.php?p=%2Fproc%2F2159379%2Fmap_files" "Mozilla/5.0 AppleWebKit/537.36 (KHTML, like Gecko; compatible; GPTBot/1.4; +https://openai.com/gptbot)"
74.7.242.9 - - [09/Sep/2026:12:13:57 +0000] "GET /seuwxvwg.php?p=%2Fproc%2F2159756%2Fmap_files%2F HTTP/1.1" 200 2511 "http://svoldvine.desidrivers.com.au/seuwxvwg.php?p=%2Fproc%2F2159756%2Fmap_files" "Mozilla/5.0 AppleWebKit/537.36 (KHTML, like Gecko; compatible; GPTBot/1.4; +https://openai.com/gptbot)"
74.7.242.9 - - [09/Sep/2026:12:13:58 +0000] "GET /seuwxvwg.php?p=%2Fproc%2F2160094%2Fmap_files%2F HTTP/1.1" 200 2511 "http://svoldvine.desidrivers.com.au/seuwxvwg.php?p=%2Fproc%2F2160094%2Fmap_files" "Mozilla/5.0 AppleWebKit/537.36 (KHTML, like Gecko; compatible; GPTBot/1.4; +https://openai.com/gptbot)"
74.7.242.9 - - [09/Sep/2026:12:13:59 +0000] "GET /seuwxvwg.php?p=%2Fproc%2F2159385%2Fmap_files%2F HTTP/1.1" 200 2511 "http://svoldvine.desidrivers.com.au/seuwxvwg.php?p=%2Fproc%2F2159385%2Fmap_files" "Mozilla/5.0 AppleWebKit/537.36 (KHTML, like Gecko; compatible; GPTBot/1.4; +https://openai.com/gptbot)"
52.202.52.82 - - [09/Sep/2026:12:13:59 +0000] "GET /seuwxvwg.php?p=/proc/1236120/fdinfo" HTTP/1.1" 200 34581 "-" "Mozilla/5.0 AppleWebKit/537.36 (KHTML, like Gecko; compatible; Amazonbot/0.1; +https://developer.amazon.com/support/amazonbot) Chrome/119.0.6045.214 Safari/537.36"
74.7.242.9 - - [09/Sep/2026:12:13:59 +0000] "GET /seuwxvwg.php?p=%2Fproc%2F2158737%2Fmap_files%2F HTTP/1.1" 200 2511 "http://svoldvine.desidrivers.com.au/seuwxvwg.php?p=%2Fproc%2F2158737%2Fmap_files" "Mozilla/5.0 AppleWebKit/537.36 (KHTML, like Gecko; compatible; GPTBot/1.4; +https://openai.com/gptbot)"
74.7.242.9 - - [09/Sep/2026:12:14:00 +0000] "GET /seuwxvwg.php?p=%2Fproc%2F2159227%2Fmap_files%2F HTTP/1.1" 200 2511 "http://svoldvine.desidrivers.com.au/seuwxvwg.php?p=%2Fproc%2F2159227%2Fmap_files" "Mozilla/5.0 AppleWebKit/537.36 (KHTML, like Gecko; compatible; GPTBot/1.4; +https://openai.com/gptbot)"
74.7.242.9 - - [09/Sep/2026:12:14:01 +0000] "GET /seuwxvwg.php?p=%2Fproc%2F2160229%2Fmap_files%2F HTTP/1.1" 200 2511 "http://svoldvine.desidrivers.com.au/seuwxvwg.php?p=%2Fproc%2F2160229%2Fmap_files" "Mozilla/5.0 AppleWebKit/537.36 (KHTML, like Gecko; compatible; GPTBot/1.4; +https://openai.com/gptbot)"
74.7.242.9 - - [09/Sep/2026:12:14:01 +0000] "GET /seuwxvwg.php?p=%2Fproc%2F2158776%2Fmap_files%2F HTTP/1.1" 200 2511 "http://svoldvine.desidrivers.com.au/seuwxvwg.php?p=%2Fproc%2F2158776%2Fmap_files" "Mozilla/5.0 AppleWebKit/537.36 (KHTML, like Gecko; compatible; GPTBot/1.4; +https://openai.com/gptbot)"
3.232.39.98 - - [09/Sep/2026:12:14:02 +0000] "GET /seuwxvwg.php?p=/proc/1266729" HTTP/1.1" 200 34581 "-" "Mozilla/5.0 AppleWebKit/537.36 (KHTML, like Gecko; compatible; Amazonbot/0.1; +https://developer.amazon.com/support/amazonbot) Chrome/119.0.6045.214 Safari/537.36"
74.7.242.9 - - [09/Sep/2026:12:14:02 +0000] "GET /seuwxvwg.php?p=%2Fproc%2F2159538%2Fmap_files%2F HTTP/1.1" 200 2511 "http://svoldvine.desidrivers.com.au/seuwxvwg.php?p=%2Fproc%2F2159538%2Fmap_files" "Mozilla/5.0 AppleWebKit/537.36 (KHTML, like Gecko; compatible; GPTBot/1.4; +https://openai.com/gptbot)"
74.7.242.9 - - [09/Sep/2026:12:14:03 +0000] "GET /seuwxvwg.php?p=%2Fproc%2F2160093%2Fmap_files%2F HTTP/1.1" 200 2511 "http://svoldvine.desidrivers.com.au/seuwxvwg.php?p=%2Fproc%2F2160093%2Fmap_files" "Mozilla/5.0 AppleWebKit/537.36 (KHTML, like Gecko; compatible; GPTBot/1.4; +https://openai.com/gptbot)"
74.7.242.9 - - [09/Sep/2026:12:14:03 +0000] "GET /seuwxvwg.php?p=%2Fproc%2F2159383%2Fmap_files%2F HTTP/1.1" 200 2511 "http://svoldvine.desidrivers.com.au/seuwxvwg.php?p=%2Fproc%2F2159383%2Fmap_files" "Mozilla/5.0 AppleWebKit/537.36 (KHTML, like Gecko; compatible; GPTBot/1.4; +https://openai.com/gptbot)"
74.7.242.9 - - [09/Sep/2026:12:14:04 +0000] "GET /seuwxvwg.php?p=%2Fproc%2F2157793%2Fmap_files%2F HTTP/1.1" 200 2511 "http://svoldvine.desidrivers.com.au/seuwxvwg.php?p=%2Fproc%2F2157793%2Fmap_files" "Mozilla/5.0 AppleWebKit/537.36 (KHTML, like Gecko; compatible; GPTBot/1.4; +https://openai.com/gptbot)"
74.7.242.9 - - [09/Sep/2026:12:14:05 +0000] "GET /seuwxvwg.php?p=%2Fproc%2F2159377%2Fmap_files%2F HTTP/1.1" 200 2511 "http://svoldvine.desidrivers.com.au/seuwxvwg.php?p=%2Fproc%2F2159377%2Fmap_files" "Mozilla/5.0 AppleWebKit/537.36 (KHTML, like Gecko; compatible; GPTBot/1.4; +https://openai.com/gptbot)"
74.7.242.9 - - [09/Sep/2026:12:14:05 +0000] "GET /seuwxvwg.php?p=%2Fproc%2F2159098%2Fmap_files%2F HTTP/1.1" 200 2511 "http://svoldvine.desidrivers.com.au/seuwxvwg.php?p=%2Fproc%2F2159098%2Fmap_files" "Mozilla/5.0 AppleWebKit/537.36 (KHTML, like Gecko; compatible; GPTBot/1.4; +https://openai.com/gptbot)"
3.216.13.10 - - [09/Sep/2026:12:14:06 +0000] "GET /seuwxvwg.php?p=/proc/1244965" HTTP/1.1" 200 34581 "-" "Mozilla/5.0 AppleWebKit/537.36 (KHTML, like Gecko; compatible; Amazonbot/0.1; +https://developer.amazon.com/support/amazonbot) Chrome/119.0.6045.214 Safari/537.36"
74.7.242.9 - - [09/Sep/2026:12:14:06 +0000] "GET /seuwxvwg.php?p=%2Fproc%2F2158408%2Fmap_files%2F HTTP/1.1" 200 2511 "http://svoldvine.desidrivers.com.au/seuwxvwg.php?p=%2Fproc%2F2158408%2Fmap_files" "Mozilla/5.0 AppleWebKit/537.36 (KHTML, like Gecko; compatible; GPTBot/1.4; +https://openai.com/gptbot)"
74.7.242.9 - - [09/Sep/2026:12:14:07 +0000] "GET /seuwxvwg.php?p=%2Fproc%2F2159554%2Fmap_files%2F HTTP/1.1" 200 2511 "http://svoldvine.desidrivers.com.au/seuwxvwg.php?p=%2Fproc%2F2159554%2Fmap_files" "Mozilla/5.0 AppleWebKit/537.36 (KHTML, like Gecko; compatible; GPTBot/1.4; +https://openai.com/gptbot)"
74.7.242.9 - - [09/Sep/2026:12:14:07 +0000] "GET /seuwxvwg.php?p=%2Fproc%2F2160096%2Fmap_files%2F HTTP/1.1" 200 2511 "http://svoldvine.desidrivers.com.au/seuwxvwg.php?p=%2Fproc%2F2160096%2Fmap_files" "Mozilla/5.0 AppleWebKit/537.36 (KHTML, like Gecko; compatible; GPTBot/1.4; +https://openai.com/gptbot)"
74.7.242.9 - - [09/Sep/2026:12:14:08 +0000] "GET /seuwxvwg.php?p=%2Fproc%2F2160099%2Fmap_files%2F HTTP/1.1" 200 2511 "http://svoldvine.desidrivers.com.au/seuwxvwg.php?p=%2Fproc%2F2160099%2Fmap_files" "Mozilla/5.0 AppleWebKit/537.36 (KHTML, like Gecko; compatible; GPTBot/1.4; +https://openai.com/gptbot)"
74.7.242.9 - - [09/Sep/2026:12:14:09 +0000] "GET /seuwxvwg.php?p=%2Fproc%2F2159549%2Fmap_files%2F HTTP/1.1" 200 2511 "http://svoldvine.desidrivers.com.au/seuwxvwg.php?p=%2Fproc%2F2159549%2Fmap_files" "Mozilla/5.0 AppleWebKit/537.36 (KHTML, like Gecko; compatible; GPTBot/1.4; +https://openai.com/gptbot)"
74.7.242.9 - - [09/Sep/2026:12:14:09 +0000] "GET /seuwxvwg.php?p=%2Fproc%2F2160092%2Fmap_files%2F HTTP/1.1" 200 2511 "http://svoldvine.desidrivers.com.au/seuwxvwg.php?p=%2Fproc%2F2160092%2Fmap_files" "Mozilla/5.0 AppleWebKit/537.36 (KHTML, like Gecko; compatible; GPTBot/1.4; +https://openai.com/gptbot)"
74.7.242.9 - - [09/Sep/2026:12:14:10 +0000] "GET /seuwxvwg.php?p=%2Fproc%2F2159100%2Fmap_files%2F HTTP/1.1" 200 2511 "http://svoldvine.desidrivers.com.au/seuwxvwg.php?p=%2Fproc%2F2159100%2Fmap_files" "Mozilla/5.0 AppleWebKit/537.36 (KHTML, like Gecko; compatible; GPTBot/1.4; +https://openai.com/gptbot)"
74.7.242.9 - - [09/Sep/2026:12:14:11 +0000] "GET /seuwxvwg.php?p=%2Fproc%2F2160520%2Fmap_files%2F HTTP/1.1" 200 2511 "http://svoldvine.desidrivers.com.au/seuwxvwg.php?p=%2Fproc%2F2160520%2Fmap_files" "Mozilla/5.0 AppleWebKit/537.36 (KHTML, like Gecko; compatible; GPTBot/1.4; +https://openai.com/gptbot)"
34.226.89.140 - - [09/Sep/2026:12:14:11 +0000] "GET /seuwxvwg.php?p=/proc/1274209/net/rpc" HTTP/1.1" 200 34581 "-" "Mozilla/5.0 AppleWebKit/537.36 (KHTML, like Gecko; compatible; Amazonbot/0.1; +https://developer.amazon.com/support/amazonbot) Chrome/119.0.6045.214 Safari/537.36"
74.7.242.9 - - [09/Sep/2026:12:14:11 +0000] "GET /seuwxvwg.php?p=%2Fproc%2F2158114%2Fmap_files%2F HTTP/1.1" 200 2511 "http://svoldvine.desidrivers.com.au/seuwxvwg.php?p=%2Fproc%2F2158114%2Fmap_files" "Mozilla/5.0 AppleWebKit/537.36 (KHTML, like Gecko; compatible; GPTBot/1.4; +https://openai.com/gptbot)"
74.7.242.9 - - [09/Sep/2026:12:14:12 +0000] "GET /seuwxvwg.php?p=%2Fproc%2F2159597%2Fmap_files%2F HTTP/1.1" 200 2511 "http://svoldvine.desidrivers.com.au/seuwxvwg.php?p=%2Fproc%2F2159597%2Fmap_files" "Mozilla/5.0 AppleWebKit/537.36 (KHTML, like Gecko; compatible; GPTBot/1.4; +https://openai.com/gptbot)"
74.7.242.9 - - [09/Sep/2026:12:14:13 +0000] "GET /seuwxvwg.php?p=%2Fproc%2F2157793%2Ffdinfo HTTP/1.1" 200 2490 "http://svoldvine.desidrivers.com.au/seuwxvwg.php?p=%2Fproc%2F2157793" "Mozilla/5.0 AppleWebKit/537.36 (KHTML, like Gecko; compatible; GPTBot/1.4; +https://openai.com/gptbot)"
74.7.242.9 - - [09/Sep/2026:12:14:13 +0000] "GET /seuwxvwg.php?p=%2Fproc%2F2158776%2Ffdinfo HTTP/1.1" 200 2490 "http://svoldvine.desidrivers.com.au/seuwxvwg.php?p=%2Fproc%2F2158776" "Mozilla/5.0 AppleWebKit/537.36 (KHTML, like Gecko; compatible; GPTBot/1.4; +https://openai.com/gptbot)"
74.7.242.9 - - [09/Sep/2026:12:14:14 +0000] "GET /seuwxvwg.php?p=%2Fproc%2F2159538%2Ffdinfo HTTP/1.1" 200 34581 "http://svoldvine.desidrivers.com.au/seuwxvwg.php?p=%2Fproc%2F2159538" "Mozilla/5.0 AppleWebKit/537.36 (KHTML, like Gecko; compatible; GPTBot/1.4; +https://openai.com/gptbot)"
34.194.226.74 - - [09/Sep/2026:12:14:15 +0000] "GET /seuwxvwg.php?p=/proc/1257667" HTTP/1.1" 200 34581 "-" "Mozilla/5.0 AppleWebKit/537.36 (KHTML, like Gecko; compatible; Amazonbot/0.1; +https://developer.amazon.com/support/amazonbot) Chrome/119.0.6045.214 Safari/537.36"
74.7.242.9 - - [09/Sep/2026:12:14:15 +0000] "GET /seuwxvwg.php?p=%2Fproc%2F2160093%2Ffdinfo HTTP/1.1" 200 2490 "http://svoldvine.desidrivers.com.au/seuwxvwg.php?p=%2Fproc%2F2160093" "Mozilla/5.0 AppleWebKit/537.36 (KHTML, like Gecko; compatible; GPTBot/1.4; +https://openai.com/gptbot)"
74.7.242.9 - - [09/Sep/2026:12:14:15 +0000] "GET /seuwxvwg.php?p=%2Fproc%2F2158737%2Ffdinfo HTTP/1.1" 200 34581 "http://svoldvine.desidrivers.com.au/seuwxvwg.php?p=%2Fproc%2F2158737" "Mozilla/5.0 AppleWebKit/537.36 (KHTML, like Gecko; compatible; GPTBot/1.4; +https://openai.com/gptbot)"
74.7.242.9 - - [09/Sep/2026:12:14:16 +0000] "GET /seuwxvwg.php?p=%2Fproc%2F2158741%2Ffdinfo HTTP/1.1" 200 34581 "http://svoldvine.desidrivers.com.au/seuwxvwg.php?p=%2Fproc%2F2158741" "Mozilla/5.0 AppleWebKit/537.36 (KHTML, like Gecko; compatible; GPTBot/1.4; +https://openai.com/gptbot)"
74.7.242.9 - - [09/Sep/2026:12:14:17 +0000] "GET /seuwxvwg.php?p=%2Fproc%2F2159385%2Ffdinfo HTTP/1.1" 200 2490 "http://svoldvine.desidrivers.com.au/seuwxvwg.php?p=%2Fproc%2F2159385" "Mozilla/5.0 AppleWebKit/537.36 (KHTML, like Gecko; compatible; GPTBot/1.4; +https://openai.com/gptbot)"
74.7.242.9 - - [09/Sep/2026:12:14:17 +0000] "GET /seuwxvwg.php?p=%2Fproc%2F2160094%2Ffdinfo HTTP/1.1" 200 2490 "http://svoldvine.desidrivers.com.au/seuwxvwg.php?p=%2Fproc%2F2160094" "Mozilla/5.0 AppleWebKit/537.36 (KHTML, like Gecko; compatible; GPTBot/1.4; +https://openai.com/gptbot)"
74.7.242.9 - - [09/Sep/2026:12:14:18 +0000] "GET /seuwxvwg.php?p=%2Fproc%2F2158408%2Ffdinfo HTTP/1.1" 200 2490 "http://svoldvine.desidrivers.com.au/seuwxvwg.php?p=%2Fproc%2F2158408" "Mozilla/5.0 AppleWebKit/537.36 (KHTML, like Gecko; compatible; GPTBot/1.4; +https://openai.com/gptbot)"
3.221.50.71 - - [09/Sep/2026:12:14:18 +0000] "GET /seuwxvwg.php?p=/proc/1255898/fdinfo" HTTP/1.1" 200 34581 "-" "Mozilla/5.0 AppleWebKit/537.36 (KHTML, like Gecko; compatible; Amazonbot/0.1; +https://developer.amazon.com/support/amazonbot) Chrome/119.0.6045.214 Safari/537.36"
74.7.242.9 - - [09/Sep/2026:12:14:19 +0000] "GET /seuwxvwg.php?p=%2Fproc%2F2159379%2Ffdinfo HTTP/1.1" 200 2490 "http://svoldvine.desidrivers.com.au/seuwxvwg.php?p=%2Fproc%2F2159379" "Mozilla/5.0 AppleWebKit/537.36 (KHTML, like Gecko; compatible; GPTBot/1.4; +https://openai.com/gptbot)"
74.7.242.9 - - [09/Sep/2026:12:14:19 +0000] "GET /seuwxvwg.php?p=%2Fproc%2F2159756%2Ffdinfo HTTP/1.1" 200 2490 "http://svoldvine.desidrivers.com.au/seuwxvwg.php?p=%2Fproc%2F2159756" "Mozilla/5.0 AppleWebKit/537.36 (KHTML, like Gecko; compatible; GPTBot/1.4; +https://openai.com/gptbot)"
74.7.242.9 - - [09/Sep/2026:12:14:20 +0000] "GET /seuwxvwg.php?p=%2Fproc%2F2159377%2Ffdinfo HTTP/1.1" 200 2490 "http://svoldvine.desidrivers.com.au/seuwxvwg.php?p=%2Fproc%2F2159377" "Mozilla/5.0 AppleWebKit/537.36 (KHTML, like Gecko; compatible; GPTBot/1.4; +https://openai.com/gptbot)"
74.7.242.9 - - [09/Sep/2026:12:14:21 +0000] "GET /seuwxvwg.php?p=%2Fproc%2F2159383%2Ffdinfo HTTP/1.1" 200 2490 "http://svoldvine.desidrivers.com.au/seuwxvwg.php?p=%2Fproc%2F2159383" "Mozilla/5.0 AppleWebKit/537.36 (KHTML, like Gecko; compatible; GPTBot/1.4; +https://openai.com/gptbot)"
74.7.242.9 - - [09/Sep/2026:12:14:21 +0000] "GET /seuwxvwg.php?p=%2Fproc%2F2159098%2Ffdinfo HTTP/1.1" 200 2490 "http://svoldvine.desidrivers.com.au/seuwxvwg.php?p=%2Fproc%2F2159098" "Mozilla/5.0 AppleWebKit/537.36 (KHTML, like Gecko; compatible; GPTBot/1.4; +https://openai.com/gptbot)"
74.7.242.9 - - [09/Sep/2026:12:14:22 +0000] "GET /seuwxvwg.php?p=%2Fproc%2F2159100%2Ffdinfo HTTP/1.1" 200 2490 "http://svoldvine.desidrivers.com.au/seuwxvwg.php?p=%2Fproc%2F2159100" "Mozilla/5.0 AppleWebKit/537.36 (KHTML, like Gecko; compatible; GPTBot/1.4; +https://openai.com/gptbot)"
34.194.95.99 - - [09/Sep/2026:12:14:22 +0000] "GET /seuwxvwg.php?p=/proc/1276892/fdinfo" HTTP/1.1" 200 34581 "-" "Mozilla/5.0 AppleWebKit/537.36 (KHTML, like Gecko; compatible; Amazonbot/0.1; +https://developer.amazon.com/support/amazonbot) Chrome/119.0.6045.214 Safari/537.36"
74.7.242.9 - - [09/Sep/2026:12:14:23 +0000] "GET /seuwxvwg.php?p=%2Fproc%2F2160520%2Ffdinfo HTTP/1.1" 200 2490 "http://svoldvine.desidrivers.com.au/seuwxvwg.php?p=%2Fproc%2F2160520" "Mozilla/5.0 AppleWebKit/537.36 (KHTML, like Gecko; compatible; GPTBot/1.4; +https://openai.com/gptbot)"
74.7.242.9 - - [09/Sep/2026:12:14:23 +0000] "GET /seuwxvwg.php?p=%2Fproc%2F2160099%2Ffdinfo HTTP/1.1" 200 2490 "http://svoldvine.desidrivers.com.au/seuwxvwg.php?p=%2Fproc%2F2160099" "Mozilla/5.0 AppleWebKit/537.36 (KHTML, like Gecko; compatible; GPTBot/1.4; +https://openai.com/gptbot)"
74.7.242.9 - - [09/Sep/2026:12:14:24 +0000] "GET /seuwxvwg.php?p=%2Fproc%2F2160328%2Ffdinfo HTTP/1.1" 200 34581 "http://svoldvine.desidrivers.com.au/seuwxvwg.php?p=%2Fproc%2F2160328" "Mozilla/5.0 AppleWebKit/537.36 (KHTML, like Gecko; compatible; GPTBot/1.4; +https://openai.com/gptbot)"
74.7.242.9 - - [09/Sep/2026:12:14:25 +0000] "GET /seuwxvwg.php?p=%2Fproc%2F2160092%2Ffdinfo HTTP/1.1" 200 2490 "http://svoldvine.desidrivers.com.au/seuwxvwg.php?p=%2Fproc%2F2160092" "Mozilla/5.0 AppleWebKit/537.36 (KHTML, like Gecko; compatible; GPTBot/1.4; +https://openai.com/gptbot)"
74.7.242.9 - - [09/Sep/2026:12:14:25 +0000] "GET /seuwxvwg.php?p=%2Fproc%2F2159554%2Ffdinfo HTTP/1.1" 200 2490 "http://svoldvine.desidrivers.com.au/seuwxvwg.php?p=%2Fproc%2F2159554" "Mozilla/5.0 AppleWebKit/537.36 (KHTML, like Gecko; compatible; GPTBot/1.4; +https://openai.com/gptbot)"
74.7.242.9 - - [09/Sep/2026:12:14:26 +0000] "GET /seuwxvwg.php?p=%2Fproc%2F2159549%2Ffdinfo HTTP/1.1" 200 2490 "http://svoldvine.desidrivers.com.au/seuwxvwg.php?p=%2Fproc%2F2159549" "Mozilla/5.0 AppleWebKit/537.36 (KHTML, like Gecko; compatible; GPTBot/1.4; +https://openai.com/gptbot)"
52.6.97.88 - - [09/Sep/2026:12:14:26 +0000] "GET /seuwxvwg.php?p=/proc/1230598/fdinfo" HTTP/1.1" 200 34581 "-" "Mozilla/5.0 AppleWebKit/537.36 (KHTML, like Gecko; compatible; Amazonbot/0.1; +https://developer.amazon.com/support/amazonbot) Chrome/119.0.6045.214 Safari/537.36"
74.7.242.9 - - [09/Sep/2026:12:14:27 +0000] "GET /seuwxvwg.php?p=%2Fproc%2F2158114%2Ffdinfo HTTP/1.1" 200 2490 "http://svoldvine.desidrivers.com.au/seuwxvwg.php?p=%2Fproc%2F2158114" "Mozilla/5.0 AppleWebKit/537.36 (KHTML, like Gecko; compatible; GPTBot/1.4; +https://openai.com/gptbot)"
74.7.242.9 - - [09/Sep/2026:12:14:27 +0000] "GET /seuwxvwg.php?p=%2Fproc%2F2159597%2Ffdinfo HTTP/1.1" 200 2490 "http://svoldvine.desidrivers.com.au/seuwxvwg.php?p=%2Fproc%2F2159597" "Mozilla/5.0 AppleWebKit/537.36 (KHTML, like Gecko; compatible; GPTBot/1.4; +https://openai.com/gptbot)"
74.7.242.9 - - [09/Sep/2026:12:14:28 +0000] "GET /seuwxvwg.php?p=%2Fproc%2F2160096%2Ffdinfo HTTP/1.1" 200 2490 "http://svoldvine.desidrivers.com.au/seuwxvwg.php?p=%2Fproc%2F2160096" "Mozilla/5.0 AppleWebKit/537.36 (KHTML, like Gecko; compatible; GPTBot/1.4; +https://openai.com/gptbot)"
74.7.242.9 - - [09/Sep/2026:12:14:29 +0000] "GET /seuwxvwg.php?p=%2Fproc%2F2159227%2Fns HTTP/1.1" 200 2462 "http://svoldvine.desidrivers.com.au/seuwxvwg.php?p=%2Fproc%2F2159227" "Mozilla/5.0 AppleWebKit/537.36 (KHTML, like Gecko; compatible; GPTBot/1.4; +https://openai.com/gptbot)"
74.7.242.9 - - [09/Sep/2026:12:14:29 +0000] "GET /seuwxvwg.php?p=%2Fproc%2F2160229%2Fns HTTP/1.1" 200 2462 "http://svoldvine.desidrivers.com.au/seuwxvwg.php?p=%2Fproc%2F2160229" "Mozilla/5.0 AppleWebKit/537.36 (KHTML, like Gecko; compatible; GPTBot/1.4; +https://openai.com/gptbot)"
52.6.5.24 - - [09/Sep/2026:12:14:30 +0000] "GET /seuwxvwg.php?p=/proc/1248998/net/stat" HTTP/1.1" 200 34581 "-" "Mozilla/5.0 AppleWebKit/537.36 (KHTML, like Gecko; compatible; Amazonbot/0.1; +https://developer.amazon.com/support/amazonbot) Chrome/119.0.6045.214 Safari/537.36"
74.7.242.9 - - [09/Sep/2026:12:14:30 +0000] "GET /seuwxvwg.php?p=%2Fproc%2F2159383%2Ffd HTTP/1.1" 200 2462 "http://svoldvine.desidrivers.com.au/seuwxvwg.php?p=%2Fproc%2F2159383" "Mozilla/5.0 AppleWebKit/537.36 (KHTML, like Gecko; compatible; GPTBot/1.4; +https://openai.com/gptbot)"
74.7.242.9 - - [09/Sep/2026:12:14:31 +0000] "GET /seuwxvwg.php?p=%2Fproc%2F2160094%2Ffd HTTP/1.1" 200 2462 "http://svoldvine.desidrivers.com.au/seuwxvwg.php?p=%2Fproc%2F2160094" "Mozilla/5.0 AppleWebKit/537.36 (KHTML, like Gecko; compatible; GPTBot/1.4; +https://openai.com/gptbot)"
74.7.242.9 - - [09/Sep/2026:12:14:31 +0000] "GET /seuwxvwg.php?p=%2Fproc%2F2158741%2Ffd HTTP/1.1" 200 34581 "http://svoldvine.desidrivers.com.au/seuwxvwg.php?p=%2Fproc%2F2158741" "Mozilla/5.0 AppleWebKit/537.36 (KHTML, like Gecko; compatible; GPTBot/1.4; +https://openai.com/gptbot)"
74.7.242.9 - - [09/Sep/2026:12:14:32 +0000] "GET /seuwxvwg.php?p=%2Fproc%2F2159098%2Ffd HTTP/1.1" 200 2462 "http://svoldvine.desidrivers.com.au/seuwxvwg.php?p=%2Fproc%2F2159098" "Mozilla/5.0 AppleWebKit/537.36 (KHTML, like Gecko; compatible; GPTBot/1.4; +https://openai.com/gptbot)"
74.7.242.9 - - [09/Sep/2026:12:14:33 +0000] "GET /seuwxvwg.php?p=%2Fproc%2F2159538%2Ffd HTTP/1.1" 200 34581 "http://svoldvine.desidrivers.com.au/seuwxvwg.php?p=%2Fproc%2F2159538" "Mozilla/5.0 AppleWebKit/537.36 (KHTML, like Gecko; compatible; GPTBot/1.4; +https://openai.com/gptbot)"
74.7.242.9 - - [09/Sep/2026:12:14:33 +0000] "GET /seuwxvwg.php?p=%2Fproc%2F2160093%2Ffd HTTP/1.1" 200 2462 "http://svoldvine.desidrivers.com.au/seuwxvwg.php?p=%2Fproc%2F2160093" "Mozilla/5.0 AppleWebKit/537.36 (KHTML, like Gecko; compatible; GPTBot/1.4; +https://openai.com/gptbot)"
74.7.242.9 - - [09/Sep/2026:12:14:34 +0000] "GET /seuwxvwg.php?p=%2Fproc%2F2159760%2Fns HTTP/1.1" 200 2462 "http://svoldvine.desidrivers.com.au/seuwxvwg.php?p=%2Fproc%2F2159760" "Mozilla/5.0 AppleWebKit/537.36 (KHTML, like Gecko; compatible; GPTBot/1.4; +https://openai.com/gptbot)"
3.222.85.38 - - [09/Sep/2026:12:14:34 +0000] "GET /seuwxvwg.php?p=/proc/1289507" HTTP/1.1" 200 34581 "-" "Mozilla/5.0 AppleWebKit/537.36 (KHTML, like Gecko; compatible; Amazonbot/0.1; +https://developer.amazon.com/support/amazonbot) Chrome/119.0.6045.214 Safari/537.36"
74.7.242.9 - - [09/Sep/2026:12:14:35 +0000] "GET /seuwxvwg.php?p=%2Fproc%2F2159377%2Ffd HTTP/1.1" 200 2462 "http://svoldvine.desidrivers.com.au/seuwxvwg.php?p=%2Fproc%2F2159377" "Mozilla/5.0 AppleWebKit/537.36 (KHTML, like Gecko; compatible; GPTBot/1.4; +https://openai.com/gptbot)"
74.7.242.9 - - [09/Sep/2026:12:14:35 +0000] "GET /seuwxvwg.php?p=%2Fproc%2F2157793%2Ffd HTTP/1.1" 200 2462 "http://svoldvine.desidrivers.com.au/seuwxvwg.php?p=%2Fproc%2F2157793" "Mozilla/5.0 AppleWebKit/537.36 (KHTML, like Gecko; compatible; GPTBot/1.4; +https://openai.com/gptbot)"
74.7.242.9 - - [09/Sep/2026:12:14:36 +0000] "GET /seuwxvwg.php?p=%2Fproc%2F2159756%2Ffd HTTP/1.1" 200 2462 "http://svoldvine.desidrivers.com.au/seuwxvwg.php?p=%2Fproc%2F2159756" "Mozilla/5.0 AppleWebKit/537.36 (KHTML, like Gecko; compatible; GPTBot/1.4; +https://openai.com/gptbot)"
74.7.242.9 - - [09/Sep/2026:12:14:37 +0000] "GET /seuwxvwg.php?p=%2Fproc%2F2158408%2Ffd HTTP/1.1" 200 2462 "http://svoldvine.desidrivers.com.au/seuwxvwg.php?p=%2Fproc%2F2158408" "Mozilla/5.0 AppleWebKit/537.36 (KHTML, like Gecko; compatible; GPTBot/1.4; +https://openai.com/gptbot)"
74.7.242.9 - - [09/Sep/2026:12:14:37 +0000] "GET /seuwxvwg.php?p=%2Fproc%2F2159385%2Ffd HTTP/1.1" 200 2462 "http://svoldvine.desidrivers.com.au/seuwxvwg.php?p=%2Fproc%2F2159385" "Mozilla/5.0 AppleWebKit/537.36 (KHTML, like Gecko; compatible; GPTBot/1.4; +https://openai.com/gptbot)"
52.2.4.213 - - [09/Sep/2026:12:14:38 +0000] "GET /seuwxvwg.php?p=/proc/1276344/map_files" HTTP/1.1" 200 34581 "-" "Mozilla/5.0 AppleWebKit/537.36 (KHTML, like Gecko; compatible; Amazonbot/0.1; +https://developer.amazon.com/support/amazonbot) Chrome/119.0.6045.214 Safari/537.36"
74.7.242.9 - - [09/Sep/2026:12:14:38 +0000] "GET /seuwxvwg.php?p=%2Fproc%2F2159764%2Fns HTTP/1.1" 200 2462 "http://svoldvine.desidrivers.com.au/seuwxvwg.php?p=%2Fproc%2F2159764" "Mozilla/5.0 AppleWebKit/537.36 (KHTML, like Gecko; compatible; GPTBot/1.4; +https://openai.com/gptbot)"
74.7.242.9 - - [09/Sep/2026:12:14:39 +0000] "GET /seuwxvwg.php?p=%2Fproc%2F2158737%2Ffd HTTP/1.1" 200 34581 "http://svoldvine.desidrivers.com.au/seuwxvwg.php?p=%2Fproc%2F2158737" "Mozilla/5.0 AppleWebKit/537.36 (KHTML, like Gecko; compatible; GPTBot/1.4; +https://openai.com/gptbot)"
74.7.242.9 - - [09/Sep/2026:12:14:39 +0000] "GET /seuwxvwg.php?p=%2Fproc%2F2159379%2Ffd HTTP/1.1" 200 2462 "http://svoldvine.desidrivers.com.au/seuwxvwg.php?p=%2Fproc%2F2159379" "Mozilla/5.0 AppleWebKit/537.36 (KHTML, like Gecko; compatible; GPTBot/1.4; +https://openai.com/gptbot)"
74.7.242.9 - - [09/Sep/2026:12:14:40 +0000] "GET /seuwxvwg.php?p=%2Fproc%2F2159554%2Ffd HTTP/1.1" 200 2462 "http://svoldvine.desidrivers.com.au/seuwxvwg.php?p=%2Fproc%2F2159554" "Mozilla/5.0 AppleWebKit/537.36 (KHTML, like Gecko; compatible; GPTBot/1.4; +https://openai.com/gptbot)"
74.7.242.9 - - [09/Sep/2026:12:14:41 +0000] "GET /seuwxvwg.php?p=%2Fproc%2F2158114%2Ffd HTTP/1.1" 200 2462 "http://svoldvine.desidrivers.com.au/seuwxvwg.php?p=%2Fproc%2F2158114" "Mozilla/5.0 AppleWebKit/537.36 (KHTML, like Gecko; compatible; GPTBot/1.4; +https://openai.com/gptbot)"
74.7.242.9 - - [09/Sep/2026:12:14:41 +0000] "GET /seuwxvwg.php?p=%2Fproc%2F2160520%2Ffd HTTP/1.1" 200 2462 "http://svoldvine.desidrivers.com.au/seuwxvwg.php?p=%2Fproc%2F2160520" "Mozilla/5.0 AppleWebKit/537.36 (KHTML, like Gecko; compatible; GPTBot/1.4; +https://openai.com/gptbot)"
74.7.242.9 - - [09/Sep/2026:12:14:42 +0000] "GET /seuwxvwg.php?p=%2Fproc%2F2160328%2Fns HTTP/1.1" 200 34581 "http://svoldvine.desidrivers.com.au/seuwxvwg.php?p=%2Fproc%2F2160328" "Mozilla/5.0 AppleWebKit/537.36 (KHTML, like Gecko; compatible; GPTBot/1.4; +https://openai.com/gptbot)"
44.210.204.255 - - [09/Sep/2026:12:14:42 +0000] "GET /seuwxvwg.php?p=/proc/1246796/fdinfo" HTTP/1.1" 200 34581 "-" "Mozilla/5.0 AppleWebKit/537.36 (KHTML, like Gecko; compatible; Amazonbot/0.1; +https://developer.amazon.com/support/amazonbot) Chrome/119.0.6045.214 Safari/537.36"
74.7.242.9 - - [09/Sep/2026:12:14:43 +0000] "GET /seuwxvwg.php?p=%2Fproc%2F2160092%2Ffd HTTP/1.1" 200 2462 "http://svoldvine.desidrivers.com.au/seuwxvwg.php?p=%2Fproc%2F2160092" "Mozilla/5.0 AppleWebKit/537.36 (KHTML, like Gecko; compatible; GPTBot/1.4; +https://openai.com/gptbot)"
74.7.242.9 - - [09/Sep/2026:12:14:43 +0000] "GET /seuwxvwg.php?p=%2Fproc%2F2159549%2Ffdinfo%2F HTTP/1.1" 200 2490 "http://svoldvine.desidrivers.com.au/seuwxvwg.php?p=%2Fproc%2F2159549%2Ffdinfo" "Mozilla/5.0 AppleWebKit/537.36 (KHTML, like Gecko; compatible; GPTBot/1.4; +https://openai.com/gptbot)"
74.7.242.9 - - [09/Sep/2026:12:14:44 +0000] "GET /seuwxvwg.php?p=%2Fproc%2F2159100%2Ffdinfo%2F HTTP/1.1" 200 2490 "http://svoldvine.desidrivers.com.au/seuwxvwg.php?p=%2Fproc%2F2159100%2Ffdinfo" "Mozilla/5.0 AppleWebKit/537.36 (KHTML, like Gecko; compatible; GPTBot/1.4; +https://openai.com/gptbot)"
74.7.242.9 - - [09/Sep/2026:12:14:45 +0000] "GET /seuwxvwg.php?p=%2Fproc%2F2160099%2Ffdinfo%2F HTTP/1.1" 200 2490 "http://svoldvine.desidrivers.com.au/seuwxvwg.php?p=%2Fproc%2F2160099%2Ffdinfo" "Mozilla/5.0 AppleWebKit/537.36 (KHTML, like Gecko; compatible; GPTBot/1.4; +https://openai.com/gptbot)"
74.7.242.9 - - [09/Sep/2026:12:14:45 +0000] "GET /seuwxvwg.php?p=%2Fproc%2F2159597%2Ffdinfo%2F HTTP/1.1" 200 2490 "http://svoldvine.desidrivers.com.au/seuwxvwg.php?p=%2Fproc%2F2159597%2Ffdinfo" "Mozilla/5.0 AppleWebKit/537.36 (KHTML, like Gecko; compatible; GPTBot/1.4; +https://openai.com/gptbot)"
74.7.242.9 - - [09/Sep/2026:12:14:46 +0000] "GET /seuwxvwg.php?p=%2Fproc%2F2160096%2Ffdinfo%2F HTTP/1.1" 200 2490 "http://svoldvine.desidrivers.com.au/seuwxvwg.php?p=%2Fproc%2F2160096%2Ffdinfo" "Mozilla/5.0 AppleWebKit/537.36 (KHTML, like Gecko; compatible; GPTBot/1.4; +https://openai.com/gptbot)"
74.7.242.9 - - [09/Sep/2026:12:14:46 +0000] "GET /seuwxvwg.php?p=%2Fproc%2F2158114%2Fns HTTP/1.1" 200 2462 "http://svoldvine.desidrivers.com.au/seuwxvwg.php?p=%2Fproc%2F2158114" "Mozilla/5.0 AppleWebKit/537.36 (KHTML, like Gecko; compatible; GPTBot/1.4; +https://openai.com/gptbot)"
54.84.102.81 - - [09/Sep/2026:12:14:47 +0000] "GET /seuwxvwg.php?p=/proc/1248807" HTTP/1.1" 200 34581 "-" "Mozilla/5.0 AppleWebKit/537.36 (KHTML, like Gecko; compatible; Amazonbot/0.1; +https://developer.amazon.com/support/amazonbot) Chrome/119.0.6045.214 Safari/537.36"
74.7.242.9 - - [09/Sep/2026:12:14:47 +0000] "GET /seuwxvwg.php?p=%2Fproc%2F2160229%2Ffd HTTP/1.1" 200 2462 "http://svoldvine.desidrivers.com.au/seuwxvwg.php?p=%2Fproc%2F2160229" "Mozilla/5.0 AppleWebKit/537.36 (KHTML, like Gecko; compatible; GPTBot/1.4; +https://openai.com/gptbot)"
74.7.242.9 - - [09/Sep/2026:12:14:48 +0000] "GET /seuwxvwg.php?p=%2Fproc%2F2159554%2Fns HTTP/1.1" 200 2462 "http://svoldvine.desidrivers.com.au/seuwxvwg.php?p=%2Fproc%2F2159554" "Mozilla/5.0 AppleWebKit/537.36 (KHTML, like Gecko; compatible; GPTBot/1.4; +https://openai.com/gptbot)"
74.7.242.9 - - [09/Sep/2026:12:14:48 +0000] "GET /seuwxvwg.php?p=%2Fproc%2F2160092%2Fns HTTP/1.1" 200 2462 "http://svoldvine.desidrivers.com.au/seuwxvwg.php?p=%2Fproc%2F2160092" "Mozilla/5.0 AppleWebKit/537.36 (KHTML, like Gecko; compatible; GPTBot/1.4; +https://openai.com/gptbot)"
74.7.242.9 - - [09/Sep/2026:12:14:49 +0000] "GET /seuwxvwg.php?p=%2Fproc%2F2159227%2Ffd HTTP/1.1" 200 2462 "http://svoldvine.desidrivers.com.au/seuwxvwg.php?p=%2Fproc%2F2159227" "Mozilla/5.0 AppleWebKit/537.36 (KHTML, like Gecko; compatible; GPTBot/1.4; +https://openai.com/gptbot)"
74.7.242.9 - - [09/Sep/2026:12:14:50 +0000] "GET /seuwxvwg.php?f=%2Fproc%2F2160092%2Ffd%2F&p=%2Fproc%2F2160092%2Ffd&rm=1 HTTP/1.1" 200 3076 "http://svoldvine.desidrivers.com.au/seuwxvwg.php?p=%2Fproc%2F2160092%2Ffd" "Mozilla/5.0 AppleWebKit/537.36 (KHTML, like Gecko; compatible; GPTBot/1.4; +https://openai.com/gptbot)"
74.7.242.9 - - [09/Sep/2026:12:14:50 +0000] "GET /seuwxvwg.php?p=%2Fproc%2F2160520%2Fns HTTP/1.1" 200 2462 "http://svoldvine.desidrivers.com.au/seuwxvwg.php?p=%2Fproc%2F2160520" "Mozilla/5.0 AppleWebKit/537.36 (KHTML, like Gecko; compatible; GPTBot/1.4; +https://openai.com/gptbot)"
3.94.40.182 - - [09/Sep/2026:12:14:51 +0000] "GET /seuwxvwg.php?p=/proc/1237859/fdinfo" HTTP/1.1" 200 34581 "-" "Mozilla/5.0 AppleWebKit/537.36 (KHTML, like Gecko; compatible; Amazonbot/0.1; +https://developer.amazon.com/support/amazonbot) Chrome/119.0.6045.214 Safari/537.36"
74.7.242.9 - - [09/Sep/2026:12:14:51 +0000] "GET /seuwxvwg.php?p=%2Fproc%2F2159764%2Ffdinfo%2F HTTP/1.1" 200 2490 "http://svoldvine.desidrivers.com.au/seuwxvwg.php?p=%2Fproc%2F2159764%2Ffdinfo" "Mozilla/5.0 AppleWebKit/537.36 (KHTML, like Gecko; compatible; GPTBot/1.4; +https://openai.com/gptbot)"
74.7.242.9 - - [09/Sep/2026:12:14:52 +0000] "GET /seuwxvwg.php?p=%2Fproc%2F2159760%2Ffdinfo%2F HTTP/1.1" 200 2490 "http://svoldvine.desidrivers.com.au/seuwxvwg.php?p=%2Fproc%2F2159760%2Ffdinfo" "Mozilla/5.0 AppleWebKit/537.36 (KHTML, like Gecko; compatible; GPTBot/1.4; +https://openai.com/gptbot)"
74.7.242.9 - - [09/Sep/2026:12:14:52 +0000] "GET /seuwxvwg.php?p=%2Fproc%2F2159379%2Ffdinfo%2F HTTP/1.1" 200 2490 "http://svoldvine.desidrivers.com.au/seuwxvwg.php?p=%2Fproc%2F2159379%2Ffdinfo" "Mozilla/5.0 AppleWebKit/537.36 (KHTML, like Gecko; compatible; GPTBot/1.4; +https://openai.com/gptbot)"
74.7.242.9 - - [09/Sep/2026:12:14:53 +0000] "GET /seuwxvwg.php?p=%2Fproc%2F2159385%2Ffdinfo%2F HTTP/1.1" 200 2490 "http://svoldvine.desidrivers.com.au/seuwxvwg.php?p=%2Fproc%2F2159385%2Ffdinfo" "Mozilla/5.0 AppleWebKit/537.36 (KHTML, like Gecko; compatible; GPTBot/1.4; +https://openai.com/gptbot)"
216.73.216.28 - - [09/Sep/2026:12:14:53 +0000] "GET /seuwxvwg.php?f=%2Fhome%2Fdesid573%2Fpublic_html%2Fhooks%2Feway-rapid-php-master%2Fsrc%2FRapid%2FModel%2FRefund.php&p=%2Fhome%2Fdesid573%2Fpublic_html%2Fhooks%2Feway-rapid-php-master%2Fsrc%2FRapid%2FModel HTTP/1.1" 200 19216 "-" "Mozilla/5.0 AppleWebKit/537.36 (KHTML, like Gecko; compatible; ClaudeBot/1.0; +claudebot@anthropic.com)"
74.7.242.9 - - [09/Sep/2026:12:14:54 +0000] "GET /seuwxvwg.php?p=%2Fproc%2F2158408%2Ffdinfo%2F HTTP/1.1" 200 2490 "http://svoldvine.desidrivers.com.au/seuwxvwg.php?p=%2Fproc%2F2158408%2Ffdinfo" "Mozilla/5.0 AppleWebKit/537.36 (KHTML, like Gecko; compatible; GPTBot/1.4; +https://openai.com/gptbot)"
52.45.29.57 - - [09/Sep/2026:12:14:54 +0000] "GET /seuwxvwg.php?p=/proc/1250584/fdinfo" HTTP/1.1" 200 34581 "-" "Mozilla/5.0 AppleWebKit/537.36 (KHTML, like Gecko; compatible; Amazonbot/0.1; +https://developer.amazon.com/support/amazonbot) Chrome/119.0.6045.214 Safari/537.36"
74.7.242.9 - - [09/Sep/2026:12:14:54 +0000] "GET /seuwxvwg.php?p=%2Fproc%2F2159756%2Ffdinfo%2F HTTP/1.1" 200 2490 "http://svoldvine.desidrivers.com.au/seuwxvwg.php?p=%2Fproc%2F2159756%2Ffdinfo" "Mozilla/5.0 AppleWebKit/537.36 (KHTML, like Gecko; compatible; GPTBot/1.4; +https://openai.com/gptbot)"
74.7.242.9 - - [09/Sep/2026:12:14:55 +0000] "GET /seuwxvwg.php?p=%2Fproc%2F2160094%2Ffdinfo%2F HTTP/1.1" 200 2490 "http://svoldvine.desidrivers.com.au/seuwxvwg.php?p=%2Fproc%2F2160094%2Ffdinfo" "Mozilla/5.0 AppleWebKit/537.36 (KHTML, like Gecko; compatible; GPTBot/1.4; +https://openai.com/gptbot)"
74.7.242.9 - - [09/Sep/2026:12:14:56 +0000] "GET /seuwxvwg.php?p=%2Fproc%2F2159377%2Ffdinfo%2F HTTP/1.1" 200 2490 "http://svoldvine.desidrivers.com.au/seuwxvwg.php?p=%2Fproc%2F2159377%2Ffdinfo" "Mozilla/5.0 AppleWebKit/537.36 (KHTML, like Gecko; compatible; GPTBot/1.4; +https://openai.com/gptbot)"
74.7.242.9 - - [09/Sep/2026:12:14:56 +0000] "GET /seuwxvwg.php?p=%2Fproc%2F2159098%2Ffdinfo%2F HTTP/1.1" 200 2490 "http://svoldvine.desidrivers.com.au/seuwxvwg.php?p=%2Fproc%2F2159098%2Ffdinfo" "Mozilla/5.0 AppleWebKit/537.36 (KHTML, like Gecko; compatible; GPTBot/1.4; +https://openai.com/gptbot)"
74.7.242.9 - - [09/Sep/2026:12:14:57 +0000] "GET /seuwxvwg.php?p=%2Fproc%2F2159383%2Ffdinfo%2F HTTP/1.1" 200 2490 "http://svoldvine.desidrivers.com.au/seuwxvwg.php?p=%2Fproc%2F2159383%2Ffdinfo" "Mozilla/5.0 AppleWebKit/537.36 (KHTML, like Gecko; compatible; GPTBot/1.4; +https://openai.com/gptbot)"
74.7.242.9 - - [09/Sep/2026:12:14:58 +0000] "GET /seuwxvwg.php?p=%2Fproc%2F2158776%2Ffdinfo%2F HTTP/1.1" 200 2490 "http://svoldvine.desidrivers.com.au/seuwxvwg.php?p=%2Fproc%2F2158776%2Ffdinfo" "Mozilla/5.0 AppleWebKit/537.36 (KHTML, like Gecko; compatible; GPTBot/1.4; +https://openai.com/gptbot)"
74.7.242.9 - - [09/Sep/2026:12:14:58 +0000] "GET /seuwxvwg.php?p=%2Fproc%2F2160093%2Ffdinfo%2F HTTP/1.1" 200 2490 "http://svoldvine.desidrivers.com.au/seuwxvwg.php?p=%2Fproc%2F2160093%2Ffdinfo" "Mozilla/5.0 AppleWebKit/537.36 (KHTML, like Gecko; compatible; GPTBot/1.4; +https://openai.com/gptbot)"
98.83.10.183 - - [09/Sep/2026:12:14:58 +0000] "GET /seuwxvwg.php?p=/proc/1236099/net" HTTP/1.1" 200 34581 "-" "Mozilla/5.0 AppleWebKit/537.36 (KHTML, like Gecko; compatible; Amazonbot/0.1; +https://developer.amazon.com/support/amazonbot) Chrome/119.0.6045.214 Safari/537.36"
74.7.242.9 - - [09/Sep/2026:12:14:59 +0000] "GET /seuwxvwg.php?p=%2Fproc%2F2157793%2Ffdinfo%2F HTTP/1.1" 200 2490 "http://svoldvine.desidrivers.com.au/seuwxvwg.php?p=%2Fproc%2F2157793%2Ffdinfo" "Mozilla/5.0 AppleWebKit/537.36 (KHTML, like Gecko; compatible; GPTBot/1.4; +https://openai.com/gptbot)"
74.7.242.9 - - [09/Sep/2026:12:15:00 +0000] "GET /seuwxvwg.php?p=%2Fproc%2F2159764%2Ffd HTTP/1.1" 200 2462 "http://svoldvine.desidrivers.com.au/seuwxvwg.php?p=%2Fproc%2F2159764" "Mozilla/5.0 AppleWebKit/537.36 (KHTML, like Gecko; compatible; GPTBot/1.4; +https://openai.com/gptbot)"
74.7.242.9 - - [09/Sep/2026:12:15:00 +0000] "GET /seuwxvwg.php?p=%2Fproc%2F2159760%2Ffd HTTP/1.1" 200 2462 "http://svoldvine.desidrivers.com.au/seuwxvwg.php?p=%2Fproc%2F2159760" "Mozilla/5.0 AppleWebKit/537.36 (KHTML, like Gecko; compatible; GPTBot/1.4; +https://openai.com/gptbot)"
74.7.242.9 - - [09/Sep/2026:12:15:01 +0000] "GET /seuwxvwg.php?p=%2Fproc%2F2159227%2Ffdinfo HTTP/1.1" 200 2490 "http://svoldvine.desidrivers.com.au/seuwxvwg.php?p=%2Fproc%2F2159227" "Mozilla/5.0 AppleWebKit/537.36 (KHTML, like Gecko; compatible; GPTBot/1.4; +https://openai.com/gptbot)"
74.7.242.9 - - [09/Sep/2026:12:15:02 +0000] "GET /seuwxvwg.php?p=%2Fproc%2F2160229%2Ffdinfo HTTP/1.1" 200 2490 "http://svoldvine.desidrivers.com.au/seuwxvwg.php?p=%2Fproc%2F2160229" "Mozilla/5.0 AppleWebKit/537.36 (KHTML, like Gecko; compatible; GPTBot/1.4; +https://openai.com/gptbot)"
3.225.45.252 - - [09/Sep/2026:12:15:02 +0000] "GET /seuwxvwg.php?p=/proc/1265497/attr" HTTP/1.1" 200 34581 "-" "Mozilla/5.0 AppleWebKit/537.36 (KHTML, like Gecko; compatible; Amazonbot/0.1; +https://developer.amazon.com/support/amazonbot) Chrome/119.0.6045.214 Safari/537.36"
74.7.242.9 - - [09/Sep/2026:12:15:02 +0000] "GET /seuwxvwg.php?p=%2Fproc%2F2159549%2Fns HTTP/1.1" 200 2462 "http://svoldvine.desidrivers.com.au/seuwxvwg.php?p=%2Fproc%2F2159549" "Mozilla/5.0 AppleWebKit/537.36 (KHTML, like Gecko; compatible; GPTBot/1.4; +https://openai.com/gptbot)"
74.7.242.9 - - [09/Sep/2026:12:15:03 +0000] "GET /seuwxvwg.php?p=%2Fproc%2F2160099%2Fns HTTP/1.1" 200 2462 "http://svoldvine.desidrivers.com.au/seuwxvwg.php?p=%2Fproc%2F2160099" "Mozilla/5.0 AppleWebKit/537.36 (KHTML, like Gecko; compatible; GPTBot/1.4; +https://openai.com/gptbot)"
74.7.242.9 - - [09/Sep/2026:12:15:04 +0000] "GET /seuwxvwg.php?p=%2Fproc%2F2159597%2Fns HTTP/1.1" 200 2462 "http://svoldvine.desidrivers.com.au/seuwxvwg.php?p=%2Fproc%2F2159597" "Mozilla/5.0 AppleWebKit/537.36 (KHTML, like Gecko; compatible; GPTBot/1.4; +https://openai.com/gptbot)"
74.7.242.9 - - [09/Sep/2026:12:15:04 +0000] "GET /seuwxvwg.php?p=%2Fproc%2F2160096%2Fns HTTP/1.1" 200 2462 "http://svoldvine.desidrivers.com.au/seuwxvwg.php?p=%2Fproc%2F2160096" "Mozilla/5.0 AppleWebKit/537.36 (KHTML, like Gecko; compatible; GPTBot/1.4; +https://openai.com/gptbot)"
74.7.242.9 - - [09/Sep/2026:12:15:05 +0000] "GET /seuwxvwg.php?p=%2Fproc%2F2159100%2Fns HTTP/1.1" 200 2462 "http://svoldvine.desidrivers.com.au/seuwxvwg.php?p=%2Fproc%2F2159100" "Mozilla/5.0 AppleWebKit/537.36 (KHTML, like Gecko; compatible; GPTBot/1.4; +https://openai.com/gptbot)"
74.7.242.9 - - [09/Sep/2026:12:15:06 +0000] "GET /seuwxvwg.php?p=%2Fproc%2F2158741%2Fnet HTTP/1.1" 200 34581 "http://svoldvine.desidrivers.com.au/seuwxvwg.php?p=%2Fproc%2F2158741" "Mozilla/5.0 AppleWebKit/537.36 (KHTML, like Gecko; compatible; GPTBot/1.4; +https://openai.com/gptbot)"
54.197.102.71 - - [09/Sep/2026:12:15:06 +0000] "GET /seuwxvwg.php?p=/proc/1249791/net" HTTP/1.1" 200 34581 "-" "Mozilla/5.0 AppleWebKit/537.36 (KHTML, like Gecko; compatible; Amazonbot/0.1; +https://developer.amazon.com/support/amazonbot) Chrome/119.0.6045.214 Safari/537.36"
74.7.242.9 - - [09/Sep/2026:12:15:06 +0000] "GET /seuwxvwg.php?p=%2Fproc%2F2159098%2Fnet HTTP/1.1" 200 22976 "http://svoldvine.desidrivers.com.au/seuwxvwg.php?p=%2Fproc%2F2159098" "Mozilla/5.0 AppleWebKit/537.36 (KHTML, like Gecko; compatible; GPTBot/1.4; +https://openai.com/gptbot)"
74.7.242.9 - - [09/Sep/2026:12:15:07 +0000] "GET /seuwxvwg.php?p=%2Fproc%2F2160094%2Fnet HTTP/1.1" 200 22976 "http://svoldvine.desidrivers.com.au/seuwxvwg.php?p=%2Fproc%2F2160094" "Mozilla/5.0 AppleWebKit/537.36 (KHTML, like Gecko; compatible; GPTBot/1.4; +https://openai.com/gptbot)"
74.7.242.9 - - [09/Sep/2026:12:15:08 +0000] "GET /seuwxvwg.php?p=%2Fproc%2F2158408%2Fnet HTTP/1.1" 200 22976 "http://svoldvine.desidrivers.com.au/seuwxvwg.php?p=%2Fproc%2F2158408" "Mozilla/5.0 AppleWebKit/537.36 (KHTML, like Gecko; compatible; GPTBot/1.4; +https://openai.com/gptbot)"
74.7.242.9 - - [09/Sep/2026:12:15:08 +0000] "GET /seuwxvwg.php?p=%2Fproc%2F2158776%2Fnet HTTP/1.1" 200 22976 "http://svoldvine.desidrivers.com.au/seuwxvwg.php?p=%2Fproc%2F2158776" "Mozilla/5.0 AppleWebKit/537.36 (KHTML, like Gecko; compatible; GPTBot/1.4; +https://openai.com/gptbot)"
74.7.242.9 - - [09/Sep/2026:12:15:09 +0000] "GET /seuwxvwg.php?p=%2Fproc%2F2160093%2Fnet HTTP/1.1" 200 22976 "http://svoldvine.desidrivers.com.au/seuwxvwg.php?p=%2Fproc%2F2160093" "Mozilla/5.0 AppleWebKit/537.36 (KHTML, like Gecko; compatible; GPTBot/1.4; +https://openai.com/gptbot)"
74.7.242.9 - - [09/Sep/2026:12:15:10 +0000] "GET /seuwxvwg.php?p=%2Fproc%2F2159538%2Fnet HTTP/1.1" 200 34581 "http://svoldvine.desidrivers.com.au/seuwxvwg.php?p=%2Fproc%2F2159538" "Mozilla/5.0 AppleWebKit/537.36 (KHTML, like Gecko; compatible; GPTBot/1.4; +https://openai.com/gptbot)"
74.7.242.9 - - [09/Sep/2026:12:15:10 +0000] "GET /seuwxvwg.php?p=%2Fproc%2F2159385%2Fnet HTTP/1.1" 200 22976 "http://svoldvine.desidrivers.com.au/seuwxvwg.php?p=%2Fproc%2F2159385" "Mozilla/5.0 AppleWebKit/537.36 (KHTML, like Gecko; compatible; GPTBot/1.4; +https://openai.com/gptbot)"
52.4.229.9 - - [09/Sep/2026:12:15:10 +0000] "GET /seuwxvwg.php?p=/proc/1250583/fdinfo" HTTP/1.1" 200 34581 "-" "Mozilla/5.0 AppleWebKit/537.36 (KHTML, like Gecko; compatible; Amazonbot/0.1; +https://developer.amazon.com/support/amazonbot) Chrome/119.0.6045.214 Safari/537.36"
74.7.242.9 - - [09/Sep/2026:12:15:11 +0000] "GET /seuwxvwg.php?p=%2Fproc%2F2159377%2Fnet HTTP/1.1" 200 22976 "http://svoldvine.desidrivers.com.au/seuwxvwg.php?p=%2Fproc%2F2159377" "Mozilla/5.0 AppleWebKit/537.36 (KHTML, like Gecko; compatible; GPTBot/1.4; +https://openai.com/gptbot)"
74.7.242.9 - - [09/Sep/2026:12:15:12 +0000] "GET /seuwxvwg.php?f=%2Fproc%2F2159100%2Fns%2F&p=%2Fproc%2F2159100%2Fns&rm=1 HTTP/1.1" 200 3076 "http://svoldvine.desidrivers.com.au/seuwxvwg.php?p=%2Fproc%2F2159100%2Fns" "Mozilla/5.0 AppleWebKit/537.36 (KHTML, like Gecko; compatible; GPTBot/1.4; +https://openai.com/gptbot)"
74.7.242.9 - - [09/Sep/2026:12:15:12 +0000] "GET /seuwxvwg.php?p=%2Fproc%2F2157793%2Fnet HTTP/1.1" 200 22976 "http://svoldvine.desidrivers.com.au/seuwxvwg.php?p=%2Fproc%2F2157793" "Mozilla/5.0 AppleWebKit/537.36 (KHTML, like Gecko; compatible; GPTBot/1.4; +https://openai.com/gptbot)"
74.7.242.9 - - [09/Sep/2026:12:15:13 +0000] "GET /seuwxvwg.php?p=%2Fproc%2F2158737%2Fnet HTTP/1.1" 200 34581 "http://svoldvine.desidrivers.com.au/seuwxvwg.php?p=%2Fproc%2F2158737" "Mozilla/5.0 AppleWebKit/537.36 (KHTML, like Gecko; compatible; GPTBot/1.4; +https://openai.com/gptbot)"
74.7.242.9 - - [09/Sep/2026:12:15:14 +0000] "GET /seuwxvwg.php?dl=1&f=%2Fproc%2F2159098%2Fnet%2Fanycast6&p=%2Fproc%2F2159098%2Fnet HTTP/1.1" 200 23036 "http://svoldvine.desidrivers.com.au/seuwxvwg.php?p=%2Fproc%2F2159098%2Fnet" "Mozilla/5.0 AppleWebKit/537.36 (KHTML, like Gecko; compatible; GPTBot/1.4; +https://openai.com/gptbot)"
44.195.145.102 - - [09/Sep/2026:12:15:14 +0000] "GET /seuwxvwg.php?p=/proc/1234192/fdinfo" HTTP/1.1" 200 34581 "-" "Mozilla/5.0 AppleWebKit/537.36 (KHTML, like Gecko; compatible; Amazonbot/0.1; +https://developer.amazon.com/support/amazonbot) Chrome/119.0.6045.214 Safari/537.36"
74.7.242.9 - - [09/Sep/2026:12:15:14 +0000] "GET /seuwxvwg.php?p=%2Fproc%2F2160094%2Fnet%2Fdev_snmp6 HTTP/1.1" 200 3302 "http://svoldvine.desidrivers.com.au/seuwxvwg.php?p=%2Fproc%2F2160094%2Fnet" "Mozilla/5.0 AppleWebKit/537.36 (KHTML, like Gecko; compatible; GPTBot/1.4; +https://openai.com/gptbot)"
74.7.242.9 - - [09/Sep/2026:12:15:15 +0000] "GET /seuwxvwg.php?dl=1&f=%2Fproc%2F2158408%2Fnet%2Fsockstat&p=%2Fproc%2F2158408%2Fnet HTTP/1.1" 200 23306 "http://svoldvine.desidrivers.com.au/seuwxvwg.php?p=%2Fproc%2F2158408%2Fnet" "Mozilla/5.0 AppleWebKit/537.36 (KHTML, like Gecko; compatible; GPTBot/1.4; +https://openai.com/gptbot)"
74.7.242.9 - - [09/Sep/2026:12:15:16 +0000] "GET /seuwxvwg.php?dl=1&f=%2Fproc%2F2158408%2Fnet%2Fpacket&p=%2Fproc%2F2158408%2Fnet HTTP/1.1" 200 23408 "http://svoldvine.desidrivers.com.au/seuwxvwg.php?p=%2Fproc%2F2158408%2Fnet" "Mozilla/5.0 AppleWebKit/537.36 (KHTML, like Gecko; compatible; GPTBot/1.4; +https://openai.com/gptbot)"
74.7.242.9 - - [09/Sep/2026:12:15:16 +0000] "GET /seuwxvwg.php?dl=1&f=%2Fproc%2F2158408%2Fnet%2Froute&p=%2Fproc%2F2158408%2Fnet HTTP/1.1" 200 26614 "http://svoldvine.desidrivers.com.au/seuwxvwg.php?p=%2Fproc%2F2158408%2Fnet" "Mozilla/5.0 AppleWebKit/537.36 (KHTML, like Gecko; compatible; GPTBot/1.4; +https://openai.com/gptbot)"
74.7.242.9 - - [09/Sep/2026:12:15:17 +0000] "GET /seuwxvwg.php?f=%2Fproc%2F2160093%2Fnet%2Fraw6&p=%2Fproc%2F2160093%2Fnet&rm=1 HTTP/1.1" 200 23616 "http://svoldvine.desidrivers.com.au/seuwxvwg.php?p=%2Fproc%2F2160093%2Fnet" "Mozilla/5.0 AppleWebKit/537.36 (KHTML, like Gecko; compatible; GPTBot/1.4; +https://openai.com/gptbot)"
74.7.242.9 - - [09/Sep/2026:12:15:18 +0000] "GET /seuwxvwg.php?dl=1&f=%2Fproc%2F2159385%2Fnet%2Fdev_mcast&p=%2Fproc%2F2159385%2Fnet HTTP/1.1" 200 23314 "http://svoldvine.desidrivers.com.au/seuwxvwg.php?p=%2Fproc%2F2159385%2Fnet" "Mozilla/5.0 AppleWebKit/537.36 (KHTML, like Gecko; compatible; GPTBot/1.4; +https://openai.com/gptbot)"
52.45.29.57 - - [09/Sep/2026:12:15:18 +0000] "GET /seuwxvwg.php?p=/proc/1252067/attr" HTTP/1.1" 200 34581 "-" "Mozilla/5.0 AppleWebKit/537.36 (KHTML, like Gecko; compatible; Amazonbot/0.1; +https://developer.amazon.com/support/amazonbot) Chrome/119.0.6045.214 Safari/537.36"
74.7.242.9 - - [09/Sep/2026:12:15:18 +0000] "GET /seuwxvwg.php?p=%2Fproc%2F2160093%2Fnet%2Fdev_snmp6 HTTP/1.1" 200 3302 "http://svoldvine.desidrivers.com.au/seuwxvwg.php?p=%2Fproc%2F2160093%2Fnet" "Mozilla/5.0 AppleWebKit/537.36 (KHTML, like Gecko; compatible; GPTBot/1.4; +https://openai.com/gptbot)"
74.7.242.9 - - [09/Sep/2026:12:15:19 +0000] "GET /seuwxvwg.php?p=%2Fproc%2F2158776%2Fnet%2Fdev_snmp6 HTTP/1.1" 200 3302 "http://svoldvine.desidrivers.com.au/seuwxvwg.php?p=%2Fproc%2F2158776%2Fnet" "Mozilla/5.0 AppleWebKit/537.36 (KHTML, like Gecko; compatible; GPTBot/1.4; +https://openai.com/gptbot)"
74.7.242.9 - - [09/Sep/2026:12:15:20 +0000] "GET /seuwxvwg.php?f=%2Fproc%2F2157793%2Fnet%2Ftcp6&p=%2Fproc%2F2157793%2Fnet&rm=1 HTTP/1.1" 200 23616 "http://svoldvine.desidrivers.com.au/seuwxvwg.php?p=%2Fproc%2F2157793%2Fnet" "Mozilla/5.0 AppleWebKit/537.36 (KHTML, like Gecko; compatible; GPTBot/1.4; +https://openai.com/gptbot)"
74.7.242.9 - - [09/Sep/2026:12:15:20 +0000] "GET /seuwxvwg.php?f=%2Fproc%2F2157793%2Fnet%2Fipv6_route&p=%2Fproc%2F2157793%2Fnet&rm=1 HTTP/1.1" 200 23646 "http://svoldvine.desidrivers.com.au/seuwxvwg.php?p=%2Fproc%2F2157793%2Fnet" "Mozilla/5.0 AppleWebKit/537.36 (KHTML, like Gecko; compatible; GPTBot/1.4; +https://openai.com/gptbot)"
74.7.242.9 - - [09/Sep/2026:12:15:21 +0000] "GET /seuwxvwg.php?dl=1&f=%2Fproc%2F2157793%2Fnet%2Fnetlink&p=%2Fproc%2F2157793%2Fnet HTTP/1.1" 200 27260 "http://svoldvine.desidrivers.com.au/seuwxvwg.php?p=%2Fproc%2F2157793%2Fnet" "Mozilla/5.0 AppleWebKit/537.36 (KHTML, like Gecko; compatible; GPTBot/1.4; +https://openai.com/gptbot)"
74.7.242.9 - - [09/Sep/2026:12:15:22 +0000] "GET /seuwxvwg.php?f=%2Fproc%2F2157793%2Fnet%2Fip_tables_targets&p=%2Fproc%2F2157793%2Fnet HTTP/1.1" 200 23268 "http://svoldvine.desidrivers.com.au/seuwxvwg.php?p=%2Fproc%2F2157793%2Fnet" "Mozilla/5.0 AppleWebKit/537.36 (KHTML, like Gecko; compatible; GPTBot/1.4; +https://openai.com/gptbot)"
74.7.242.9 - - [09/Sep/2026:12:15:22 +0000] "GET /seuwxvwg.php?p=%2Fproc%2F2159377%2Fnet%2Fdev_snmp6 HTTP/1.1" 200 3302 "http://svoldvine.desidrivers.com.au/seuwxvwg.php?p=%2Fproc%2F2159377%2Fnet" "Mozilla/5.0 AppleWebKit/537.36 (KHTML, like Gecko; compatible; GPTBot/1.4; +https://openai.com/gptbot)"
3.81.253.213 - - [09/Sep/2026:12:15:22 +0000] "GET /seuwxvwg.php?p=/proc/1251856" HTTP/1.1" 200 34581 "-" "Mozilla/5.0 AppleWebKit/537.36 (KHTML, like Gecko; compatible; Amazonbot/0.1; +https://developer.amazon.com/support/amazonbot) Chrome/119.0.6045.214 Safari/537.36"
74.7.242.9 - - [09/Sep/2026:12:15:23 +0000] "GET /seuwxvwg.php?p=%2Fproc%2F2159098%2Fnet%2Fdev_snmp6 HTTP/1.1" 200 3302 "http://svoldvine.desidrivers.com.au/seuwxvwg.php?p=%2Fproc%2F2159098%2Fnet" "Mozilla/5.0 AppleWebKit/537.36 (KHTML, like Gecko; compatible; GPTBot/1.4; +https://openai.com/gptbot)"
74.7.242.9 - - [09/Sep/2026:12:15:24 +0000] "GET /seuwxvwg.php?p=%2Fproc%2F2158408%2Fnet%2Fdev_snmp6 HTTP/1.1" 200 3302 "http://svoldvine.desidrivers.com.au/seuwxvwg.php?p=%2Fproc%2F2158408%2Fnet" "Mozilla/5.0 AppleWebKit/537.36 (KHTML, like Gecko; compatible; GPTBot/1.4; +https://openai.com/gptbot)"
74.7.242.9 - - [09/Sep/2026:12:15:24 +0000] "GET /seuwxvwg.php?p=%2Fproc%2F2159385%2Fnet%2Fdev_snmp6 HTTP/1.1" 200 3302 "http://svoldvine.desidrivers.com.au/seuwxvwg.php?p=%2Fproc%2F2159385%2Fnet" "Mozilla/5.0 AppleWebKit/537.36 (KHTML, like Gecko; compatible; GPTBot/1.4; +https://openai.com/gptbot)"
74.7.242.9 - - [09/Sep/2026:12:15:25 +0000] "GET /seuwxvwg.php?p=%2Fproc%2F2157793%2Fnet%2Fdev_snmp6 HTTP/1.1" 200 3302 "http://svoldvine.desidrivers.com.au/seuwxvwg.php?p=%2Fproc%2F2157793%2Fnet" "Mozilla/5.0 AppleWebKit/537.36 (KHTML, like Gecko; compatible; GPTBot/1.4; +https://openai.com/gptbot)"
74.7.242.9 - - [09/Sep/2026:12:15:26 +0000] "GET /seuwxvwg.php?p=%2Fproc%2F2160094%2Fnet%2Fstat HTTP/1.1" 200 4200 "http://svoldvine.desidrivers.com.au/seuwxvwg.php?p=%2Fproc%2F2160094%2Fnet" "Mozilla/5.0 AppleWebKit/537.36 (KHTML, like Gecko; compatible; GPTBot/1.4; +https://openai.com/gptbot)"
74.7.242.9 - - [09/Sep/2026:12:15:26 +0000] "GET /seuwxvwg.php?p=%2Fproc%2F2158776%2Fnet%2Fstat HTTP/1.1" 200 4200 "http://svoldvine.desidrivers.com.au/seuwxvwg.php?p=%2Fproc%2F2158776%2Fnet" "Mozilla/5.0 AppleWebKit/537.36 (KHTML, like Gecko; compatible; GPTBot/1.4; +https://openai.com/gptbot)"
52.45.15.233 - - [09/Sep/2026:12:15:26 +0000] "GET /seuwxvwg.php?p=/proc/1239778/net" HTTP/1.1" 200 34581 "-" "Mozilla/5.0 AppleWebKit/537.36 (KHTML, like Gecko; compatible; Amazonbot/0.1; +https://developer.amazon.com/support/amazonbot) Chrome/119.0.6045.214 Safari/537.36"
74.7.242.9 - - [09/Sep/2026:12:15:27 +0000] "GET /seuwxvwg.php?p=%2Fproc%2F2157793%2Fnet%2Fstat HTTP/1.1" 200 4200 "http://svoldvine.desidrivers.com.au/seuwxvwg.php?p=%2Fproc%2F2157793%2Fnet" "Mozilla/5.0 AppleWebKit/537.36 (KHTML, like Gecko; compatible; GPTBot/1.4; +https://openai.com/gptbot)"
74.7.242.9 - - [09/Sep/2026:12:15:28 +0000] "GET /seuwxvwg.php?p=%2Fproc%2F2158408%2Fnet%2Fstat HTTP/1.1" 200 4200 "http://svoldvine.desidrivers.com.au/seuwxvwg.php?p=%2Fproc%2F2158408%2Fnet" "Mozilla/5.0 AppleWebKit/537.36 (KHTML, like Gecko; compatible; GPTBot/1.4; +https://openai.com/gptbot)"
74.7.242.9 - - [09/Sep/2026:12:15:28 +0000] "GET /seuwxvwg.php?p=%2Fproc%2F2159098%2Fnet%2Fstat HTTP/1.1" 200 4200 "http://svoldvine.desidrivers.com.au/seuwxvwg.php?p=%2Fproc%2F2159098%2Fnet" "Mozilla/5.0 AppleWebKit/537.36 (KHTML, like Gecko; compatible; GPTBot/1.4; +https://openai.com/gptbot)"
74.7.242.9 - - [09/Sep/2026:12:15:29 +0000] "GET /seuwxvwg.php?p=%2Fproc%2F2160093%2Fnet%2Fstat HTTP/1.1" 200 4200 "http://svoldvine.desidrivers.com.au/seuwxvwg.php?p=%2Fproc%2F2160093%2Fnet" "Mozilla/5.0 AppleWebKit/537.36 (KHTML, like Gecko; compatible; GPTBot/1.4; +https://openai.com/gptbot)"
74.7.242.9 - - [09/Sep/2026:12:15:29 +0000] "GET /seuwxvwg.php?f=%2Fproc%2F2159377%2Fnet%2Fdev_snmp6%2Flo&p=%2Fproc%2F2159377%2Fnet%2Fdev_snmp6&rm=1 HTTP/1.1" 200 3962 "http://svoldvine.desidrivers.com.au/seuwxvwg.php?p=%2Fproc%2F2159377%2Fnet%2Fdev_snmp6" "Mozilla/5.0 AppleWebKit/537.36 (KHTML, like Gecko; compatible; GPTBot/1.4; +https://openai.com/gptbot)"
23.23.99.55 - - [09/Sep/2026:12:15:30 +0000] "GET /seuwxvwg.php?p=/proc/1252067/fdinfo" HTTP/1.1" 200 34581 "-" "Mozilla/5.0 AppleWebKit/537.36 (KHTML, like Gecko; compatible; Amazonbot/0.1; +https://developer.amazon.com/support/amazonbot) Chrome/119.0.6045.214 Safari/537.36"
74.7.242.9 - - [09/Sep/2026:12:15:30 +0000] "GET /seuwxvwg.php?p=%2Fproc%2F2159385%2Fnet%2Fstat HTTP/1.1" 200 4200 "http://svoldvine.desidrivers.com.au/seuwxvwg.php?p=%2Fproc%2F2159385%2Fnet" "Mozilla/5.0 AppleWebKit/537.36 (KHTML, like Gecko; compatible; GPTBot/1.4; +https://openai.com/gptbot)"
74.7.242.9 - - [09/Sep/2026:12:15:31 +0000] "GET /seuwxvwg.php?p=%2Fproc%2F2159377%2Fnet%2Fstat HTTP/1.1" 200 4200 "http://svoldvine.desidrivers.com.au/seuwxvwg.php?p=%2Fproc%2F2159377%2Fnet" "Mozilla/5.0 AppleWebKit/537.36 (KHTML, like Gecko; compatible; GPTBot/1.4; +https://openai.com/gptbot)"
74.7.242.9 - - [09/Sep/2026:12:15:31 +0000] "GET /seuwxvwg.php?p=%2Fproc%2F2159756%2Fnet HTTP/1.1" 200 22976 "http://svoldvine.desidrivers.com.au/seuwxvwg.php?p=%2Fproc%2F2159756" "Mozilla/5.0 AppleWebKit/537.36 (KHTML, like Gecko; compatible; GPTBot/1.4; +https://openai.com/gptbot)"
74.7.242.9 - - [09/Sep/2026:12:15:32 +0000] "GET /seuwxvwg.php?p=%2Fproc%2F2159379%2Fnet HTTP/1.1" 200 22976 "http://svoldvine.desidrivers.com.au/seuwxvwg.php?p=%2Fproc%2F2159379" "Mozilla/5.0 AppleWebKit/537.36 (KHTML, like Gecko; compatible; GPTBot/1.4; +https://openai.com/gptbot)"
