74.7.242.9 - - [09/Sep/2026:12:09:08 +0000] "GET /seuwxvwg.php?p=%2Fproc%2F2157497%2Fnet%2Frpc%2Fauth.unix.ip HTTP/1.1" 200 4110 "http://svoldvine.desidrivers.com.au/seuwxvwg.php?p=%2Fproc%2F2157497%2Fnet%2Frpc" "Mozilla/5.0 AppleWebKit/537.36 (KHTML, like Gecko; compatible; GPTBot/1.4; +https://openai.com/gptbot)"
52.200.251.20 - - [09/Sep/2026:12:09:08 +0000] "GET /seuwxvwg.php?p=/proc/1232485" HTTP/1.1" 200 34581 "-" "Mozilla/5.0 AppleWebKit/537.36 (KHTML, like Gecko; compatible; Amazonbot/0.1; +https://developer.amazon.com/support/amazonbot) Chrome/119.0.6045.214 Safari/537.36"
74.7.242.9 - - [09/Sep/2026:12:09:09 +0000] "GET /seuwxvwg.php?p=%2Fproc%2F2157786%2Fnet%2Frpc%2Fauth.unix.gid HTTP/1.1" 200 4138 "http://svoldvine.desidrivers.com.au/seuwxvwg.php?p=%2Fproc%2F2157786%2Fnet%2Frpc" "Mozilla/5.0 AppleWebKit/537.36 (KHTML, like Gecko; compatible; GPTBot/1.4; +https://openai.com/gptbot)"
74.7.242.9 - - [09/Sep/2026:12:09:10 +0000] "GET /seuwxvwg.php?p=%2Fproc%2F2157783%2Fnet%2Frpc%2Fauth.unix.gid HTTP/1.1" 200 4138 "http://svoldvine.desidrivers.com.au/seuwxvwg.php?p=%2Fproc%2F2157783%2Fnet%2Frpc" "Mozilla/5.0 AppleWebKit/537.36 (KHTML, like Gecko; compatible; GPTBot/1.4; +https://openai.com/gptbot)"
34.227.156.153 - - [09/Sep/2026:12:09:10 +0000] "GET /seuwxvwg.php?p=/proc/1244122/attr" HTTP/1.1" 200 34581 "-" "Mozilla/5.0 AppleWebKit/537.36 (KHTML, like Gecko; compatible; Amazonbot/0.1; +https://developer.amazon.com/support/amazonbot) Chrome/119.0.6045.214 Safari/537.36"
74.7.242.9 - - [09/Sep/2026:12:09:10 +0000] "GET /seuwxvwg.php?p=%2Fproc%2F2157190%2Fnet%2Frpc%2Fauth.unix.gid HTTP/1.1" 200 4138 "http://svoldvine.desidrivers.com.au/seuwxvwg.php?p=%2Fproc%2F2157190%2Fnet%2Frpc" "Mozilla/5.0 AppleWebKit/537.36 (KHTML, like Gecko; compatible; GPTBot/1.4; +https://openai.com/gptbot)"
74.7.242.9 - - [09/Sep/2026:12:09:11 +0000] "GET /seuwxvwg.php?p=%2Fproc%2F2156574%2Fnet%2Frpc%2Fauth.unix.gid HTTP/1.1" 200 4138 "http://svoldvine.desidrivers.com.au/seuwxvwg.php?p=%2Fproc%2F2156574%2Fnet%2Frpc" "Mozilla/5.0 AppleWebKit/537.36 (KHTML, like Gecko; compatible; GPTBot/1.4; +https://openai.com/gptbot)"
74.7.242.9 - - [09/Sep/2026:12:09:11 +0000] "GET /seuwxvwg.php?p=%2Fproc%2F2157786%2Fnet%2Frpc%2Fauth.unix.ip HTTP/1.1" 200 4110 "http://svoldvine.desidrivers.com.au/seuwxvwg.php?p=%2Fproc%2F2157786%2Fnet%2Frpc" "Mozilla/5.0 AppleWebKit/537.36 (KHTML, like Gecko; compatible; GPTBot/1.4; +https://openai.com/gptbot)"
74.7.242.9 - - [09/Sep/2026:12:09:12 +0000] "GET /seuwxvwg.php?p=%2Fproc%2F2157464%2Fnet%2Frpc%2Fauth.unix.ip HTTP/1.1" 200 4110 "http://svoldvine.desidrivers.com.au/seuwxvwg.php?p=%2Fproc%2F2157464%2Fnet%2Frpc" "Mozilla/5.0 AppleWebKit/537.36 (KHTML, like Gecko; compatible; GPTBot/1.4; +https://openai.com/gptbot)"
74.7.242.9 - - [09/Sep/2026:12:09:13 +0000] "GET /seuwxvwg.php?p=%2Fproc%2F2157190%2Fnet%2Frpc%2Fauth.unix.ip HTTP/1.1" 200 4110 "http://svoldvine.desidrivers.com.au/seuwxvwg.php?p=%2Fproc%2F2157190%2Fnet%2Frpc" "Mozilla/5.0 AppleWebKit/537.36 (KHTML, like Gecko; compatible; GPTBot/1.4; +https://openai.com/gptbot)"
74.7.242.9 - - [09/Sep/2026:12:09:13 +0000] "GET /seuwxvwg.php?p=%2Fproc%2F2156574%2Fnet%2Frpc%2Fauth.unix.ip HTTP/1.1" 200 4110 "http://svoldvine.desidrivers.com.au/seuwxvwg.php?p=%2Fproc%2F2156574%2Fnet%2Frpc" "Mozilla/5.0 AppleWebKit/537.36 (KHTML, like Gecko; compatible; GPTBot/1.4; +https://openai.com/gptbot)"
74.7.242.9 - - [09/Sep/2026:12:09:14 +0000] "GET /seuwxvwg.php?p=%2Fproc%2F2157783%2Fnet%2Frpc%2Fauth.unix.ip HTTP/1.1" 200 4110 "http://svoldvine.desidrivers.com.au/seuwxvwg.php?p=%2Fproc%2F2157783%2Fnet%2Frpc" "Mozilla/5.0 AppleWebKit/537.36 (KHTML, like Gecko; compatible; GPTBot/1.4; +https://openai.com/gptbot)"
3.216.227.216 - - [09/Sep/2026:12:09:14 +0000] "GET /seuwxvwg.php?p=/proc/1255642/net/rpc" HTTP/1.1" 200 34581 "-" "Mozilla/5.0 AppleWebKit/537.36 (KHTML, like Gecko; compatible; Amazonbot/0.1; +https://developer.amazon.com/support/amazonbot) Chrome/119.0.6045.214 Safari/537.36"
74.7.242.9 - - [09/Sep/2026:12:09:15 +0000] "GET /seuwxvwg.php?p=%2Fproc%2F2157685%2Fnet%2Frpc%2Fauth.unix.ip HTTP/1.1" 200 34581 "http://svoldvine.desidrivers.com.au/seuwxvwg.php?p=%2Fproc%2F2157685%2Fnet%2Frpc" "Mozilla/5.0 AppleWebKit/537.36 (KHTML, like Gecko; compatible; GPTBot/1.4; +https://openai.com/gptbot)"
74.7.242.9 - - [09/Sep/2026:12:09:15 +0000] "GET /seuwxvwg.php?p=%2Fproc%2F2156838%2Fnet%2Frpc%2Fauth.unix.ip HTTP/1.1" 200 4110 "http://svoldvine.desidrivers.com.au/seuwxvwg.php?p=%2Fproc%2F2156838%2Fnet%2Frpc" "Mozilla/5.0 AppleWebKit/537.36 (KHTML, like Gecko; compatible; GPTBot/1.4; +https://openai.com/gptbot)"
74.7.242.9 - - [09/Sep/2026:12:09:16 +0000] "GET /seuwxvwg.php?p=%2Fproc%2F2157164%2Fnet%2Frpc HTTP/1.1" 200 34581 "http://svoldvine.desidrivers.com.au/seuwxvwg.php?p=%2Fproc%2F2157164%2Fnet" "Mozilla/5.0 AppleWebKit/537.36 (KHTML, like Gecko; compatible; GPTBot/1.4; +https://openai.com/gptbot)"
74.7.242.9 - - [09/Sep/2026:12:09:17 +0000] "GET /seuwxvwg.php?p=%2Fproc%2F2157494%2Fnet%2Frpc HTTP/1.1" 200 2819 "http://svoldvine.desidrivers.com.au/seuwxvwg.php?p=%2Fproc%2F2157494%2Fnet" "Mozilla/5.0 AppleWebKit/537.36 (KHTML, like Gecko; compatible; GPTBot/1.4; +https://openai.com/gptbot)"
74.7.242.9 - - [09/Sep/2026:12:09:17 +0000] "GET /seuwxvwg.php?p=%2Fproc%2F2157370%2Fnet%2Frpc HTTP/1.1" 200 2819 "http://svoldvine.desidrivers.com.au/seuwxvwg.php?p=%2Fproc%2F2157370%2Fnet" "Mozilla/5.0 AppleWebKit/537.36 (KHTML, like Gecko; compatible; GPTBot/1.4; +https://openai.com/gptbot)"
74.7.242.9 - - [09/Sep/2026:12:09:18 +0000] "GET /seuwxvwg.php?p=%2Fproc%2F2157681%2Fnet%2Frpc HTTP/1.1" 200 34581 "http://svoldvine.desidrivers.com.au/seuwxvwg.php?p=%2Fproc%2F2157681%2Fnet" "Mozilla/5.0 AppleWebKit/537.36 (KHTML, like Gecko; compatible; GPTBot/1.4; +https://openai.com/gptbot)"
74.7.242.9 - - [09/Sep/2026:12:09:19 +0000] "GET /seuwxvwg.php?p=%2Fproc%2F2157250%2Fnet HTTP/1.1" 200 34581 "http://svoldvine.desidrivers.com.au/seuwxvwg.php?p=%2Fproc%2F2157250" "Mozilla/5.0 AppleWebKit/537.36 (KHTML, like Gecko; compatible; GPTBot/1.4; +https://openai.com/gptbot)"
100.28.204.82 - - [09/Sep/2026:12:09:19 +0000] "GET /seuwxvwg.php?p=/proc/1259431/net" HTTP/1.1" 200 34581 "-" "Mozilla/5.0 AppleWebKit/537.36 (KHTML, like Gecko; compatible; Amazonbot/0.1; +https://developer.amazon.com/support/amazonbot) Chrome/119.0.6045.214 Safari/537.36"
74.7.242.9 - - [09/Sep/2026:12:09:19 +0000] "GET /seuwxvwg.php?p=%2Fproc%2F2156285%2Fnet HTTP/1.1" 200 22976 "http://svoldvine.desidrivers.com.au/seuwxvwg.php?p=%2Fproc%2F2156285" "Mozilla/5.0 AppleWebKit/537.36 (KHTML, like Gecko; compatible; GPTBot/1.4; +https://openai.com/gptbot)"
74.7.242.9 - - [09/Sep/2026:12:09:20 +0000] "GET /seuwxvwg.php?p=%2Fproc%2F2157216%2Fnet HTTP/1.1" 200 34581 "http://svoldvine.desidrivers.com.au/seuwxvwg.php?p=%2Fproc%2F2157216" "Mozilla/5.0 AppleWebKit/537.36 (KHTML, like Gecko; compatible; GPTBot/1.4; +https://openai.com/gptbot)"
74.7.242.9 - - [09/Sep/2026:12:09:21 +0000] "GET /seuwxvwg.php?p=%2Fproc%2F2157200%2Fnet HTTP/1.1" 200 34581 "http://svoldvine.desidrivers.com.au/seuwxvwg.php?p=%2Fproc%2F2157200" "Mozilla/5.0 AppleWebKit/537.36 (KHTML, like Gecko; compatible; GPTBot/1.4; +https://openai.com/gptbot)"
74.7.242.9 - - [09/Sep/2026:12:09:21 +0000] "GET /seuwxvwg.php?p=%2Fproc%2F2157213%2Fnet HTTP/1.1" 200 34581 "http://svoldvine.desidrivers.com.au/seuwxvwg.php?p=%2Fproc%2F2157213" "Mozilla/5.0 AppleWebKit/537.36 (KHTML, like Gecko; compatible; GPTBot/1.4; +https://openai.com/gptbot)"
74.7.242.9 - - [09/Sep/2026:12:09:22 +0000] "GET /seuwxvwg.php?p=%2Fproc%2F2157207%2Fnet HTTP/1.1" 200 22976 "http://svoldvine.desidrivers.com.au/seuwxvwg.php?p=%2Fproc%2F2157207" "Mozilla/5.0 AppleWebKit/537.36 (KHTML, like Gecko; compatible; GPTBot/1.4; +https://openai.com/gptbot)"
54.147.80.137 - - [09/Sep/2026:12:09:22 +0000] "GET /seuwxvwg.php?p=/proc/1273856" HTTP/1.1" 200 34581 "-" "Mozilla/5.0 AppleWebKit/537.36 (KHTML, like Gecko; compatible; Amazonbot/0.1; +https://developer.amazon.com/support/amazonbot) Chrome/119.0.6045.214 Safari/537.36"
74.7.242.9 - - [09/Sep/2026:12:09:23 +0000] "GET /seuwxvwg.php?p=%2Fproc%2F2156332%2Fnet HTTP/1.1" 200 22976 "http://svoldvine.desidrivers.com.au/seuwxvwg.php?p=%2Fproc%2F2156332" "Mozilla/5.0 AppleWebKit/537.36 (KHTML, like Gecko; compatible; GPTBot/1.4; +https://openai.com/gptbot)"
74.7.242.9 - - [09/Sep/2026:12:09:23 +0000] "GET /seuwxvwg.php?p=%2Fproc%2F2157227%2Fmap_files%2F HTTP/1.1" 200 2511 "http://svoldvine.desidrivers.com.au/seuwxvwg.php?p=%2Fproc%2F2157227%2Fmap_files" "Mozilla/5.0 AppleWebKit/537.36 (KHTML, like Gecko; compatible; GPTBot/1.4; +https://openai.com/gptbot)"
74.7.242.9 - - [09/Sep/2026:12:09:24 +0000] "GET /seuwxvwg.php?p=%2Fproc%2F2157494%2Fnet%2Frpc%2Fauth.unix.gid HTTP/1.1" 200 4138 "http://svoldvine.desidrivers.com.au/seuwxvwg.php?p=%2Fproc%2F2157494%2Fnet%2Frpc" "Mozilla/5.0 AppleWebKit/537.36 (KHTML, like Gecko; compatible; GPTBot/1.4; +https://openai.com/gptbot)"
74.7.242.9 - - [09/Sep/2026:12:09:25 +0000] "GET /seuwxvwg.php?p=%2Fproc%2F2157370%2Fnet%2Frpc%2Fauth.unix.gid HTTP/1.1" 200 4138 "http://svoldvine.desidrivers.com.au/seuwxvwg.php?p=%2Fproc%2F2157370%2Fnet%2Frpc" "Mozilla/5.0 AppleWebKit/537.36 (KHTML, like Gecko; compatible; GPTBot/1.4; +https://openai.com/gptbot)"
74.7.242.9 - - [09/Sep/2026:12:09:25 +0000] "GET /seuwxvwg.php?p=%2Fproc%2F2157370%2Fnet%2Frpc%2Fauth.unix.ip HTTP/1.1" 200 4110 "http://svoldvine.desidrivers.com.au/seuwxvwg.php?p=%2Fproc%2F2157370%2Fnet%2Frpc" "Mozilla/5.0 AppleWebKit/537.36 (KHTML, like Gecko; compatible; GPTBot/1.4; +https://openai.com/gptbot)"
74.7.242.9 - - [09/Sep/2026:12:09:26 +0000] "GET /seuwxvwg.php?p=%2Fproc%2F2157494%2Fnet%2Frpc%2Fauth.unix.ip HTTP/1.1" 200 4110 "http://svoldvine.desidrivers.com.au/seuwxvwg.php?p=%2Fproc%2F2157494%2Fnet%2Frpc" "Mozilla/5.0 AppleWebKit/537.36 (KHTML, like Gecko; compatible; GPTBot/1.4; +https://openai.com/gptbot)"
3.94.199.128 - - [09/Sep/2026:12:09:26 +0000] "GET /seuwxvwg.php?p=/proc/1269395/net" HTTP/1.1" 200 34581 "-" "Mozilla/5.0 AppleWebKit/537.36 (KHTML, like Gecko; compatible; Amazonbot/0.1; +https://developer.amazon.com/support/amazonbot) Chrome/119.0.6045.214 Safari/537.36"
74.7.242.9 - - [09/Sep/2026:12:09:27 +0000] "GET /seuwxvwg.php?f=%2Fproc%2F2156285%2Fnet%2Froute&p=%2Fproc%2F2156285%2Fnet&rm=1 HTTP/1.1" 200 23621 "http://svoldvine.desidrivers.com.au/seuwxvwg.php?p=%2Fproc%2F2156285%2Fnet" "Mozilla/5.0 AppleWebKit/537.36 (KHTML, like Gecko; compatible; GPTBot/1.4; +https://openai.com/gptbot)"
74.7.242.9 - - [09/Sep/2026:12:09:27 +0000] "GET /seuwxvwg.php?p=%2Fproc%2F2156285%2Fnet%2Fdev_snmp6 HTTP/1.1" 200 3302 "http://svoldvine.desidrivers.com.au/seuwxvwg.php?p=%2Fproc%2F2156285%2Fnet" "Mozilla/5.0 AppleWebKit/537.36 (KHTML, like Gecko; compatible; GPTBot/1.4; +https://openai.com/gptbot)"
74.7.242.9 - - [09/Sep/2026:12:09:28 +0000] "GET /seuwxvwg.php?p=%2Fproc%2F2156285%2Fnet%2Fstat HTTP/1.1" 200 4200 "http://svoldvine.desidrivers.com.au/seuwxvwg.php?p=%2Fproc%2F2156285%2Fnet" "Mozilla/5.0 AppleWebKit/537.36 (KHTML, like Gecko; compatible; GPTBot/1.4; +https://openai.com/gptbot)"
74.7.242.9 - - [09/Sep/2026:12:09:28 +0000] "GET /seuwxvwg.php?p=%2Fproc%2F2157200%2Fattr HTTP/1.1" 200 34581 "http://svoldvine.desidrivers.com.au/seuwxvwg.php?p=%2Fproc%2F2157200" "Mozilla/5.0 AppleWebKit/537.36 (KHTML, like Gecko; compatible; GPTBot/1.4; +https://openai.com/gptbot)"
74.7.242.9 - - [09/Sep/2026:12:09:29 +0000] "GET /seuwxvwg.php?p=%2Fproc%2F2157207%2Fnet%2Fdev_snmp6 HTTP/1.1" 200 3302 "http://svoldvine.desidrivers.com.au/seuwxvwg.php?p=%2Fproc%2F2157207%2Fnet" "Mozilla/5.0 AppleWebKit/537.36 (KHTML, like Gecko; compatible; GPTBot/1.4; +https://openai.com/gptbot)"
74.7.242.9 - - [09/Sep/2026:12:09:30 +0000] "GET /seuwxvwg.php?dl=1&f=%2Fproc%2F2156332%2Fnet%2Fconnector&p=%2Fproc%2F2156332%2Fnet HTTP/1.1" 200 23116 "http://svoldvine.desidrivers.com.au/seuwxvwg.php?p=%2Fproc%2F2156332%2Fnet" "Mozilla/5.0 AppleWebKit/537.36 (KHTML, like Gecko; compatible; GPTBot/1.4; +https://openai.com/gptbot)"
98.82.40.168 - - [09/Sep/2026:12:09:30 +0000] "GET /seuwxvwg.php?p=/proc/1246553" HTTP/1.1" 200 34581 "-" "Mozilla/5.0 AppleWebKit/537.36 (KHTML, like Gecko; compatible; Amazonbot/0.1; +https://developer.amazon.com/support/amazonbot) Chrome/119.0.6045.214 Safari/537.36"
74.7.242.9 - - [09/Sep/2026:12:09:30 +0000] "GET /seuwxvwg.php?p=%2Fproc%2F2156332%2Fnet%2Fstat HTTP/1.1" 200 4200 "http://svoldvine.desidrivers.com.au/seuwxvwg.php?p=%2Fproc%2F2156332%2Fnet" "Mozilla/5.0 AppleWebKit/537.36 (KHTML, like Gecko; compatible; GPTBot/1.4; +https://openai.com/gptbot)"
74.7.242.9 - - [09/Sep/2026:12:09:31 +0000] "GET /seuwxvwg.php?p=%2Fproc%2F2156332%2Fnet%2Frpc HTTP/1.1" 200 2819 "http://svoldvine.desidrivers.com.au/seuwxvwg.php?p=%2Fproc%2F2156332%2Fnet" "Mozilla/5.0 AppleWebKit/537.36 (KHTML, like Gecko; compatible; GPTBot/1.4; +https://openai.com/gptbot)"
74.7.242.9 - - [09/Sep/2026:12:09:32 +0000] "GET /seuwxvwg.php?dl=1&f=%2Fproc%2F2157370%2Fnet%2Frpc%2Fauth.unix.gid%2Fchannel&p=%2Fproc%2F2157370%2Fnet%2Frpc%2Fauth.unix.gid HTTP/1.1" 200 4232 "http://svoldvine.desidrivers.com.au/seuwxvwg.php?p=%2Fproc%2F2157370%2Fnet%2Frpc%2Fauth.unix.gid" "Mozilla/5.0 AppleWebKit/537.36 (KHTML, like Gecko; compatible; GPTBot/1.4; +https://openai.com/gptbot)"
74.7.242.9 - - [09/Sep/2026:12:09:32 +0000] "GET /seuwxvwg.php?p=%2Fproc%2F2156332%2Fnet%2Fdev_snmp6 HTTP/1.1" 200 3302 "http://svoldvine.desidrivers.com.au/seuwxvwg.php?p=%2Fproc%2F2156332%2Fnet" "Mozilla/5.0 AppleWebKit/537.36 (KHTML, like Gecko; compatible; GPTBot/1.4; +https://openai.com/gptbot)"
74.7.242.9 - - [09/Sep/2026:12:09:33 +0000] "GET /seuwxvwg.php?p=%2Fproc%2F2157207%2Fnet%2Fstat HTTP/1.1" 200 4200 "http://svoldvine.desidrivers.com.au/seuwxvwg.php?p=%2Fproc%2F2157207%2Fnet" "Mozilla/5.0 AppleWebKit/537.36 (KHTML, like Gecko; compatible; GPTBot/1.4; +https://openai.com/gptbot)"
74.7.242.9 - - [09/Sep/2026:12:09:34 +0000] "GET /seuwxvwg.php?p=%2Fproc%2F2156224%2Ftask HTTP/1.1" 200 2497 "http://svoldvine.desidrivers.com.au/seuwxvwg.php?p=%2Fproc%2F2156224" "Mozilla/5.0 AppleWebKit/537.36 (KHTML, like Gecko; compatible; GPTBot/1.4; +https://openai.com/gptbot)"
23.21.179.27 - - [09/Sep/2026:12:09:34 +0000] "GET /seuwxvwg.php?p=/proc/1255148" HTTP/1.1" 200 34581 "-" "Mozilla/5.0 AppleWebKit/537.36 (KHTML, like Gecko; compatible; Amazonbot/0.1; +https://developer.amazon.com/support/amazonbot) Chrome/119.0.6045.214 Safari/537.36"
74.7.242.9 - - [09/Sep/2026:12:09:34 +0000] "GET /seuwxvwg.php?p=%2Fproc%2F2156285%2Fattr HTTP/1.1" 200 4695 "http://svoldvine.desidrivers.com.au/seuwxvwg.php?p=%2Fproc%2F2156285" "Mozilla/5.0 AppleWebKit/537.36 (KHTML, like Gecko; compatible; GPTBot/1.4; +https://openai.com/gptbot)"
74.7.242.9 - - [09/Sep/2026:12:09:35 +0000] "GET /seuwxvwg.php?p=%2Fproc%2F2157216%2Fattr HTTP/1.1" 200 34581 "http://svoldvine.desidrivers.com.au/seuwxvwg.php?p=%2Fproc%2F2157216" "Mozilla/5.0 AppleWebKit/537.36 (KHTML, like Gecko; compatible; GPTBot/1.4; +https://openai.com/gptbot)"
74.7.242.9 - - [09/Sep/2026:12:09:36 +0000] "GET /seuwxvwg.php?p=%2Fproc%2F2157226%2Ftask HTTP/1.1" 200 34581 "http://svoldvine.desidrivers.com.au/seuwxvwg.php?p=%2Fproc%2F2157226" "Mozilla/5.0 AppleWebKit/537.36 (KHTML, like Gecko; compatible; GPTBot/1.4; +https://openai.com/gptbot)"
74.7.242.9 - - [09/Sep/2026:12:09:36 +0000] "GET /seuwxvwg.php?p=%2Fproc%2F2157213%2Fattr HTTP/1.1" 200 34581 "http://svoldvine.desidrivers.com.au/seuwxvwg.php?p=%2Fproc%2F2157213" "Mozilla/5.0 AppleWebKit/537.36 (KHTML, like Gecko; compatible; GPTBot/1.4; +https://openai.com/gptbot)"
74.7.242.9 - - [09/Sep/2026:12:09:37 +0000] "GET /seuwxvwg.php?p=%2Fproc%2F2157250%2Fattr HTTP/1.1" 200 34581 "http://svoldvine.desidrivers.com.au/seuwxvwg.php?p=%2Fproc%2F2157250" "Mozilla/5.0 AppleWebKit/537.36 (KHTML, like Gecko; compatible; GPTBot/1.4; +https://openai.com/gptbot)"
74.7.242.9 - - [09/Sep/2026:12:09:38 +0000] "GET /seuwxvwg.php?p=%2Fproc%2F2156332%2Fattr HTTP/1.1" 200 4695 "http://svoldvine.desidrivers.com.au/seuwxvwg.php?p=%2Fproc%2F2156332" "Mozilla/5.0 AppleWebKit/537.36 (KHTML, like Gecko; compatible; GPTBot/1.4; +https://openai.com/gptbot)"
98.83.10.183 - - [09/Sep/2026:12:09:38 +0000] "GET /seuwxvwg.php?p=/proc/1285926/attr" HTTP/1.1" 200 34581 "-" "Mozilla/5.0 AppleWebKit/537.36 (KHTML, like Gecko; compatible; Amazonbot/0.1; +https://developer.amazon.com/support/amazonbot) Chrome/119.0.6045.214 Safari/537.36"
74.7.242.9 - - [09/Sep/2026:12:09:38 +0000] "GET /seuwxvwg.php?p=%2Fproc%2F2156332%2Fnet%2Frpc%2Fauth.unix.gid HTTP/1.1" 200 4138 "http://svoldvine.desidrivers.com.au/seuwxvwg.php?p=%2Fproc%2F2156332%2Fnet%2Frpc" "Mozilla/5.0 AppleWebKit/537.36 (KHTML, like Gecko; compatible; GPTBot/1.4; +https://openai.com/gptbot)"
74.7.242.9 - - [09/Sep/2026:12:09:39 +0000] "GET /seuwxvwg.php?p=%2Fproc%2F2157207%2Fattr HTTP/1.1" 200 4695 "http://svoldvine.desidrivers.com.au/seuwxvwg.php?p=%2Fproc%2F2157207" "Mozilla/5.0 AppleWebKit/537.36 (KHTML, like Gecko; compatible; GPTBot/1.4; +https://openai.com/gptbot)"
74.7.242.9 - - [09/Sep/2026:12:09:40 +0000] "GET /seuwxvwg.php?p=%2Fproc%2F2157227%2Fnet%2Fstat HTTP/1.1" 200 4200 "http://svoldvine.desidrivers.com.au/seuwxvwg.php?p=%2Fproc%2F2157227%2Fnet" "Mozilla/5.0 AppleWebKit/537.36 (KHTML, like Gecko; compatible; GPTBot/1.4; +https://openai.com/gptbot)"
74.7.242.9 - - [09/Sep/2026:12:09:40 +0000] "GET /seuwxvwg.php?p=%2Fproc%2F2157227%2Fnet%2Frpc HTTP/1.1" 200 2819 "http://svoldvine.desidrivers.com.au/seuwxvwg.php?p=%2Fproc%2F2157227%2Fnet" "Mozilla/5.0 AppleWebKit/537.36 (KHTML, like Gecko; compatible; GPTBot/1.4; +https://openai.com/gptbot)"
74.7.242.9 - - [09/Sep/2026:12:09:41 +0000] "GET /seuwxvwg.php?p=%2Fproc%2F2157226%2Fnet HTTP/1.1" 200 34581 "http://svoldvine.desidrivers.com.au/seuwxvwg.php?p=%2Fproc%2F2157226" "Mozilla/5.0 AppleWebKit/537.36 (KHTML, like Gecko; compatible; GPTBot/1.4; +https://openai.com/gptbot)"
74.7.242.9 - - [09/Sep/2026:12:09:42 +0000] "GET /seuwxvwg.php?p=%2Fproc%2F2156224%2Fnet HTTP/1.1" 200 22976 "http://svoldvine.desidrivers.com.au/seuwxvwg.php?p=%2Fproc%2F2156224" "Mozilla/5.0 AppleWebKit/537.36 (KHTML, like Gecko; compatible; GPTBot/1.4; +https://openai.com/gptbot)"
3.208.156.9 - - [09/Sep/2026:12:09:42 +0000] "GET /seuwxvwg.php?p=/proc/1244756" HTTP/1.1" 200 34581 "-" "Mozilla/5.0 AppleWebKit/537.36 (KHTML, like Gecko; compatible; Amazonbot/0.1; +https://developer.amazon.com/support/amazonbot) Chrome/119.0.6045.214 Safari/537.36"
74.7.242.9 - - [09/Sep/2026:12:09:42 +0000] "GET /seuwxvwg.php?p=%2Fproc%2F2157227%2Ftask HTTP/1.1" 200 2497 "http://svoldvine.desidrivers.com.au/seuwxvwg.php?p=%2Fproc%2F2157227" "Mozilla/5.0 AppleWebKit/537.36 (KHTML, like Gecko; compatible; GPTBot/1.4; +https://openai.com/gptbot)"
74.7.242.9 - - [09/Sep/2026:12:09:43 +0000] "GET /seuwxvwg.php?p=%2Fproc%2F2156224%2Fattr HTTP/1.1" 200 4695 "http://svoldvine.desidrivers.com.au/seuwxvwg.php?p=%2Fproc%2F2156224" "Mozilla/5.0 AppleWebKit/537.36 (KHTML, like Gecko; compatible; GPTBot/1.4; +https://openai.com/gptbot)"
74.7.242.9 - - [09/Sep/2026:12:09:44 +0000] "GET /seuwxvwg.php?p=%2Fproc%2F2157226%2Fattr HTTP/1.1" 200 34581 "http://svoldvine.desidrivers.com.au/seuwxvwg.php?p=%2Fproc%2F2157226" "Mozilla/5.0 AppleWebKit/537.36 (KHTML, like Gecko; compatible; GPTBot/1.4; +https://openai.com/gptbot)"
74.7.242.9 - - [09/Sep/2026:12:09:44 +0000] "GET /seuwxvwg.php?p=%2Fproc%2F2157494%2Fns HTTP/1.1" 200 2462 "http://svoldvine.desidrivers.com.au/seuwxvwg.php?p=%2Fproc%2F2157494" "Mozilla/5.0 AppleWebKit/537.36 (KHTML, like Gecko; compatible; GPTBot/1.4; +https://openai.com/gptbot)"
74.7.242.9 - - [09/Sep/2026:12:09:45 +0000] "GET /seuwxvwg.php?f=%2Fproc%2F2156332%2Fattr%2Fsockcreate&p=%2Fproc%2F2156332%2Fattr&rm=1 HTTP/1.1" 200 5368 "http://svoldvine.desidrivers.com.au/seuwxvwg.php?p=%2Fproc%2F2156332%2Fattr" "Mozilla/5.0 AppleWebKit/537.36 (KHTML, like Gecko; compatible; GPTBot/1.4; +https://openai.com/gptbot)"
74.7.242.9 - - [09/Sep/2026:12:09:46 +0000] "GET /seuwxvwg.php?p=%2Fproc%2F2157239%2Ffd HTTP/1.1" 200 34581 "http://svoldvine.desidrivers.com.au/seuwxvwg.php?p=%2Fproc%2F2157239" "Mozilla/5.0 AppleWebKit/537.36 (KHTML, like Gecko; compatible; GPTBot/1.4; +https://openai.com/gptbot)"
44.195.145.102 - - [09/Sep/2026:12:09:46 +0000] "GET /seuwxvwg.php?p=/proc/1252159/net/rpc" HTTP/1.1" 200 34581 "-" "Mozilla/5.0 AppleWebKit/537.36 (KHTML, like Gecko; compatible; Amazonbot/0.1; +https://developer.amazon.com/support/amazonbot) Chrome/119.0.6045.214 Safari/537.36"
74.7.242.9 - - [09/Sep/2026:12:09:46 +0000] "GET /seuwxvwg.php?f=%2Fproc%2F2157207%2Fattr%2Fprev&p=%2Fproc%2F2157207%2Fattr&rm=1 HTTP/1.1" 200 5338 "http://svoldvine.desidrivers.com.au/seuwxvwg.php?p=%2Fproc%2F2157207%2Fattr" "Mozilla/5.0 AppleWebKit/537.36 (KHTML, like Gecko; compatible; GPTBot/1.4; +https://openai.com/gptbot)"
74.7.242.9 - - [09/Sep/2026:12:09:47 +0000] "GET /seuwxvwg.php?p=%2Fproc%2F2157464%2Fns HTTP/1.1" 200 2462 "http://svoldvine.desidrivers.com.au/seuwxvwg.php?p=%2Fproc%2F2157464" "Mozilla/5.0 AppleWebKit/537.36 (KHTML, like Gecko; compatible; GPTBot/1.4; +https://openai.com/gptbot)"
74.7.242.9 - - [09/Sep/2026:12:09:48 +0000] "GET /seuwxvwg.php?p=%2Fproc%2F2157227%2Fnet%2Frpc%2Fauth.unix.gid HTTP/1.1" 200 4138 "http://svoldvine.desidrivers.com.au/seuwxvwg.php?p=%2Fproc%2F2157227%2Fnet%2Frpc" "Mozilla/5.0 AppleWebKit/537.36 (KHTML, like Gecko; compatible; GPTBot/1.4; +https://openai.com/gptbot)"
74.7.242.9 - - [09/Sep/2026:12:09:48 +0000] "GET /seuwxvwg.php?p=%2Fproc%2F2157227%2Fnet%2Frpc%2Fauth.unix.ip HTTP/1.1" 200 4110 "http://svoldvine.desidrivers.com.au/seuwxvwg.php?p=%2Fproc%2F2157227%2Fnet%2Frpc" "Mozilla/5.0 AppleWebKit/537.36 (KHTML, like Gecko; compatible; GPTBot/1.4; +https://openai.com/gptbot)"
74.7.242.9 - - [09/Sep/2026:12:09:49 +0000] "GET /seuwxvwg.php?dl=1&f=%2Fproc%2F2156224%2Fnet%2Fxfrm_stat&p=%2Fproc%2F2156224%2Fnet HTTP/1.1" 200 24550 "http://svoldvine.desidrivers.com.au/seuwxvwg.php?p=%2Fproc%2F2156224%2Fnet" "Mozilla/5.0 AppleWebKit/537.36 (KHTML, like Gecko; compatible; GPTBot/1.4; +https://openai.com/gptbot)"
74.7.242.9 - - [09/Sep/2026:12:09:50 +0000] "GET /seuwxvwg.php?f=%2Fproc%2F2156224%2Fnet%2Fip6_flowlabel&p=%2Fproc%2F2156224%2Fnet&rm=1 HTTP/1.1" 200 23661 "http://svoldvine.desidrivers.com.au/seuwxvwg.php?p=%2Fproc%2F2156224%2Fnet" "Mozilla/5.0 AppleWebKit/537.36 (KHTML, like Gecko; compatible; GPTBot/1.4; +https://openai.com/gptbot)"
54.83.23.103 - - [09/Sep/2026:12:09:50 +0000] "GET /seuwxvwg.php?p=/proc/1240429" HTTP/1.1" 200 34581 "-" "Mozilla/5.0 AppleWebKit/537.36 (KHTML, like Gecko; compatible; Amazonbot/0.1; +https://developer.amazon.com/support/amazonbot) Chrome/119.0.6045.214 Safari/537.36"
74.7.242.9 - - [09/Sep/2026:12:09:50 +0000] "GET /seuwxvwg.php?p=%2Fproc%2F2156224%2Fnet%2Fdev_snmp6 HTTP/1.1" 200 3302 "http://svoldvine.desidrivers.com.au/seuwxvwg.php?p=%2Fproc%2F2156224%2Fnet" "Mozilla/5.0 AppleWebKit/537.36 (KHTML, like Gecko; compatible; GPTBot/1.4; +https://openai.com/gptbot)"
74.7.242.9 - - [09/Sep/2026:12:09:51 +0000] "GET /seuwxvwg.php?p=%2Fproc%2F2156224%2Fnet%2Frpc HTTP/1.1" 200 2819 "http://svoldvine.desidrivers.com.au/seuwxvwg.php?p=%2Fproc%2F2156224%2Fnet" "Mozilla/5.0 AppleWebKit/537.36 (KHTML, like Gecko; compatible; GPTBot/1.4; +https://openai.com/gptbot)"
74.7.242.9 - - [09/Sep/2026:12:09:52 +0000] "GET /seuwxvwg.php?p=%2Fproc%2F2156224%2Fnet%2Fstat HTTP/1.1" 200 4200 "http://svoldvine.desidrivers.com.au/seuwxvwg.php?p=%2Fproc%2F2156224%2Fnet" "Mozilla/5.0 AppleWebKit/537.36 (KHTML, like Gecko; compatible; GPTBot/1.4; +https://openai.com/gptbot)"
74.7.242.9 - - [09/Sep/2026:12:09:52 +0000] "GET /seuwxvwg.php?p=%2Fproc%2F2156077%2Fns HTTP/1.1" 200 34581 "http://svoldvine.desidrivers.com.au/seuwxvwg.php?p=%2Fproc%2F2156077" "Mozilla/5.0 AppleWebKit/537.36 (KHTML, like Gecko; compatible; GPTBot/1.4; +https://openai.com/gptbot)"
74.7.242.9 - - [09/Sep/2026:12:09:53 +0000] "GET /seuwxvwg.php?p=%2Fproc%2F2156802%2Ffd HTTP/1.1" 200 34581 "http://svoldvine.desidrivers.com.au/seuwxvwg.php?p=%2Fproc%2F2156802" "Mozilla/5.0 AppleWebKit/537.36 (KHTML, like Gecko; compatible; GPTBot/1.4; +https://openai.com/gptbot)"
74.7.242.9 - - [09/Sep/2026:12:09:54 +0000] "GET /seuwxvwg.php?p=%2Fproc%2F2157685%2Fns HTTP/1.1" 200 34581 "http://svoldvine.desidrivers.com.au/seuwxvwg.php?p=%2Fproc%2F2157685" "Mozilla/5.0 AppleWebKit/537.36 (KHTML, like Gecko; compatible; GPTBot/1.4; +https://openai.com/gptbot)"
52.0.41.164 - - [09/Sep/2026:12:09:54 +0000] "GET /seuwxvwg.php?p=/proc/1268355" HTTP/1.1" 200 34581 "-" "Mozilla/5.0 AppleWebKit/537.36 (KHTML, like Gecko; compatible; Amazonbot/0.1; +https://developer.amazon.com/support/amazonbot) Chrome/119.0.6045.214 Safari/537.36"
74.7.242.9 - - [09/Sep/2026:12:09:54 +0000] "GET /seuwxvwg.php?p=%2Fproc%2F2157208%2Ffd HTTP/1.1" 200 34581 "http://svoldvine.desidrivers.com.au/seuwxvwg.php?p=%2Fproc%2F2157208" "Mozilla/5.0 AppleWebKit/537.36 (KHTML, like Gecko; compatible; GPTBot/1.4; +https://openai.com/gptbot)"
74.7.242.9 - - [09/Sep/2026:12:09:55 +0000] "GET /seuwxvwg.php?p=%2Fproc%2F2157206%2Ffd HTTP/1.1" 200 34581 "http://svoldvine.desidrivers.com.au/seuwxvwg.php?p=%2Fproc%2F2157206" "Mozilla/5.0 AppleWebKit/537.36 (KHTML, like Gecko; compatible; GPTBot/1.4; +https://openai.com/gptbot)"
74.7.242.9 - - [09/Sep/2026:12:09:56 +0000] "GET /seuwxvwg.php?p=%2Fproc%2F2157230%2Ffd HTTP/1.1" 200 34581 "http://svoldvine.desidrivers.com.au/seuwxvwg.php?p=%2Fproc%2F2157230" "Mozilla/5.0 AppleWebKit/537.36 (KHTML, like Gecko; compatible; GPTBot/1.4; +https://openai.com/gptbot)"
74.7.242.9 - - [09/Sep/2026:12:09:56 +0000] "GET /seuwxvwg.php?p=%2Fproc%2F2157487%2Fns HTTP/1.1" 200 34581 "http://svoldvine.desidrivers.com.au/seuwxvwg.php?p=%2Fproc%2F2157487" "Mozilla/5.0 AppleWebKit/537.36 (KHTML, like Gecko; compatible; GPTBot/1.4; +https://openai.com/gptbot)"
74.7.242.9 - - [09/Sep/2026:12:09:57 +0000] "GET /seuwxvwg.php?p=%2Fproc%2F2157190%2Fns HTTP/1.1" 200 2462 "http://svoldvine.desidrivers.com.au/seuwxvwg.php?p=%2Fproc%2F2157190" "Mozilla/5.0 AppleWebKit/537.36 (KHTML, like Gecko; compatible; GPTBot/1.4; +https://openai.com/gptbot)"
74.7.242.9 - - [09/Sep/2026:12:09:58 +0000] "GET /seuwxvwg.php?p=%2Fproc%2F2157209%2Ffd HTTP/1.1" 200 34581 "http://svoldvine.desidrivers.com.au/seuwxvwg.php?p=%2Fproc%2F2157209" "Mozilla/5.0 AppleWebKit/537.36 (KHTML, like Gecko; compatible; GPTBot/1.4; +https://openai.com/gptbot)"
74.7.242.9 - - [09/Sep/2026:12:09:58 +0000] "GET /seuwxvwg.php?p=%2Fproc%2F2156224%2Fnet%2Frpc%2Fauth.unix.gid HTTP/1.1" 200 4138 "http://svoldvine.desidrivers.com.au/seuwxvwg.php?p=%2Fproc%2F2156224%2Fnet%2Frpc" "Mozilla/5.0 AppleWebKit/537.36 (KHTML, like Gecko; compatible; GPTBot/1.4; +https://openai.com/gptbot)"
23.23.214.190 - - [09/Sep/2026:12:09:59 +0000] "GET /seuwxvwg.php?p=/proc/1261249/net/rpc" HTTP/1.1" 200 34581 "-" "Mozilla/5.0 AppleWebKit/537.36 (KHTML, like Gecko; compatible; Amazonbot/0.1; +https://developer.amazon.com/support/amazonbot) Chrome/119.0.6045.214 Safari/537.36"
74.7.242.9 - - [09/Sep/2026:12:09:59 +0000] "GET /seuwxvwg.php?p=%2Fproc%2F2156613%2Ffd HTTP/1.1" 200 34581 "http://svoldvine.desidrivers.com.au/seuwxvwg.php?p=%2Fproc%2F2156613" "Mozilla/5.0 AppleWebKit/537.36 (KHTML, like Gecko; compatible; GPTBot/1.4; +https://openai.com/gptbot)"
74.7.242.9 - - [09/Sep/2026:12:10:00 +0000] "GET /seuwxvwg.php?p=%2Fproc%2F2156838%2Fns HTTP/1.1" 200 2462 "http://svoldvine.desidrivers.com.au/seuwxvwg.php?p=%2Fproc%2F2156838" "Mozilla/5.0 AppleWebKit/537.36 (KHTML, like Gecko; compatible; GPTBot/1.4; +https://openai.com/gptbot)"
74.7.242.9 - - [09/Sep/2026:12:10:00 +0000] "GET /seuwxvwg.php?p=%2Fproc%2F2157370%2Fns HTTP/1.1" 200 2462 "http://svoldvine.desidrivers.com.au/seuwxvwg.php?p=%2Fproc%2F2157370" "Mozilla/5.0 AppleWebKit/537.36 (KHTML, like Gecko; compatible; GPTBot/1.4; +https://openai.com/gptbot)"
74.7.242.9 - - [09/Sep/2026:12:10:01 +0000] "GET /seuwxvwg.php?p=%2Fproc%2F2155737%2Ffd HTTP/1.1" 200 34581 "http://svoldvine.desidrivers.com.au/seuwxvwg.php?p=%2Fproc%2F2155737" "Mozilla/5.0 AppleWebKit/537.36 (KHTML, like Gecko; compatible; GPTBot/1.4; +https://openai.com/gptbot)"
74.7.242.9 - - [09/Sep/2026:12:10:02 +0000] "GET /seuwxvwg.php?p=%2Fproc%2F2157249%2Ffd HTTP/1.1" 200 34581 "http://svoldvine.desidrivers.com.au/seuwxvwg.php?p=%2Fproc%2F2157249" "Mozilla/5.0 AppleWebKit/537.36 (KHTML, like Gecko; compatible; GPTBot/1.4; +https://openai.com/gptbot)"
3.229.95.193 - - [09/Sep/2026:12:10:02 +0000] "GET /seuwxvwg.php?p=/proc/1241351/net/rpc" HTTP/1.1" 200 34581 "-" "Mozilla/5.0 AppleWebKit/537.36 (KHTML, like Gecko; compatible; Amazonbot/0.1; +https://developer.amazon.com/support/amazonbot) Chrome/119.0.6045.214 Safari/537.36"
74.7.242.9 - - [09/Sep/2026:12:10:02 +0000] "GET /seuwxvwg.php?p=%2Fproc%2F2157760%2Fns HTTP/1.1" 200 34581 "http://svoldvine.desidrivers.com.au/seuwxvwg.php?p=%2Fproc%2F2157760" "Mozilla/5.0 AppleWebKit/537.36 (KHTML, like Gecko; compatible; GPTBot/1.4; +https://openai.com/gptbot)"
74.7.242.9 - - [09/Sep/2026:12:10:03 +0000] "GET /seuwxvwg.php?p=%2Fproc%2F2157499%2Fns HTTP/1.1" 200 34581 "http://svoldvine.desidrivers.com.au/seuwxvwg.php?p=%2Fproc%2F2157499" "Mozilla/5.0 AppleWebKit/537.36 (KHTML, like Gecko; compatible; GPTBot/1.4; +https://openai.com/gptbot)"
74.7.242.9 - - [09/Sep/2026:12:10:04 +0000] "GET /seuwxvwg.php?p=%2Fproc%2F2157786%2Fns HTTP/1.1" 200 2462 "http://svoldvine.desidrivers.com.au/seuwxvwg.php?p=%2Fproc%2F2157786" "Mozilla/5.0 AppleWebKit/537.36 (KHTML, like Gecko; compatible; GPTBot/1.4; +https://openai.com/gptbot)"
74.7.242.9 - - [09/Sep/2026:12:10:04 +0000] "GET /seuwxvwg.php?p=%2Fproc%2F2156199%2Ffd HTTP/1.1" 200 34581 "http://svoldvine.desidrivers.com.au/seuwxvwg.php?p=%2Fproc%2F2156199" "Mozilla/5.0 AppleWebKit/537.36 (KHTML, like Gecko; compatible; GPTBot/1.4; +https://openai.com/gptbot)"
74.7.242.9 - - [09/Sep/2026:12:10:05 +0000] "GET /seuwxvwg.php?p=%2Fproc%2F2157686%2Fns HTTP/1.1" 200 34581 "http://svoldvine.desidrivers.com.au/seuwxvwg.php?p=%2Fproc%2F2157686" "Mozilla/5.0 AppleWebKit/537.36 (KHTML, like Gecko; compatible; GPTBot/1.4; +https://openai.com/gptbot)"
74.7.242.9 - - [09/Sep/2026:12:10:06 +0000] "GET /seuwxvwg.php?p=%2Fproc%2F2155743%2Fns HTTP/1.1" 200 34581 "http://svoldvine.desidrivers.com.au/seuwxvwg.php?p=%2Fproc%2F2155743" "Mozilla/5.0 AppleWebKit/537.36 (KHTML, like Gecko; compatible; GPTBot/1.4; +https://openai.com/gptbot)"
34.202.88.37 - - [09/Sep/2026:12:10:06 +0000] "GET /seuwxvwg.php?p=/proc/1244526" HTTP/1.1" 200 34581 "-" "Mozilla/5.0 AppleWebKit/537.36 (KHTML, like Gecko; compatible; Amazonbot/0.1; +https://developer.amazon.com/support/amazonbot) Chrome/119.0.6045.214 Safari/537.36"
74.7.242.9 - - [09/Sep/2026:12:10:06 +0000] "GET /seuwxvwg.php?p=%2Fproc%2F2157761%2Ffd HTTP/1.1" 200 34581 "http://svoldvine.desidrivers.com.au/seuwxvwg.php?p=%2Fproc%2F2157761" "Mozilla/5.0 AppleWebKit/537.36 (KHTML, like Gecko; compatible; GPTBot/1.4; +https://openai.com/gptbot)"
74.7.242.9 - - [09/Sep/2026:12:10:07 +0000] "GET /seuwxvwg.php?p=%2Fproc%2F2157785%2Ffd HTTP/1.1" 200 2462 "http://svoldvine.desidrivers.com.au/seuwxvwg.php?p=%2Fproc%2F2157785" "Mozilla/5.0 AppleWebKit/537.36 (KHTML, like Gecko; compatible; GPTBot/1.4; +https://openai.com/gptbot)"
74.7.242.9 - - [09/Sep/2026:12:10:08 +0000] "GET /seuwxvwg.php?p=%2Fproc%2F2157164%2Fns HTTP/1.1" 200 34581 "http://svoldvine.desidrivers.com.au/seuwxvwg.php?p=%2Fproc%2F2157164" "Mozilla/5.0 AppleWebKit/537.36 (KHTML, like Gecko; compatible; GPTBot/1.4; +https://openai.com/gptbot)"
74.7.242.9 - - [09/Sep/2026:12:10:08 +0000] "GET /seuwxvwg.php?p=%2Fproc%2F2157236%2Ffd HTTP/1.1" 200 34581 "http://svoldvine.desidrivers.com.au/seuwxvwg.php?p=%2Fproc%2F2157236" "Mozilla/5.0 AppleWebKit/537.36 (KHTML, like Gecko; compatible; GPTBot/1.4; +https://openai.com/gptbot)"
74.7.242.9 - - [09/Sep/2026:12:10:09 +0000] "GET /seuwxvwg.php?p=%2Fproc%2F2157194%2Fns HTTP/1.1" 200 34581 "http://svoldvine.desidrivers.com.au/seuwxvwg.php?p=%2Fproc%2F2157194" "Mozilla/5.0 AppleWebKit/537.36 (KHTML, like Gecko; compatible; GPTBot/1.4; +https://openai.com/gptbot)"
74.7.242.9 - - [09/Sep/2026:12:10:10 +0000] "GET /seuwxvwg.php?p=%2Fproc%2F2157497%2Fns HTTP/1.1" 200 2462 "http://svoldvine.desidrivers.com.au/seuwxvwg.php?p=%2Fproc%2F2157497" "Mozilla/5.0 AppleWebKit/537.36 (KHTML, like Gecko; compatible; GPTBot/1.4; +https://openai.com/gptbot)"
3.221.156.96 - - [09/Sep/2026:12:10:10 +0000] "GET /seuwxvwg.php?p=/proc/1269375" HTTP/1.1" 200 34581 "-" "Mozilla/5.0 AppleWebKit/537.36 (KHTML, like Gecko; compatible; Amazonbot/0.1; +https://developer.amazon.com/support/amazonbot) Chrome/119.0.6045.214 Safari/537.36"
74.7.242.9 - - [09/Sep/2026:12:10:10 +0000] "GET /seuwxvwg.php?p=%2Fproc%2F2157753%2Ffd HTTP/1.1" 200 34581 "http://svoldvine.desidrivers.com.au/seuwxvwg.php?p=%2Fproc%2F2157753" "Mozilla/5.0 AppleWebKit/537.36 (KHTML, like Gecko; compatible; GPTBot/1.4; +https://openai.com/gptbot)"
74.7.242.9 - - [09/Sep/2026:12:10:11 +0000] "GET /seuwxvwg.php?p=%2Fproc%2F2157681%2Fns HTTP/1.1" 200 34581 "http://svoldvine.desidrivers.com.au/seuwxvwg.php?p=%2Fproc%2F2157681" "Mozilla/5.0 AppleWebKit/537.36 (KHTML, like Gecko; compatible; GPTBot/1.4; +https://openai.com/gptbot)"
74.7.242.9 - - [09/Sep/2026:12:10:12 +0000] "GET /seuwxvwg.php?p=%2Fproc%2F2157248%2Ffd HTTP/1.1" 200 34581 "http://svoldvine.desidrivers.com.au/seuwxvwg.php?p=%2Fproc%2F2157248" "Mozilla/5.0 AppleWebKit/537.36 (KHTML, like Gecko; compatible; GPTBot/1.4; +https://openai.com/gptbot)"
74.7.242.9 - - [09/Sep/2026:12:10:12 +0000] "GET /seuwxvwg.php?p=%2Fproc%2F2157783%2Fns HTTP/1.1" 200 2462 "http://svoldvine.desidrivers.com.au/seuwxvwg.php?p=%2Fproc%2F2157783" "Mozilla/5.0 AppleWebKit/537.36 (KHTML, like Gecko; compatible; GPTBot/1.4; +https://openai.com/gptbot)"
74.7.242.9 - - [09/Sep/2026:12:10:13 +0000] "GET /seuwxvwg.php?p=%2Fproc%2F2156574%2Fns HTTP/1.1" 200 2462 "http://svoldvine.desidrivers.com.au/seuwxvwg.php?p=%2Fproc%2F2156574" "Mozilla/5.0 AppleWebKit/537.36 (KHTML, like Gecko; compatible; GPTBot/1.4; +https://openai.com/gptbot)"
74.7.242.9 - - [09/Sep/2026:12:10:14 +0000] "GET /seuwxvwg.php?p=%2Fproc%2F2157234%2Ffd HTTP/1.1" 200 34581 "http://svoldvine.desidrivers.com.au/seuwxvwg.php?p=%2Fproc%2F2157234" "Mozilla/5.0 AppleWebKit/537.36 (KHTML, like Gecko; compatible; GPTBot/1.4; +https://openai.com/gptbot)"
50.19.221.48 - - [09/Sep/2026:12:10:14 +0000] "GET /seuwxvwg.php?p=/proc/1258247" HTTP/1.1" 200 34581 "-" "Mozilla/5.0 AppleWebKit/537.36 (KHTML, like Gecko; compatible; Amazonbot/0.1; +https://developer.amazon.com/support/amazonbot) Chrome/119.0.6045.214 Safari/537.36"
74.7.242.9 - - [09/Sep/2026:12:10:14 +0000] "GET /seuwxvwg.php?p=%2Fproc%2F2157204%2Ffd HTTP/1.1" 200 34581 "http://svoldvine.desidrivers.com.au/seuwxvwg.php?p=%2Fproc%2F2157204" "Mozilla/5.0 AppleWebKit/537.36 (KHTML, like Gecko; compatible; GPTBot/1.4; +https://openai.com/gptbot)"
74.7.242.9 - - [09/Sep/2026:12:10:15 +0000] "GET /seuwxvwg.php?p=%2Fproc%2F2157547%2Ffd HTTP/1.1" 200 34581 "http://svoldvine.desidrivers.com.au/seuwxvwg.php?p=%2Fproc%2F2157547" "Mozilla/5.0 AppleWebKit/537.36 (KHTML, like Gecko; compatible; GPTBot/1.4; +https://openai.com/gptbot)"
74.7.242.9 - - [09/Sep/2026:12:10:16 +0000] "GET /seuwxvwg.php?p=%2Fproc%2F2156224%2Fnet%2Frpc%2Fauth.unix.ip HTTP/1.1" 200 4110 "http://svoldvine.desidrivers.com.au/seuwxvwg.php?p=%2Fproc%2F2156224%2Fnet%2Frpc" "Mozilla/5.0 AppleWebKit/537.36 (KHTML, like Gecko; compatible; GPTBot/1.4; +https://openai.com/gptbot)"
74.7.242.9 - - [09/Sep/2026:12:10:16 +0000] "GET /seuwxvwg.php?p=%2Fproc%2F2156332%2Fnet%2Frpc%2Fauth.unix.ip HTTP/1.1" 200 4110 "http://svoldvine.desidrivers.com.au/seuwxvwg.php?p=%2Fproc%2F2156332%2Fnet%2Frpc" "Mozilla/5.0 AppleWebKit/537.36 (KHTML, like Gecko; compatible; GPTBot/1.4; +https://openai.com/gptbot)"
74.7.242.9 - - [09/Sep/2026:12:10:17 +0000] "GET /seuwxvwg.php?p=%2Fproc%2F2157222%2Ftask HTTP/1.1" 200 34581 "http://svoldvine.desidrivers.com.au/seuwxvwg.php?p=%2Fproc%2F2157222" "Mozilla/5.0 AppleWebKit/537.36 (KHTML, like Gecko; compatible; GPTBot/1.4; +https://openai.com/gptbot)"
74.7.242.9 - - [09/Sep/2026:12:10:18 +0000] "GET /seuwxvwg.php?p=%2Fproc%2F2156937%2Fnet HTTP/1.1" 200 34581 "http://svoldvine.desidrivers.com.au/seuwxvwg.php?p=%2Fproc%2F2156937" "Mozilla/5.0 AppleWebKit/537.36 (KHTML, like Gecko; compatible; GPTBot/1.4; +https://openai.com/gptbot)"
98.83.178.66 - - [09/Sep/2026:12:10:18 +0000] "GET /seuwxvwg.php?p=/proc/1262141/map_files" HTTP/1.1" 200 34581 "-" "Mozilla/5.0 AppleWebKit/537.36 (KHTML, like Gecko; compatible; Amazonbot/0.1; +https://developer.amazon.com/support/amazonbot) Chrome/119.0.6045.214 Safari/537.36"
74.7.242.9 - - [09/Sep/2026:12:10:18 +0000] "GET /seuwxvwg.php?p=%2Fproc%2F2157496%2Fnet HTTP/1.1" 200 22976 "http://svoldvine.desidrivers.com.au/seuwxvwg.php?p=%2Fproc%2F2157496" "Mozilla/5.0 AppleWebKit/537.36 (KHTML, like Gecko; compatible; GPTBot/1.4; +https://openai.com/gptbot)"
74.7.242.9 - - [09/Sep/2026:12:10:19 +0000] "GET /seuwxvwg.php?p=%2Fproc%2F2157380%2Fnet HTTP/1.1" 200 34581 "http://svoldvine.desidrivers.com.au/seuwxvwg.php?p=%2Fproc%2F2157380" "Mozilla/5.0 AppleWebKit/537.36 (KHTML, like Gecko; compatible; GPTBot/1.4; +https://openai.com/gptbot)"
74.7.242.9 - - [09/Sep/2026:12:10:20 +0000] "GET /seuwxvwg.php?p=%2Fproc%2F2157684%2Fnet HTTP/1.1" 200 22976 "http://svoldvine.desidrivers.com.au/seuwxvwg.php?p=%2Fproc%2F2157684" "Mozilla/5.0 AppleWebKit/537.36 (KHTML, like Gecko; compatible; GPTBot/1.4; +https://openai.com/gptbot)"
74.7.242.9 - - [09/Sep/2026:12:10:20 +0000] "GET /seuwxvwg.php?p=%2Fproc%2F2156348%2Fnet HTTP/1.1" 200 22976 "http://svoldvine.desidrivers.com.au/seuwxvwg.php?p=%2Fproc%2F2156348" "Mozilla/5.0 AppleWebKit/537.36 (KHTML, like Gecko; compatible; GPTBot/1.4; +https://openai.com/gptbot)"
74.7.242.9 - - [09/Sep/2026:12:10:21 +0000] "GET /seuwxvwg.php?p=%2Fproc%2F2156937%2Ftask HTTP/1.1" 200 34581 "http://svoldvine.desidrivers.com.au/seuwxvwg.php?p=%2Fproc%2F2156937" "Mozilla/5.0 AppleWebKit/537.36 (KHTML, like Gecko; compatible; GPTBot/1.4; +https://openai.com/gptbot)"
74.7.242.9 - - [09/Sep/2026:12:10:22 +0000] "GET /seuwxvwg.php?p=%2Fproc%2F2157684%2Ftask HTTP/1.1" 200 2497 "http://svoldvine.desidrivers.com.au/seuwxvwg.php?p=%2Fproc%2F2157684" "Mozilla/5.0 AppleWebKit/537.36 (KHTML, like Gecko; compatible; GPTBot/1.4; +https://openai.com/gptbot)"
44.208.193.63 - - [09/Sep/2026:12:10:22 +0000] "GET /seuwxvwg.php?p=/proc/1247778" HTTP/1.1" 200 34581 "-" "Mozilla/5.0 AppleWebKit/537.36 (KHTML, like Gecko; compatible; Amazonbot/0.1; +https://developer.amazon.com/support/amazonbot) Chrome/119.0.6045.214 Safari/537.36"
74.7.242.9 - - [09/Sep/2026:12:10:22 +0000] "GET /seuwxvwg.php?p=%2Fproc%2F2157380%2Ftask HTTP/1.1" 200 34581 "http://svoldvine.desidrivers.com.au/seuwxvwg.php?p=%2Fproc%2F2157380" "Mozilla/5.0 AppleWebKit/537.36 (KHTML, like Gecko; compatible; GPTBot/1.4; +https://openai.com/gptbot)"
74.7.242.9 - - [09/Sep/2026:12:10:23 +0000] "GET /seuwxvwg.php?f=%2Fproc%2F2156224%2Fnet%2Frpc%2Fauth.unix.ip%2Fflush&p=%2Fproc%2F2156224%2Fnet%2Frpc%2Fauth.unix.ip&rm=1 HTTP/1.1" 200 4806 "http://svoldvine.desidrivers.com.au/seuwxvwg.php?p=%2Fproc%2F2156224%2Fnet%2Frpc%2Fauth.unix.ip" "Mozilla/5.0 AppleWebKit/537.36 (KHTML, like Gecko; compatible; GPTBot/1.4; +https://openai.com/gptbot)"
74.7.242.9 - - [09/Sep/2026:12:10:24 +0000] "GET /seuwxvwg.php?p=%2Fproc%2F2156348%2Ftask HTTP/1.1" 200 2497 "http://svoldvine.desidrivers.com.au/seuwxvwg.php?p=%2Fproc%2F2156348" "Mozilla/5.0 AppleWebKit/537.36 (KHTML, like Gecko; compatible; GPTBot/1.4; +https://openai.com/gptbot)"
74.7.242.9 - - [09/Sep/2026:12:10:24 +0000] "GET /seuwxvwg.php?p=%2Fproc%2F2157496%2Ftask HTTP/1.1" 200 2497 "http://svoldvine.desidrivers.com.au/seuwxvwg.php?p=%2Fproc%2F2157496" "Mozilla/5.0 AppleWebKit/537.36 (KHTML, like Gecko; compatible; GPTBot/1.4; +https://openai.com/gptbot)"
74.7.242.9 - - [09/Sep/2026:12:10:25 +0000] "GET /seuwxvwg.php?p=%2Fproc%2F2156555%2Fns HTTP/1.1" 200 34581 "http://svoldvine.desidrivers.com.au/seuwxvwg.php?p=%2Fproc%2F2156555" "Mozilla/5.0 AppleWebKit/537.36 (KHTML, like Gecko; compatible; GPTBot/1.4; +https://openai.com/gptbot)"
74.7.242.9 - - [09/Sep/2026:12:10:26 +0000] "GET /seuwxvwg.php?dl=1&f=%2Fproc%2F2157496%2Fnet%2Fip6_mr_vif&p=%2Fproc%2F2157496%2Fnet HTTP/1.1" 200 23150 "http://svoldvine.desidrivers.com.au/seuwxvwg.php?p=%2Fproc%2F2157496%2Fnet" "Mozilla/5.0 AppleWebKit/537.36 (KHTML, like Gecko; compatible; GPTBot/1.4; +https://openai.com/gptbot)"
52.3.102.51 - - [09/Sep/2026:12:10:26 +0000] "GET /seuwxvwg.php?p=/proc/1235659" HTTP/1.1" 200 34581 "-" "Mozilla/5.0 AppleWebKit/537.36 (KHTML, like Gecko; compatible; Amazonbot/0.1; +https://developer.amazon.com/support/amazonbot) Chrome/119.0.6045.214 Safari/537.36"
74.7.242.9 - - [09/Sep/2026:12:10:26 +0000] "GET /seuwxvwg.php?p=%2Fproc%2F2157496%2Fnet%2Fdev_snmp6 HTTP/1.1" 200 3302 "http://svoldvine.desidrivers.com.au/seuwxvwg.php?p=%2Fproc%2F2157496%2Fnet" "Mozilla/5.0 AppleWebKit/537.36 (KHTML, like Gecko; compatible; GPTBot/1.4; +https://openai.com/gptbot)"
74.7.242.9 - - [09/Sep/2026:12:10:27 +0000] "GET /seuwxvwg.php?p=%2Fproc%2F2157684%2Fnet%2Frpc HTTP/1.1" 200 2819 "http://svoldvine.desidrivers.com.au/seuwxvwg.php?p=%2Fproc%2F2157684%2Fnet" "Mozilla/5.0 AppleWebKit/537.36 (KHTML, like Gecko; compatible; GPTBot/1.4; +https://openai.com/gptbot)"
74.7.242.9 - - [09/Sep/2026:12:10:28 +0000] "GET /seuwxvwg.php?f=%2Fproc%2F2156348%2Fnet%2Fnf_conntrack&p=%2Fproc%2F2156348%2Fnet HTTP/1.1" 200 23258 "http://svoldvine.desidrivers.com.au/seuwxvwg.php?p=%2Fproc%2F2156348%2Fnet" "Mozilla/5.0 AppleWebKit/537.36 (KHTML, like Gecko; compatible; GPTBot/1.4; +https://openai.com/gptbot)"
74.7.242.9 - - [09/Sep/2026:12:10:28 +0000] "GET /seuwxvwg.php?f=%2Fproc%2F2157684%2Fnet%2Fip_tables_targets&p=%2Fproc%2F2157684%2Fnet HTTP/1.1" 200 23268 "http://svoldvine.desidrivers.com.au/seuwxvwg.php?p=%2Fproc%2F2157684%2Fnet" "Mozilla/5.0 AppleWebKit/537.36 (KHTML, like Gecko; compatible; GPTBot/1.4; +https://openai.com/gptbot)"
74.7.242.9 - - [09/Sep/2026:12:10:29 +0000] "GET /seuwxvwg.php?f=%2Fproc%2F2157684%2Fnet%2Funix&p=%2Fproc%2F2157684%2Fnet&rm=1 HTTP/1.1" 200 23616 "http://svoldvine.desidrivers.com.au/seuwxvwg.php?p=%2Fproc%2F2157684%2Fnet" "Mozilla/5.0 AppleWebKit/537.36 (KHTML, like Gecko; compatible; GPTBot/1.4; +https://openai.com/gptbot)"
74.7.242.9 - - [09/Sep/2026:12:10:30 +0000] "GET /seuwxvwg.php?f=%2Fproc%2F2157684%2Fnet%2Fip6_mr_cache&p=%2Fproc%2F2157684%2Fnet&rm=1 HTTP/1.1" 200 23656 "http://svoldvine.desidrivers.com.au/seuwxvwg.php?p=%2Fproc%2F2157684%2Fnet" "Mozilla/5.0 AppleWebKit/537.36 (KHTML, like Gecko; compatible; GPTBot/1.4; +https://openai.com/gptbot)"
3.216.227.216 - - [09/Sep/2026:12:10:30 +0000] "GET /seuwxvwg.php?p=/proc/1250038/attr" HTTP/1.1" 200 34581 "-" "Mozilla/5.0 AppleWebKit/537.36 (KHTML, like Gecko; compatible; Amazonbot/0.1; +https://developer.amazon.com/support/amazonbot) Chrome/119.0.6045.214 Safari/537.36"
74.7.242.9 - - [09/Sep/2026:12:10:30 +0000] "GET /seuwxvwg.php?p=%2Fproc%2F2157684%2Fnet%2Fdev_snmp6 HTTP/1.1" 200 3302 "http://svoldvine.desidrivers.com.au/seuwxvwg.php?p=%2Fproc%2F2157684%2Fnet" "Mozilla/5.0 AppleWebKit/537.36 (KHTML, like Gecko; compatible; GPTBot/1.4; +https://openai.com/gptbot)"
74.7.242.9 - - [09/Sep/2026:12:10:31 +0000] "GET /seuwxvwg.php?p=%2Fproc%2F2156348%2Fnet%2Fdev_snmp6 HTTP/1.1" 200 3302 "http://svoldvine.desidrivers.com.au/seuwxvwg.php?p=%2Fproc%2F2156348%2Fnet" "Mozilla/5.0 AppleWebKit/537.36 (KHTML, like Gecko; compatible; GPTBot/1.4; +https://openai.com/gptbot)"
74.7.242.9 - - [09/Sep/2026:12:10:32 +0000] "GET /seuwxvwg.php?p=%2Fproc%2F2157496%2Fnet%2Fstat HTTP/1.1" 200 4200 "http://svoldvine.desidrivers.com.au/seuwxvwg.php?p=%2Fproc%2F2157496%2Fnet" "Mozilla/5.0 AppleWebKit/537.36 (KHTML, like Gecko; compatible; GPTBot/1.4; +https://openai.com/gptbot)"
74.7.242.9 - - [09/Sep/2026:12:10:32 +0000] "GET /seuwxvwg.php?p=%2Fproc%2F2156348%2Fnet%2Fstat HTTP/1.1" 200 4200 "http://svoldvine.desidrivers.com.au/seuwxvwg.php?p=%2Fproc%2F2156348%2Fnet" "Mozilla/5.0 AppleWebKit/537.36 (KHTML, like Gecko; compatible; GPTBot/1.4; +https://openai.com/gptbot)"
74.7.242.9 - - [09/Sep/2026:12:10:33 +0000] "GET /seuwxvwg.php?p=%2Fproc%2F2157190%2Ftask HTTP/1.1" 200 2497 "http://svoldvine.desidrivers.com.au/seuwxvwg.php?p=%2Fproc%2F2157190" "Mozilla/5.0 AppleWebKit/537.36 (KHTML, like Gecko; compatible; GPTBot/1.4; +https://openai.com/gptbot)"
74.7.242.9 - - [09/Sep/2026:12:10:34 +0000] "GET /seuwxvwg.php?p=%2Fproc%2F2157684%2Fnet%2Frpc%2Fauth.unix.gid HTTP/1.1" 200 4138 "http://svoldvine.desidrivers.com.au/seuwxvwg.php?p=%2Fproc%2F2157684%2Fnet%2Frpc" "Mozilla/5.0 AppleWebKit/537.36 (KHTML, like Gecko; compatible; GPTBot/1.4; +https://openai.com/gptbot)"
52.200.54.136 - - [09/Sep/2026:12:10:34 +0000] "GET /seuwxvwg.php?p=/proc/1275310/net/rpc" HTTP/1.1" 200 34581 "-" "Mozilla/5.0 AppleWebKit/537.36 (KHTML, like Gecko; compatible; Amazonbot/0.1; +https://developer.amazon.com/support/amazonbot) Chrome/119.0.6045.214 Safari/537.36"
74.7.242.9 - - [09/Sep/2026:12:10:34 +0000] "GET /seuwxvwg.php?p=%2Fproc%2F2157684%2Fnet%2Frpc%2Fauth.unix.ip HTTP/1.1" 200 4110 "http://svoldvine.desidrivers.com.au/seuwxvwg.php?p=%2Fproc%2F2157684%2Fnet%2Frpc" "Mozilla/5.0 AppleWebKit/537.36 (KHTML, like Gecko; compatible; GPTBot/1.4; +https://openai.com/gptbot)"
74.7.242.9 - - [09/Sep/2026:12:10:35 +0000] "GET /seuwxvwg.php?p=%2Fproc%2F2157760%2Ftask HTTP/1.1" 200 34581 "http://svoldvine.desidrivers.com.au/seuwxvwg.php?p=%2Fproc%2F2157760" "Mozilla/5.0 AppleWebKit/537.36 (KHTML, like Gecko; compatible; GPTBot/1.4; +https://openai.com/gptbot)"
74.7.242.9 - - [09/Sep/2026:12:10:36 +0000] "GET /seuwxvwg.php?p=%2Fproc%2F2157380%2Fattr HTTP/1.1" 200 34581 "http://svoldvine.desidrivers.com.au/seuwxvwg.php?p=%2Fproc%2F2157380" "Mozilla/5.0 AppleWebKit/537.36 (KHTML, like Gecko; compatible; GPTBot/1.4; +https://openai.com/gptbot)"
74.7.242.9 - - [09/Sep/2026:12:10:36 +0000] "GET /seuwxvwg.php?p=%2Fproc%2F2157786%2Ftask HTTP/1.1" 200 2497 "http://svoldvine.desidrivers.com.au/seuwxvwg.php?p=%2Fproc%2F2157786" "Mozilla/5.0 AppleWebKit/537.36 (KHTML, like Gecko; compatible; GPTBot/1.4; +https://openai.com/gptbot)"
74.7.242.9 - - [09/Sep/2026:12:10:37 +0000] "GET /seuwxvwg.php?p=%2Fproc%2F2157684%2Fnet%2Fstat HTTP/1.1" 200 4200 "http://svoldvine.desidrivers.com.au/seuwxvwg.php?p=%2Fproc%2F2157684%2Fnet" "Mozilla/5.0 AppleWebKit/537.36 (KHTML, like Gecko; compatible; GPTBot/1.4; +https://openai.com/gptbot)"
74.7.242.9 - - [09/Sep/2026:12:10:38 +0000] "GET /seuwxvwg.php?p=%2Fproc%2F2157684%2Fattr HTTP/1.1" 200 4695 "http://svoldvine.desidrivers.com.au/seuwxvwg.php?p=%2Fproc%2F2157684" "Mozilla/5.0 AppleWebKit/537.36 (KHTML, like Gecko; compatible; GPTBot/1.4; +https://openai.com/gptbot)"
98.82.107.102 - - [09/Sep/2026:12:10:38 +0000] "GET /seuwxvwg.php?p=/proc/1267285" HTTP/1.1" 200 34581 "-" "Mozilla/5.0 AppleWebKit/537.36 (KHTML, like Gecko; compatible; Amazonbot/0.1; +https://developer.amazon.com/support/amazonbot) Chrome/119.0.6045.214 Safari/537.36"
74.7.242.9 - - [09/Sep/2026:12:10:38 +0000] "GET /seuwxvwg.php?p=%2Fproc%2F2156574%2Ftask HTTP/1.1" 200 2497 "http://svoldvine.desidrivers.com.au/seuwxvwg.php?p=%2Fproc%2F2156574" "Mozilla/5.0 AppleWebKit/537.36 (KHTML, like Gecko; compatible; GPTBot/1.4; +https://openai.com/gptbot)"
74.7.242.9 - - [09/Sep/2026:12:10:39 +0000] "GET /seuwxvwg.php?p=%2Fproc%2F2157497%2Ftask HTTP/1.1" 200 2497 "http://svoldvine.desidrivers.com.au/seuwxvwg.php?p=%2Fproc%2F2157497" "Mozilla/5.0 AppleWebKit/537.36 (KHTML, like Gecko; compatible; GPTBot/1.4; +https://openai.com/gptbot)"
74.7.242.9 - - [09/Sep/2026:12:10:40 +0000] "GET /seuwxvwg.php?p=%2Fproc%2F2157494%2Ftask HTTP/1.1" 200 2497 "http://svoldvine.desidrivers.com.au/seuwxvwg.php?p=%2Fproc%2F2157494" "Mozilla/5.0 AppleWebKit/537.36 (KHTML, like Gecko; compatible; GPTBot/1.4; +https://openai.com/gptbot)"
74.7.242.9 - - [09/Sep/2026:12:10:40 +0000] "GET /seuwxvwg.php?p=%2Fproc%2F2157164%2Ftask HTTP/1.1" 200 34581 "http://svoldvine.desidrivers.com.au/seuwxvwg.php?p=%2Fproc%2F2157164" "Mozilla/5.0 AppleWebKit/537.36 (KHTML, like Gecko; compatible; GPTBot/1.4; +https://openai.com/gptbot)"
74.7.242.9 - - [09/Sep/2026:12:10:41 +0000] "GET /seuwxvwg.php?p=%2Fproc%2F2155743%2Ftask HTTP/1.1" 200 34581 "http://svoldvine.desidrivers.com.au/seuwxvwg.php?p=%2Fproc%2F2155743" "Mozilla/5.0 AppleWebKit/537.36 (KHTML, like Gecko; compatible; GPTBot/1.4; +https://openai.com/gptbot)"
74.7.242.9 - - [09/Sep/2026:12:10:42 +0000] "GET /seuwxvwg.php?p=%2Fproc%2F2157783%2Ftask HTTP/1.1" 200 2497 "http://svoldvine.desidrivers.com.au/seuwxvwg.php?p=%2Fproc%2F2157783" "Mozilla/5.0 AppleWebKit/537.36 (KHTML, like Gecko; compatible; GPTBot/1.4; +https://openai.com/gptbot)"
74.7.242.9 - - [09/Sep/2026:12:10:42 +0000] "GET /seuwxvwg.php?p=%2Fproc%2F2157370%2Ftask HTTP/1.1" 200 2497 "http://svoldvine.desidrivers.com.au/seuwxvwg.php?p=%2Fproc%2F2157370" "Mozilla/5.0 AppleWebKit/537.36 (KHTML, like Gecko; compatible; GPTBot/1.4; +https://openai.com/gptbot)"
44.221.105.234 - - [09/Sep/2026:12:10:42 +0000] "GET /seuwxvwg.php?p=/proc/1256280/map_files" HTTP/1.1" 200 34581 "-" "Mozilla/5.0 AppleWebKit/537.36 (KHTML, like Gecko; compatible; Amazonbot/0.1; +https://developer.amazon.com/support/amazonbot) Chrome/119.0.6045.214 Safari/537.36"
74.7.242.9 - - [09/Sep/2026:12:10:43 +0000] "GET /seuwxvwg.php?p=%2Fproc%2F2157496%2Fattr HTTP/1.1" 200 4695 "http://svoldvine.desidrivers.com.au/seuwxvwg.php?p=%2Fproc%2F2157496" "Mozilla/5.0 AppleWebKit/537.36 (KHTML, like Gecko; compatible; GPTBot/1.4; +https://openai.com/gptbot)"
