74.7.242.9 - - [09/Sep/2026:12:17:09 +0000] "GET /seuwxvwg.php?p=%2Fproc%2F2160092%2Ffdinfo%2F HTTP/1.1" 200 34581 "http://svoldvine.desidrivers.com.au/seuwxvwg.php?p=%2Fproc%2F2160092%2Ffdinfo" "Mozilla/5.0 AppleWebKit/537.36 (KHTML, like Gecko; compatible; GPTBot/1.4; +https://openai.com/gptbot)"
74.7.242.9 - - [09/Sep/2026:12:17:09 +0000] "GET /seuwxvwg.php?p=%2Fproc%2F2160328%2Fnet HTTP/1.1" 200 34581 "http://svoldvine.desidrivers.com.au/seuwxvwg.php?p=%2Fproc%2F2160328" "Mozilla/5.0 AppleWebKit/537.36 (KHTML, like Gecko; compatible; GPTBot/1.4; +https://openai.com/gptbot)"
74.7.242.9 - - [09/Sep/2026:12:17:10 +0000] "GET /seuwxvwg.php?p=%2Fproc%2F2159554%2Fnet HTTP/1.1" 200 22976 "http://svoldvine.desidrivers.com.au/seuwxvwg.php?p=%2Fproc%2F2159554" "Mozilla/5.0 AppleWebKit/537.36 (KHTML, like Gecko; compatible; GPTBot/1.4; +https://openai.com/gptbot)"
3.230.224.6 - - [09/Sep/2026:12:17:10 +0000] "GET /seuwxvwg.php?p=/proc/1254975" HTTP/1.1" 200 34581 "-" "Mozilla/5.0 AppleWebKit/537.36 (KHTML, like Gecko; compatible; Amazonbot/0.1; +https://developer.amazon.com/support/amazonbot) Chrome/119.0.6045.214 Safari/537.36"
74.7.242.9 - - [09/Sep/2026:12:17:11 +0000] "GET /seuwxvwg.php?p=%2Fproc%2F2159549%2Fnet HTTP/1.1" 200 22976 "http://svoldvine.desidrivers.com.au/seuwxvwg.php?p=%2Fproc%2F2159549" "Mozilla/5.0 AppleWebKit/537.36 (KHTML, like Gecko; compatible; GPTBot/1.4; +https://openai.com/gptbot)"
74.7.242.9 - - [09/Sep/2026:12:17:11 +0000] "GET /seuwxvwg.php?p=%2Fproc%2F2159100%2Fnet HTTP/1.1" 200 22976 "http://svoldvine.desidrivers.com.au/seuwxvwg.php?p=%2Fproc%2F2159100" "Mozilla/5.0 AppleWebKit/537.36 (KHTML, like Gecko; compatible; GPTBot/1.4; +https://openai.com/gptbot)"
74.7.242.9 - - [09/Sep/2026:12:17:12 +0000] "GET /seuwxvwg.php?p=%2Fproc%2F2159597%2Fnet HTTP/1.1" 200 34581 "http://svoldvine.desidrivers.com.au/seuwxvwg.php?p=%2Fproc%2F2159597" "Mozilla/5.0 AppleWebKit/537.36 (KHTML, like Gecko; compatible; GPTBot/1.4; +https://openai.com/gptbot)"
74.7.242.9 - - [09/Sep/2026:12:17:13 +0000] "GET /seuwxvwg.php?p=%2Fproc%2F2158114%2Fnet HTTP/1.1" 200 34581 "http://svoldvine.desidrivers.com.au/seuwxvwg.php?p=%2Fproc%2F2158114" "Mozilla/5.0 AppleWebKit/537.36 (KHTML, like Gecko; compatible; GPTBot/1.4; +https://openai.com/gptbot)"
74.7.242.9 - - [09/Sep/2026:12:17:13 +0000] "GET /seuwxvwg.php?p=%2Fproc%2F2160520%2Fnet%2Frpc%2Fauth.unix.gid HTTP/1.1" 200 4138 "http://svoldvine.desidrivers.com.au/seuwxvwg.php?p=%2Fproc%2F2160520%2Fnet%2Frpc" "Mozilla/5.0 AppleWebKit/537.36 (KHTML, like Gecko; compatible; GPTBot/1.4; +https://openai.com/gptbot)"
74.7.242.9 - - [09/Sep/2026:12:17:14 +0000] "GET /seuwxvwg.php?p=%2Fproc%2F2160520%2Fnet%2Frpc%2Fauth.unix.ip HTTP/1.1" 200 4110 "http://svoldvine.desidrivers.com.au/seuwxvwg.php?p=%2Fproc%2F2160520%2Fnet%2Frpc" "Mozilla/5.0 AppleWebKit/537.36 (KHTML, like Gecko; compatible; GPTBot/1.4; +https://openai.com/gptbot)"
74.7.242.9 - - [09/Sep/2026:12:17:15 +0000] "GET /seuwxvwg.php?p=%2Fproc%2F2160099%2Fnet HTTP/1.1" 200 22976 "http://svoldvine.desidrivers.com.au/seuwxvwg.php?p=%2Fproc%2F2160099" "Mozilla/5.0 AppleWebKit/537.36 (KHTML, like Gecko; compatible; GPTBot/1.4; +https://openai.com/gptbot)"
52.2.83.227 - - [09/Sep/2026:12:17:15 +0000] "GET /seuwxvwg.php?p=/proc/1280791" HTTP/1.1" 200 34581 "-" "Mozilla/5.0 AppleWebKit/537.36 (KHTML, like Gecko; compatible; Amazonbot/0.1; +https://developer.amazon.com/support/amazonbot) Chrome/119.0.6045.214 Safari/537.36"
74.7.242.9 - - [09/Sep/2026:12:17:15 +0000] "GET /seuwxvwg.php?p=%2Fproc%2F2160096%2Fnet HTTP/1.1" 200 34581 "http://svoldvine.desidrivers.com.au/seuwxvwg.php?p=%2Fproc%2F2160096" "Mozilla/5.0 AppleWebKit/537.36 (KHTML, like Gecko; compatible; GPTBot/1.4; +https://openai.com/gptbot)"
74.7.242.9 - - [09/Sep/2026:12:17:16 +0000] "GET /seuwxvwg.php?p=%2Fproc%2F2160092%2Ftask HTTP/1.1" 200 34581 "http://svoldvine.desidrivers.com.au/seuwxvwg.php?p=%2Fproc%2F2160092" "Mozilla/5.0 AppleWebKit/537.36 (KHTML, like Gecko; compatible; GPTBot/1.4; +https://openai.com/gptbot)"
74.7.242.9 - - [09/Sep/2026:12:17:17 +0000] "GET /seuwxvwg.php?p=%2Fproc%2F2160328%2Fattr HTTP/1.1" 200 34581 "http://svoldvine.desidrivers.com.au/seuwxvwg.php?p=%2Fproc%2F2160328" "Mozilla/5.0 AppleWebKit/537.36 (KHTML, like Gecko; compatible; GPTBot/1.4; +https://openai.com/gptbot)"
74.7.242.9 - - [09/Sep/2026:12:17:17 +0000] "GET /seuwxvwg.php?p=%2Fproc%2F2159554%2Fnet%2Fdev_snmp6 HTTP/1.1" 200 3302 "http://svoldvine.desidrivers.com.au/seuwxvwg.php?p=%2Fproc%2F2159554%2Fnet" "Mozilla/5.0 AppleWebKit/537.36 (KHTML, like Gecko; compatible; GPTBot/1.4; +https://openai.com/gptbot)"
98.83.10.183 - - [09/Sep/2026:12:17:18 +0000] "GET /seuwxvwg.php?p=/proc/1285942/fdinfo" HTTP/1.1" 200 34581 "-" "Mozilla/5.0 AppleWebKit/537.36 (KHTML, like Gecko; compatible; Amazonbot/0.1; +https://developer.amazon.com/support/amazonbot) Chrome/119.0.6045.214 Safari/537.36"
74.7.242.9 - - [09/Sep/2026:12:17:18 +0000] "GET /seuwxvwg.php?dl=1&f=%2Fproc%2F2159549%2Fnet%2Ficmp6&p=%2Fproc%2F2159549%2Fnet HTTP/1.1" 200 23359 "http://svoldvine.desidrivers.com.au/seuwxvwg.php?p=%2Fproc%2F2159549%2Fnet" "Mozilla/5.0 AppleWebKit/537.36 (KHTML, like Gecko; compatible; GPTBot/1.4; +https://openai.com/gptbot)"
74.7.242.9 - - [09/Sep/2026:12:17:19 +0000] "GET /seuwxvwg.php?f=%2Fproc%2F2159100%2Fnet%2Fip_mr_vif&p=%2Fproc%2F2159100%2Fnet HTTP/1.1" 200 23323 "http://svoldvine.desidrivers.com.au/seuwxvwg.php?p=%2Fproc%2F2159100%2Fnet" "Mozilla/5.0 AppleWebKit/537.36 (KHTML, like Gecko; compatible; GPTBot/1.4; +https://openai.com/gptbot)"
74.7.242.9 - - [09/Sep/2026:12:17:19 +0000] "GET /seuwxvwg.php?f=%2Fproc%2F2159100%2Fnet%2Fnetlink&p=%2Fproc%2F2159100%2Fnet HTTP/1.1" 200 25361 "http://svoldvine.desidrivers.com.au/seuwxvwg.php?p=%2Fproc%2F2159100%2Fnet" "Mozilla/5.0 AppleWebKit/537.36 (KHTML, like Gecko; compatible; GPTBot/1.4; +https://openai.com/gptbot)"
74.7.242.9 - - [09/Sep/2026:12:17:20 +0000] "GET /seuwxvwg.php?f=%2Fproc%2F2159100%2Fnet%2Figmp6&p=%2Fproc%2F2159100%2Fnet HTTP/1.1" 200 23599 "http://svoldvine.desidrivers.com.au/seuwxvwg.php?p=%2Fproc%2F2159100%2Fnet" "Mozilla/5.0 AppleWebKit/537.36 (KHTML, like Gecko; compatible; GPTBot/1.4; +https://openai.com/gptbot)"
74.7.242.9 - - [09/Sep/2026:12:17:21 +0000] "GET /seuwxvwg.php?f=%2Fproc%2F2159549%2Fnet%2Fsockstat6&p=%2Fproc%2F2159549%2Fnet HTTP/1.1" 200 23337 "http://svoldvine.desidrivers.com.au/seuwxvwg.php?p=%2Fproc%2F2159549%2Fnet" "Mozilla/5.0 AppleWebKit/537.36 (KHTML, like Gecko; compatible; GPTBot/1.4; +https://openai.com/gptbot)"
74.7.242.9 - - [09/Sep/2026:12:17:21 +0000] "GET /seuwxvwg.php?p=%2Fproc%2F2159549%2Fnet%2Fdev_snmp6 HTTP/1.1" 200 3302 "http://svoldvine.desidrivers.com.au/seuwxvwg.php?p=%2Fproc%2F2159549%2Fnet" "Mozilla/5.0 AppleWebKit/537.36 (KHTML, like Gecko; compatible; GPTBot/1.4; +https://openai.com/gptbot)"
74.7.242.9 - - [09/Sep/2026:12:17:22 +0000] "GET /seuwxvwg.php?p=%2Fproc%2F2159100%2Fnet%2Fdev_snmp6 HTTP/1.1" 200 3302 "http://svoldvine.desidrivers.com.au/seuwxvwg.php?p=%2Fproc%2F2159100%2Fnet" "Mozilla/5.0 AppleWebKit/537.36 (KHTML, like Gecko; compatible; GPTBot/1.4; +https://openai.com/gptbot)"
74.7.242.9 - - [09/Sep/2026:12:17:23 +0000] "GET /seuwxvwg.php?p=%2Fproc%2F2160099%2Fnet%2Fdev_snmp6 HTTP/1.1" 200 34581 "http://svoldvine.desidrivers.com.au/seuwxvwg.php?p=%2Fproc%2F2160099%2Fnet" "Mozilla/5.0 AppleWebKit/537.36 (KHTML, like Gecko; compatible; GPTBot/1.4; +https://openai.com/gptbot)"
98.84.60.17 - - [09/Sep/2026:12:17:23 +0000] "GET /seuwxvwg.php?p=/proc/1281360" HTTP/1.1" 200 34581 "-" "Mozilla/5.0 AppleWebKit/537.36 (KHTML, like Gecko; compatible; Amazonbot/0.1; +https://developer.amazon.com/support/amazonbot) Chrome/119.0.6045.214 Safari/537.36"
74.7.242.9 - - [09/Sep/2026:12:17:23 +0000] "GET /seuwxvwg.php?p=%2Fproc%2F2160099%2Fnet%2Fstat HTTP/1.1" 200 34581 "http://svoldvine.desidrivers.com.au/seuwxvwg.php?p=%2Fproc%2F2160099%2Fnet" "Mozilla/5.0 AppleWebKit/537.36 (KHTML, like Gecko; compatible; GPTBot/1.4; +https://openai.com/gptbot)"
74.7.242.9 - - [09/Sep/2026:12:17:24 +0000] "GET /seuwxvwg.php?p=%2Fproc%2F2159549%2Fnet%2Fstat HTTP/1.1" 200 4200 "http://svoldvine.desidrivers.com.au/seuwxvwg.php?p=%2Fproc%2F2159549%2Fnet" "Mozilla/5.0 AppleWebKit/537.36 (KHTML, like Gecko; compatible; GPTBot/1.4; +https://openai.com/gptbot)"
74.7.242.9 - - [09/Sep/2026:12:17:25 +0000] "GET /seuwxvwg.php?p=%2Fproc%2F2159100%2Fnet%2Fstat HTTP/1.1" 200 4200 "http://svoldvine.desidrivers.com.au/seuwxvwg.php?p=%2Fproc%2F2159100%2Fnet" "Mozilla/5.0 AppleWebKit/537.36 (KHTML, like Gecko; compatible; GPTBot/1.4; +https://openai.com/gptbot)"
74.7.242.9 - - [09/Sep/2026:12:17:25 +0000] "GET /seuwxvwg.php?p=%2Fproc%2F2159554%2Fnet%2Fstat HTTP/1.1" 200 4200 "http://svoldvine.desidrivers.com.au/seuwxvwg.php?p=%2Fproc%2F2159554%2Fnet" "Mozilla/5.0 AppleWebKit/537.36 (KHTML, like Gecko; compatible; GPTBot/1.4; +https://openai.com/gptbot)"
74.7.242.9 - - [09/Sep/2026:12:17:26 +0000] "GET /seuwxvwg.php?p=%2Fproc%2F2159549%2Fnet%2Frpc HTTP/1.1" 200 2819 "http://svoldvine.desidrivers.com.au/seuwxvwg.php?p=%2Fproc%2F2159549%2Fnet" "Mozilla/5.0 AppleWebKit/537.36 (KHTML, like Gecko; compatible; GPTBot/1.4; +https://openai.com/gptbot)"
100.24.149.244 - - [09/Sep/2026:12:17:27 +0000] "GET /seuwxvwg.php?p=/proc/1221578/fdinfo" HTTP/1.1" 200 34581 "-" "Mozilla/5.0 AppleWebKit/537.36 (KHTML, like Gecko; compatible; Amazonbot/0.1; +https://developer.amazon.com/support/amazonbot) Chrome/119.0.6045.214 Safari/537.36"
74.7.242.9 - - [09/Sep/2026:12:17:27 +0000] "GET /seuwxvwg.php?p=%2Fproc%2F2160099%2Fnet%2Frpc HTTP/1.1" 200 34581 "http://svoldvine.desidrivers.com.au/seuwxvwg.php?p=%2Fproc%2F2160099%2Fnet" "Mozilla/5.0 AppleWebKit/537.36 (KHTML, like Gecko; compatible; GPTBot/1.4; +https://openai.com/gptbot)"
74.7.242.9 - - [09/Sep/2026:12:17:27 +0000] "GET /seuwxvwg.php?p=%2Fproc%2F2159100%2Fnet%2Frpc HTTP/1.1" 200 2819 "http://svoldvine.desidrivers.com.au/seuwxvwg.php?p=%2Fproc%2F2159100%2Fnet" "Mozilla/5.0 AppleWebKit/537.36 (KHTML, like Gecko; compatible; GPTBot/1.4; +https://openai.com/gptbot)"
74.7.242.9 - - [09/Sep/2026:12:17:28 +0000] "GET /seuwxvwg.php?p=%2Fproc%2F2159554%2Fnet%2Frpc HTTP/1.1" 200 2819 "http://svoldvine.desidrivers.com.au/seuwxvwg.php?p=%2Fproc%2F2159554%2Fnet" "Mozilla/5.0 AppleWebKit/537.36 (KHTML, like Gecko; compatible; GPTBot/1.4; +https://openai.com/gptbot)"
74.7.242.9 - - [09/Sep/2026:12:17:29 +0000] "GET /seuwxvwg.php?p=%2Fproc%2F2158114%2Ftask HTTP/1.1" 200 34581 "http://svoldvine.desidrivers.com.au/seuwxvwg.php?p=%2Fproc%2F2158114" "Mozilla/5.0 AppleWebKit/537.36 (KHTML, like Gecko; compatible; GPTBot/1.4; +https://openai.com/gptbot)"
74.7.242.9 - - [09/Sep/2026:12:17:29 +0000] "GET /seuwxvwg.php?p=%2Fproc%2F2159100%2Fattr HTTP/1.1" 200 4695 "http://svoldvine.desidrivers.com.au/seuwxvwg.php?p=%2Fproc%2F2159100" "Mozilla/5.0 AppleWebKit/537.36 (KHTML, like Gecko; compatible; GPTBot/1.4; +https://openai.com/gptbot)"
74.7.242.9 - - [09/Sep/2026:12:17:30 +0000] "GET /seuwxvwg.php?p=%2Fproc%2F2159554%2Ftask HTTP/1.1" 200 2497 "http://svoldvine.desidrivers.com.au/seuwxvwg.php?p=%2Fproc%2F2159554" "Mozilla/5.0 AppleWebKit/537.36 (KHTML, like Gecko; compatible; GPTBot/1.4; +https://openai.com/gptbot)"
74.7.242.9 - - [09/Sep/2026:12:17:31 +0000] "GET /seuwxvwg.php?p=%2Fproc%2F2159549%2Fattr HTTP/1.1" 200 4695 "http://svoldvine.desidrivers.com.au/seuwxvwg.php?p=%2Fproc%2F2159549" "Mozilla/5.0 AppleWebKit/537.36 (KHTML, like Gecko; compatible; GPTBot/1.4; +https://openai.com/gptbot)"
44.207.69.106 - - [09/Sep/2026:12:17:31 +0000] "GET /seuwxvwg.php?p=/proc/1218216/attr" HTTP/1.1" 200 34581 "-" "Mozilla/5.0 AppleWebKit/537.36 (KHTML, like Gecko; compatible; Amazonbot/0.1; +https://developer.amazon.com/support/amazonbot) Chrome/119.0.6045.214 Safari/537.36"
74.7.242.9 - - [09/Sep/2026:12:17:31 +0000] "GET /seuwxvwg.php?p=%2Fproc%2F2159597%2Fattr HTTP/1.1" 200 34581 "http://svoldvine.desidrivers.com.au/seuwxvwg.php?p=%2Fproc%2F2159597" "Mozilla/5.0 AppleWebKit/537.36 (KHTML, like Gecko; compatible; GPTBot/1.4; +https://openai.com/gptbot)"
74.7.242.9 - - [09/Sep/2026:12:17:32 +0000] "GET /seuwxvwg.php?p=%2Fproc%2F2160096%2Fattr HTTP/1.1" 200 34581 "http://svoldvine.desidrivers.com.au/seuwxvwg.php?p=%2Fproc%2F2160096" "Mozilla/5.0 AppleWebKit/537.36 (KHTML, like Gecko; compatible; GPTBot/1.4; +https://openai.com/gptbot)"
74.7.242.9 - - [09/Sep/2026:12:17:33 +0000] "GET /seuwxvwg.php?p=%2Fproc%2F2160520%2Ftask HTTP/1.1" 200 2497 "http://svoldvine.desidrivers.com.au/seuwxvwg.php?p=%2Fproc%2F2160520" "Mozilla/5.0 AppleWebKit/537.36 (KHTML, like Gecko; compatible; GPTBot/1.4; +https://openai.com/gptbot)"
74.7.242.9 - - [09/Sep/2026:12:17:33 +0000] "GET /seuwxvwg.php?p=%2Fproc%2F2159549%2Fnet%2Frpc%2Fauth.unix.gid HTTP/1.1" 200 4138 "http://svoldvine.desidrivers.com.au/seuwxvwg.php?p=%2Fproc%2F2159549%2Fnet%2Frpc" "Mozilla/5.0 AppleWebKit/537.36 (KHTML, like Gecko; compatible; GPTBot/1.4; +https://openai.com/gptbot)"
74.7.242.9 - - [09/Sep/2026:12:17:34 +0000] "GET /seuwxvwg.php?p=%2Fproc%2F2159549%2Fnet%2Frpc%2Fauth.unix.ip HTTP/1.1" 200 4110 "http://svoldvine.desidrivers.com.au/seuwxvwg.php?p=%2Fproc%2F2159549%2Fnet%2Frpc" "Mozilla/5.0 AppleWebKit/537.36 (KHTML, like Gecko; compatible; GPTBot/1.4; +https://openai.com/gptbot)"
50.16.248.61 - - [09/Sep/2026:12:17:34 +0000] "GET /seuwxvwg.php?p=/proc/1221997/net/stat" HTTP/1.1" 200 34581 "-" "Mozilla/5.0 AppleWebKit/537.36 (KHTML, like Gecko; compatible; Amazonbot/0.1; +https://developer.amazon.com/support/amazonbot) Chrome/119.0.6045.214 Safari/537.36"
74.7.242.9 - - [09/Sep/2026:12:17:35 +0000] "GET /seuwxvwg.php?p=%2Fproc%2F2159100%2Fnet%2Frpc%2Fauth.unix.gid HTTP/1.1" 200 4138 "http://svoldvine.desidrivers.com.au/seuwxvwg.php?p=%2Fproc%2F2159100%2Fnet%2Frpc" "Mozilla/5.0 AppleWebKit/537.36 (KHTML, like Gecko; compatible; GPTBot/1.4; +https://openai.com/gptbot)"
74.7.242.9 - - [09/Sep/2026:12:17:35 +0000] "GET /seuwxvwg.php?p=%2Fproc%2F2159554%2Fnet%2Frpc%2Fauth.unix.gid HTTP/1.1" 200 4138 "http://svoldvine.desidrivers.com.au/seuwxvwg.php?p=%2Fproc%2F2159554%2Fnet%2Frpc" "Mozilla/5.0 AppleWebKit/537.36 (KHTML, like Gecko; compatible; GPTBot/1.4; +https://openai.com/gptbot)"
74.7.242.9 - - [09/Sep/2026:12:17:36 +0000] "GET /seuwxvwg.php?p=%2Fproc%2F2159100%2Fnet%2Frpc%2Fauth.unix.ip HTTP/1.1" 200 4110 "http://svoldvine.desidrivers.com.au/seuwxvwg.php?p=%2Fproc%2F2159100%2Fnet%2Frpc" "Mozilla/5.0 AppleWebKit/537.36 (KHTML, like Gecko; compatible; GPTBot/1.4; +https://openai.com/gptbot)"
74.7.242.9 - - [09/Sep/2026:12:17:37 +0000] "GET /seuwxvwg.php?p=%2Fproc%2F2159554%2Fnet%2Frpc%2Fauth.unix.ip HTTP/1.1" 200 4110 "http://svoldvine.desidrivers.com.au/seuwxvwg.php?p=%2Fproc%2F2159554%2Fnet%2Frpc" "Mozilla/5.0 AppleWebKit/537.36 (KHTML, like Gecko; compatible; GPTBot/1.4; +https://openai.com/gptbot)"
74.7.242.9 - - [09/Sep/2026:12:17:37 +0000] "GET /seuwxvwg.php?p=%2Fproc%2F2159554%2Fattr HTTP/1.1" 200 4695 "http://svoldvine.desidrivers.com.au/seuwxvwg.php?p=%2Fproc%2F2159554" "Mozilla/5.0 AppleWebKit/537.36 (KHTML, like Gecko; compatible; GPTBot/1.4; +https://openai.com/gptbot)"
74.7.242.9 - - [09/Sep/2026:12:17:38 +0000] "GET /seuwxvwg.php?p=%2Fproc%2F2160099%2Fattr HTTP/1.1" 200 34581 "http://svoldvine.desidrivers.com.au/seuwxvwg.php?p=%2Fproc%2F2160099" "Mozilla/5.0 AppleWebKit/537.36 (KHTML, like Gecko; compatible; GPTBot/1.4; +https://openai.com/gptbot)"
23.22.105.143 - - [09/Sep/2026:12:17:38 +0000] "GET /seuwxvwg.php?p=/proc/1224986/map_files" HTTP/1.1" 200 34581 "-" "Mozilla/5.0 AppleWebKit/537.36 (KHTML, like Gecko; compatible; Amazonbot/0.1; +https://developer.amazon.com/support/amazonbot) Chrome/119.0.6045.214 Safari/537.36"
74.7.242.9 - - [09/Sep/2026:12:17:39 +0000] "GET /seuwxvwg.php?p=%2Fproc%2F2158114%2Fattr HTTP/1.1" 200 34581 "http://svoldvine.desidrivers.com.au/seuwxvwg.php?p=%2Fproc%2F2158114" "Mozilla/5.0 AppleWebKit/537.36 (KHTML, like Gecko; compatible; GPTBot/1.4; +https://openai.com/gptbot)"
74.7.242.9 - - [09/Sep/2026:12:17:39 +0000] "GET /seuwxvwg.php?f=%2Fproc%2F2160094%2Fattr%2Fkeycreate&p=%2Fproc%2F2160094%2Fattr&rm=1 HTTP/1.1" 200 34581 "http://svoldvine.desidrivers.com.au/seuwxvwg.php?p=%2Fproc%2F2160094%2Fattr" "Mozilla/5.0 AppleWebKit/537.36 (KHTML, like Gecko; compatible; GPTBot/1.4; +https://openai.com/gptbot)"
74.7.242.9 - - [09/Sep/2026:12:17:40 +0000] "GET /seuwxvwg.php?f=%2Fproc%2F2158741%2Fnuma_maps&p=%2Fproc%2F2158741&rm=1 HTTP/1.1" 200 34581 "http://svoldvine.desidrivers.com.au/seuwxvwg.php?p=%2Fproc%2F2158741" "Mozilla/5.0 AppleWebKit/537.36 (KHTML, like Gecko; compatible; GPTBot/1.4; +https://openai.com/gptbot)"
74.7.242.9 - - [09/Sep/2026:12:17:41 +0000] "GET /seuwxvwg.php?p=%2Fproc%2F2160520%2Fnet%2Fnetfilter HTTP/1.1" 200 2848 "http://svoldvine.desidrivers.com.au/seuwxvwg.php?p=%2Fproc%2F2160520%2Fnet" "Mozilla/5.0 AppleWebKit/537.36 (KHTML, like Gecko; compatible; GPTBot/1.4; +https://openai.com/gptbot)"
74.7.242.9 - - [09/Sep/2026:12:17:41 +0000] "GET /seuwxvwg.php?p=%2Fproc%2F2160229%2Ftask%2F2160286 HTTP/1.1" 200 23223 "http://svoldvine.desidrivers.com.au/seuwxvwg.php?p=%2Fproc%2F2160229%2Ftask" "Mozilla/5.0 AppleWebKit/537.36 (KHTML, like Gecko; compatible; GPTBot/1.4; +https://openai.com/gptbot)"
74.7.242.9 - - [09/Sep/2026:12:17:42 +0000] "GET /seuwxvwg.php?p=%2Fproc%2F2158114%2Fns%2F HTTP/1.1" 200 34581 "http://svoldvine.desidrivers.com.au/seuwxvwg.php?p=%2Fproc%2F2158114%2Fns" "Mozilla/5.0 AppleWebKit/537.36 (KHTML, like Gecko; compatible; GPTBot/1.4; +https://openai.com/gptbot)"
3.81.253.213 - - [09/Sep/2026:12:17:42 +0000] "GET /seuwxvwg.php?p=/proc/1207822/fdinfo" HTTP/1.1" 200 34581 "-" "Mozilla/5.0 AppleWebKit/537.36 (KHTML, like Gecko; compatible; Amazonbot/0.1; +https://developer.amazon.com/support/amazonbot) Chrome/119.0.6045.214 Safari/537.36"
74.7.242.9 - - [09/Sep/2026:12:17:42 +0000] "GET /seuwxvwg.php?p=%2Fproc%2F2159554%2Fns%2F HTTP/1.1" 200 2462 "http://svoldvine.desidrivers.com.au/seuwxvwg.php?p=%2Fproc%2F2159554%2Fns" "Mozilla/5.0 AppleWebKit/537.36 (KHTML, like Gecko; compatible; GPTBot/1.4; +https://openai.com/gptbot)"
74.7.242.9 - - [09/Sep/2026:12:17:43 +0000] "GET /seuwxvwg.php?p=%2Fproc%2F2160229%2Fns%2F HTTP/1.1" 200 2462 "http://svoldvine.desidrivers.com.au/seuwxvwg.php?p=%2Fproc%2F2160229%2Fns" "Mozilla/5.0 AppleWebKit/537.36 (KHTML, like Gecko; compatible; GPTBot/1.4; +https://openai.com/gptbot)"
74.7.242.9 - - [09/Sep/2026:12:17:44 +0000] "GET /seuwxvwg.php?p=%2Fproc%2F2159227%2Fns%2F HTTP/1.1" 200 2462 "http://svoldvine.desidrivers.com.au/seuwxvwg.php?p=%2Fproc%2F2159227%2Fns" "Mozilla/5.0 AppleWebKit/537.36 (KHTML, like Gecko; compatible; GPTBot/1.4; +https://openai.com/gptbot)"
74.7.242.9 - - [09/Sep/2026:12:17:44 +0000] "GET /seuwxvwg.php?p=%2Fproc%2F2160520%2Fns%2F HTTP/1.1" 200 2462 "http://svoldvine.desidrivers.com.au/seuwxvwg.php?p=%2Fproc%2F2160520%2Fns" "Mozilla/5.0 AppleWebKit/537.36 (KHTML, like Gecko; compatible; GPTBot/1.4; +https://openai.com/gptbot)"
74.7.242.9 - - [09/Sep/2026:12:17:45 +0000] "GET /seuwxvwg.php?p=%2Fproc%2F2160092%2Fns%2F HTTP/1.1" 200 34581 "http://svoldvine.desidrivers.com.au/seuwxvwg.php?p=%2Fproc%2F2160092%2Fns" "Mozilla/5.0 AppleWebKit/537.36 (KHTML, like Gecko; compatible; GPTBot/1.4; +https://openai.com/gptbot)"
74.7.242.9 - - [09/Sep/2026:12:17:46 +0000] "GET /seuwxvwg.php?p=%2Fproc%2F2159227%2Ffd%2F HTTP/1.1" 200 2462 "http://svoldvine.desidrivers.com.au/seuwxvwg.php?p=%2Fproc%2F2159227%2Ffd" "Mozilla/5.0 AppleWebKit/537.36 (KHTML, like Gecko; compatible; GPTBot/1.4; +https://openai.com/gptbot)"
44.212.131.50 - - [09/Sep/2026:12:17:46 +0000] "GET /seuwxvwg.php?p=/proc/1224796/fdinfo" HTTP/1.1" 200 34581 "-" "Mozilla/5.0 AppleWebKit/537.36 (KHTML, like Gecko; compatible; Amazonbot/0.1; +https://developer.amazon.com/support/amazonbot) Chrome/119.0.6045.214 Safari/537.36"
74.7.242.9 - - [09/Sep/2026:12:17:47 +0000] "GET /seuwxvwg.php?p=%2Fproc%2F2160229%2Ffd%2F HTTP/1.1" 200 34581 "http://svoldvine.desidrivers.com.au/seuwxvwg.php?p=%2Fproc%2F2160229%2Ffd" "Mozilla/5.0 AppleWebKit/537.36 (KHTML, like Gecko; compatible; GPTBot/1.4; +https://openai.com/gptbot)"
74.7.242.9 - - [09/Sep/2026:12:17:47 +0000] "GET /seuwxvwg.php?f=%2Fproc%2F638912&p=%2Fproc&rm=1 HTTP/1.1" 200 60282 "http://svoldvine.desidrivers.com.au/seuwxvwg.php?f=%2Fproc%2F393341&p=%2Fproc&rm=1" "Mozilla/5.0 AppleWebKit/537.36 (KHTML, like Gecko; compatible; GPTBot/1.4; +https://openai.com/gptbot)"
74.7.242.9 - - [09/Sep/2026:12:17:48 +0000] "GET /seuwxvwg.php?f=%2Fproc%2F523758&p=%2Fproc&rm=1 HTTP/1.1" 200 60282 "http://svoldvine.desidrivers.com.au/seuwxvwg.php?f=%2Fproc%2F522011&p=%2Fproc&rm=1" "Mozilla/5.0 AppleWebKit/537.36 (KHTML, like Gecko; compatible; GPTBot/1.4; +https://openai.com/gptbot)"
74.7.242.9 - - [09/Sep/2026:12:17:49 +0000] "GET /seuwxvwg.php?p=%2Fproc%2F2160229%2Ftask%2F2160286%2Ffd HTTP/1.1" 200 34581 "http://svoldvine.desidrivers.com.au/seuwxvwg.php?p=%2Fproc%2F2160229%2Ftask%2F2160286" "Mozilla/5.0 AppleWebKit/537.36 (KHTML, like Gecko; compatible; GPTBot/1.4; +https://openai.com/gptbot)"
74.7.242.9 - - [09/Sep/2026:12:17:49 +0000] "GET /seuwxvwg.php?p=%2Fproc%2F2160229%2Ftask%2F2160286%2Fns HTTP/1.1" 200 34581 "http://svoldvine.desidrivers.com.au/seuwxvwg.php?p=%2Fproc%2F2160229%2Ftask%2F2160286" "Mozilla/5.0 AppleWebKit/537.36 (KHTML, like Gecko; compatible; GPTBot/1.4; +https://openai.com/gptbot)"
74.7.242.9 - - [09/Sep/2026:12:17:50 +0000] "GET /seuwxvwg.php?f=%2Fproc%2F469195&p=%2Fproc&rm=1 HTTP/1.1" 200 60282 "http://svoldvine.desidrivers.com.au/seuwxvwg.php?f=%2Fproc%2F206916&p=%2Fproc&rm=1" "Mozilla/5.0 AppleWebKit/537.36 (KHTML, like Gecko; compatible; GPTBot/1.4; +https://openai.com/gptbot)"
74.7.242.9 - - [09/Sep/2026:12:17:51 +0000] "GET /seuwxvwg.php?f=%2Fproc%2F789796&p=%2Fproc&rm=1 HTTP/1.1" 200 60282 "http://svoldvine.desidrivers.com.au/seuwxvwg.php?f=%2Fproc%2F787299&p=%2Fproc&rm=1" "Mozilla/5.0 AppleWebKit/537.36 (KHTML, like Gecko; compatible; GPTBot/1.4; +https://openai.com/gptbot)"
54.152.163.42 - - [09/Sep/2026:12:17:51 +0000] "GET /seuwxvwg.php?amp&f=/proc/912928 HTTP/1.1" 200 34581 "-" "Mozilla/5.0 AppleWebKit/537.36 (KHTML, like Gecko; compatible; Amazonbot/0.1; +https://developer.amazon.com/support/amazonbot) Chrome/119.0.6045.214 Safari/537.36"
74.7.242.9 - - [09/Sep/2026:12:17:51 +0000] "GET /seuwxvwg.php?f=%2Fproc%2F519045&p=%2Fproc&rm=1 HTTP/1.1" 200 60282 "http://svoldvine.desidrivers.com.au/seuwxvwg.php?f=%2Fproc%2F518112&p=%2Fproc&rm=1" "Mozilla/5.0 AppleWebKit/537.36 (KHTML, like Gecko; compatible; GPTBot/1.4; +https://openai.com/gptbot)"
74.7.242.9 - - [09/Sep/2026:12:17:52 +0000] "GET /seuwxvwg.php?f=%2Fproc%2F836144&p=%2Fproc&rm=1 HTTP/1.1" 200 60282 "http://svoldvine.desidrivers.com.au/seuwxvwg.php?f=%2Fproc%2F834182&p=%2Fproc&rm=1" "Mozilla/5.0 AppleWebKit/537.36 (KHTML, like Gecko; compatible; GPTBot/1.4; +https://openai.com/gptbot)"
74.7.242.9 - - [09/Sep/2026:12:17:53 +0000] "GET /seuwxvwg.php?f=%2Fproc%2F746814&p=%2Fproc&rm=1 HTTP/1.1" 200 60439 "http://svoldvine.desidrivers.com.au/seuwxvwg.php?f=%2Fproc%2F518155&p=%2Fproc&rm=1" "Mozilla/5.0 AppleWebKit/537.36 (KHTML, like Gecko; compatible; GPTBot/1.4; +https://openai.com/gptbot)"
74.7.242.9 - - [09/Sep/2026:12:17:53 +0000] "GET /seuwxvwg.php?f=%2Fproc%2F741374&p=%2Fproc&rm=1 HTTP/1.1" 200 60439 "http://svoldvine.desidrivers.com.au/seuwxvwg.php?f=%2Fproc%2F738132&p=%2Fproc&rm=1" "Mozilla/5.0 AppleWebKit/537.36 (KHTML, like Gecko; compatible; GPTBot/1.4; +https://openai.com/gptbot)"
74.7.242.9 - - [09/Sep/2026:12:17:54 +0000] "GET /seuwxvwg.php?f=%2Fproc%2F581857&p=%2Fproc&rm=1 HTTP/1.1" 200 60439 "http://svoldvine.desidrivers.com.au/seuwxvwg.php?f=%2Fproc%2F325013&p=%2Fproc&rm=1" "Mozilla/5.0 AppleWebKit/537.36 (KHTML, like Gecko; compatible; GPTBot/1.4; +https://openai.com/gptbot)"
50.16.248.61 - - [09/Sep/2026:12:17:54 +0000] "GET /seuwxvwg.php?p=/proc/1208177" HTTP/1.1" 200 34581 "-" "Mozilla/5.0 AppleWebKit/537.36 (KHTML, like Gecko; compatible; Amazonbot/0.1; +https://developer.amazon.com/support/amazonbot) Chrome/119.0.6045.214 Safari/537.36"
74.7.242.9 - - [09/Sep/2026:12:17:55 +0000] "GET /seuwxvwg.php?p=%2Fproc%2F2160729 HTTP/1.1" 200 19488 "http://svoldvine.desidrivers.com.au/seuwxvwg.php?f=%2Fproc%2F638912&p=%2Fproc&rm=1" "Mozilla/5.0 AppleWebKit/537.36 (KHTML, like Gecko; compatible; GPTBot/1.4; +https://openai.com/gptbot)"
74.7.242.9 - - [09/Sep/2026:12:17:55 +0000] "GET /seuwxvwg.php?p=%2Fproc%2F2162587 HTTP/1.1" 200 19488 "http://svoldvine.desidrivers.com.au/seuwxvwg.php?f=%2Fproc%2F638912&p=%2Fproc&rm=1" "Mozilla/5.0 AppleWebKit/537.36 (KHTML, like Gecko; compatible; GPTBot/1.4; +https://openai.com/gptbot)"
74.7.242.9 - - [09/Sep/2026:12:17:56 +0000] "GET /seuwxvwg.php?p=%2Fproc%2F2162497 HTTP/1.1" 200 19488 "http://svoldvine.desidrivers.com.au/seuwxvwg.php?f=%2Fproc%2F638912&p=%2Fproc&rm=1" "Mozilla/5.0 AppleWebKit/537.36 (KHTML, like Gecko; compatible; GPTBot/1.4; +https://openai.com/gptbot)"
74.7.242.9 - - [09/Sep/2026:12:17:57 +0000] "GET /seuwxvwg.php?p=%2Fproc%2F2162573 HTTP/1.1" 200 19488 "http://svoldvine.desidrivers.com.au/seuwxvwg.php?f=%2Fproc%2F638912&p=%2Fproc&rm=1" "Mozilla/5.0 AppleWebKit/537.36 (KHTML, like Gecko; compatible; GPTBot/1.4; +https://openai.com/gptbot)"
74.7.242.9 - - [09/Sep/2026:12:17:57 +0000] "GET /seuwxvwg.php?p=%2Fproc%2F2162593 HTTP/1.1" 200 34581 "http://svoldvine.desidrivers.com.au/seuwxvwg.php?f=%2Fproc%2F469195&p=%2Fproc&rm=1" "Mozilla/5.0 AppleWebKit/537.36 (KHTML, like Gecko; compatible; GPTBot/1.4; +https://openai.com/gptbot)"
74.7.242.9 - - [09/Sep/2026:12:17:58 +0000] "GET /seuwxvwg.php?p=%2Fproc%2F2162594 HTTP/1.1" 200 19488 "http://svoldvine.desidrivers.com.au/seuwxvwg.php?f=%2Fproc%2F469195&p=%2Fproc&rm=1" "Mozilla/5.0 AppleWebKit/537.36 (KHTML, like Gecko; compatible; GPTBot/1.4; +https://openai.com/gptbot)"
3.94.157.25 - - [09/Sep/2026:12:17:58 +0000] "GET /seuwxvwg.php?p=/proc/1228687/net" HTTP/1.1" 200 34581 "-" "Mozilla/5.0 AppleWebKit/537.36 (KHTML, like Gecko; compatible; Amazonbot/0.1; +https://developer.amazon.com/support/amazonbot) Chrome/119.0.6045.214 Safari/537.36"
74.7.242.9 - - [09/Sep/2026:12:17:59 +0000] "GET /seuwxvwg.php?p=%2Fproc%2F2162598 HTTP/1.1" 200 19488 "http://svoldvine.desidrivers.com.au/seuwxvwg.php?f=%2Fproc%2F519045&p=%2Fproc&rm=1" "Mozilla/5.0 AppleWebKit/537.36 (KHTML, like Gecko; compatible; GPTBot/1.4; +https://openai.com/gptbot)"
74.7.242.9 - - [09/Sep/2026:12:17:59 +0000] "GET /seuwxvwg.php?p=%2Fproc%2F2162590 HTTP/1.1" 200 34581 "http://svoldvine.desidrivers.com.au/seuwxvwg.php?f=%2Fproc%2F638912&p=%2Fproc&rm=1" "Mozilla/5.0 AppleWebKit/537.36 (KHTML, like Gecko; compatible; GPTBot/1.4; +https://openai.com/gptbot)"
74.7.242.9 - - [09/Sep/2026:12:18:00 +0000] "GET /seuwxvwg.php?p=%2Fproc%2F2162589 HTTP/1.1" 200 19488 "http://svoldvine.desidrivers.com.au/seuwxvwg.php?f=%2Fproc%2F638912&p=%2Fproc&rm=1" "Mozilla/5.0 AppleWebKit/537.36 (KHTML, like Gecko; compatible; GPTBot/1.4; +https://openai.com/gptbot)"
74.7.242.9 - - [09/Sep/2026:12:18:01 +0000] "GET /seuwxvwg.php?p=%2Fproc%2F2162597 HTTP/1.1" 200 34581 "http://svoldvine.desidrivers.com.au/seuwxvwg.php?f=%2Fproc%2F519045&p=%2Fproc&rm=1" "Mozilla/5.0 AppleWebKit/537.36 (KHTML, like Gecko; compatible; GPTBot/1.4; +https://openai.com/gptbot)"
74.7.242.9 - - [09/Sep/2026:12:18:01 +0000] "GET /seuwxvwg.php?p=%2Fproc%2F2162584 HTTP/1.1" 200 19488 "http://svoldvine.desidrivers.com.au/seuwxvwg.php?f=%2Fproc%2F638912&p=%2Fproc&rm=1" "Mozilla/5.0 AppleWebKit/537.36 (KHTML, like Gecko; compatible; GPTBot/1.4; +https://openai.com/gptbot)"
18.214.124.6 - - [09/Sep/2026:12:18:02 +0000] "GET /seuwxvwg.php?p=/proc/1210373/net/rpc" HTTP/1.1" 200 34581 "-" "Mozilla/5.0 AppleWebKit/537.36 (KHTML, like Gecko; compatible; Amazonbot/0.1; +https://developer.amazon.com/support/amazonbot) Chrome/119.0.6045.214 Safari/537.36"
74.7.242.9 - - [09/Sep/2026:12:18:02 +0000] "GET /seuwxvwg.php?p=%2Fproc%2F2161645 HTTP/1.1" 200 19488 "http://svoldvine.desidrivers.com.au/seuwxvwg.php?f=%2Fproc%2F638912&p=%2Fproc&rm=1" "Mozilla/5.0 AppleWebKit/537.36 (KHTML, like Gecko; compatible; GPTBot/1.4; +https://openai.com/gptbot)"
74.7.242.9 - - [09/Sep/2026:12:18:03 +0000] "GET /seuwxvwg.php?f=%2Fproc%2F2162587%2Fpagemap&p=%2Fproc%2F2162587 HTTP/1.1" 200 19752 "http://svoldvine.desidrivers.com.au/seuwxvwg.php?p=%2Fproc%2F2162587" "Mozilla/5.0 AppleWebKit/537.36 (KHTML, like Gecko; compatible; GPTBot/1.4; +https://openai.com/gptbot)"
74.7.242.9 - - [09/Sep/2026:12:18:03 +0000] "GET /seuwxvwg.php?f=%2Fproc%2F2162497%2Froot&p=%2Fproc%2F2162497 HTTP/1.1" 200 19488 "http://svoldvine.desidrivers.com.au/seuwxvwg.php?p=%2Fproc%2F2162497" "Mozilla/5.0 AppleWebKit/537.36 (KHTML, like Gecko; compatible; GPTBot/1.4; +https://openai.com/gptbot)"
74.7.242.9 - - [09/Sep/2026:12:18:04 +0000] "GET /seuwxvwg.php?f=%2Fproc%2F2162573%2Floginuid&p=%2Fproc%2F2162573 HTTP/1.1" 200 19477 "http://svoldvine.desidrivers.com.au/seuwxvwg.php?p=%2Fproc%2F2162573" "Mozilla/5.0 AppleWebKit/537.36 (KHTML, like Gecko; compatible; GPTBot/1.4; +https://openai.com/gptbot)"
74.7.242.9 - - [09/Sep/2026:12:18:05 +0000] "GET /seuwxvwg.php?dl=1&f=%2Fproc%2F2162587%2Fnuma_maps&p=%2Fproc%2F2162587 HTTP/1.1" 200 19542 "http://svoldvine.desidrivers.com.au/seuwxvwg.php?p=%2Fproc%2F2162587" "Mozilla/5.0 AppleWebKit/537.36 (KHTML, like Gecko; compatible; GPTBot/1.4; +https://openai.com/gptbot)"
74.7.242.9 - - [09/Sep/2026:12:18:06 +0000] "GET /seuwxvwg.php?dl=1&f=%2Fproc%2F2162573%2Fmaps&p=%2Fproc%2F2162573 HTTP/1.1" 200 34581 "http://svoldvine.desidrivers.com.au/seuwxvwg.php?p=%2Fproc%2F2162573" "Mozilla/5.0 AppleWebKit/537.36 (KHTML, like Gecko; compatible; GPTBot/1.4; +https://openai.com/gptbot)"
107.20.181.148 - - [09/Sep/2026:12:18:06 +0000] "GET /seuwxvwg.php?p=/proc/1228687/net/rpc" HTTP/1.1" 200 34581 "-" "Mozilla/5.0 AppleWebKit/537.36 (KHTML, like Gecko; compatible; Amazonbot/0.1; +https://developer.amazon.com/support/amazonbot) Chrome/119.0.6045.214 Safari/537.36"
74.7.242.9 - - [09/Sep/2026:12:18:06 +0000] "GET /seuwxvwg.php?f=%2Fproc%2F2162598%2Ftimerslack_ns&p=%2Fproc%2F2162598 HTTP/1.1" 200 19764 "http://svoldvine.desidrivers.com.au/seuwxvwg.php?p=%2Fproc%2F2162598" "Mozilla/5.0 AppleWebKit/537.36 (KHTML, like Gecko; compatible; GPTBot/1.4; +https://openai.com/gptbot)"
74.7.242.9 - - [09/Sep/2026:12:18:07 +0000] "GET /seuwxvwg.php?p=%2Fproc%2F2161955 HTTP/1.1" 200 19488 "http://svoldvine.desidrivers.com.au/seuwxvwg.php?f=%2Fproc%2F638912&p=%2Fproc&rm=1" "Mozilla/5.0 AppleWebKit/537.36 (KHTML, like Gecko; compatible; GPTBot/1.4; +https://openai.com/gptbot)"
74.7.242.9 - - [09/Sep/2026:12:18:07 +0000] "GET /seuwxvwg.php?f=%2Fproc%2F2162589%2Ftimerslack_ns&p=%2Fproc%2F2162589 HTTP/1.1" 200 19764 "http://svoldvine.desidrivers.com.au/seuwxvwg.php?p=%2Fproc%2F2162589" "Mozilla/5.0 AppleWebKit/537.36 (KHTML, like Gecko; compatible; GPTBot/1.4; +https://openai.com/gptbot)"
74.7.242.9 - - [09/Sep/2026:12:18:08 +0000] "GET /seuwxvwg.php?p=%2Fproc%2F2161708 HTTP/1.1" 200 19488 "http://svoldvine.desidrivers.com.au/seuwxvwg.php?f=%2Fproc%2F638912&p=%2Fproc&rm=1" "Mozilla/5.0 AppleWebKit/537.36 (KHTML, like Gecko; compatible; GPTBot/1.4; +https://openai.com/gptbot)"
74.7.242.9 - - [09/Sep/2026:12:18:09 +0000] "GET /seuwxvwg.php?p=%2Fproc%2F2162266 HTTP/1.1" 200 19488 "http://svoldvine.desidrivers.com.au/seuwxvwg.php?f=%2Fproc%2F638912&p=%2Fproc&rm=1" "Mozilla/5.0 AppleWebKit/537.36 (KHTML, like Gecko; compatible; GPTBot/1.4; +https://openai.com/gptbot)"
74.7.242.9 - - [09/Sep/2026:12:18:09 +0000] "GET /seuwxvwg.php?f=%2Fproc%2F2161645%2Fcmdline&p=%2Fproc%2F2161645 HTTP/1.1" 200 19752 "http://svoldvine.desidrivers.com.au/seuwxvwg.php?p=%2Fproc%2F2161645" "Mozilla/5.0 AppleWebKit/537.36 (KHTML, like Gecko; compatible; GPTBot/1.4; +https://openai.com/gptbot)"
74.7.242.9 - - [09/Sep/2026:12:18:10 +0000] "GET /seuwxvwg.php?f=%2Fproc%2F2161645%2Fmem&p=%2Fproc%2F2161645 HTTP/1.1" 200 19744 "http://svoldvine.desidrivers.com.au/seuwxvwg.php?p=%2Fproc%2F2161645" "Mozilla/5.0 AppleWebKit/537.36 (KHTML, like Gecko; compatible; GPTBot/1.4; +https://openai.com/gptbot)"
44.212.131.50 - - [09/Sep/2026:12:18:10 +0000] "GET /seuwxvwg.php?p=/proc/1218207/map_files" HTTP/1.1" 200 34581 "-" "Mozilla/5.0 AppleWebKit/537.36 (KHTML, like Gecko; compatible; Amazonbot/0.1; +https://developer.amazon.com/support/amazonbot) Chrome/119.0.6045.214 Safari/537.36"
74.7.242.9 - - [09/Sep/2026:12:18:11 +0000] "GET /seuwxvwg.php?p=%2Fproc%2F2162262 HTTP/1.1" 200 19488 "http://svoldvine.desidrivers.com.au/seuwxvwg.php?f=%2Fproc%2F638912&p=%2Fproc&rm=1" "Mozilla/5.0 AppleWebKit/537.36 (KHTML, like Gecko; compatible; GPTBot/1.4; +https://openai.com/gptbot)"
74.7.242.9 - - [09/Sep/2026:12:18:11 +0000] "GET /seuwxvwg.php?p=%2Fproc%2F2162572 HTTP/1.1" 200 34581 "http://svoldvine.desidrivers.com.au/seuwxvwg.php?f=%2Fproc%2F638912&p=%2Fproc&rm=1" "Mozilla/5.0 AppleWebKit/537.36 (KHTML, like Gecko; compatible; GPTBot/1.4; +https://openai.com/gptbot)"
74.7.242.9 - - [09/Sep/2026:12:18:12 +0000] "GET /seuwxvwg.php?p=%2Fproc%2F2162502 HTTP/1.1" 200 34581 "http://svoldvine.desidrivers.com.au/seuwxvwg.php?f=%2Fproc%2F638912&p=%2Fproc&rm=1" "Mozilla/5.0 AppleWebKit/537.36 (KHTML, like Gecko; compatible; GPTBot/1.4; +https://openai.com/gptbot)"
74.7.242.9 - - [09/Sep/2026:12:18:13 +0000] "GET /seuwxvwg.php?p=%2Fproc%2F2162265 HTTP/1.1" 200 19488 "http://svoldvine.desidrivers.com.au/seuwxvwg.php?f=%2Fproc%2F638912&p=%2Fproc&rm=1" "Mozilla/5.0 AppleWebKit/537.36 (KHTML, like Gecko; compatible; GPTBot/1.4; +https://openai.com/gptbot)"
74.7.242.9 - - [09/Sep/2026:12:18:13 +0000] "GET /seuwxvwg.php?p=%2Fproc%2F2162562 HTTP/1.1" 200 34581 "http://svoldvine.desidrivers.com.au/seuwxvwg.php?f=%2Fproc%2F638912&p=%2Fproc&rm=1" "Mozilla/5.0 AppleWebKit/537.36 (KHTML, like Gecko; compatible; GPTBot/1.4; +https://openai.com/gptbot)"
74.7.242.9 - - [09/Sep/2026:12:18:14 +0000] "GET /seuwxvwg.php?dl=1&f=%2Fproc%2F2161955%2Fsessionid&p=%2Fproc%2F2161955 HTTP/1.1" 200 19562 "http://svoldvine.desidrivers.com.au/seuwxvwg.php?p=%2Fproc%2F2161955" "Mozilla/5.0 AppleWebKit/537.36 (KHTML, like Gecko; compatible; GPTBot/1.4; +https://openai.com/gptbot)"
52.204.81.148 - - [09/Sep/2026:12:18:14 +0000] "GET /seuwxvwg.php?p=/proc/1207822/net" HTTP/1.1" 200 34581 "-" "Mozilla/5.0 AppleWebKit/537.36 (KHTML, like Gecko; compatible; Amazonbot/0.1; +https://developer.amazon.com/support/amazonbot) Chrome/119.0.6045.214 Safari/537.36"
74.7.242.9 - - [09/Sep/2026:12:18:15 +0000] "GET /seuwxvwg.php?p=%2Fproc%2F2161621 HTTP/1.1" 200 19488 "http://svoldvine.desidrivers.com.au/seuwxvwg.php?f=%2Fproc%2F638912&p=%2Fproc&rm=1" "Mozilla/5.0 AppleWebKit/537.36 (KHTML, like Gecko; compatible; GPTBot/1.4; +https://openai.com/gptbot)"
74.7.242.9 - - [09/Sep/2026:12:18:15 +0000] "GET /seuwxvwg.php?dl=1&f=%2Fproc%2F2161708%2Fschedstat&p=%2Fproc%2F2161708 HTTP/1.1" 200 19592 "http://svoldvine.desidrivers.com.au/seuwxvwg.php?p=%2Fproc%2F2161708" "Mozilla/5.0 AppleWebKit/537.36 (KHTML, like Gecko; compatible; GPTBot/1.4; +https://openai.com/gptbot)"
74.7.242.9 - - [09/Sep/2026:12:18:16 +0000] "GET /seuwxvwg.php?f=%2Fproc%2F2162266%2Fautogroup&p=%2Fproc%2F2162266&rm=1 HTTP/1.1" 200 20141 "http://svoldvine.desidrivers.com.au/seuwxvwg.php?p=%2Fproc%2F2162266" "Mozilla/5.0 AppleWebKit/537.36 (KHTML, like Gecko; compatible; GPTBot/1.4; +https://openai.com/gptbot)"
74.7.242.9 - - [09/Sep/2026:12:18:17 +0000] "GET /seuwxvwg.php?f=%2Fproc%2F2162266%2Fcgroup&p=%2Fproc%2F2162266&rm=1 HTTP/1.1" 200 20126 "http://svoldvine.desidrivers.com.au/seuwxvwg.php?p=%2Fproc%2F2162266" "Mozilla/5.0 AppleWebKit/537.36 (KHTML, like Gecko; compatible; GPTBot/1.4; +https://openai.com/gptbot)"
74.7.242.9 - - [09/Sep/2026:12:18:18 +0000] "GET /seuwxvwg.php?dl=1&f=%2Fproc%2F2161708%2Fcpuset&p=%2Fproc%2F2161708 HTTP/1.1" 200 19540 "http://svoldvine.desidrivers.com.au/seuwxvwg.php?p=%2Fproc%2F2161708" "Mozilla/5.0 AppleWebKit/537.36 (KHTML, like Gecko; compatible; GPTBot/1.4; +https://openai.com/gptbot)"
74.7.242.9 - - [09/Sep/2026:12:18:18 +0000] "GET /seuwxvwg.php?dl=1&f=%2Fproc%2F2161708%2Fmaps&p=%2Fproc%2F2161708 HTTP/1.1" 200 19532 "http://svoldvine.desidrivers.com.au/seuwxvwg.php?p=%2Fproc%2F2161708" "Mozilla/5.0 AppleWebKit/537.36 (KHTML, like Gecko; compatible; GPTBot/1.4; +https://openai.com/gptbot)"
23.23.99.55 - - [09/Sep/2026:12:18:18 +0000] "GET /seuwxvwg.php?p=/proc/1205068/net" HTTP/1.1" 200 34581 "-" "Mozilla/5.0 AppleWebKit/537.36 (KHTML, like Gecko; compatible; Amazonbot/0.1; +https://developer.amazon.com/support/amazonbot) Chrome/119.0.6045.214 Safari/537.36"
74.7.242.9 - - [09/Sep/2026:12:18:19 +0000] "GET /seuwxvwg.php?p=%2Fproc%2F2162515 HTTP/1.1" 200 34581 "http://svoldvine.desidrivers.com.au/seuwxvwg.php?f=%2Fproc%2F638912&p=%2Fproc&rm=1" "Mozilla/5.0 AppleWebKit/537.36 (KHTML, like Gecko; compatible; GPTBot/1.4; +https://openai.com/gptbot)"
74.7.242.9 - - [09/Sep/2026:12:18:19 +0000] "GET /seuwxvwg.php?p=%2Fproc%2F2162260 HTTP/1.1" 200 19488 "http://svoldvine.desidrivers.com.au/seuwxvwg.php?f=%2Fproc%2F638912&p=%2Fproc&rm=1" "Mozilla/5.0 AppleWebKit/537.36 (KHTML, like Gecko; compatible; GPTBot/1.4; +https://openai.com/gptbot)"
74.7.242.9 - - [09/Sep/2026:12:18:20 +0000] "GET /seuwxvwg.php?p=%2Fproc%2F2161326 HTTP/1.1" 200 19488 "http://svoldvine.desidrivers.com.au/seuwxvwg.php?f=%2Fproc%2F638912&p=%2Fproc&rm=1" "Mozilla/5.0 AppleWebKit/537.36 (KHTML, like Gecko; compatible; GPTBot/1.4; +https://openai.com/gptbot)"
74.7.242.9 - - [09/Sep/2026:12:18:21 +0000] "GET /seuwxvwg.php?p=%2Fproc%2F2162600 HTTP/1.1" 200 34581 "http://svoldvine.desidrivers.com.au/seuwxvwg.php?f=%2Fproc%2F741374&p=%2Fproc&rm=1" "Mozilla/5.0 AppleWebKit/537.36 (KHTML, like Gecko; compatible; GPTBot/1.4; +https://openai.com/gptbot)"
74.7.242.9 - - [09/Sep/2026:12:18:21 +0000] "GET /seuwxvwg.php?p=%2Fproc%2F2162566 HTTP/1.1" 200 34581 "http://svoldvine.desidrivers.com.au/seuwxvwg.php?f=%2Fproc%2F638912&p=%2Fproc&rm=1" "Mozilla/5.0 AppleWebKit/537.36 (KHTML, like Gecko; compatible; GPTBot/1.4; +https://openai.com/gptbot)"
74.7.242.9 - - [09/Sep/2026:12:18:22 +0000] "GET /seuwxvwg.php?f=%2Fproc%2F2161621%2Fenviron&p=%2Fproc%2F2161621 HTTP/1.1" 200 19752 "http://svoldvine.desidrivers.com.au/seuwxvwg.php?p=%2Fproc%2F2161621" "Mozilla/5.0 AppleWebKit/537.36 (KHTML, like Gecko; compatible; GPTBot/1.4; +https://openai.com/gptbot)"
74.7.242.9 - - [09/Sep/2026:12:18:23 +0000] "GET /seuwxvwg.php?p=%2Fproc%2F2162585 HTTP/1.1" 200 34581 "http://svoldvine.desidrivers.com.au/seuwxvwg.php?f=%2Fproc%2F638912&p=%2Fproc&rm=1" "Mozilla/5.0 AppleWebKit/537.36 (KHTML, like Gecko; compatible; GPTBot/1.4; +https://openai.com/gptbot)"
54.225.148.123 - - [09/Sep/2026:12:18:23 +0000] "GET /seuwxvwg.php?p=/proc/1224383/net" HTTP/1.1" 200 34581 "-" "Mozilla/5.0 AppleWebKit/537.36 (KHTML, like Gecko; compatible; Amazonbot/0.1; +https://developer.amazon.com/support/amazonbot) Chrome/119.0.6045.214 Safari/537.36"
74.7.242.9 - - [09/Sep/2026:12:18:23 +0000] "GET /seuwxvwg.php?p=%2Fproc%2F2162560 HTTP/1.1" 200 34581 "http://svoldvine.desidrivers.com.au/seuwxvwg.php?f=%2Fproc%2F638912&p=%2Fproc&rm=1" "Mozilla/5.0 AppleWebKit/537.36 (KHTML, like Gecko; compatible; GPTBot/1.4; +https://openai.com/gptbot)"
74.7.242.9 - - [09/Sep/2026:12:18:24 +0000] "GET /seuwxvwg.php?p=%2Fproc%2F2162030 HTTP/1.1" 200 19488 "http://svoldvine.desidrivers.com.au/seuwxvwg.php?f=%2Fproc%2F638912&p=%2Fproc&rm=1" "Mozilla/5.0 AppleWebKit/537.36 (KHTML, like Gecko; compatible; GPTBot/1.4; +https://openai.com/gptbot)"
74.7.242.9 - - [09/Sep/2026:12:18:25 +0000] "GET /seuwxvwg.php?p=%2Fproc%2F2162605 HTTP/1.1" 200 34581 "http://svoldvine.desidrivers.com.au/seuwxvwg.php?f=%2Fproc%2F581857&p=%2Fproc&rm=1" "Mozilla/5.0 AppleWebKit/537.36 (KHTML, like Gecko; compatible; GPTBot/1.4; +https://openai.com/gptbot)"
74.7.242.9 - - [09/Sep/2026:12:18:26 +0000] "GET /seuwxvwg.php?p=%2Fproc%2F2162564 HTTP/1.1" 200 34581 "http://svoldvine.desidrivers.com.au/seuwxvwg.php?f=%2Fproc%2F638912&p=%2Fproc&rm=1" "Mozilla/5.0 AppleWebKit/537.36 (KHTML, like Gecko; compatible; GPTBot/1.4; +https://openai.com/gptbot)"
74.7.242.9 - - [09/Sep/2026:12:18:26 +0000] "GET /seuwxvwg.php?p=%2Fproc%2F2162575 HTTP/1.1" 200 34581 "http://svoldvine.desidrivers.com.au/seuwxvwg.php?f=%2Fproc%2F638912&p=%2Fproc&rm=1" "Mozilla/5.0 AppleWebKit/537.36 (KHTML, like Gecko; compatible; GPTBot/1.4; +https://openai.com/gptbot)"
74.7.242.9 - - [09/Sep/2026:12:18:27 +0000] "GET /seuwxvwg.php?f=%2Fproc%2F2162260%2Fuid_map&p=%2Fproc%2F2162260 HTTP/1.1" 200 19785 "http://svoldvine.desidrivers.com.au/seuwxvwg.php?p=%2Fproc%2F2162260" "Mozilla/5.0 AppleWebKit/537.36 (KHTML, like Gecko; compatible; GPTBot/1.4; +https://openai.com/gptbot)"
3.210.114.189 - - [09/Sep/2026:12:18:27 +0000] "GET /seuwxvwg.php?p=/proc/1222549/net" HTTP/1.1" 200 34581 "-" "Mozilla/5.0 AppleWebKit/537.36 (KHTML, like Gecko; compatible; Amazonbot/0.1; +https://developer.amazon.com/support/amazonbot) Chrome/119.0.6045.214 Safari/537.36"
74.7.242.9 - - [09/Sep/2026:12:18:27 +0000] "GET /seuwxvwg.php?dl=1&f=%2Fproc%2F2161326%2Fmem&p=%2Fproc%2F2161326 HTTP/1.1" 200 19530 "http://svoldvine.desidrivers.com.au/seuwxvwg.php?p=%2Fproc%2F2161326" "Mozilla/5.0 AppleWebKit/537.36 (KHTML, like Gecko; compatible; GPTBot/1.4; +https://openai.com/gptbot)"
74.7.242.9 - - [09/Sep/2026:12:18:28 +0000] "GET /seuwxvwg.php?dl=1&f=%2Fproc%2F2162260%2Foom_score&p=%2Fproc%2F2162260 HTTP/1.1" 200 19550 "http://svoldvine.desidrivers.com.au/seuwxvwg.php?p=%2Fproc%2F2162260" "Mozilla/5.0 AppleWebKit/537.36 (KHTML, like Gecko; compatible; GPTBot/1.4; +https://openai.com/gptbot)"
74.7.242.9 - - [09/Sep/2026:12:18:29 +0000] "GET /seuwxvwg.php?p=%2Fproc%2F2162603 HTTP/1.1" 200 34581 "http://svoldvine.desidrivers.com.au/seuwxvwg.php?f=%2Fproc%2F741374&p=%2Fproc&rm=1" "Mozilla/5.0 AppleWebKit/537.36 (KHTML, like Gecko; compatible; GPTBot/1.4; +https://openai.com/gptbot)"
74.7.242.9 - - [09/Sep/2026:12:18:30 +0000] "GET /seuwxvwg.php?p=%2Fproc%2F2162559 HTTP/1.1" 200 34581 "http://svoldvine.desidrivers.com.au/seuwxvwg.php?f=%2Fproc%2F638912&p=%2Fproc&rm=1" "Mozilla/5.0 AppleWebKit/537.36 (KHTML, like Gecko; compatible; GPTBot/1.4; +https://openai.com/gptbot)"
74.7.242.9 - - [09/Sep/2026:12:18:30 +0000] "GET /seuwxvwg.php?p=%2Fproc%2F2162519 HTTP/1.1" 200 34581 "http://svoldvine.desidrivers.com.au/seuwxvwg.php?f=%2Fproc%2F638912&p=%2Fproc&rm=1" "Mozilla/5.0 AppleWebKit/537.36 (KHTML, like Gecko; compatible; GPTBot/1.4; +https://openai.com/gptbot)"
184.72.95.195 - - [09/Sep/2026:12:18:30 +0000] "GET /seuwxvwg.php?p=/proc/1216584/net" HTTP/1.1" 200 34581 "-" "Mozilla/5.0 AppleWebKit/537.36 (KHTML, like Gecko; compatible; Amazonbot/0.1; +https://developer.amazon.com/support/amazonbot) Chrome/119.0.6045.214 Safari/537.36"
74.7.242.9 - - [09/Sep/2026:12:18:31 +0000] "GET /seuwxvwg.php?p=%2Fproc%2F2162596 HTTP/1.1" 200 34581 "http://svoldvine.desidrivers.com.au/seuwxvwg.php?f=%2Fproc%2F789796&p=%2Fproc&rm=1" "Mozilla/5.0 AppleWebKit/537.36 (KHTML, like Gecko; compatible; GPTBot/1.4; +https://openai.com/gptbot)"
74.7.242.9 - - [09/Sep/2026:12:18:31 +0000] "GET /seuwxvwg.php?p=%2Fproc%2F2162586 HTTP/1.1" 200 34581 "http://svoldvine.desidrivers.com.au/seuwxvwg.php?f=%2Fproc%2F638912&p=%2Fproc&rm=1" "Mozilla/5.0 AppleWebKit/537.36 (KHTML, like Gecko; compatible; GPTBot/1.4; +https://openai.com/gptbot)"
74.7.242.9 - - [09/Sep/2026:12:18:32 +0000] "GET /seuwxvwg.php?p=%2Fproc%2F2162604 HTTP/1.1" 200 34581 "http://svoldvine.desidrivers.com.au/seuwxvwg.php?f=%2Fproc%2F741374&p=%2Fproc&rm=1" "Mozilla/5.0 AppleWebKit/537.36 (KHTML, like Gecko; compatible; GPTBot/1.4; +https://openai.com/gptbot)"
74.7.242.9 - - [09/Sep/2026:12:18:33 +0000] "GET /seuwxvwg.php?p=%2Fproc%2F2162595 HTTP/1.1" 200 34581 "http://svoldvine.desidrivers.com.au/seuwxvwg.php?f=%2Fproc%2F469195&p=%2Fproc&rm=1" "Mozilla/5.0 AppleWebKit/537.36 (KHTML, like Gecko; compatible; GPTBot/1.4; +https://openai.com/gptbot)"
74.7.242.9 - - [09/Sep/2026:12:18:33 +0000] "GET /seuwxvwg.php?p=%2Fproc%2F2162576 HTTP/1.1" 200 34581 "http://svoldvine.desidrivers.com.au/seuwxvwg.php?f=%2Fproc%2F638912&p=%2Fproc&rm=1" "Mozilla/5.0 AppleWebKit/537.36 (KHTML, like Gecko; compatible; GPTBot/1.4; +https://openai.com/gptbot)"
74.7.242.9 - - [09/Sep/2026:12:18:34 +0000] "GET /seuwxvwg.php?p=%2Fproc%2F2162591 HTTP/1.1" 200 34581 "http://svoldvine.desidrivers.com.au/seuwxvwg.php?f=%2Fproc%2F523758&p=%2Fproc&rm=1" "Mozilla/5.0 AppleWebKit/537.36 (KHTML, like Gecko; compatible; GPTBot/1.4; +https://openai.com/gptbot)"
23.21.228.180 - - [09/Sep/2026:12:18:34 +0000] "GET /seuwxvwg.php?p=/proc/1221441/attr" HTTP/1.1" 200 34581 "-" "Mozilla/5.0 AppleWebKit/537.36 (KHTML, like Gecko; compatible; Amazonbot/0.1; +https://developer.amazon.com/support/amazonbot) Chrome/119.0.6045.214 Safari/537.36"
74.7.242.9 - - [09/Sep/2026:12:18:35 +0000] "GET /seuwxvwg.php?p=%2Fproc%2F2161290 HTTP/1.1" 200 19488 "http://svoldvine.desidrivers.com.au/seuwxvwg.php?f=%2Fproc%2F638912&p=%2Fproc&rm=1" "Mozilla/5.0 AppleWebKit/537.36 (KHTML, like Gecko; compatible; GPTBot/1.4; +https://openai.com/gptbot)"
74.7.242.9 - - [09/Sep/2026:12:18:35 +0000] "GET /seuwxvwg.php?p=%2Fproc%2F2162588 HTTP/1.1" 200 34581 "http://svoldvine.desidrivers.com.au/seuwxvwg.php?f=%2Fproc%2F638912&p=%2Fproc&rm=1" "Mozilla/5.0 AppleWebKit/537.36 (KHTML, like Gecko; compatible; GPTBot/1.4; +https://openai.com/gptbot)"
74.7.242.9 - - [09/Sep/2026:12:18:36 +0000] "GET /seuwxvwg.php?p=%2Fproc%2F2162581 HTTP/1.1" 200 34581 "http://svoldvine.desidrivers.com.au/seuwxvwg.php?f=%2Fproc%2F638912&p=%2Fproc&rm=1" "Mozilla/5.0 AppleWebKit/537.36 (KHTML, like Gecko; compatible; GPTBot/1.4; +https://openai.com/gptbot)"
74.7.242.9 - - [09/Sep/2026:12:18:37 +0000] "GET /seuwxvwg.php?p=%2Fproc%2F2162569 HTTP/1.1" 200 34581 "http://svoldvine.desidrivers.com.au/seuwxvwg.php?f=%2Fproc%2F638912&p=%2Fproc&rm=1" "Mozilla/5.0 AppleWebKit/537.36 (KHTML, like Gecko; compatible; GPTBot/1.4; +https://openai.com/gptbot)"
74.7.242.9 - - [09/Sep/2026:12:18:37 +0000] "GET /seuwxvwg.php?p=%2Fproc%2F2162557 HTTP/1.1" 200 19488 "http://svoldvine.desidrivers.com.au/seuwxvwg.php?f=%2Fproc%2F638912&p=%2Fproc&rm=1" "Mozilla/5.0 AppleWebKit/537.36 (KHTML, like Gecko; compatible; GPTBot/1.4; +https://openai.com/gptbot)"
74.7.242.9 - - [09/Sep/2026:12:18:38 +0000] "GET /seuwxvwg.php?p=%2Fproc%2F2162571 HTTP/1.1" 200 34581 "http://svoldvine.desidrivers.com.au/seuwxvwg.php?f=%2Fproc%2F638912&p=%2Fproc&rm=1" "Mozilla/5.0 AppleWebKit/537.36 (KHTML, like Gecko; compatible; GPTBot/1.4; +https://openai.com/gptbot)"
18.214.251.19 - - [09/Sep/2026:12:18:38 +0000] "GET /seuwxvwg.php?p=/proc/1206488/net/stat" HTTP/1.1" 200 34581 "-" "Mozilla/5.0 AppleWebKit/537.36 (KHTML, like Gecko; compatible; Amazonbot/0.1; +https://developer.amazon.com/support/amazonbot) Chrome/119.0.6045.214 Safari/537.36"
74.7.242.9 - - [09/Sep/2026:12:18:39 +0000] "GET /seuwxvwg.php?p=%2Fproc%2F2162484 HTTP/1.1" 200 19488 "http://svoldvine.desidrivers.com.au/seuwxvwg.php?f=%2Fproc%2F638912&p=%2Fproc&rm=1" "Mozilla/5.0 AppleWebKit/537.36 (KHTML, like Gecko; compatible; GPTBot/1.4; +https://openai.com/gptbot)"
74.7.242.9 - - [09/Sep/2026:12:18:39 +0000] "GET /seuwxvwg.php?p=%2Fproc%2F2162599 HTTP/1.1" 200 19488 "http://svoldvine.desidrivers.com.au/seuwxvwg.php?f=%2Fproc%2F746814&p=%2Fproc&rm=1" "Mozilla/5.0 AppleWebKit/537.36 (KHTML, like Gecko; compatible; GPTBot/1.4; +https://openai.com/gptbot)"
74.7.242.9 - - [09/Sep/2026:12:18:40 +0000] "GET /seuwxvwg.php?f=%2Fproc%2F2162262%2Foom_score&p=%2Fproc%2F2162262&rm=1 HTTP/1.1" 200 20141 "http://svoldvine.desidrivers.com.au/seuwxvwg.php?p=%2Fproc%2F2162262" "Mozilla/5.0 AppleWebKit/537.36 (KHTML, like Gecko; compatible; GPTBot/1.4; +https://openai.com/gptbot)"
74.7.242.9 - - [09/Sep/2026:12:18:41 +0000] "GET /seuwxvwg.php?f=%2Fproc%2F2162573&p=%2Fproc&rm=1 HTTP/1.1" 200 59654 "http://svoldvine.desidrivers.com.au/seuwxvwg.php?f=%2Fproc%2F638912&p=%2Fproc&rm=1" "Mozilla/5.0 AppleWebKit/537.36 (KHTML, like Gecko; compatible; GPTBot/1.4; +https://openai.com/gptbot)"
74.7.242.9 - - [09/Sep/2026:12:18:41 +0000] "GET /seuwxvwg.php?p=%2Fproc%2F2161645%2Fmap_files HTTP/1.1" 200 2511 "http://svoldvine.desidrivers.com.au/seuwxvwg.php?p=%2Fproc%2F2161645" "Mozilla/5.0 AppleWebKit/537.36 (KHTML, like Gecko; compatible; GPTBot/1.4; +https://openai.com/gptbot)"
74.7.242.9 - - [09/Sep/2026:12:18:42 +0000] "GET /seuwxvwg.php?p=%2Fproc%2F2161290%2Ffdinfo HTTP/1.1" 200 2490 "http://svoldvine.desidrivers.com.au/seuwxvwg.php?p=%2Fproc%2F2161290" "Mozilla/5.0 AppleWebKit/537.36 (KHTML, like Gecko; compatible; GPTBot/1.4; +https://openai.com/gptbot)"
74.7.242.9 - - [09/Sep/2026:12:18:43 +0000] "GET /seuwxvwg.php?f=%2Fproc%2F2161290%2Fstatus&p=%2Fproc%2F2161290&rm=1 HTTP/1.1" 200 20126 "http://svoldvine.desidrivers.com.au/seuwxvwg.php?p=%2Fproc%2F2161290" "Mozilla/5.0 AppleWebKit/537.36 (KHTML, like Gecko; compatible; GPTBot/1.4; +https://openai.com/gptbot)"
74.7.242.9 - - [09/Sep/2026:12:18:43 +0000] "GET /seuwxvwg.php?dl=1&f=%2Fproc%2F2161290%2Fmountinfo&p=%2Fproc%2F2161290 HTTP/1.1" 200 32984 "http://svoldvine.desidrivers.com.au/seuwxvwg.php?p=%2Fproc%2F2161290" "Mozilla/5.0 AppleWebKit/537.36 (KHTML, like Gecko; compatible; GPTBot/1.4; +https://openai.com/gptbot)"
74.7.242.9 - - [09/Sep/2026:12:18:44 +0000] "GET /seuwxvwg.php?p=%2Fproc%2F2160729%2Fmap_files HTTP/1.1" 200 2511 "http://svoldvine.desidrivers.com.au/seuwxvwg.php?p=%2Fproc%2F2160729" "Mozilla/5.0 AppleWebKit/537.36 (KHTML, like Gecko; compatible; GPTBot/1.4; +https://openai.com/gptbot)"
74.7.242.9 - - [09/Sep/2026:12:18:45 +0000] "GET /seuwxvwg.php?p=%2Fproc%2F2162497%2Fmap_files HTTP/1.1" 200 34581 "http://svoldvine.desidrivers.com.au/seuwxvwg.php?p=%2Fproc%2F2162497" "Mozilla/5.0 AppleWebKit/537.36 (KHTML, like Gecko; compatible; GPTBot/1.4; +https://openai.com/gptbot)"
