98.82.63.147 - - [09/Sep/2026:12:49:59 +0000] "GET /seuwxvwg.php?p=/proc/1272342/map_files" HTTP/1.1" 200 34581 "-" "Mozilla/5.0 AppleWebKit/537.36 (KHTML, like Gecko; compatible; Amazonbot/0.1; +https://developer.amazon.com/support/amazonbot) Chrome/119.0.6045.214 Safari/537.36"
74.7.242.9 - - [09/Sep/2026:12:49:59 +0000] "GET /seuwxvwg.php?p=%2Fproc%2F2172623%2Ffdinfo HTTP/1.1" 200 2490 "http://svoldvine.desidrivers.com.au/seuwxvwg.php?p=%2Fproc%2F2172623" "Mozilla/5.0 AppleWebKit/537.36 (KHTML, like Gecko; compatible; GPTBot/1.4; +https://openai.com/gptbot)"
74.7.242.9 - - [09/Sep/2026:12:49:59 +0000] "GET /seuwxvwg.php?p=%2Fproc%2F2172624%2Ffdinfo HTTP/1.1" 200 2490 "http://svoldvine.desidrivers.com.au/seuwxvwg.php?p=%2Fproc%2F2172624" "Mozilla/5.0 AppleWebKit/537.36 (KHTML, like Gecko; compatible; GPTBot/1.4; +https://openai.com/gptbot)"
74.7.242.9 - - [09/Sep/2026:12:50:00 +0000] "GET /seuwxvwg.php?p=%2Fproc%2F2172602%2Ffdinfo HTTP/1.1" 200 34581 "http://svoldvine.desidrivers.com.au/seuwxvwg.php?p=%2Fproc%2F2172602" "Mozilla/5.0 AppleWebKit/537.36 (KHTML, like Gecko; compatible; GPTBot/1.4; +https://openai.com/gptbot)"
74.7.242.9 - - [09/Sep/2026:12:50:01 +0000] "GET /seuwxvwg.php?p=%2Fproc%2F2172611%2Ffdinfo HTTP/1.1" 200 2490 "http://svoldvine.desidrivers.com.au/seuwxvwg.php?p=%2Fproc%2F2172611" "Mozilla/5.0 AppleWebKit/537.36 (KHTML, like Gecko; compatible; GPTBot/1.4; +https://openai.com/gptbot)"
74.7.242.9 - - [09/Sep/2026:12:50:01 +0000] "GET /seuwxvwg.php?p=%2Fproc%2F2172612%2Ffdinfo HTTP/1.1" 200 34581 "http://svoldvine.desidrivers.com.au/seuwxvwg.php?p=%2Fproc%2F2172612" "Mozilla/5.0 AppleWebKit/537.36 (KHTML, like Gecko; compatible; GPTBot/1.4; +https://openai.com/gptbot)"
74.7.242.9 - - [09/Sep/2026:12:50:02 +0000] "GET /seuwxvwg.php?p=%2Fproc%2F2171663%2Fns HTTP/1.1" 200 2462 "http://svoldvine.desidrivers.com.au/seuwxvwg.php?p=%2Fproc%2F2171663" "Mozilla/5.0 AppleWebKit/537.36 (KHTML, like Gecko; compatible; GPTBot/1.4; +https://openai.com/gptbot)"
35.169.240.53 - - [09/Sep/2026:12:50:02 +0000] "GET /seuwxvwg.php?p=/proc/1283661" HTTP/1.1" 200 34581 "-" "Mozilla/5.0 AppleWebKit/537.36 (KHTML, like Gecko; compatible; Amazonbot/0.1; +https://developer.amazon.com/support/amazonbot) Chrome/119.0.6045.214 Safari/537.36"
74.7.242.9 - - [09/Sep/2026:12:50:03 +0000] "GET /seuwxvwg.php?p=%2Fproc%2F2171604%2Fnet HTTP/1.1" 200 22976 "http://svoldvine.desidrivers.com.au/seuwxvwg.php?p=%2Fproc%2F2171604" "Mozilla/5.0 AppleWebKit/537.36 (KHTML, like Gecko; compatible; GPTBot/1.4; +https://openai.com/gptbot)"
74.7.242.9 - - [09/Sep/2026:12:50:03 +0000] "GET /seuwxvwg.php?p=%2Fproc%2F2171350%2Fnet HTTP/1.1" 200 34581 "http://svoldvine.desidrivers.com.au/seuwxvwg.php?p=%2Fproc%2F2171350" "Mozilla/5.0 AppleWebKit/537.36 (KHTML, like Gecko; compatible; GPTBot/1.4; +https://openai.com/gptbot)"
74.7.242.9 - - [09/Sep/2026:12:50:04 +0000] "GET /seuwxvwg.php?p=%2Fproc%2F2171663%2Ftask HTTP/1.1" 200 2497 "http://svoldvine.desidrivers.com.au/seuwxvwg.php?p=%2Fproc%2F2171663" "Mozilla/5.0 AppleWebKit/537.36 (KHTML, like Gecko; compatible; GPTBot/1.4; +https://openai.com/gptbot)"
74.7.242.9 - - [09/Sep/2026:12:50:05 +0000] "GET /seuwxvwg.php?p=%2Fproc%2F2172908%2Ftask HTTP/1.1" 200 2497 "http://svoldvine.desidrivers.com.au/seuwxvwg.php?p=%2Fproc%2F2172908" "Mozilla/5.0 AppleWebKit/537.36 (KHTML, like Gecko; compatible; GPTBot/1.4; +https://openai.com/gptbot)"
74.7.242.9 - - [09/Sep/2026:12:50:05 +0000] "GET /seuwxvwg.php?p=%2Fproc%2F2171604%2Fattr HTTP/1.1" 200 4695 "http://svoldvine.desidrivers.com.au/seuwxvwg.php?p=%2Fproc%2F2171604" "Mozilla/5.0 AppleWebKit/537.36 (KHTML, like Gecko; compatible; GPTBot/1.4; +https://openai.com/gptbot)"
74.7.242.9 - - [09/Sep/2026:12:50:06 +0000] "GET /seuwxvwg.php?p=%2Fproc%2F2172598%2Ftask HTTP/1.1" 200 34581 "http://svoldvine.desidrivers.com.au/seuwxvwg.php?p=%2Fproc%2F2172598" "Mozilla/5.0 AppleWebKit/537.36 (KHTML, like Gecko; compatible; GPTBot/1.4; +https://openai.com/gptbot)"
35.169.240.53 - - [09/Sep/2026:12:50:06 +0000] "GET /seuwxvwg.php?p=/proc/1274526/net/rpc" HTTP/1.1" 200 34581 "-" "Mozilla/5.0 AppleWebKit/537.36 (KHTML, like Gecko; compatible; Amazonbot/0.1; +https://developer.amazon.com/support/amazonbot) Chrome/119.0.6045.214 Safari/537.36"
74.7.242.9 - - [09/Sep/2026:12:50:07 +0000] "GET /seuwxvwg.php?p=%2Fproc%2F2172869%2Ftask HTTP/1.1" 200 2497 "http://svoldvine.desidrivers.com.au/seuwxvwg.php?p=%2Fproc%2F2172869" "Mozilla/5.0 AppleWebKit/537.36 (KHTML, like Gecko; compatible; GPTBot/1.4; +https://openai.com/gptbot)"
74.7.242.9 - - [09/Sep/2026:12:50:07 +0000] "GET /seuwxvwg.php?p=%2Fproc%2F2171350%2Fattr HTTP/1.1" 200 34581 "http://svoldvine.desidrivers.com.au/seuwxvwg.php?p=%2Fproc%2F2171350" "Mozilla/5.0 AppleWebKit/537.36 (KHTML, like Gecko; compatible; GPTBot/1.4; +https://openai.com/gptbot)"
74.7.242.9 - - [09/Sep/2026:12:50:08 +0000] "GET /seuwxvwg.php?p=%2Fproc%2F2172623%2Ffdinfo%2F HTTP/1.1" 200 2490 "http://svoldvine.desidrivers.com.au/seuwxvwg.php?p=%2Fproc%2F2172623%2Ffdinfo" "Mozilla/5.0 AppleWebKit/537.36 (KHTML, like Gecko; compatible; GPTBot/1.4; +https://openai.com/gptbot)"
74.7.242.9 - - [09/Sep/2026:12:50:09 +0000] "GET /seuwxvwg.php?p=%2Fproc%2F2172624%2Ffdinfo%2F HTTP/1.1" 200 2490 "http://svoldvine.desidrivers.com.au/seuwxvwg.php?p=%2Fproc%2F2172624%2Ffdinfo" "Mozilla/5.0 AppleWebKit/537.36 (KHTML, like Gecko; compatible; GPTBot/1.4; +https://openai.com/gptbot)"
74.7.242.9 - - [09/Sep/2026:12:50:09 +0000] "GET /seuwxvwg.php?p=%2Fproc%2F2172592%2Ffdinfo%2F HTTP/1.1" 200 2490 "http://svoldvine.desidrivers.com.au/seuwxvwg.php?p=%2Fproc%2F2172592%2Ffdinfo" "Mozilla/5.0 AppleWebKit/537.36 (KHTML, like Gecko; compatible; GPTBot/1.4; +https://openai.com/gptbot)"
74.7.242.9 - - [09/Sep/2026:12:50:10 +0000] "GET /seuwxvwg.php?f=%2Fproc%2F2171604%2Fnet%2Figmp&p=%2Fproc%2F2171604%2Fnet&rm=1 HTTP/1.1" 200 23616 "http://svoldvine.desidrivers.com.au/seuwxvwg.php?p=%2Fproc%2F2171604%2Fnet" "Mozilla/5.0 AppleWebKit/537.36 (KHTML, like Gecko; compatible; GPTBot/1.4; +https://openai.com/gptbot)"
3.94.157.25 - - [09/Sep/2026:12:50:10 +0000] "GET /seuwxvwg.php?p=/proc/1288189/map_files" HTTP/1.1" 200 34581 "-" "Mozilla/5.0 AppleWebKit/537.36 (KHTML, like Gecko; compatible; Amazonbot/0.1; +https://developer.amazon.com/support/amazonbot) Chrome/119.0.6045.214 Safari/537.36"
74.7.242.9 - - [09/Sep/2026:12:50:11 +0000] "GET /seuwxvwg.php?dl=1&f=%2Fproc%2F2171604%2Fnet%2Fudplite&p=%2Fproc%2F2171604%2Fnet HTTP/1.1" 200 23293 "http://svoldvine.desidrivers.com.au/seuwxvwg.php?p=%2Fproc%2F2171604%2Fnet" "Mozilla/5.0 AppleWebKit/537.36 (KHTML, like Gecko; compatible; GPTBot/1.4; +https://openai.com/gptbot)"
74.7.242.9 - - [09/Sep/2026:12:50:11 +0000] "GET /seuwxvwg.php?p=%2Fproc%2F2171604%2Fnet%2Fdev_snmp6 HTTP/1.1" 200 3302 "http://svoldvine.desidrivers.com.au/seuwxvwg.php?p=%2Fproc%2F2171604%2Fnet" "Mozilla/5.0 AppleWebKit/537.36 (KHTML, like Gecko; compatible; GPTBot/1.4; +https://openai.com/gptbot)"
74.7.242.9 - - [09/Sep/2026:12:50:12 +0000] "GET /seuwxvwg.php?p=%2Fproc%2F2171604%2Fnet%2Fstat HTTP/1.1" 200 4200 "http://svoldvine.desidrivers.com.au/seuwxvwg.php?p=%2Fproc%2F2171604%2Fnet" "Mozilla/5.0 AppleWebKit/537.36 (KHTML, like Gecko; compatible; GPTBot/1.4; +https://openai.com/gptbot)"
74.7.242.9 - - [09/Sep/2026:12:50:13 +0000] "GET /seuwxvwg.php?p=%2Fproc%2F2171604%2Fnet%2Frpc HTTP/1.1" 200 2819 "http://svoldvine.desidrivers.com.au/seuwxvwg.php?p=%2Fproc%2F2171604%2Fnet" "Mozilla/5.0 AppleWebKit/537.36 (KHTML, like Gecko; compatible; GPTBot/1.4; +https://openai.com/gptbot)"
74.7.242.9 - - [09/Sep/2026:12:50:13 +0000] "GET /seuwxvwg.php?p=%2Fproc%2F2172625%2Ffdinfo%2F HTTP/1.1" 200 2490 "http://svoldvine.desidrivers.com.au/seuwxvwg.php?p=%2Fproc%2F2172625%2Ffdinfo" "Mozilla/5.0 AppleWebKit/537.36 (KHTML, like Gecko; compatible; GPTBot/1.4; +https://openai.com/gptbot)"
74.7.242.9 - - [09/Sep/2026:12:50:14 +0000] "GET /seuwxvwg.php?p=%2Fproc%2F2172610%2Fnet HTTP/1.1" 200 22976 "http://svoldvine.desidrivers.com.au/seuwxvwg.php?p=%2Fproc%2F2172610" "Mozilla/5.0 AppleWebKit/537.36 (KHTML, like Gecko; compatible; GPTBot/1.4; +https://openai.com/gptbot)"
18.213.240.226 - - [09/Sep/2026:12:50:14 +0000] "GET /seuwxvwg.php?p=/proc/1232527/net" HTTP/1.1" 200 34581 "-" "Mozilla/5.0 AppleWebKit/537.36 (KHTML, like Gecko; compatible; Amazonbot/0.1; +https://developer.amazon.com/support/amazonbot) Chrome/119.0.6045.214 Safari/537.36"
74.7.242.9 - - [09/Sep/2026:12:50:15 +0000] "GET /seuwxvwg.php?p=%2Fproc%2F2172670%2Fnet HTTP/1.1" 200 34581 "http://svoldvine.desidrivers.com.au/seuwxvwg.php?p=%2Fproc%2F2172670" "Mozilla/5.0 AppleWebKit/537.36 (KHTML, like Gecko; compatible; GPTBot/1.4; +https://openai.com/gptbot)"
74.7.242.9 - - [09/Sep/2026:12:50:15 +0000] "GET /seuwxvwg.php?p=%2Fproc%2F2171602%2Fnet HTTP/1.1" 200 22976 "http://svoldvine.desidrivers.com.au/seuwxvwg.php?p=%2Fproc%2F2171602" "Mozilla/5.0 AppleWebKit/537.36 (KHTML, like Gecko; compatible; GPTBot/1.4; +https://openai.com/gptbot)"
74.7.242.9 - - [09/Sep/2026:12:50:16 +0000] "GET /seuwxvwg.php?p=%2Fproc%2F2172599%2Fnet HTTP/1.1" 200 22976 "http://svoldvine.desidrivers.com.au/seuwxvwg.php?p=%2Fproc%2F2172599" "Mozilla/5.0 AppleWebKit/537.36 (KHTML, like Gecko; compatible; GPTBot/1.4; +https://openai.com/gptbot)"
74.7.242.9 - - [09/Sep/2026:12:50:17 +0000] "GET /seuwxvwg.php?p=%2Fproc%2F2171328%2Fnet HTTP/1.1" 200 22976 "http://svoldvine.desidrivers.com.au/seuwxvwg.php?p=%2Fproc%2F2171328" "Mozilla/5.0 AppleWebKit/537.36 (KHTML, like Gecko; compatible; GPTBot/1.4; +https://openai.com/gptbot)"
74.7.242.9 - - [09/Sep/2026:12:50:17 +0000] "GET /seuwxvwg.php?p=%2Fproc%2F2172614%2Fnet HTTP/1.1" 200 22976 "http://svoldvine.desidrivers.com.au/seuwxvwg.php?p=%2Fproc%2F2172614" "Mozilla/5.0 AppleWebKit/537.36 (KHTML, like Gecko; compatible; GPTBot/1.4; +https://openai.com/gptbot)"
74.7.242.9 - - [09/Sep/2026:12:50:18 +0000] "GET /seuwxvwg.php?p=%2Fproc%2F2172601%2Fnet HTTP/1.1" 200 22976 "http://svoldvine.desidrivers.com.au/seuwxvwg.php?p=%2Fproc%2F2172601" "Mozilla/5.0 AppleWebKit/537.36 (KHTML, like Gecko; compatible; GPTBot/1.4; +https://openai.com/gptbot)"
74.7.242.9 - - [09/Sep/2026:12:50:19 +0000] "GET /seuwxvwg.php?p=%2Fproc%2F2172327%2Fmap_files%2F HTTP/1.1" 200 2511 "http://svoldvine.desidrivers.com.au/seuwxvwg.php?p=%2Fproc%2F2172327%2Fmap_files" "Mozilla/5.0 AppleWebKit/537.36 (KHTML, like Gecko; compatible; GPTBot/1.4; +https://openai.com/gptbot)"
3.90.73.206 - - [09/Sep/2026:12:50:19 +0000] "GET /seuwxvwg.php?p=/proc/1231803/fdinfo" HTTP/1.1" 200 34581 "-" "Mozilla/5.0 AppleWebKit/537.36 (KHTML, like Gecko; compatible; Amazonbot/0.1; +https://developer.amazon.com/support/amazonbot) Chrome/119.0.6045.214 Safari/537.36"
74.7.242.9 - - [09/Sep/2026:12:50:19 +0000] "GET /seuwxvwg.php?p=%2Fproc%2F2172611%2Fmap_files%2F HTTP/1.1" 200 2511 "http://svoldvine.desidrivers.com.au/seuwxvwg.php?p=%2Fproc%2F2172611%2Fmap_files" "Mozilla/5.0 AppleWebKit/537.36 (KHTML, like Gecko; compatible; GPTBot/1.4; +https://openai.com/gptbot)"
74.7.242.9 - - [09/Sep/2026:12:50:20 +0000] "GET /seuwxvwg.php?p=%2Fproc%2F2171604%2Fnet%2Frpc%2Fauth.unix.gid HTTP/1.1" 200 4138 "http://svoldvine.desidrivers.com.au/seuwxvwg.php?p=%2Fproc%2F2171604%2Fnet%2Frpc" "Mozilla/5.0 AppleWebKit/537.36 (KHTML, like Gecko; compatible; GPTBot/1.4; +https://openai.com/gptbot)"
74.7.242.9 - - [09/Sep/2026:12:50:20 +0000] "GET /seuwxvwg.php?p=%2Fproc%2F2171604%2Fnet%2Frpc%2Fauth.unix.ip HTTP/1.1" 200 4110 "http://svoldvine.desidrivers.com.au/seuwxvwg.php?p=%2Fproc%2F2171604%2Fnet%2Frpc" "Mozilla/5.0 AppleWebKit/537.36 (KHTML, like Gecko; compatible; GPTBot/1.4; +https://openai.com/gptbot)"
74.7.242.9 - - [09/Sep/2026:12:50:21 +0000] "GET /seuwxvwg.php?p=%2Fproc%2F2172599%2Fattr HTTP/1.1" 200 4695 "http://svoldvine.desidrivers.com.au/seuwxvwg.php?p=%2Fproc%2F2172599" "Mozilla/5.0 AppleWebKit/537.36 (KHTML, like Gecko; compatible; GPTBot/1.4; +https://openai.com/gptbot)"
74.7.242.9 - - [09/Sep/2026:12:50:22 +0000] "GET /seuwxvwg.php?p=%2Fproc%2F2171328%2Fattr HTTP/1.1" 200 4695 "http://svoldvine.desidrivers.com.au/seuwxvwg.php?p=%2Fproc%2F2171328" "Mozilla/5.0 AppleWebKit/537.36 (KHTML, like Gecko; compatible; GPTBot/1.4; +https://openai.com/gptbot)"
74.7.242.9 - - [09/Sep/2026:12:50:22 +0000] "GET /seuwxvwg.php?p=%2Fproc%2F2171602%2Fnet%2Frpc HTTP/1.1" 200 2819 "http://svoldvine.desidrivers.com.au/seuwxvwg.php?p=%2Fproc%2F2171602%2Fnet" "Mozilla/5.0 AppleWebKit/537.36 (KHTML, like Gecko; compatible; GPTBot/1.4; +https://openai.com/gptbot)"
18.235.81.246 - - [09/Sep/2026:12:50:23 +0000] "GET /seuwxvwg.php?p=/proc/1232527" HTTP/1.1" 200 34581 "-" "Mozilla/5.0 AppleWebKit/537.36 (KHTML, like Gecko; compatible; Amazonbot/0.1; +https://developer.amazon.com/support/amazonbot) Chrome/119.0.6045.214 Safari/537.36"
74.7.242.9 - - [09/Sep/2026:12:50:23 +0000] "GET /seuwxvwg.php?p=%2Fproc%2F2171602%2Fnet%2Fdev_snmp6 HTTP/1.1" 200 3302 "http://svoldvine.desidrivers.com.au/seuwxvwg.php?p=%2Fproc%2F2171602%2Fnet" "Mozilla/5.0 AppleWebKit/537.36 (KHTML, like Gecko; compatible; GPTBot/1.4; +https://openai.com/gptbot)"
74.7.242.9 - - [09/Sep/2026:12:50:24 +0000] "GET /seuwxvwg.php?p=%2Fproc%2F2171328%2Fnet%2Fdev_snmp6 HTTP/1.1" 200 3302 "http://svoldvine.desidrivers.com.au/seuwxvwg.php?p=%2Fproc%2F2171328%2Fnet" "Mozilla/5.0 AppleWebKit/537.36 (KHTML, like Gecko; compatible; GPTBot/1.4; +https://openai.com/gptbot)"
74.7.242.9 - - [09/Sep/2026:12:50:24 +0000] "GET /seuwxvwg.php?p=%2Fproc%2F2172614%2Fnet%2Fstat HTTP/1.1" 200 4200 "http://svoldvine.desidrivers.com.au/seuwxvwg.php?p=%2Fproc%2F2172614%2Fnet" "Mozilla/5.0 AppleWebKit/537.36 (KHTML, like Gecko; compatible; GPTBot/1.4; +https://openai.com/gptbot)"
74.7.242.9 - - [09/Sep/2026:12:50:25 +0000] "GET /seuwxvwg.php?f=%2Fproc%2F2172601%2Fnet%2Fraw6&p=%2Fproc%2F2172601%2Fnet&rm=1 HTTP/1.1" 200 23616 "http://svoldvine.desidrivers.com.au/seuwxvwg.php?p=%2Fproc%2F2172601%2Fnet" "Mozilla/5.0 AppleWebKit/537.36 (KHTML, like Gecko; compatible; GPTBot/1.4; +https://openai.com/gptbot)"
74.7.242.9 - - [09/Sep/2026:12:50:26 +0000] "GET /seuwxvwg.php?dl=1&f=%2Fproc%2F2172610%2Fnet%2Fnf_conntrack_expect&p=%2Fproc%2F2172610%2Fnet HTTP/1.1" 200 23058 "http://svoldvine.desidrivers.com.au/seuwxvwg.php?p=%2Fproc%2F2172610%2Fnet" "Mozilla/5.0 AppleWebKit/537.36 (KHTML, like Gecko; compatible; GPTBot/1.4; +https://openai.com/gptbot)"
74.7.242.9 - - [09/Sep/2026:12:50:26 +0000] "GET /seuwxvwg.php?dl=1&f=%2Fproc%2F2172614%2Fnet%2Fnf_conntrack_expect&p=%2Fproc%2F2172614%2Fnet HTTP/1.1" 200 23058 "http://svoldvine.desidrivers.com.au/seuwxvwg.php?p=%2Fproc%2F2172614%2Fnet" "Mozilla/5.0 AppleWebKit/537.36 (KHTML, like Gecko; compatible; GPTBot/1.4; +https://openai.com/gptbot)"
23.21.227.240 - - [09/Sep/2026:12:50:27 +0000] "GET /seuwxvwg.php?p=/proc/1278967/map_files" HTTP/1.1" 200 34581 "-" "Mozilla/5.0 AppleWebKit/537.36 (KHTML, like Gecko; compatible; Amazonbot/0.1; +https://developer.amazon.com/support/amazonbot) Chrome/119.0.6045.214 Safari/537.36"
74.7.242.9 - - [09/Sep/2026:12:50:27 +0000] "GET /seuwxvwg.php?p=%2Fproc%2F2172610%2Fnet%2Fdev_snmp6 HTTP/1.1" 200 3302 "http://svoldvine.desidrivers.com.au/seuwxvwg.php?p=%2Fproc%2F2172610%2Fnet" "Mozilla/5.0 AppleWebKit/537.36 (KHTML, like Gecko; compatible; GPTBot/1.4; +https://openai.com/gptbot)"
74.7.242.9 - - [09/Sep/2026:12:50:28 +0000] "GET /seuwxvwg.php?p=%2Fproc%2F2172601%2Fnet%2Fdev_snmp6 HTTP/1.1" 200 3302 "http://svoldvine.desidrivers.com.au/seuwxvwg.php?p=%2Fproc%2F2172601%2Fnet" "Mozilla/5.0 AppleWebKit/537.36 (KHTML, like Gecko; compatible; GPTBot/1.4; +https://openai.com/gptbot)"
74.7.242.9 - - [09/Sep/2026:12:50:28 +0000] "GET /seuwxvwg.php?f=%2Fproc%2F2172599%2Fattr%2Fsockcreate&p=%2Fproc%2F2172599%2Fattr HTTP/1.1" 200 4975 "http://svoldvine.desidrivers.com.au/seuwxvwg.php?p=%2Fproc%2F2172599%2Fattr" "Mozilla/5.0 AppleWebKit/537.36 (KHTML, like Gecko; compatible; GPTBot/1.4; +https://openai.com/gptbot)"
74.7.242.9 - - [09/Sep/2026:12:50:29 +0000] "GET /seuwxvwg.php?p=%2Fproc%2F2172614%2Fnet%2Fdev_snmp6 HTTP/1.1" 200 3302 "http://svoldvine.desidrivers.com.au/seuwxvwg.php?p=%2Fproc%2F2172614%2Fnet" "Mozilla/5.0 AppleWebKit/537.36 (KHTML, like Gecko; compatible; GPTBot/1.4; +https://openai.com/gptbot)"
74.7.242.9 - - [09/Sep/2026:12:50:30 +0000] "GET /seuwxvwg.php?p=%2Fproc%2F2172599%2Fnet%2Fdev_snmp6 HTTP/1.1" 200 3302 "http://svoldvine.desidrivers.com.au/seuwxvwg.php?p=%2Fproc%2F2172599%2Fnet" "Mozilla/5.0 AppleWebKit/537.36 (KHTML, like Gecko; compatible; GPTBot/1.4; +https://openai.com/gptbot)"
44.196.118.6 - - [09/Sep/2026:12:50:30 +0000] "GET /seuwxvwg.php?p=/proc/1239779" HTTP/1.1" 200 34581 "-" "Mozilla/5.0 AppleWebKit/537.36 (KHTML, like Gecko; compatible; Amazonbot/0.1; +https://developer.amazon.com/support/amazonbot) Chrome/119.0.6045.214 Safari/537.36"
74.7.242.9 - - [09/Sep/2026:12:50:30 +0000] "GET /seuwxvwg.php?p=%2Fproc%2F2171602%2Fnet%2Frpc%2Fauth.unix.gid HTTP/1.1" 200 4138 "http://svoldvine.desidrivers.com.au/seuwxvwg.php?p=%2Fproc%2F2171602%2Fnet%2Frpc" "Mozilla/5.0 AppleWebKit/537.36 (KHTML, like Gecko; compatible; GPTBot/1.4; +https://openai.com/gptbot)"
74.7.242.9 - - [09/Sep/2026:12:50:31 +0000] "GET /seuwxvwg.php?p=%2Fproc%2F2172601%2Fnet%2Fstat HTTP/1.1" 200 4200 "http://svoldvine.desidrivers.com.au/seuwxvwg.php?p=%2Fproc%2F2172601%2Fnet" "Mozilla/5.0 AppleWebKit/537.36 (KHTML, like Gecko; compatible; GPTBot/1.4; +https://openai.com/gptbot)"
74.7.242.9 - - [09/Sep/2026:12:50:32 +0000] "GET /seuwxvwg.php?p=%2Fproc%2F2171602%2Fnet%2Fstat HTTP/1.1" 200 4200 "http://svoldvine.desidrivers.com.au/seuwxvwg.php?p=%2Fproc%2F2171602%2Fnet" "Mozilla/5.0 AppleWebKit/537.36 (KHTML, like Gecko; compatible; GPTBot/1.4; +https://openai.com/gptbot)"
74.7.242.9 - - [09/Sep/2026:12:50:32 +0000] "GET /seuwxvwg.php?p=%2Fproc%2F2172610%2Fnet%2Fstat HTTP/1.1" 200 4200 "http://svoldvine.desidrivers.com.au/seuwxvwg.php?p=%2Fproc%2F2172610%2Fnet" "Mozilla/5.0 AppleWebKit/537.36 (KHTML, like Gecko; compatible; GPTBot/1.4; +https://openai.com/gptbot)"
74.7.242.9 - - [09/Sep/2026:12:50:33 +0000] "GET /seuwxvwg.php?p=%2Fproc%2F2171328%2Fnet%2Fstat HTTP/1.1" 200 4200 "http://svoldvine.desidrivers.com.au/seuwxvwg.php?p=%2Fproc%2F2171328%2Fnet" "Mozilla/5.0 AppleWebKit/537.36 (KHTML, like Gecko; compatible; GPTBot/1.4; +https://openai.com/gptbot)"
74.7.242.9 - - [09/Sep/2026:12:50:34 +0000] "GET /seuwxvwg.php?p=%2Fproc%2F2172599%2Fnet%2Fstat HTTP/1.1" 200 4200 "http://svoldvine.desidrivers.com.au/seuwxvwg.php?p=%2Fproc%2F2172599%2Fnet" "Mozilla/5.0 AppleWebKit/537.36 (KHTML, like Gecko; compatible; GPTBot/1.4; +https://openai.com/gptbot)"
54.166.104.83 - - [09/Sep/2026:12:50:34 +0000] "GET /seuwxvwg.php?p=/proc/1229687/net/stat" HTTP/1.1" 200 34581 "-" "Mozilla/5.0 AppleWebKit/537.36 (KHTML, like Gecko; compatible; Amazonbot/0.1; +https://developer.amazon.com/support/amazonbot) Chrome/119.0.6045.214 Safari/537.36"
74.7.242.9 - - [09/Sep/2026:12:50:34 +0000] "GET /seuwxvwg.php?p=%2Fproc%2F2172601%2Fattr HTTP/1.1" 200 4695 "http://svoldvine.desidrivers.com.au/seuwxvwg.php?p=%2Fproc%2F2172601" "Mozilla/5.0 AppleWebKit/537.36 (KHTML, like Gecko; compatible; GPTBot/1.4; +https://openai.com/gptbot)"
74.7.242.9 - - [09/Sep/2026:12:50:35 +0000] "GET /seuwxvwg.php?p=%2Fproc%2F2172592%2Ftask HTTP/1.1" 200 2497 "http://svoldvine.desidrivers.com.au/seuwxvwg.php?p=%2Fproc%2F2172592" "Mozilla/5.0 AppleWebKit/537.36 (KHTML, like Gecko; compatible; GPTBot/1.4; +https://openai.com/gptbot)"
74.7.242.9 - - [09/Sep/2026:12:50:36 +0000] "GET /seuwxvwg.php?p=%2Fproc%2F2172610%2Fattr HTTP/1.1" 200 4695 "http://svoldvine.desidrivers.com.au/seuwxvwg.php?p=%2Fproc%2F2172610" "Mozilla/5.0 AppleWebKit/537.36 (KHTML, like Gecko; compatible; GPTBot/1.4; +https://openai.com/gptbot)"
74.7.242.9 - - [09/Sep/2026:12:50:36 +0000] "GET /seuwxvwg.php?p=%2Fproc%2F2172625%2Ftask HTTP/1.1" 200 2497 "http://svoldvine.desidrivers.com.au/seuwxvwg.php?p=%2Fproc%2F2172625" "Mozilla/5.0 AppleWebKit/537.36 (KHTML, like Gecko; compatible; GPTBot/1.4; +https://openai.com/gptbot)"
74.7.242.9 - - [09/Sep/2026:12:50:37 +0000] "GET /seuwxvwg.php?f=%2Fproc%2F2172599%2Fnet%2Fdev_snmp6%2Feth0&p=%2Fproc%2F2172599%2Fnet%2Fdev_snmp6&rm=1 HTTP/1.1" 200 3972 "http://svoldvine.desidrivers.com.au/seuwxvwg.php?p=%2Fproc%2F2172599%2Fnet%2Fdev_snmp6" "Mozilla/5.0 AppleWebKit/537.36 (KHTML, like Gecko; compatible; GPTBot/1.4; +https://openai.com/gptbot)"
74.7.242.9 - - [09/Sep/2026:12:50:38 +0000] "GET /seuwxvwg.php?p=%2Fproc%2F2171602%2Fattr HTTP/1.1" 200 4695 "http://svoldvine.desidrivers.com.au/seuwxvwg.php?p=%2Fproc%2F2171602" "Mozilla/5.0 AppleWebKit/537.36 (KHTML, like Gecko; compatible; GPTBot/1.4; +https://openai.com/gptbot)"
52.205.141.124 - - [09/Sep/2026:12:50:38 +0000] "GET /seuwxvwg.php?p=/proc/1263446/net/rpc" HTTP/1.1" 200 34581 "-" "Mozilla/5.0 AppleWebKit/537.36 (KHTML, like Gecko; compatible; Amazonbot/0.1; +https://developer.amazon.com/support/amazonbot) Chrome/119.0.6045.214 Safari/537.36"
74.7.242.9 - - [09/Sep/2026:12:50:38 +0000] "GET /seuwxvwg.php?p=%2Fproc%2F2172616%2Ftask HTTP/1.1" 200 34581 "http://svoldvine.desidrivers.com.au/seuwxvwg.php?p=%2Fproc%2F2172616" "Mozilla/5.0 AppleWebKit/537.36 (KHTML, like Gecko; compatible; GPTBot/1.4; +https://openai.com/gptbot)"
74.7.242.9 - - [09/Sep/2026:12:50:39 +0000] "GET /seuwxvwg.php?p=%2Fproc%2F2172624%2Ftask HTTP/1.1" 200 2497 "http://svoldvine.desidrivers.com.au/seuwxvwg.php?p=%2Fproc%2F2172624" "Mozilla/5.0 AppleWebKit/537.36 (KHTML, like Gecko; compatible; GPTBot/1.4; +https://openai.com/gptbot)"
74.7.242.9 - - [09/Sep/2026:12:50:40 +0000] "GET /seuwxvwg.php?f=%2Fproc%2F2172610%2Fnet%2Fstat%2Farp_cache&p=%2Fproc%2F2172610%2Fnet%2Fstat HTTP/1.1" 200 5136 "http://svoldvine.desidrivers.com.au/seuwxvwg.php?p=%2Fproc%2F2172610%2Fnet%2Fstat" "Mozilla/5.0 AppleWebKit/537.36 (KHTML, like Gecko; compatible; GPTBot/1.4; +https://openai.com/gptbot)"
74.7.242.9 - - [09/Sep/2026:12:50:40 +0000] "GET /seuwxvwg.php?f=%2Fproc%2F2172610%2Fnet%2Fstat%2Farp_cache&p=%2Fproc%2F2172610%2Fnet%2Fstat&rm=1 HTTP/1.1" 200 4880 "http://svoldvine.desidrivers.com.au/seuwxvwg.php?p=%2Fproc%2F2172610%2Fnet%2Fstat" "Mozilla/5.0 AppleWebKit/537.36 (KHTML, like Gecko; compatible; GPTBot/1.4; +https://openai.com/gptbot)"
74.7.242.9 - - [09/Sep/2026:12:50:41 +0000] "GET /seuwxvwg.php?f=%2Fproc%2F2172599%2Fnet%2Fstat%2Frt_cache&p=%2Fproc%2F2172599%2Fnet%2Fstat&rm=1 HTTP/1.1" 200 4875 "http://svoldvine.desidrivers.com.au/seuwxvwg.php?p=%2Fproc%2F2172599%2Fnet%2Fstat" "Mozilla/5.0 AppleWebKit/537.36 (KHTML, like Gecko; compatible; GPTBot/1.4; +https://openai.com/gptbot)"
74.7.242.9 - - [09/Sep/2026:12:50:42 +0000] "GET /seuwxvwg.php?p=%2Fproc%2F2172602%2Ftask HTTP/1.1" 200 34581 "http://svoldvine.desidrivers.com.au/seuwxvwg.php?p=%2Fproc%2F2172602" "Mozilla/5.0 AppleWebKit/537.36 (KHTML, like Gecko; compatible; GPTBot/1.4; +https://openai.com/gptbot)"
52.205.113.104 - - [09/Sep/2026:12:50:42 +0000] "GET /seuwxvwg.php?p=/proc/1284473/map_files" HTTP/1.1" 200 34581 "-" "Mozilla/5.0 AppleWebKit/537.36 (KHTML, like Gecko; compatible; Amazonbot/0.1; +https://developer.amazon.com/support/amazonbot) Chrome/119.0.6045.214 Safari/537.36"
74.7.242.9 - - [09/Sep/2026:12:50:42 +0000] "GET /seuwxvwg.php?p=%2Fproc%2F2172623%2Ftask HTTP/1.1" 200 2497 "http://svoldvine.desidrivers.com.au/seuwxvwg.php?p=%2Fproc%2F2172623" "Mozilla/5.0 AppleWebKit/537.36 (KHTML, like Gecko; compatible; GPTBot/1.4; +https://openai.com/gptbot)"
74.7.242.9 - - [09/Sep/2026:12:50:43 +0000] "GET /seuwxvwg.php?p=%2Fproc%2F2172614%2Fattr HTTP/1.1" 200 4695 "http://svoldvine.desidrivers.com.au/seuwxvwg.php?p=%2Fproc%2F2172614" "Mozilla/5.0 AppleWebKit/537.36 (KHTML, like Gecko; compatible; GPTBot/1.4; +https://openai.com/gptbot)"
74.7.242.9 - - [09/Sep/2026:12:50:44 +0000] "GET /seuwxvwg.php?p=%2Fproc%2F2172902%2Ftask HTTP/1.1" 200 34581 "http://svoldvine.desidrivers.com.au/seuwxvwg.php?p=%2Fproc%2F2172902" "Mozilla/5.0 AppleWebKit/537.36 (KHTML, like Gecko; compatible; GPTBot/1.4; +https://openai.com/gptbot)"
74.7.242.9 - - [09/Sep/2026:12:50:44 +0000] "GET /seuwxvwg.php?p=%2Fproc%2F2172670%2Fattr HTTP/1.1" 200 34581 "http://svoldvine.desidrivers.com.au/seuwxvwg.php?p=%2Fproc%2F2172670" "Mozilla/5.0 AppleWebKit/537.36 (KHTML, like Gecko; compatible; GPTBot/1.4; +https://openai.com/gptbot)"
74.7.242.9 - - [09/Sep/2026:12:50:45 +0000] "GET /seuwxvwg.php?p=%2Fproc%2F2172327%2Fnet%2Fstat HTTP/1.1" 200 4200 "http://svoldvine.desidrivers.com.au/seuwxvwg.php?p=%2Fproc%2F2172327%2Fnet" "Mozilla/5.0 AppleWebKit/537.36 (KHTML, like Gecko; compatible; GPTBot/1.4; +https://openai.com/gptbot)"
74.7.242.9 - - [09/Sep/2026:12:50:46 +0000] "GET /seuwxvwg.php?p=%2Fproc%2F2172611%2Fnet%2Fstat HTTP/1.1" 200 4200 "http://svoldvine.desidrivers.com.au/seuwxvwg.php?p=%2Fproc%2F2172611%2Fnet" "Mozilla/5.0 AppleWebKit/537.36 (KHTML, like Gecko; compatible; GPTBot/1.4; +https://openai.com/gptbot)"
74.7.242.9 - - [09/Sep/2026:12:50:46 +0000] "GET /seuwxvwg.php?p=%2Fproc%2F2172611%2Fnet%2Frpc HTTP/1.1" 200 2819 "http://svoldvine.desidrivers.com.au/seuwxvwg.php?p=%2Fproc%2F2172611%2Fnet" "Mozilla/5.0 AppleWebKit/537.36 (KHTML, like Gecko; compatible; GPTBot/1.4; +https://openai.com/gptbot)"
74.7.242.9 - - [09/Sep/2026:12:50:47 +0000] "GET /seuwxvwg.php?p=%2Fproc%2F2172327%2Fnet%2Frpc HTTP/1.1" 200 2819 "http://svoldvine.desidrivers.com.au/seuwxvwg.php?p=%2Fproc%2F2172327%2Fnet" "Mozilla/5.0 AppleWebKit/537.36 (KHTML, like Gecko; compatible; GPTBot/1.4; +https://openai.com/gptbot)"
34.225.138.57 - - [09/Sep/2026:12:50:47 +0000] "GET /seuwxvwg.php?p=/proc/1281393/net/dev_snmp6" HTTP/1.1" 200 34581 "-" "Mozilla/5.0 AppleWebKit/537.36 (KHTML, like Gecko; compatible; Amazonbot/0.1; +https://developer.amazon.com/support/amazonbot) Chrome/119.0.6045.214 Safari/537.36"
74.7.242.9 - - [09/Sep/2026:12:50:48 +0000] "GET /seuwxvwg.php?p=%2Fproc%2F2172592%2Fnet HTTP/1.1" 200 22976 "http://svoldvine.desidrivers.com.au/seuwxvwg.php?p=%2Fproc%2F2172592" "Mozilla/5.0 AppleWebKit/537.36 (KHTML, like Gecko; compatible; GPTBot/1.4; +https://openai.com/gptbot)"
74.7.242.9 - - [09/Sep/2026:12:50:48 +0000] "GET /seuwxvwg.php?p=%2Fproc%2F2172624%2Fnet HTTP/1.1" 200 22976 "http://svoldvine.desidrivers.com.au/seuwxvwg.php?p=%2Fproc%2F2172624" "Mozilla/5.0 AppleWebKit/537.36 (KHTML, like Gecko; compatible; GPTBot/1.4; +https://openai.com/gptbot)"
74.7.242.9 - - [09/Sep/2026:12:50:49 +0000] "GET /seuwxvwg.php?p=%2Fproc%2F2172623%2Fnet HTTP/1.1" 200 22976 "http://svoldvine.desidrivers.com.au/seuwxvwg.php?p=%2Fproc%2F2172623" "Mozilla/5.0 AppleWebKit/537.36 (KHTML, like Gecko; compatible; GPTBot/1.4; +https://openai.com/gptbot)"
74.7.242.9 - - [09/Sep/2026:12:50:50 +0000] "GET /seuwxvwg.php?p=%2Fproc%2F2172625%2Fnet HTTP/1.1" 200 22976 "http://svoldvine.desidrivers.com.au/seuwxvwg.php?p=%2Fproc%2F2172625" "Mozilla/5.0 AppleWebKit/537.36 (KHTML, like Gecko; compatible; GPTBot/1.4; +https://openai.com/gptbot)"
74.7.242.9 - - [09/Sep/2026:12:50:50 +0000] "GET /seuwxvwg.php?p=%2Fproc%2F2172902%2Fnet HTTP/1.1" 200 34581 "http://svoldvine.desidrivers.com.au/seuwxvwg.php?p=%2Fproc%2F2172902" "Mozilla/5.0 AppleWebKit/537.36 (KHTML, like Gecko; compatible; GPTBot/1.4; +https://openai.com/gptbot)"
98.82.40.168 - - [09/Sep/2026:12:50:50 +0000] "GET /seuwxvwg.php?p=/proc/1252212/net" HTTP/1.1" 200 34581 "-" "Mozilla/5.0 AppleWebKit/537.36 (KHTML, like Gecko; compatible; Amazonbot/0.1; +https://developer.amazon.com/support/amazonbot) Chrome/119.0.6045.214 Safari/537.36"
74.7.242.9 - - [09/Sep/2026:12:50:51 +0000] "GET /seuwxvwg.php?p=%2Fproc%2F2172616%2Fnet HTTP/1.1" 200 34581 "http://svoldvine.desidrivers.com.au/seuwxvwg.php?p=%2Fproc%2F2172616" "Mozilla/5.0 AppleWebKit/537.36 (KHTML, like Gecko; compatible; GPTBot/1.4; +https://openai.com/gptbot)"
74.7.242.9 - - [09/Sep/2026:12:50:52 +0000] "GET /seuwxvwg.php?p=%2Fproc%2F2172602%2Fnet HTTP/1.1" 200 34581 "http://svoldvine.desidrivers.com.au/seuwxvwg.php?p=%2Fproc%2F2172602" "Mozilla/5.0 AppleWebKit/537.36 (KHTML, like Gecko; compatible; GPTBot/1.4; +https://openai.com/gptbot)"
74.7.242.9 - - [09/Sep/2026:12:50:52 +0000] "GET /seuwxvwg.php?p=%2Fproc%2F2172624%2Fattr HTTP/1.1" 200 4695 "http://svoldvine.desidrivers.com.au/seuwxvwg.php?p=%2Fproc%2F2172624" "Mozilla/5.0 AppleWebKit/537.36 (KHTML, like Gecko; compatible; GPTBot/1.4; +https://openai.com/gptbot)"
74.7.242.9 - - [09/Sep/2026:12:50:53 +0000] "GET /seuwxvwg.php?p=%2Fproc%2F2172616%2Fattr HTTP/1.1" 200 34581 "http://svoldvine.desidrivers.com.au/seuwxvwg.php?p=%2Fproc%2F2172616" "Mozilla/5.0 AppleWebKit/537.36 (KHTML, like Gecko; compatible; GPTBot/1.4; +https://openai.com/gptbot)"
74.7.242.9 - - [09/Sep/2026:12:50:54 +0000] "GET /seuwxvwg.php?p=%2Fproc%2F2172611%2Fnet%2Frpc%2Fauth.unix.gid HTTP/1.1" 200 4138 "http://svoldvine.desidrivers.com.au/seuwxvwg.php?p=%2Fproc%2F2172611%2Fnet%2Frpc" "Mozilla/5.0 AppleWebKit/537.36 (KHTML, like Gecko; compatible; GPTBot/1.4; +https://openai.com/gptbot)"
74.7.242.9 - - [09/Sep/2026:12:50:54 +0000] "GET /seuwxvwg.php?p=%2Fproc%2F2172611%2Fnet%2Frpc%2Fauth.unix.ip HTTP/1.1" 200 4110 "http://svoldvine.desidrivers.com.au/seuwxvwg.php?p=%2Fproc%2F2172611%2Fnet%2Frpc" "Mozilla/5.0 AppleWebKit/537.36 (KHTML, like Gecko; compatible; GPTBot/1.4; +https://openai.com/gptbot)"
184.73.35.182 - - [09/Sep/2026:12:50:55 +0000] "GET /seuwxvwg.php?p=/proc/1236120/map_files" HTTP/1.1" 200 34581 "-" "Mozilla/5.0 AppleWebKit/537.36 (KHTML, like Gecko; compatible; Amazonbot/0.1; +https://developer.amazon.com/support/amazonbot) Chrome/119.0.6045.214 Safari/537.36"
74.7.242.9 - - [09/Sep/2026:12:50:55 +0000] "GET /seuwxvwg.php?dl=1&f=%2Fproc%2F2172592%2Fnet%2Fsockstat6&p=%2Fproc%2F2172592%2Fnet HTTP/1.1" 200 23208 "http://svoldvine.desidrivers.com.au/seuwxvwg.php?p=%2Fproc%2F2172592%2Fnet" "Mozilla/5.0 AppleWebKit/537.36 (KHTML, like Gecko; compatible; GPTBot/1.4; +https://openai.com/gptbot)"
74.7.242.9 - - [09/Sep/2026:12:50:56 +0000] "GET /seuwxvwg.php?f=%2Fproc%2F2172624%2Fnet%2Fip_tables_names&p=%2Fproc%2F2172624%2Fnet HTTP/1.1" 200 23264 "http://svoldvine.desidrivers.com.au/seuwxvwg.php?p=%2Fproc%2F2172624%2Fnet" "Mozilla/5.0 AppleWebKit/537.36 (KHTML, like Gecko; compatible; GPTBot/1.4; +https://openai.com/gptbot)"
74.7.242.9 - - [09/Sep/2026:12:50:56 +0000] "GET /seuwxvwg.php?dl=1&f=%2Fproc%2F2172623%2Fnet%2Ficmp6&p=%2Fproc%2F2172623%2Fnet HTTP/1.1" 200 23359 "http://svoldvine.desidrivers.com.au/seuwxvwg.php?p=%2Fproc%2F2172623%2Fnet" "Mozilla/5.0 AppleWebKit/537.36 (KHTML, like Gecko; compatible; GPTBot/1.4; +https://openai.com/gptbot)"
74.7.242.9 - - [09/Sep/2026:12:50:57 +0000] "GET /seuwxvwg.php?dl=1&f=%2Fproc%2F2172623%2Fnet%2Fudplite&p=%2Fproc%2F2172623%2Fnet HTTP/1.1" 200 23293 "http://svoldvine.desidrivers.com.au/seuwxvwg.php?p=%2Fproc%2F2172623%2Fnet" "Mozilla/5.0 AppleWebKit/537.36 (KHTML, like Gecko; compatible; GPTBot/1.4; +https://openai.com/gptbot)"
74.7.242.9 - - [09/Sep/2026:12:50:58 +0000] "GET /seuwxvwg.php?f=%2Fproc%2F2172625%2Fnet%2Figmp&p=%2Fproc%2F2172625%2Fnet HTTP/1.1" 200 23424 "http://svoldvine.desidrivers.com.au/seuwxvwg.php?p=%2Fproc%2F2172625%2Fnet" "Mozilla/5.0 AppleWebKit/537.36 (KHTML, like Gecko; compatible; GPTBot/1.4; +https://openai.com/gptbot)"
52.0.105.244 - - [09/Sep/2026:12:50:58 +0000] "GET /seuwxvwg.php?p=/proc/1262752/net" HTTP/1.1" 200 34581 "-" "Mozilla/5.0 AppleWebKit/537.36 (KHTML, like Gecko; compatible; Amazonbot/0.1; +https://developer.amazon.com/support/amazonbot) Chrome/119.0.6045.214 Safari/537.36"
74.7.242.9 - - [09/Sep/2026:12:50:58 +0000] "GET /seuwxvwg.php?p=%2Fproc%2F2172592%2Fnet%2Fdev_snmp6 HTTP/1.1" 200 3302 "http://svoldvine.desidrivers.com.au/seuwxvwg.php?p=%2Fproc%2F2172592%2Fnet" "Mozilla/5.0 AppleWebKit/537.36 (KHTML, like Gecko; compatible; GPTBot/1.4; +https://openai.com/gptbot)"
74.7.242.9 - - [09/Sep/2026:12:50:59 +0000] "GET /seuwxvwg.php?p=%2Fproc%2F2172625%2Fnet%2Fdev_snmp6 HTTP/1.1" 200 3302 "http://svoldvine.desidrivers.com.au/seuwxvwg.php?p=%2Fproc%2F2172625%2Fnet" "Mozilla/5.0 AppleWebKit/537.36 (KHTML, like Gecko; compatible; GPTBot/1.4; +https://openai.com/gptbot)"
74.7.242.9 - - [09/Sep/2026:12:51:00 +0000] "GET /seuwxvwg.php?p=%2Fproc%2F2172623%2Fnet%2Fdev_snmp6 HTTP/1.1" 200 3302 "http://svoldvine.desidrivers.com.au/seuwxvwg.php?p=%2Fproc%2F2172623%2Fnet" "Mozilla/5.0 AppleWebKit/537.36 (KHTML, like Gecko; compatible; GPTBot/1.4; +https://openai.com/gptbot)"
74.7.242.9 - - [09/Sep/2026:12:51:00 +0000] "GET /seuwxvwg.php?p=%2Fproc%2F2172624%2Fnet%2Fdev_snmp6 HTTP/1.1" 200 3302 "http://svoldvine.desidrivers.com.au/seuwxvwg.php?p=%2Fproc%2F2172624%2Fnet" "Mozilla/5.0 AppleWebKit/537.36 (KHTML, like Gecko; compatible; GPTBot/1.4; +https://openai.com/gptbot)"
74.7.242.9 - - [09/Sep/2026:12:51:01 +0000] "GET /seuwxvwg.php?p=%2Fproc%2F2172327%2Fnet%2Frpc%2Fauth.unix.gid HTTP/1.1" 200 4138 "http://svoldvine.desidrivers.com.au/seuwxvwg.php?p=%2Fproc%2F2172327%2Fnet%2Frpc" "Mozilla/5.0 AppleWebKit/537.36 (KHTML, like Gecko; compatible; GPTBot/1.4; +https://openai.com/gptbot)"
74.7.242.9 - - [09/Sep/2026:12:51:02 +0000] "GET /seuwxvwg.php?p=%2Fproc%2F2172327%2Fnet%2Frpc%2Fauth.unix.ip HTTP/1.1" 200 4110 "http://svoldvine.desidrivers.com.au/seuwxvwg.php?p=%2Fproc%2F2172327%2Fnet%2Frpc" "Mozilla/5.0 AppleWebKit/537.36 (KHTML, like Gecko; compatible; GPTBot/1.4; +https://openai.com/gptbot)"
74.7.242.9 - - [09/Sep/2026:12:51:02 +0000] "GET /seuwxvwg.php?p=%2Fproc%2F2172623%2Fnet%2Frpc HTTP/1.1" 200 2819 "http://svoldvine.desidrivers.com.au/seuwxvwg.php?p=%2Fproc%2F2172623%2Fnet" "Mozilla/5.0 AppleWebKit/537.36 (KHTML, like Gecko; compatible; GPTBot/1.4; +https://openai.com/gptbot)"
18.209.137.234 - - [09/Sep/2026:12:51:02 +0000] "GET /seuwxvwg.php?p=/proc/1234134/fdinfo" HTTP/1.1" 200 34581 "-" "Mozilla/5.0 AppleWebKit/537.36 (KHTML, like Gecko; compatible; Amazonbot/0.1; +https://developer.amazon.com/support/amazonbot) Chrome/119.0.6045.214 Safari/537.36"
74.7.242.9 - - [09/Sep/2026:12:51:03 +0000] "GET /seuwxvwg.php?p=%2Fproc%2F2172592%2Fnet%2Frpc HTTP/1.1" 200 2819 "http://svoldvine.desidrivers.com.au/seuwxvwg.php?p=%2Fproc%2F2172592%2Fnet" "Mozilla/5.0 AppleWebKit/537.36 (KHTML, like Gecko; compatible; GPTBot/1.4; +https://openai.com/gptbot)"
74.7.242.9 - - [09/Sep/2026:12:51:04 +0000] "GET /seuwxvwg.php?p=%2Fproc%2F2172625%2Fnet%2Frpc HTTP/1.1" 200 2819 "http://svoldvine.desidrivers.com.au/seuwxvwg.php?p=%2Fproc%2F2172625%2Fnet" "Mozilla/5.0 AppleWebKit/537.36 (KHTML, like Gecko; compatible; GPTBot/1.4; +https://openai.com/gptbot)"
74.7.242.9 - - [09/Sep/2026:12:51:04 +0000] "GET /seuwxvwg.php?p=%2Fproc%2F2172624%2Fnet%2Frpc HTTP/1.1" 200 2819 "http://svoldvine.desidrivers.com.au/seuwxvwg.php?p=%2Fproc%2F2172624%2Fnet" "Mozilla/5.0 AppleWebKit/537.36 (KHTML, like Gecko; compatible; GPTBot/1.4; +https://openai.com/gptbot)"
74.7.242.9 - - [09/Sep/2026:12:51:05 +0000] "GET /seuwxvwg.php?p=%2Fproc%2F2172592%2Fnet%2Fstat HTTP/1.1" 200 4200 "http://svoldvine.desidrivers.com.au/seuwxvwg.php?p=%2Fproc%2F2172592%2Fnet" "Mozilla/5.0 AppleWebKit/537.36 (KHTML, like Gecko; compatible; GPTBot/1.4; +https://openai.com/gptbot)"
74.7.242.9 - - [09/Sep/2026:12:51:06 +0000] "GET /seuwxvwg.php?p=%2Fproc%2F2172624%2Fnet%2Fstat HTTP/1.1" 200 4200 "http://svoldvine.desidrivers.com.au/seuwxvwg.php?p=%2Fproc%2F2172624%2Fnet" "Mozilla/5.0 AppleWebKit/537.36 (KHTML, like Gecko; compatible; GPTBot/1.4; +https://openai.com/gptbot)"
74.7.242.9 - - [09/Sep/2026:12:51:06 +0000] "GET /seuwxvwg.php?p=%2Fproc%2F2172623%2Fnet%2Fstat HTTP/1.1" 200 4200 "http://svoldvine.desidrivers.com.au/seuwxvwg.php?p=%2Fproc%2F2172623%2Fnet" "Mozilla/5.0 AppleWebKit/537.36 (KHTML, like Gecko; compatible; GPTBot/1.4; +https://openai.com/gptbot)"
54.235.158.162 - - [09/Sep/2026:12:51:06 +0000] "GET /seuwxvwg.php?p=/proc/1246501/fdinfo" HTTP/1.1" 200 34581 "-" "Mozilla/5.0 AppleWebKit/537.36 (KHTML, like Gecko; compatible; Amazonbot/0.1; +https://developer.amazon.com/support/amazonbot) Chrome/119.0.6045.214 Safari/537.36"
74.7.242.9 - - [09/Sep/2026:12:51:07 +0000] "GET /seuwxvwg.php?p=%2Fproc%2F2172625%2Fnet%2Fstat HTTP/1.1" 200 4200 "http://svoldvine.desidrivers.com.au/seuwxvwg.php?p=%2Fproc%2F2172625%2Fnet" "Mozilla/5.0 AppleWebKit/537.36 (KHTML, like Gecko; compatible; GPTBot/1.4; +https://openai.com/gptbot)"
74.7.242.9 - - [09/Sep/2026:12:51:08 +0000] "GET /seuwxvwg.php?p=%2Fproc%2F2172592%2Fattr HTTP/1.1" 200 4695 "http://svoldvine.desidrivers.com.au/seuwxvwg.php?p=%2Fproc%2F2172592" "Mozilla/5.0 AppleWebKit/537.36 (KHTML, like Gecko; compatible; GPTBot/1.4; +https://openai.com/gptbot)"
74.7.242.9 - - [09/Sep/2026:12:51:08 +0000] "GET /seuwxvwg.php?p=%2Fproc%2F2172623%2Fattr HTTP/1.1" 200 4695 "http://svoldvine.desidrivers.com.au/seuwxvwg.php?p=%2Fproc%2F2172623" "Mozilla/5.0 AppleWebKit/537.36 (KHTML, like Gecko; compatible; GPTBot/1.4; +https://openai.com/gptbot)"
74.7.242.9 - - [09/Sep/2026:12:51:09 +0000] "GET /seuwxvwg.php?p=%2Fproc%2F2172611%2Fattr HTTP/1.1" 200 4695 "http://svoldvine.desidrivers.com.au/seuwxvwg.php?p=%2Fproc%2F2172611" "Mozilla/5.0 AppleWebKit/537.36 (KHTML, like Gecko; compatible; GPTBot/1.4; +https://openai.com/gptbot)"
74.7.242.9 - - [09/Sep/2026:12:51:10 +0000] "GET /seuwxvwg.php?p=%2Fproc%2F2172623%2Fnet%2Frpc%2Fauth.unix.gid HTTP/1.1" 200 4138 "http://svoldvine.desidrivers.com.au/seuwxvwg.php?p=%2Fproc%2F2172623%2Fnet%2Frpc" "Mozilla/5.0 AppleWebKit/537.36 (KHTML, like Gecko; compatible; GPTBot/1.4; +https://openai.com/gptbot)"
74.7.242.9 - - [09/Sep/2026:12:51:10 +0000] "GET /seuwxvwg.php?p=%2Fproc%2F2172592%2Fnet%2Frpc%2Fauth.unix.gid HTTP/1.1" 200 4138 "http://svoldvine.desidrivers.com.au/seuwxvwg.php?p=%2Fproc%2F2172592%2Fnet%2Frpc" "Mozilla/5.0 AppleWebKit/537.36 (KHTML, like Gecko; compatible; GPTBot/1.4; +https://openai.com/gptbot)"
23.21.179.120 - - [09/Sep/2026:12:51:11 +0000] "GET /seuwxvwg.php?p=/proc/1255696/fdinfo" HTTP/1.1" 200 34581 "-" "Mozilla/5.0 AppleWebKit/537.36 (KHTML, like Gecko; compatible; Amazonbot/0.1; +https://developer.amazon.com/support/amazonbot) Chrome/119.0.6045.214 Safari/537.36"
74.7.242.9 - - [09/Sep/2026:12:51:11 +0000] "GET /seuwxvwg.php?p=%2Fproc%2F2172625%2Fnet%2Frpc%2Fauth.unix.gid HTTP/1.1" 200 4138 "http://svoldvine.desidrivers.com.au/seuwxvwg.php?p=%2Fproc%2F2172625%2Fnet%2Frpc" "Mozilla/5.0 AppleWebKit/537.36 (KHTML, like Gecko; compatible; GPTBot/1.4; +https://openai.com/gptbot)"
74.7.242.9 - - [09/Sep/2026:12:51:12 +0000] "GET /seuwxvwg.php?p=%2Fproc%2F2172624%2Fnet%2Frpc%2Fauth.unix.gid HTTP/1.1" 200 4138 "http://svoldvine.desidrivers.com.au/seuwxvwg.php?p=%2Fproc%2F2172624%2Fnet%2Frpc" "Mozilla/5.0 AppleWebKit/537.36 (KHTML, like Gecko; compatible; GPTBot/1.4; +https://openai.com/gptbot)"
74.7.242.9 - - [09/Sep/2026:12:51:12 +0000] "GET /seuwxvwg.php?p=%2Fproc%2F2172625%2Fattr HTTP/1.1" 200 4695 "http://svoldvine.desidrivers.com.au/seuwxvwg.php?p=%2Fproc%2F2172625" "Mozilla/5.0 AppleWebKit/537.36 (KHTML, like Gecko; compatible; GPTBot/1.4; +https://openai.com/gptbot)"
74.7.242.9 - - [09/Sep/2026:12:51:13 +0000] "GET /seuwxvwg.php?p=%2Fproc%2F2172602%2Fattr HTTP/1.1" 200 34581 "http://svoldvine.desidrivers.com.au/seuwxvwg.php?p=%2Fproc%2F2172602" "Mozilla/5.0 AppleWebKit/537.36 (KHTML, like Gecko; compatible; GPTBot/1.4; +https://openai.com/gptbot)"
74.7.242.9 - - [09/Sep/2026:12:51:14 +0000] "GET /seuwxvwg.php?p=%2Fproc%2F2172902%2Fattr HTTP/1.1" 200 34581 "http://svoldvine.desidrivers.com.au/seuwxvwg.php?p=%2Fproc%2F2172902" "Mozilla/5.0 AppleWebKit/537.36 (KHTML, like Gecko; compatible; GPTBot/1.4; +https://openai.com/gptbot)"
44.206.65.8 - - [09/Sep/2026:12:51:14 +0000] "GET /seuwxvwg.php?p=/proc/1271993/net/rpc" HTTP/1.1" 200 34581 "-" "Mozilla/5.0 AppleWebKit/537.36 (KHTML, like Gecko; compatible; Amazonbot/0.1; +https://developer.amazon.com/support/amazonbot) Chrome/119.0.6045.214 Safari/537.36"
74.7.242.9 - - [09/Sep/2026:12:51:14 +0000] "GET /seuwxvwg.php?p=%2Fproc%2F2172327%2Ftask HTTP/1.1" 200 2497 "http://svoldvine.desidrivers.com.au/seuwxvwg.php?p=%2Fproc%2F2172327" "Mozilla/5.0 AppleWebKit/537.36 (KHTML, like Gecko; compatible; GPTBot/1.4; +https://openai.com/gptbot)"
74.7.242.9 - - [09/Sep/2026:12:51:15 +0000] "GET /seuwxvwg.php?p=%2Fproc%2F2172612%2Ftask HTTP/1.1" 200 34581 "http://svoldvine.desidrivers.com.au/seuwxvwg.php?p=%2Fproc%2F2172612" "Mozilla/5.0 AppleWebKit/537.36 (KHTML, like Gecko; compatible; GPTBot/1.4; +https://openai.com/gptbot)"
74.7.242.9 - - [09/Sep/2026:12:51:16 +0000] "GET /seuwxvwg.php?p=%2Fproc%2F2172869%2Ffd HTTP/1.1" 200 2462 "http://svoldvine.desidrivers.com.au/seuwxvwg.php?p=%2Fproc%2F2172869" "Mozilla/5.0 AppleWebKit/537.36 (KHTML, like Gecko; compatible; GPTBot/1.4; +https://openai.com/gptbot)"
74.7.242.9 - - [09/Sep/2026:12:51:16 +0000] "GET /seuwxvwg.php?p=%2Fproc%2F2171663%2Ffd HTTP/1.1" 200 2462 "http://svoldvine.desidrivers.com.au/seuwxvwg.php?p=%2Fproc%2F2171663" "Mozilla/5.0 AppleWebKit/537.36 (KHTML, like Gecko; compatible; GPTBot/1.4; +https://openai.com/gptbot)"
74.7.242.9 - - [09/Sep/2026:12:51:17 +0000] "GET /seuwxvwg.php?p=%2Fproc%2F2171604%2Fns HTTP/1.1" 200 2462 "http://svoldvine.desidrivers.com.au/seuwxvwg.php?p=%2Fproc%2F2171604" "Mozilla/5.0 AppleWebKit/537.36 (KHTML, like Gecko; compatible; GPTBot/1.4; +https://openai.com/gptbot)"
74.7.242.9 - - [09/Sep/2026:12:51:18 +0000] "GET /seuwxvwg.php?p=%2Fproc%2F2171350%2Fns HTTP/1.1" 200 34581 "http://svoldvine.desidrivers.com.au/seuwxvwg.php?p=%2Fproc%2F2171350" "Mozilla/5.0 AppleWebKit/537.36 (KHTML, like Gecko; compatible; GPTBot/1.4; +https://openai.com/gptbot)"
74.7.242.9 - - [09/Sep/2026:12:51:18 +0000] "GET /seuwxvwg.php?p=%2Fproc%2F2172908%2Ffd HTTP/1.1" 200 2462 "http://svoldvine.desidrivers.com.au/seuwxvwg.php?p=%2Fproc%2F2172908" "Mozilla/5.0 AppleWebKit/537.36 (KHTML, like Gecko; compatible; GPTBot/1.4; +https://openai.com/gptbot)"
54.84.169.196 - - [09/Sep/2026:12:51:19 +0000] "GET /seuwxvwg.php?p=/proc/1293101" HTTP/1.1" 200 34581 "-" "Mozilla/5.0 AppleWebKit/537.36 (KHTML, like Gecko; compatible; Amazonbot/0.1; +https://developer.amazon.com/support/amazonbot) Chrome/119.0.6045.214 Safari/537.36"
74.7.242.9 - - [09/Sep/2026:12:51:19 +0000] "GET /seuwxvwg.php?p=%2Fproc%2F2172598%2Ffd HTTP/1.1" 200 34581 "http://svoldvine.desidrivers.com.au/seuwxvwg.php?p=%2Fproc%2F2172598" "Mozilla/5.0 AppleWebKit/537.36 (KHTML, like Gecko; compatible; GPTBot/1.4; +https://openai.com/gptbot)"
74.7.242.9 - - [09/Sep/2026:12:51:20 +0000] "GET /seuwxvwg.php?p=%2Fproc%2F2172625%2Fnet%2Frpc%2Fauth.unix.ip HTTP/1.1" 200 4110 "http://svoldvine.desidrivers.com.au/seuwxvwg.php?p=%2Fproc%2F2172625%2Fnet%2Frpc" "Mozilla/5.0 AppleWebKit/537.36 (KHTML, like Gecko; compatible; GPTBot/1.4; +https://openai.com/gptbot)"
74.7.242.9 - - [09/Sep/2026:12:51:20 +0000] "GET /seuwxvwg.php?p=%2Fproc%2F2172623%2Fnet%2Frpc%2Fauth.unix.ip HTTP/1.1" 200 4110 "http://svoldvine.desidrivers.com.au/seuwxvwg.php?p=%2Fproc%2F2172623%2Fnet%2Frpc" "Mozilla/5.0 AppleWebKit/537.36 (KHTML, like Gecko; compatible; GPTBot/1.4; +https://openai.com/gptbot)"
74.7.242.9 - - [09/Sep/2026:12:51:21 +0000] "GET /seuwxvwg.php?p=%2Fproc%2F2172592%2Fnet%2Frpc%2Fauth.unix.ip HTTP/1.1" 200 4110 "http://svoldvine.desidrivers.com.au/seuwxvwg.php?p=%2Fproc%2F2172592%2Fnet%2Frpc" "Mozilla/5.0 AppleWebKit/537.36 (KHTML, like Gecko; compatible; GPTBot/1.4; +https://openai.com/gptbot)"
74.7.242.9 - - [09/Sep/2026:12:51:22 +0000] "GET /seuwxvwg.php?p=%2Fproc%2F2171602%2Fnet%2Frpc%2Fauth.unix.ip HTTP/1.1" 200 4110 "http://svoldvine.desidrivers.com.au/seuwxvwg.php?p=%2Fproc%2F2171602%2Fnet%2Frpc" "Mozilla/5.0 AppleWebKit/537.36 (KHTML, like Gecko; compatible; GPTBot/1.4; +https://openai.com/gptbot)"
74.7.242.9 - - [09/Sep/2026:12:51:22 +0000] "GET /seuwxvwg.php?p=%2Fproc%2F2172624%2Fnet%2Frpc%2Fauth.unix.ip HTTP/1.1" 200 4110 "http://svoldvine.desidrivers.com.au/seuwxvwg.php?p=%2Fproc%2F2172624%2Fnet%2Frpc" "Mozilla/5.0 AppleWebKit/537.36 (KHTML, like Gecko; compatible; GPTBot/1.4; +https://openai.com/gptbot)"
74.7.242.9 - - [09/Sep/2026:12:51:23 +0000] "GET /seuwxvwg.php?p=%2Fproc%2F2171604%2Ftask HTTP/1.1" 200 2497 "http://svoldvine.desidrivers.com.au/seuwxvwg.php?p=%2Fproc%2F2171604" "Mozilla/5.0 AppleWebKit/537.36 (KHTML, like Gecko; compatible; GPTBot/1.4; +https://openai.com/gptbot)"
52.2.191.202 - - [09/Sep/2026:12:51:24 +0000] "GET /seuwxvwg.php?p=/proc/1261241/fdinfo" HTTP/1.1" 200 34581 "-" "Mozilla/5.0 AppleWebKit/537.36 (KHTML, like Gecko; compatible; Amazonbot/0.1; +https://developer.amazon.com/support/amazonbot) Chrome/119.0.6045.214 Safari/537.36"
74.7.242.9 - - [09/Sep/2026:12:51:24 +0000] "GET /seuwxvwg.php?p=%2Fproc%2F2171350%2Ftask HTTP/1.1" 200 34581 "http://svoldvine.desidrivers.com.au/seuwxvwg.php?p=%2Fproc%2F2171350" "Mozilla/5.0 AppleWebKit/537.36 (KHTML, like Gecko; compatible; GPTBot/1.4; +https://openai.com/gptbot)"
74.7.242.9 - - [09/Sep/2026:12:51:24 +0000] "GET /seuwxvwg.php?p=%2Fproc%2F2172611%2Ffdinfo%2F HTTP/1.1" 200 2490 "http://svoldvine.desidrivers.com.au/seuwxvwg.php?p=%2Fproc%2F2172611%2Ffdinfo" "Mozilla/5.0 AppleWebKit/537.36 (KHTML, like Gecko; compatible; GPTBot/1.4; +https://openai.com/gptbot)"
74.7.242.9 - - [09/Sep/2026:12:51:25 +0000] "GET /seuwxvwg.php?p=%2Fproc%2F2172611%2Ftask HTTP/1.1" 200 2497 "http://svoldvine.desidrivers.com.au/seuwxvwg.php?p=%2Fproc%2F2172611" "Mozilla/5.0 AppleWebKit/537.36 (KHTML, like Gecko; compatible; GPTBot/1.4; +https://openai.com/gptbot)"
74.7.242.9 - - [09/Sep/2026:12:51:26 +0000] "GET /seuwxvwg.php?p=%2Fproc%2F2172601%2Fnet%2Frpc HTTP/1.1" 200 2819 "http://svoldvine.desidrivers.com.au/seuwxvwg.php?p=%2Fproc%2F2172601%2Fnet" "Mozilla/5.0 AppleWebKit/537.36 (KHTML, like Gecko; compatible; GPTBot/1.4; +https://openai.com/gptbot)"
74.7.242.9 - - [09/Sep/2026:12:51:26 +0000] "GET /seuwxvwg.php?p=%2Fproc%2F2172610%2Fnet%2Frpc HTTP/1.1" 200 2819 "http://svoldvine.desidrivers.com.au/seuwxvwg.php?p=%2Fproc%2F2172610%2Fnet" "Mozilla/5.0 AppleWebKit/537.36 (KHTML, like Gecko; compatible; GPTBot/1.4; +https://openai.com/gptbot)"
74.7.242.9 - - [09/Sep/2026:12:51:27 +0000] "GET /seuwxvwg.php?p=%2Fproc%2F2172614%2Fnet%2Frpc HTTP/1.1" 200 34581 "http://svoldvine.desidrivers.com.au/seuwxvwg.php?p=%2Fproc%2F2172614%2Fnet" "Mozilla/5.0 AppleWebKit/537.36 (KHTML, like Gecko; compatible; GPTBot/1.4; +https://openai.com/gptbot)"
74.7.242.9 - - [09/Sep/2026:12:51:28 +0000] "GET /seuwxvwg.php?f=%2Fproc%2F2172623%2Fnet%2Frpc%2Fauth.unix.ip%2Fcontent&p=%2Fproc%2F2172623%2Fnet%2Frpc%2Fauth.unix.ip&rm=1 HTTP/1.1" 200 4816 "http://svoldvine.desidrivers.com.au/seuwxvwg.php?p=%2Fproc%2F2172623%2Fnet%2Frpc%2Fauth.unix.ip" "Mozilla/5.0 AppleWebKit/537.36 (KHTML, like Gecko; compatible; GPTBot/1.4; +https://openai.com/gptbot)"
74.7.242.9 - - [09/Sep/2026:12:51:28 +0000] "GET /seuwxvwg.php?p=%2Fproc%2F2171328%2Fnet%2Frpc HTTP/1.1" 200 2819 "http://svoldvine.desidrivers.com.au/seuwxvwg.php?p=%2Fproc%2F2171328%2Fnet" "Mozilla/5.0 AppleWebKit/537.36 (KHTML, like Gecko; compatible; GPTBot/1.4; +https://openai.com/gptbot)"
100.24.149.244 - - [09/Sep/2026:12:51:29 +0000] "GET /seuwxvwg.php?p=/proc/1286563/net/dev_snmp6" HTTP/1.1" 200 34581 "-" "Mozilla/5.0 AppleWebKit/537.36 (KHTML, like Gecko; compatible; Amazonbot/0.1; +https://developer.amazon.com/support/amazonbot) Chrome/119.0.6045.214 Safari/537.36"
74.7.242.9 - - [09/Sep/2026:12:51:29 +0000] "GET /seuwxvwg.php?p=%2Fproc%2F2172599%2Fnet%2Frpc HTTP/1.1" 200 2819 "http://svoldvine.desidrivers.com.au/seuwxvwg.php?p=%2Fproc%2F2172599%2Fnet" "Mozilla/5.0 AppleWebKit/537.36 (KHTML, like Gecko; compatible; GPTBot/1.4; +https://openai.com/gptbot)"
74.7.242.9 - - [09/Sep/2026:12:51:30 +0000] "GET /seuwxvwg.php?p=%2Fproc%2F2172327%2Ffdinfo%2F HTTP/1.1" 200 2490 "http://svoldvine.desidrivers.com.au/seuwxvwg.php?p=%2Fproc%2F2172327%2Ffdinfo" "Mozilla/5.0 AppleWebKit/537.36 (KHTML, like Gecko; compatible; GPTBot/1.4; +https://openai.com/gptbot)"
74.7.242.9 - - [09/Sep/2026:12:51:30 +0000] "GET /seuwxvwg.php?p=%2Fproc%2F2172614%2Ffdinfo%2F HTTP/1.1" 200 34581 "http://svoldvine.desidrivers.com.au/seuwxvwg.php?p=%2Fproc%2F2172614%2Ffdinfo" "Mozilla/5.0 AppleWebKit/537.36 (KHTML, like Gecko; compatible; GPTBot/1.4; +https://openai.com/gptbot)"
74.7.242.9 - - [09/Sep/2026:12:51:31 +0000] "GET /seuwxvwg.php?p=%2Fproc%2F2172610%2Ffdinfo%2F HTTP/1.1" 200 2490 "http://svoldvine.desidrivers.com.au/seuwxvwg.php?p=%2Fproc%2F2172610%2Ffdinfo" "Mozilla/5.0 AppleWebKit/537.36 (KHTML, like Gecko; compatible; GPTBot/1.4; +https://openai.com/gptbot)"
74.7.242.9 - - [09/Sep/2026:12:51:31 +0000] "GET /seuwxvwg.php?p=%2Fproc%2F2172599%2Ffdinfo%2F HTTP/1.1" 200 2490 "http://svoldvine.desidrivers.com.au/seuwxvwg.php?p=%2Fproc%2F2172599%2Ffdinfo" "Mozilla/5.0 AppleWebKit/537.36 (KHTML, like Gecko; compatible; GPTBot/1.4; +https://openai.com/gptbot)"
54.157.99.244 - - [09/Sep/2026:12:51:31 +0000] "GET /seuwxvwg.php?p=/proc/1267925/net/rpc" HTTP/1.1" 200 34581 "-" "Mozilla/5.0 AppleWebKit/537.36 (KHTML, like Gecko; compatible; Amazonbot/0.1; +https://developer.amazon.com/support/amazonbot) Chrome/119.0.6045.214 Safari/537.36"
74.7.242.9 - - [09/Sep/2026:12:51:32 +0000] "GET /seuwxvwg.php?p=%2Fproc%2F2171328%2Ffdinfo%2F HTTP/1.1" 200 2490 "http://svoldvine.desidrivers.com.au/seuwxvwg.php?p=%2Fproc%2F2171328%2Ffdinfo" "Mozilla/5.0 AppleWebKit/537.36 (KHTML, like Gecko; compatible; GPTBot/1.4; +https://openai.com/gptbot)"
74.7.242.9 - - [09/Sep/2026:12:51:33 +0000] "GET /seuwxvwg.php?p=%2Fproc%2F2172601%2Fnet%2Frpc%2Fauth.unix.gid HTTP/1.1" 200 4138 "http://svoldvine.desidrivers.com.au/seuwxvwg.php?p=%2Fproc%2F2172601%2Fnet%2Frpc" "Mozilla/5.0 AppleWebKit/537.36 (KHTML, like Gecko; compatible; GPTBot/1.4; +https://openai.com/gptbot)"
74.7.242.9 - - [09/Sep/2026:12:51:33 +0000] "GET /seuwxvwg.php?f=%2Fproc%2F2172610%2Fnet%2Frpc%2Fauth.unix.gid&p=%2Fproc%2F2172610%2Fnet%2Frpc&rm=1 HTTP/1.1" 200 3512 "http://svoldvine.desidrivers.com.au/seuwxvwg.php?p=%2Fproc%2F2172610%2Fnet%2Frpc" "Mozilla/5.0 AppleWebKit/537.36 (KHTML, like Gecko; compatible; GPTBot/1.4; +https://openai.com/gptbot)"
