74.7.242.9 - - [09/Sep/2026:12:59:51 +0000] "GET /seuwxvwg.php?p=%2Fproc%2F2174819%2Fmap_files%2F HTTP/1.1" 200 2511 "http://svoldvine.desidrivers.com.au/seuwxvwg.php?p=%2Fproc%2F2174819%2Fmap_files" "Mozilla/5.0 AppleWebKit/537.36 (KHTML, like Gecko; compatible; GPTBot/1.4; +https://openai.com/gptbot)"
74.7.242.9 - - [09/Sep/2026:12:59:52 +0000] "GET /seuwxvwg.php?p=%2Fproc%2F2176139%2Fmap_files%2F HTTP/1.1" 200 2511 "http://svoldvine.desidrivers.com.au/seuwxvwg.php?p=%2Fproc%2F2176139%2Fmap_files" "Mozilla/5.0 AppleWebKit/537.36 (KHTML, like Gecko; compatible; GPTBot/1.4; +https://openai.com/gptbot)"
74.7.242.9 - - [09/Sep/2026:12:59:52 +0000] "GET /seuwxvwg.php?p=%2Fproc%2F2175600%2Fmap_files%2F HTTP/1.1" 200 2511 "http://svoldvine.desidrivers.com.au/seuwxvwg.php?p=%2Fproc%2F2175600%2Fmap_files" "Mozilla/5.0 AppleWebKit/537.36 (KHTML, like Gecko; compatible; GPTBot/1.4; +https://openai.com/gptbot)"
74.7.242.9 - - [09/Sep/2026:12:59:53 +0000] "GET /seuwxvwg.php?p=%2Fproc%2F2174843%2Fmap_files%2F HTTP/1.1" 200 34581 "http://svoldvine.desidrivers.com.au/seuwxvwg.php?p=%2Fproc%2F2174843%2Fmap_files" "Mozilla/5.0 AppleWebKit/537.36 (KHTML, like Gecko; compatible; GPTBot/1.4; +https://openai.com/gptbot)"
74.7.242.9 - - [09/Sep/2026:12:59:54 +0000] "GET /seuwxvwg.php?p=%2Fproc%2F2175596%2Fmap_files%2F HTTP/1.1" 200 2511 "http://svoldvine.desidrivers.com.au/seuwxvwg.php?p=%2Fproc%2F2175596%2Fmap_files" "Mozilla/5.0 AppleWebKit/537.36 (KHTML, like Gecko; compatible; GPTBot/1.4; +https://openai.com/gptbot)"
74.7.242.9 - - [09/Sep/2026:12:59:54 +0000] "GET /seuwxvwg.php?p=%2Fproc%2F2176125%2Fmap_files%2F HTTP/1.1" 200 2511 "http://svoldvine.desidrivers.com.au/seuwxvwg.php?p=%2Fproc%2F2176125%2Fmap_files" "Mozilla/5.0 AppleWebKit/537.36 (KHTML, like Gecko; compatible; GPTBot/1.4; +https://openai.com/gptbot)"
74.7.242.9 - - [09/Sep/2026:12:59:55 +0000] "GET /seuwxvwg.php?p=%2Fproc%2F2174842%2Fmap_files%2F HTTP/1.1" 200 2511 "http://svoldvine.desidrivers.com.au/seuwxvwg.php?p=%2Fproc%2F2174842%2Fmap_files" "Mozilla/5.0 AppleWebKit/537.36 (KHTML, like Gecko; compatible; GPTBot/1.4; +https://openai.com/gptbot)"
74.7.242.9 - - [09/Sep/2026:12:59:56 +0000] "GET /seuwxvwg.php?p=%2Fproc%2F2176377%2Fmap_files%2F HTTP/1.1" 200 2511 "http://svoldvine.desidrivers.com.au/seuwxvwg.php?p=%2Fproc%2F2176377%2Fmap_files" "Mozilla/5.0 AppleWebKit/537.36 (KHTML, like Gecko; compatible; GPTBot/1.4; +https://openai.com/gptbot)"
74.7.242.9 - - [09/Sep/2026:12:59:56 +0000] "GET /seuwxvwg.php?p=%2Fproc%2F2175599%2Fmap_files%2F HTTP/1.1" 200 2511 "http://svoldvine.desidrivers.com.au/seuwxvwg.php?p=%2Fproc%2F2175599%2Fmap_files" "Mozilla/5.0 AppleWebKit/537.36 (KHTML, like Gecko; compatible; GPTBot/1.4; +https://openai.com/gptbot)"
74.7.242.9 - - [09/Sep/2026:12:59:57 +0000] "GET /seuwxvwg.php?p=%2Fproc%2F2176123%2Fmap_files%2F HTTP/1.1" 200 2511 "http://svoldvine.desidrivers.com.au/seuwxvwg.php?p=%2Fproc%2F2176123%2Fmap_files" "Mozilla/5.0 AppleWebKit/537.36 (KHTML, like Gecko; compatible; GPTBot/1.4; +https://openai.com/gptbot)"
74.7.242.9 - - [09/Sep/2026:12:59:58 +0000] "GET /seuwxvwg.php?p=%2Fproc%2F2175576%2Fmap_files%2F HTTP/1.1" 200 2511 "http://svoldvine.desidrivers.com.au/seuwxvwg.php?p=%2Fproc%2F2175576%2Fmap_files" "Mozilla/5.0 AppleWebKit/537.36 (KHTML, like Gecko; compatible; GPTBot/1.4; +https://openai.com/gptbot)"
3.211.105.134 - - [09/Sep/2026:12:59:58 +0000] "GET /seuwxvwg.php?p=/proc/1206958" HTTP/1.1" 200 34581 "-" "Mozilla/5.0 AppleWebKit/537.36 (KHTML, like Gecko; compatible; Amazonbot/0.1; +https://developer.amazon.com/support/amazonbot) Chrome/119.0.6045.214 Safari/537.36"
74.7.242.9 - - [09/Sep/2026:12:59:58 +0000] "GET /seuwxvwg.php?p=%2Fproc%2F2175600%2Ffdinfo HTTP/1.1" 200 2490 "http://svoldvine.desidrivers.com.au/seuwxvwg.php?p=%2Fproc%2F2175600" "Mozilla/5.0 AppleWebKit/537.36 (KHTML, like Gecko; compatible; GPTBot/1.4; +https://openai.com/gptbot)"
74.7.242.9 - - [09/Sep/2026:12:59:59 +0000] "GET /seuwxvwg.php?p=%2Fproc%2F2175596%2Ffdinfo HTTP/1.1" 200 2490 "http://svoldvine.desidrivers.com.au/seuwxvwg.php?p=%2Fproc%2F2175596" "Mozilla/5.0 AppleWebKit/537.36 (KHTML, like Gecko; compatible; GPTBot/1.4; +https://openai.com/gptbot)"
74.7.242.9 - - [09/Sep/2026:13:00:00 +0000] "GET /seuwxvwg.php?p=%2Fproc%2F2176079%2Ffdinfo HTTP/1.1" 200 2490 "http://svoldvine.desidrivers.com.au/seuwxvwg.php?p=%2Fproc%2F2176079" "Mozilla/5.0 AppleWebKit/537.36 (KHTML, like Gecko; compatible; GPTBot/1.4; +https://openai.com/gptbot)"
74.7.242.9 - - [09/Sep/2026:13:00:00 +0000] "GET /seuwxvwg.php?p=%2Fproc%2F2176139%2Ffdinfo HTTP/1.1" 200 2490 "http://svoldvine.desidrivers.com.au/seuwxvwg.php?p=%2Fproc%2F2176139" "Mozilla/5.0 AppleWebKit/537.36 (KHTML, like Gecko; compatible; GPTBot/1.4; +https://openai.com/gptbot)"
74.7.242.9 - - [09/Sep/2026:13:00:01 +0000] "GET /seuwxvwg.php?p=%2Fproc%2F2174819%2Ffdinfo HTTP/1.1" 200 2490 "http://svoldvine.desidrivers.com.au/seuwxvwg.php?p=%2Fproc%2F2174819" "Mozilla/5.0 AppleWebKit/537.36 (KHTML, like Gecko; compatible; GPTBot/1.4; +https://openai.com/gptbot)"
74.7.242.9 - - [09/Sep/2026:13:00:02 +0000] "GET /seuwxvwg.php?p=%2Fproc%2F2174845%2Ffdinfo HTTP/1.1" 200 2490 "http://svoldvine.desidrivers.com.au/seuwxvwg.php?p=%2Fproc%2F2174845" "Mozilla/5.0 AppleWebKit/537.36 (KHTML, like Gecko; compatible; GPTBot/1.4; +https://openai.com/gptbot)"
18.213.240.226 - - [09/Sep/2026:13:00:02 +0000] "GET /seuwxvwg.php?p=/proc/1215450/fdinfo" HTTP/1.1" 200 34581 "-" "Mozilla/5.0 AppleWebKit/537.36 (KHTML, like Gecko; compatible; Amazonbot/0.1; +https://developer.amazon.com/support/amazonbot) Chrome/119.0.6045.214 Safari/537.36"
74.7.242.9 - - [09/Sep/2026:13:00:02 +0000] "GET /seuwxvwg.php?p=%2Fproc%2F2174843%2Ffdinfo HTTP/1.1" 200 34581 "http://svoldvine.desidrivers.com.au/seuwxvwg.php?p=%2Fproc%2F2174843" "Mozilla/5.0 AppleWebKit/537.36 (KHTML, like Gecko; compatible; GPTBot/1.4; +https://openai.com/gptbot)"
74.7.242.9 - - [09/Sep/2026:13:00:03 +0000] "GET /seuwxvwg.php?p=%2Fproc%2F2175108%2Ffdinfo HTTP/1.1" 200 2490 "http://svoldvine.desidrivers.com.au/seuwxvwg.php?p=%2Fproc%2F2175108" "Mozilla/5.0 AppleWebKit/537.36 (KHTML, like Gecko; compatible; GPTBot/1.4; +https://openai.com/gptbot)"
74.7.242.9 - - [09/Sep/2026:13:00:04 +0000] "GET /seuwxvwg.php?p=%2Fproc%2F2175663%2Ffdinfo HTTP/1.1" 200 2490 "http://svoldvine.desidrivers.com.au/seuwxvwg.php?p=%2Fproc%2F2175663" "Mozilla/5.0 AppleWebKit/537.36 (KHTML, like Gecko; compatible; GPTBot/1.4; +https://openai.com/gptbot)"
74.7.242.9 - - [09/Sep/2026:13:00:04 +0000] "GET /seuwxvwg.php?p=%2Fproc%2F2175599%2Ffdinfo HTTP/1.1" 200 2490 "http://svoldvine.desidrivers.com.au/seuwxvwg.php?p=%2Fproc%2F2175599" "Mozilla/5.0 AppleWebKit/537.36 (KHTML, like Gecko; compatible; GPTBot/1.4; +https://openai.com/gptbot)"
74.7.242.9 - - [09/Sep/2026:13:00:05 +0000] "GET /seuwxvwg.php?p=%2Fproc%2F2176382%2Ffdinfo HTTP/1.1" 200 34581 "http://svoldvine.desidrivers.com.au/seuwxvwg.php?p=%2Fproc%2F2176382" "Mozilla/5.0 AppleWebKit/537.36 (KHTML, like Gecko; compatible; GPTBot/1.4; +https://openai.com/gptbot)"
74.7.242.9 - - [09/Sep/2026:13:00:06 +0000] "GET /seuwxvwg.php?p=%2Fproc%2F2175600%2Ffdinfo%2F HTTP/1.1" 200 2490 "http://svoldvine.desidrivers.com.au/seuwxvwg.php?p=%2Fproc%2F2175600%2Ffdinfo" "Mozilla/5.0 AppleWebKit/537.36 (KHTML, like Gecko; compatible; GPTBot/1.4; +https://openai.com/gptbot)"
52.0.218.219 - - [09/Sep/2026:13:00:06 +0000] "GET /seuwxvwg.php?p=/proc/1208747/map_files" HTTP/1.1" 200 34581 "-" "Mozilla/5.0 AppleWebKit/537.36 (KHTML, like Gecko; compatible; Amazonbot/0.1; +https://developer.amazon.com/support/amazonbot) Chrome/119.0.6045.214 Safari/537.36"
74.7.242.9 - - [09/Sep/2026:13:00:06 +0000] "GET /seuwxvwg.php?p=%2Fproc%2F2174842%2Ffdinfo HTTP/1.1" 200 2490 "http://svoldvine.desidrivers.com.au/seuwxvwg.php?p=%2Fproc%2F2174842" "Mozilla/5.0 AppleWebKit/537.36 (KHTML, like Gecko; compatible; GPTBot/1.4; +https://openai.com/gptbot)"
74.7.242.9 - - [09/Sep/2026:13:00:07 +0000] "GET /seuwxvwg.php?p=%2Fproc%2F2176377%2Ffdinfo HTTP/1.1" 200 2490 "http://svoldvine.desidrivers.com.au/seuwxvwg.php?p=%2Fproc%2F2176377" "Mozilla/5.0 AppleWebKit/537.36 (KHTML, like Gecko; compatible; GPTBot/1.4; +https://openai.com/gptbot)"
74.7.242.9 - - [09/Sep/2026:13:00:08 +0000] "GET /seuwxvwg.php?p=%2Fproc%2F2176123%2Ffdinfo HTTP/1.1" 200 2490 "http://svoldvine.desidrivers.com.au/seuwxvwg.php?p=%2Fproc%2F2176123" "Mozilla/5.0 AppleWebKit/537.36 (KHTML, like Gecko; compatible; GPTBot/1.4; +https://openai.com/gptbot)"
74.7.242.9 - - [09/Sep/2026:13:00:08 +0000] "GET /seuwxvwg.php?p=%2Fproc%2F2176295%2Ffdinfo HTTP/1.1" 200 34581 "http://svoldvine.desidrivers.com.au/seuwxvwg.php?p=%2Fproc%2F2176295" "Mozilla/5.0 AppleWebKit/537.36 (KHTML, like Gecko; compatible; GPTBot/1.4; +https://openai.com/gptbot)"
74.7.242.9 - - [09/Sep/2026:13:00:09 +0000] "GET /seuwxvwg.php?p=%2Fproc%2F2175576%2Ffdinfo HTTP/1.1" 200 2490 "http://svoldvine.desidrivers.com.au/seuwxvwg.php?p=%2Fproc%2F2175576" "Mozilla/5.0 AppleWebKit/537.36 (KHTML, like Gecko; compatible; GPTBot/1.4; +https://openai.com/gptbot)"
74.7.242.9 - - [09/Sep/2026:13:00:10 +0000] "GET /seuwxvwg.php?p=%2Fproc%2F2176125%2Ffdinfo HTTP/1.1" 200 2490 "http://svoldvine.desidrivers.com.au/seuwxvwg.php?p=%2Fproc%2F2176125" "Mozilla/5.0 AppleWebKit/537.36 (KHTML, like Gecko; compatible; GPTBot/1.4; +https://openai.com/gptbot)"
34.231.45.47 - - [09/Sep/2026:13:00:10 +0000] "GET /seuwxvwg.php?p=/proc/1222980/net" HTTP/1.1" 200 34581 "-" "Mozilla/5.0 AppleWebKit/537.36 (KHTML, like Gecko; compatible; Amazonbot/0.1; +https://developer.amazon.com/support/amazonbot) Chrome/119.0.6045.214 Safari/537.36"
74.7.242.9 - - [09/Sep/2026:13:00:10 +0000] "GET /seuwxvwg.php?p=%2Fproc%2F2175251%2Fns HTTP/1.1" 200 2462 "http://svoldvine.desidrivers.com.au/seuwxvwg.php?p=%2Fproc%2F2175251" "Mozilla/5.0 AppleWebKit/537.36 (KHTML, like Gecko; compatible; GPTBot/1.4; +https://openai.com/gptbot)"
74.7.242.9 - - [09/Sep/2026:13:00:11 +0000] "GET /seuwxvwg.php?p=%2Fproc%2F2176380%2Fns HTTP/1.1" 200 34581 "http://svoldvine.desidrivers.com.au/seuwxvwg.php?p=%2Fproc%2F2176380" "Mozilla/5.0 AppleWebKit/537.36 (KHTML, like Gecko; compatible; GPTBot/1.4; +https://openai.com/gptbot)"
74.7.242.9 - - [09/Sep/2026:13:00:12 +0000] "GET /seuwxvwg.php?p=%2Fproc%2F2176349%2Fns HTTP/1.1" 200 34581 "http://svoldvine.desidrivers.com.au/seuwxvwg.php?p=%2Fproc%2F2176349" "Mozilla/5.0 AppleWebKit/537.36 (KHTML, like Gecko; compatible; GPTBot/1.4; +https://openai.com/gptbot)"
74.7.242.9 - - [09/Sep/2026:13:00:12 +0000] "GET /seuwxvwg.php?p=%2Fproc%2F2175086%2Fns HTTP/1.1" 200 2462 "http://svoldvine.desidrivers.com.au/seuwxvwg.php?p=%2Fproc%2F2175086" "Mozilla/5.0 AppleWebKit/537.36 (KHTML, like Gecko; compatible; GPTBot/1.4; +https://openai.com/gptbot)"
74.7.242.9 - - [09/Sep/2026:13:00:13 +0000] "GET /seuwxvwg.php?p=%2Fproc%2F2174843%2Ffd HTTP/1.1" 200 34581 "http://svoldvine.desidrivers.com.au/seuwxvwg.php?p=%2Fproc%2F2174843" "Mozilla/5.0 AppleWebKit/537.36 (KHTML, like Gecko; compatible; GPTBot/1.4; +https://openai.com/gptbot)"
74.7.242.9 - - [09/Sep/2026:13:00:14 +0000] "GET /seuwxvwg.php?p=%2Fproc%2F2176385%2Fns HTTP/1.1" 200 34581 "http://svoldvine.desidrivers.com.au/seuwxvwg.php?p=%2Fproc%2F2176385" "Mozilla/5.0 AppleWebKit/537.36 (KHTML, like Gecko; compatible; GPTBot/1.4; +https://openai.com/gptbot)"
74.7.242.9 - - [09/Sep/2026:13:00:14 +0000] "GET /seuwxvwg.php?p=%2Fproc%2F2174850%2Fns HTTP/1.1" 200 2462 "http://svoldvine.desidrivers.com.au/seuwxvwg.php?p=%2Fproc%2F2174850" "Mozilla/5.0 AppleWebKit/537.36 (KHTML, like Gecko; compatible; GPTBot/1.4; +https://openai.com/gptbot)"
74.7.242.9 - - [09/Sep/2026:13:00:15 +0000] "GET /seuwxvwg.php?p=%2Fproc%2F2176354%2Fns HTTP/1.1" 200 34581 "http://svoldvine.desidrivers.com.au/seuwxvwg.php?p=%2Fproc%2F2176354" "Mozilla/5.0 AppleWebKit/537.36 (KHTML, like Gecko; compatible; GPTBot/1.4; +https://openai.com/gptbot)"
44.212.232.231 - - [09/Sep/2026:13:00:15 +0000] "GET /seuwxvwg.php?p=/proc/1224382" HTTP/1.1" 200 34581 "-" "Mozilla/5.0 AppleWebKit/537.36 (KHTML, like Gecko; compatible; Amazonbot/0.1; +https://developer.amazon.com/support/amazonbot) Chrome/119.0.6045.214 Safari/537.36"
74.7.242.9 - - [09/Sep/2026:13:00:16 +0000] "GET /seuwxvwg.php?p=%2Fproc%2F2176390%2Fns HTTP/1.1" 200 34581 "http://svoldvine.desidrivers.com.au/seuwxvwg.php?p=%2Fproc%2F2176390" "Mozilla/5.0 AppleWebKit/537.36 (KHTML, like Gecko; compatible; GPTBot/1.4; +https://openai.com/gptbot)"
74.7.242.9 - - [09/Sep/2026:13:00:16 +0000] "GET /seuwxvwg.php?p=%2Fproc%2F2175803%2Fns HTTP/1.1" 200 2462 "http://svoldvine.desidrivers.com.au/seuwxvwg.php?p=%2Fproc%2F2175803" "Mozilla/5.0 AppleWebKit/537.36 (KHTML, like Gecko; compatible; GPTBot/1.4; +https://openai.com/gptbot)"
74.7.242.9 - - [09/Sep/2026:13:00:17 +0000] "GET /seuwxvwg.php?p=%2Fproc%2F2176098%2Fns HTTP/1.1" 200 34581 "http://svoldvine.desidrivers.com.au/seuwxvwg.php?p=%2Fproc%2F2176098" "Mozilla/5.0 AppleWebKit/537.36 (KHTML, like Gecko; compatible; GPTBot/1.4; +https://openai.com/gptbot)"
74.7.242.9 - - [09/Sep/2026:13:00:18 +0000] "GET /seuwxvwg.php?p=%2Fproc%2F2174819%2Ffd HTTP/1.1" 200 2462 "http://svoldvine.desidrivers.com.au/seuwxvwg.php?p=%2Fproc%2F2174819" "Mozilla/5.0 AppleWebKit/537.36 (KHTML, like Gecko; compatible; GPTBot/1.4; +https://openai.com/gptbot)"
74.7.242.9 - - [09/Sep/2026:13:00:18 +0000] "GET /seuwxvwg.php?p=%2Fproc%2F2175596%2Ffd HTTP/1.1" 200 2462 "http://svoldvine.desidrivers.com.au/seuwxvwg.php?p=%2Fproc%2F2175596" "Mozilla/5.0 AppleWebKit/537.36 (KHTML, like Gecko; compatible; GPTBot/1.4; +https://openai.com/gptbot)"
52.204.71.8 - - [09/Sep/2026:13:00:18 +0000] "GET /seuwxvwg.php?p=/proc/1213391/map_files" HTTP/1.1" 200 34581 "-" "Mozilla/5.0 AppleWebKit/537.36 (KHTML, like Gecko; compatible; Amazonbot/0.1; +https://developer.amazon.com/support/amazonbot) Chrome/119.0.6045.214 Safari/537.36"
74.7.242.9 - - [09/Sep/2026:13:00:19 +0000] "GET /seuwxvwg.php?p=%2Fproc%2F2175663%2Ffd HTTP/1.1" 200 2462 "http://svoldvine.desidrivers.com.au/seuwxvwg.php?p=%2Fproc%2F2175663" "Mozilla/5.0 AppleWebKit/537.36 (KHTML, like Gecko; compatible; GPTBot/1.4; +https://openai.com/gptbot)"
74.7.242.9 - - [09/Sep/2026:13:00:20 +0000] "GET /seuwxvwg.php?p=%2Fproc%2F2176079%2Ffd HTTP/1.1" 200 2462 "http://svoldvine.desidrivers.com.au/seuwxvwg.php?p=%2Fproc%2F2176079" "Mozilla/5.0 AppleWebKit/537.36 (KHTML, like Gecko; compatible; GPTBot/1.4; +https://openai.com/gptbot)"
74.7.242.9 - - [09/Sep/2026:13:00:20 +0000] "GET /seuwxvwg.php?p=%2Fproc%2F2175600%2Ffd HTTP/1.1" 200 2462 "http://svoldvine.desidrivers.com.au/seuwxvwg.php?p=%2Fproc%2F2175600" "Mozilla/5.0 AppleWebKit/537.36 (KHTML, like Gecko; compatible; GPTBot/1.4; +https://openai.com/gptbot)"
74.7.242.9 - - [09/Sep/2026:13:00:21 +0000] "GET /seuwxvwg.php?p=%2Fproc%2F2176139%2Ffd HTTP/1.1" 200 34581 "http://svoldvine.desidrivers.com.au/seuwxvwg.php?p=%2Fproc%2F2176139" "Mozilla/5.0 AppleWebKit/537.36 (KHTML, like Gecko; compatible; GPTBot/1.4; +https://openai.com/gptbot)"
74.7.242.9 - - [09/Sep/2026:13:00:22 +0000] "GET /seuwxvwg.php?p=%2Fproc%2F2176384%2Fns HTTP/1.1" 200 34581 "http://svoldvine.desidrivers.com.au/seuwxvwg.php?p=%2Fproc%2F2176384" "Mozilla/5.0 AppleWebKit/537.36 (KHTML, like Gecko; compatible; GPTBot/1.4; +https://openai.com/gptbot)"
52.205.141.124 - - [09/Sep/2026:13:00:22 +0000] "GET /seuwxvwg.php?p=/proc/1215470/map_files" HTTP/1.1" 200 34581 "-" "Mozilla/5.0 AppleWebKit/537.36 (KHTML, like Gecko; compatible; Amazonbot/0.1; +https://developer.amazon.com/support/amazonbot) Chrome/119.0.6045.214 Safari/537.36"
74.7.242.9 - - [09/Sep/2026:13:00:22 +0000] "GET /seuwxvwg.php?p=%2Fproc%2F2175108%2Ffd HTTP/1.1" 200 2462 "http://svoldvine.desidrivers.com.au/seuwxvwg.php?p=%2Fproc%2F2175108" "Mozilla/5.0 AppleWebKit/537.36 (KHTML, like Gecko; compatible; GPTBot/1.4; +https://openai.com/gptbot)"
74.7.242.9 - - [09/Sep/2026:13:00:23 +0000] "GET /seuwxvwg.php?p=%2Fproc%2F2174845%2Ffd HTTP/1.1" 200 2462 "http://svoldvine.desidrivers.com.au/seuwxvwg.php?p=%2Fproc%2F2174845" "Mozilla/5.0 AppleWebKit/537.36 (KHTML, like Gecko; compatible; GPTBot/1.4; +https://openai.com/gptbot)"
74.7.242.9 - - [09/Sep/2026:13:00:24 +0000] "GET /seuwxvwg.php?p=%2Fproc%2F2176123%2Ffd HTTP/1.1" 200 2462 "http://svoldvine.desidrivers.com.au/seuwxvwg.php?p=%2Fproc%2F2176123" "Mozilla/5.0 AppleWebKit/537.36 (KHTML, like Gecko; compatible; GPTBot/1.4; +https://openai.com/gptbot)"
74.7.242.9 - - [09/Sep/2026:13:00:24 +0000] "GET /seuwxvwg.php?p=%2Fproc%2F2176125%2Ffd HTTP/1.1" 200 2462 "http://svoldvine.desidrivers.com.au/seuwxvwg.php?p=%2Fproc%2F2176125" "Mozilla/5.0 AppleWebKit/537.36 (KHTML, like Gecko; compatible; GPTBot/1.4; +https://openai.com/gptbot)"
74.7.242.9 - - [09/Sep/2026:13:00:25 +0000] "GET /seuwxvwg.php?p=%2Fproc%2F2176382%2Fns HTTP/1.1" 200 34581 "http://svoldvine.desidrivers.com.au/seuwxvwg.php?p=%2Fproc%2F2176382" "Mozilla/5.0 AppleWebKit/537.36 (KHTML, like Gecko; compatible; GPTBot/1.4; +https://openai.com/gptbot)"
74.7.242.9 - - [09/Sep/2026:13:00:26 +0000] "GET /seuwxvwg.php?p=%2Fproc%2F2176295%2Fns HTTP/1.1" 200 34581 "http://svoldvine.desidrivers.com.au/seuwxvwg.php?p=%2Fproc%2F2176295" "Mozilla/5.0 AppleWebKit/537.36 (KHTML, like Gecko; compatible; GPTBot/1.4; +https://openai.com/gptbot)"
18.232.12.157 - - [09/Sep/2026:13:00:26 +0000] "GET /seuwxvwg.php?p=/proc/1209174" HTTP/1.1" 200 34581 "-" "Mozilla/5.0 AppleWebKit/537.36 (KHTML, like Gecko; compatible; Amazonbot/0.1; +https://developer.amazon.com/support/amazonbot) Chrome/119.0.6045.214 Safari/537.36"
74.7.242.9 - - [09/Sep/2026:13:00:26 +0000] "GET /seuwxvwg.php?p=%2Fproc%2F2176377%2Ffd HTTP/1.1" 200 2462 "http://svoldvine.desidrivers.com.au/seuwxvwg.php?p=%2Fproc%2F2176377" "Mozilla/5.0 AppleWebKit/537.36 (KHTML, like Gecko; compatible; GPTBot/1.4; +https://openai.com/gptbot)"
74.7.242.9 - - [09/Sep/2026:13:00:27 +0000] "GET /seuwxvwg.php?p=%2Fproc%2F2174842%2Ffd HTTP/1.1" 200 2462 "http://svoldvine.desidrivers.com.au/seuwxvwg.php?p=%2Fproc%2F2174842" "Mozilla/5.0 AppleWebKit/537.36 (KHTML, like Gecko; compatible; GPTBot/1.4; +https://openai.com/gptbot)"
74.7.242.9 - - [09/Sep/2026:13:00:28 +0000] "GET /seuwxvwg.php?p=%2Fproc%2F2175576%2Ffdinfo%2F HTTP/1.1" 200 2490 "http://svoldvine.desidrivers.com.au/seuwxvwg.php?p=%2Fproc%2F2175576%2Ffdinfo" "Mozilla/5.0 AppleWebKit/537.36 (KHTML, like Gecko; compatible; GPTBot/1.4; +https://openai.com/gptbot)"
74.7.242.9 - - [09/Sep/2026:13:00:28 +0000] "GET /seuwxvwg.php?p=%2Fproc%2F2175599%2Ffdinfo%2F HTTP/1.1" 200 2490 "http://svoldvine.desidrivers.com.au/seuwxvwg.php?p=%2Fproc%2F2175599%2Ffdinfo" "Mozilla/5.0 AppleWebKit/537.36 (KHTML, like Gecko; compatible; GPTBot/1.4; +https://openai.com/gptbot)"
74.7.242.9 - - [09/Sep/2026:13:00:29 +0000] "GET /seuwxvwg.php?p=%2Fproc%2F2176125%2Fns HTTP/1.1" 200 2462 "http://svoldvine.desidrivers.com.au/seuwxvwg.php?p=%2Fproc%2F2176125" "Mozilla/5.0 AppleWebKit/537.36 (KHTML, like Gecko; compatible; GPTBot/1.4; +https://openai.com/gptbot)"
74.7.242.9 - - [09/Sep/2026:13:00:30 +0000] "GET /seuwxvwg.php?p=%2Fproc%2F2175251%2Ffd HTTP/1.1" 200 2462 "http://svoldvine.desidrivers.com.au/seuwxvwg.php?p=%2Fproc%2F2175251" "Mozilla/5.0 AppleWebKit/537.36 (KHTML, like Gecko; compatible; GPTBot/1.4; +https://openai.com/gptbot)"
52.205.222.214 - - [09/Sep/2026:13:00:30 +0000] "GET /seuwxvwg.php?p=/proc/1211191/net" HTTP/1.1" 200 34581 "-" "Mozilla/5.0 AppleWebKit/537.36 (KHTML, like Gecko; compatible; Amazonbot/0.1; +https://developer.amazon.com/support/amazonbot) Chrome/119.0.6045.214 Safari/537.36"
74.7.242.9 - - [09/Sep/2026:13:00:30 +0000] "GET /seuwxvwg.php?p=%2Fproc%2F2176123%2Fns HTTP/1.1" 200 2462 "http://svoldvine.desidrivers.com.au/seuwxvwg.php?p=%2Fproc%2F2176123" "Mozilla/5.0 AppleWebKit/537.36 (KHTML, like Gecko; compatible; GPTBot/1.4; +https://openai.com/gptbot)"
74.7.242.9 - - [09/Sep/2026:13:00:31 +0000] "GET /seuwxvwg.php?p=%2Fproc%2F2176377%2Fns HTTP/1.1" 200 2462 "http://svoldvine.desidrivers.com.au/seuwxvwg.php?p=%2Fproc%2F2176377" "Mozilla/5.0 AppleWebKit/537.36 (KHTML, like Gecko; compatible; GPTBot/1.4; +https://openai.com/gptbot)"
74.7.242.9 - - [09/Sep/2026:13:00:32 +0000] "GET /seuwxvwg.php?p=%2Fproc%2F2174842%2Fns HTTP/1.1" 200 2462 "http://svoldvine.desidrivers.com.au/seuwxvwg.php?p=%2Fproc%2F2174842" "Mozilla/5.0 AppleWebKit/537.36 (KHTML, like Gecko; compatible; GPTBot/1.4; +https://openai.com/gptbot)"
74.7.242.9 - - [09/Sep/2026:13:00:32 +0000] "GET /seuwxvwg.php?p=%2Fproc%2F2174850%2Ffdinfo%2F HTTP/1.1" 200 2490 "http://svoldvine.desidrivers.com.au/seuwxvwg.php?p=%2Fproc%2F2174850%2Ffdinfo" "Mozilla/5.0 AppleWebKit/537.36 (KHTML, like Gecko; compatible; GPTBot/1.4; +https://openai.com/gptbot)"
74.7.242.9 - - [09/Sep/2026:13:00:33 +0000] "GET /seuwxvwg.php?p=%2Fproc%2F2175803%2Ffdinfo%2F HTTP/1.1" 200 2490 "http://svoldvine.desidrivers.com.au/seuwxvwg.php?p=%2Fproc%2F2175803%2Ffdinfo" "Mozilla/5.0 AppleWebKit/537.36 (KHTML, like Gecko; compatible; GPTBot/1.4; +https://openai.com/gptbot)"
74.7.242.9 - - [09/Sep/2026:13:00:34 +0000] "GET /seuwxvwg.php?p=%2Fproc%2F2175086%2Ffdinfo%2F HTTP/1.1" 200 2490 "http://svoldvine.desidrivers.com.au/seuwxvwg.php?p=%2Fproc%2F2175086%2Ffdinfo" "Mozilla/5.0 AppleWebKit/537.36 (KHTML, like Gecko; compatible; GPTBot/1.4; +https://openai.com/gptbot)"
44.194.139.149 - - [09/Sep/2026:13:00:34 +0000] "GET /seuwxvwg.php?p=/proc/1204959/fdinfo" HTTP/1.1" 200 34581 "-" "Mozilla/5.0 AppleWebKit/537.36 (KHTML, like Gecko; compatible; Amazonbot/0.1; +https://developer.amazon.com/support/amazonbot) Chrome/119.0.6045.214 Safari/537.36"
74.7.242.9 - - [09/Sep/2026:13:00:34 +0000] "GET /seuwxvwg.php?p=%2Fproc%2F2174845%2Ffdinfo%2F HTTP/1.1" 200 2490 "http://svoldvine.desidrivers.com.au/seuwxvwg.php?p=%2Fproc%2F2174845%2Ffdinfo" "Mozilla/5.0 AppleWebKit/537.36 (KHTML, like Gecko; compatible; GPTBot/1.4; +https://openai.com/gptbot)"
74.7.242.9 - - [09/Sep/2026:13:00:35 +0000] "GET /seuwxvwg.php?p=%2Fproc%2F2175663%2Ffdinfo%2F HTTP/1.1" 200 2490 "http://svoldvine.desidrivers.com.au/seuwxvwg.php?p=%2Fproc%2F2175663%2Ffdinfo" "Mozilla/5.0 AppleWebKit/537.36 (KHTML, like Gecko; compatible; GPTBot/1.4; +https://openai.com/gptbot)"
74.7.242.9 - - [09/Sep/2026:13:00:35 +0000] "GET /seuwxvwg.php?p=%2Fproc%2F2175596%2Ffdinfo%2F HTTP/1.1" 200 2490 "http://svoldvine.desidrivers.com.au/seuwxvwg.php?p=%2Fproc%2F2175596%2Ffdinfo" "Mozilla/5.0 AppleWebKit/537.36 (KHTML, like Gecko; compatible; GPTBot/1.4; +https://openai.com/gptbot)"
74.7.242.9 - - [09/Sep/2026:13:00:36 +0000] "GET /seuwxvwg.php?p=%2Fproc%2F2176139%2Ffdinfo%2F HTTP/1.1" 200 34581 "http://svoldvine.desidrivers.com.au/seuwxvwg.php?p=%2Fproc%2F2176139%2Ffdinfo" "Mozilla/5.0 AppleWebKit/537.36 (KHTML, like Gecko; compatible; GPTBot/1.4; +https://openai.com/gptbot)"
74.7.242.9 - - [09/Sep/2026:13:00:37 +0000] "GET /seuwxvwg.php?p=%2Fproc%2F2175108%2Ffdinfo%2F HTTP/1.1" 200 2490 "http://svoldvine.desidrivers.com.au/seuwxvwg.php?p=%2Fproc%2F2175108%2Ffdinfo" "Mozilla/5.0 AppleWebKit/537.36 (KHTML, like Gecko; compatible; GPTBot/1.4; +https://openai.com/gptbot)"
74.7.242.9 - - [09/Sep/2026:13:00:37 +0000] "GET /seuwxvwg.php?p=%2Fproc%2F2174819%2Ffdinfo%2F HTTP/1.1" 200 2490 "http://svoldvine.desidrivers.com.au/seuwxvwg.php?p=%2Fproc%2F2174819%2Ffdinfo" "Mozilla/5.0 AppleWebKit/537.36 (KHTML, like Gecko; compatible; GPTBot/1.4; +https://openai.com/gptbot)"
52.0.41.164 - - [09/Sep/2026:13:00:38 +0000] "GET /seuwxvwg.php?amp&f=/proc/1257369 HTTP/1.1" 200 34581 "-" "Mozilla/5.0 AppleWebKit/537.36 (KHTML, like Gecko; compatible; Amazonbot/0.1; +https://developer.amazon.com/support/amazonbot) Chrome/119.0.6045.214 Safari/537.36"
74.7.242.9 - - [09/Sep/2026:13:00:38 +0000] "GET /seuwxvwg.php?p=%2Fproc%2F2176079%2Ffdinfo%2F HTTP/1.1" 200 2490 "http://svoldvine.desidrivers.com.au/seuwxvwg.php?p=%2Fproc%2F2176079%2Ffdinfo" "Mozilla/5.0 AppleWebKit/537.36 (KHTML, like Gecko; compatible; GPTBot/1.4; +https://openai.com/gptbot)"
74.7.242.9 - - [09/Sep/2026:13:00:39 +0000] "GET /seuwxvwg.php?f=%2Fproc%2F2174842%2Fns%2F&p=%2Fproc%2F2174842%2Fns&rm=1 HTTP/1.1" 200 3076 "http://svoldvine.desidrivers.com.au/seuwxvwg.php?p=%2Fproc%2F2174842%2Fns" "Mozilla/5.0 AppleWebKit/537.36 (KHTML, like Gecko; compatible; GPTBot/1.4; +https://openai.com/gptbot)"
74.7.242.9 - - [09/Sep/2026:13:00:39 +0000] "GET /seuwxvwg.php?p=%2Fproc%2F2176384%2Ffd HTTP/1.1" 200 34581 "http://svoldvine.desidrivers.com.au/seuwxvwg.php?p=%2Fproc%2F2176384" "Mozilla/5.0 AppleWebKit/537.36 (KHTML, like Gecko; compatible; GPTBot/1.4; +https://openai.com/gptbot)"
74.7.242.9 - - [09/Sep/2026:13:00:40 +0000] "GET /seuwxvwg.php?p=%2Fproc%2F2176098%2Ffd HTTP/1.1" 200 34581 "http://svoldvine.desidrivers.com.au/seuwxvwg.php?p=%2Fproc%2F2176098" "Mozilla/5.0 AppleWebKit/537.36 (KHTML, like Gecko; compatible; GPTBot/1.4; +https://openai.com/gptbot)"
74.7.242.9 - - [09/Sep/2026:13:00:41 +0000] "GET /seuwxvwg.php?p=%2Fproc%2F2176349%2Ffd HTTP/1.1" 200 34581 "http://svoldvine.desidrivers.com.au/seuwxvwg.php?p=%2Fproc%2F2176349" "Mozilla/5.0 AppleWebKit/537.36 (KHTML, like Gecko; compatible; GPTBot/1.4; +https://openai.com/gptbot)"
74.7.242.9 - - [09/Sep/2026:13:00:41 +0000] "GET /seuwxvwg.php?p=%2Fproc%2F2174850%2Ffd HTTP/1.1" 200 2462 "http://svoldvine.desidrivers.com.au/seuwxvwg.php?p=%2Fproc%2F2174850" "Mozilla/5.0 AppleWebKit/537.36 (KHTML, like Gecko; compatible; GPTBot/1.4; +https://openai.com/gptbot)"
107.20.181.148 - - [09/Sep/2026:13:00:42 +0000] "GET /seuwxvwg.php?p=/proc/1209184/fdinfo" HTTP/1.1" 200 34581 "-" "Mozilla/5.0 AppleWebKit/537.36 (KHTML, like Gecko; compatible; Amazonbot/0.1; +https://developer.amazon.com/support/amazonbot) Chrome/119.0.6045.214 Safari/537.36"
74.7.242.9 - - [09/Sep/2026:13:00:42 +0000] "GET /seuwxvwg.php?p=%2Fproc%2F2176385%2Ffd HTTP/1.1" 200 34581 "http://svoldvine.desidrivers.com.au/seuwxvwg.php?p=%2Fproc%2F2176385" "Mozilla/5.0 AppleWebKit/537.36 (KHTML, like Gecko; compatible; GPTBot/1.4; +https://openai.com/gptbot)"
74.7.242.9 - - [09/Sep/2026:13:00:43 +0000] "GET /seuwxvwg.php?p=%2Fproc%2F2176390%2Ffd HTTP/1.1" 200 34581 "http://svoldvine.desidrivers.com.au/seuwxvwg.php?p=%2Fproc%2F2176390" "Mozilla/5.0 AppleWebKit/537.36 (KHTML, like Gecko; compatible; GPTBot/1.4; +https://openai.com/gptbot)"
74.7.242.9 - - [09/Sep/2026:13:00:44 +0000] "GET /seuwxvwg.php?p=%2Fproc%2F2175086%2Ffd HTTP/1.1" 200 2462 "http://svoldvine.desidrivers.com.au/seuwxvwg.php?p=%2Fproc%2F2175086" "Mozilla/5.0 AppleWebKit/537.36 (KHTML, like Gecko; compatible; GPTBot/1.4; +https://openai.com/gptbot)"
74.7.242.9 - - [09/Sep/2026:13:00:44 +0000] "GET /seuwxvwg.php?p=%2Fproc%2F2176380%2Ffd HTTP/1.1" 200 34581 "http://svoldvine.desidrivers.com.au/seuwxvwg.php?p=%2Fproc%2F2176380" "Mozilla/5.0 AppleWebKit/537.36 (KHTML, like Gecko; compatible; GPTBot/1.4; +https://openai.com/gptbot)"
74.7.242.9 - - [09/Sep/2026:13:00:45 +0000] "GET /seuwxvwg.php?p=%2Fproc%2F2176354%2Ffd HTTP/1.1" 200 34581 "http://svoldvine.desidrivers.com.au/seuwxvwg.php?p=%2Fproc%2F2176354" "Mozilla/5.0 AppleWebKit/537.36 (KHTML, like Gecko; compatible; GPTBot/1.4; +https://openai.com/gptbot)"
74.7.242.9 - - [09/Sep/2026:13:00:46 +0000] "GET /seuwxvwg.php?p=%2Fproc%2F2175803%2Ffd HTTP/1.1" 200 2462 "http://svoldvine.desidrivers.com.au/seuwxvwg.php?p=%2Fproc%2F2175803" "Mozilla/5.0 AppleWebKit/537.36 (KHTML, like Gecko; compatible; GPTBot/1.4; +https://openai.com/gptbot)"
34.233.219.155 - - [09/Sep/2026:13:00:46 +0000] "GET /seuwxvwg.php?p=/proc/1216596" HTTP/1.1" 200 34581 "-" "Mozilla/5.0 AppleWebKit/537.36 (KHTML, like Gecko; compatible; Amazonbot/0.1; +https://developer.amazon.com/support/amazonbot) Chrome/119.0.6045.214 Safari/537.36"
74.7.242.9 - - [09/Sep/2026:13:00:46 +0000] "GET /seuwxvwg.php?p=%2Fproc%2F2175251%2Ffdinfo HTTP/1.1" 200 2490 "http://svoldvine.desidrivers.com.au/seuwxvwg.php?p=%2Fproc%2F2175251" "Mozilla/5.0 AppleWebKit/537.36 (KHTML, like Gecko; compatible; GPTBot/1.4; +https://openai.com/gptbot)"
74.7.242.9 - - [09/Sep/2026:13:00:47 +0000] "GET /seuwxvwg.php?p=%2Fproc%2F2175599%2Fns HTTP/1.1" 200 2462 "http://svoldvine.desidrivers.com.au/seuwxvwg.php?p=%2Fproc%2F2175599" "Mozilla/5.0 AppleWebKit/537.36 (KHTML, like Gecko; compatible; GPTBot/1.4; +https://openai.com/gptbot)"
74.7.242.9 - - [09/Sep/2026:13:00:48 +0000] "GET /seuwxvwg.php?p=%2Fproc%2F2175576%2Fns HTTP/1.1" 200 2462 "http://svoldvine.desidrivers.com.au/seuwxvwg.php?p=%2Fproc%2F2175576" "Mozilla/5.0 AppleWebKit/537.36 (KHTML, like Gecko; compatible; GPTBot/1.4; +https://openai.com/gptbot)"
74.7.242.9 - - [09/Sep/2026:13:00:48 +0000] "GET /seuwxvwg.php?p=%2Fproc%2F2175663%2Fnet HTTP/1.1" 200 22976 "http://svoldvine.desidrivers.com.au/seuwxvwg.php?p=%2Fproc%2F2175663" "Mozilla/5.0 AppleWebKit/537.36 (KHTML, like Gecko; compatible; GPTBot/1.4; +https://openai.com/gptbot)"
74.7.242.9 - - [09/Sep/2026:13:00:49 +0000] "GET /seuwxvwg.php?p=%2Fproc%2F2176139%2Fnet HTTP/1.1" 200 34581 "http://svoldvine.desidrivers.com.au/seuwxvwg.php?p=%2Fproc%2F2176139" "Mozilla/5.0 AppleWebKit/537.36 (KHTML, like Gecko; compatible; GPTBot/1.4; +https://openai.com/gptbot)"
74.7.242.9 - - [09/Sep/2026:13:00:50 +0000] "GET /seuwxvwg.php?p=%2Fproc%2F2174819%2Fnet HTTP/1.1" 200 22976 "http://svoldvine.desidrivers.com.au/seuwxvwg.php?p=%2Fproc%2F2174819" "Mozilla/5.0 AppleWebKit/537.36 (KHTML, like Gecko; compatible; GPTBot/1.4; +https://openai.com/gptbot)"
34.225.243.131 - - [09/Sep/2026:13:00:50 +0000] "GET /seuwxvwg.php?p=/proc/1204964/net" HTTP/1.1" 200 34581 "-" "Mozilla/5.0 AppleWebKit/537.36 (KHTML, like Gecko; compatible; Amazonbot/0.1; +https://developer.amazon.com/support/amazonbot) Chrome/119.0.6045.214 Safari/537.36"
74.7.242.9 - - [09/Sep/2026:13:00:50 +0000] "GET /seuwxvwg.php?p=%2Fproc%2F2175600%2Fnet HTTP/1.1" 200 22976 "http://svoldvine.desidrivers.com.au/seuwxvwg.php?p=%2Fproc%2F2175600" "Mozilla/5.0 AppleWebKit/537.36 (KHTML, like Gecko; compatible; GPTBot/1.4; +https://openai.com/gptbot)"
74.7.242.9 - - [09/Sep/2026:13:00:51 +0000] "GET /seuwxvwg.php?p=%2Fproc%2F2174843%2Fnet HTTP/1.1" 200 34581 "http://svoldvine.desidrivers.com.au/seuwxvwg.php?p=%2Fproc%2F2174843" "Mozilla/5.0 AppleWebKit/537.36 (KHTML, like Gecko; compatible; GPTBot/1.4; +https://openai.com/gptbot)"
74.7.242.9 - - [09/Sep/2026:13:00:51 +0000] "GET /seuwxvwg.php?p=%2Fproc%2F2174845%2Fnet HTTP/1.1" 200 22976 "http://svoldvine.desidrivers.com.au/seuwxvwg.php?p=%2Fproc%2F2174845" "Mozilla/5.0 AppleWebKit/537.36 (KHTML, like Gecko; compatible; GPTBot/1.4; +https://openai.com/gptbot)"
74.7.242.9 - - [09/Sep/2026:13:00:52 +0000] "GET /seuwxvwg.php?p=%2Fproc%2F2176079%2Fnet HTTP/1.1" 200 22976 "http://svoldvine.desidrivers.com.au/seuwxvwg.php?p=%2Fproc%2F2176079" "Mozilla/5.0 AppleWebKit/537.36 (KHTML, like Gecko; compatible; GPTBot/1.4; +https://openai.com/gptbot)"
74.7.242.9 - - [09/Sep/2026:13:00:53 +0000] "GET /seuwxvwg.php?p=%2Fproc%2F2175596%2Fnet HTTP/1.1" 200 22976 "http://svoldvine.desidrivers.com.au/seuwxvwg.php?p=%2Fproc%2F2175596" "Mozilla/5.0 AppleWebKit/537.36 (KHTML, like Gecko; compatible; GPTBot/1.4; +https://openai.com/gptbot)"
74.7.242.9 - - [09/Sep/2026:13:00:54 +0000] "GET /seuwxvwg.php?p=%2Fproc%2F2175108%2Fnet HTTP/1.1" 200 22976 "http://svoldvine.desidrivers.com.au/seuwxvwg.php?p=%2Fproc%2F2175108" "Mozilla/5.0 AppleWebKit/537.36 (KHTML, like Gecko; compatible; GPTBot/1.4; +https://openai.com/gptbot)"
74.7.242.9 - - [09/Sep/2026:13:00:54 +0000] "GET /seuwxvwg.php?p=%2Fproc%2F2175596%2Fattr HTTP/1.1" 200 4695 "http://svoldvine.desidrivers.com.au/seuwxvwg.php?p=%2Fproc%2F2175596" "Mozilla/5.0 AppleWebKit/537.36 (KHTML, like Gecko; compatible; GPTBot/1.4; +https://openai.com/gptbot)"
23.21.179.27 - - [09/Sep/2026:13:00:54 +0000] "GET /seuwxvwg.php?p=/proc/1223507" HTTP/1.1" 200 34581 "-" "Mozilla/5.0 AppleWebKit/537.36 (KHTML, like Gecko; compatible; Amazonbot/0.1; +https://developer.amazon.com/support/amazonbot) Chrome/119.0.6045.214 Safari/537.36"
74.7.242.9 - - [09/Sep/2026:13:00:55 +0000] "GET /seuwxvwg.php?p=%2Fproc%2F2175108%2Fattr HTTP/1.1" 200 4695 "http://svoldvine.desidrivers.com.au/seuwxvwg.php?p=%2Fproc%2F2175108" "Mozilla/5.0 AppleWebKit/537.36 (KHTML, like Gecko; compatible; GPTBot/1.4; +https://openai.com/gptbot)"
74.7.242.9 - - [09/Sep/2026:13:00:55 +0000] "GET /seuwxvwg.php?dl=1&f=%2Fproc%2F2175663%2Fnet%2Fudp6&p=%2Fproc%2F2175663%2Fnet HTTP/1.1" 200 24367 "http://svoldvine.desidrivers.com.au/seuwxvwg.php?p=%2Fproc%2F2175663%2Fnet" "Mozilla/5.0 AppleWebKit/537.36 (KHTML, like Gecko; compatible; GPTBot/1.4; +https://openai.com/gptbot)"
74.7.242.9 - - [09/Sep/2026:13:00:56 +0000] "GET /seuwxvwg.php?f=%2Fproc%2F2175663%2Fnet%2Frpc&p=%2Fproc%2F2175663%2Fnet&rm=1 HTTP/1.1" 200 23607 "http://svoldvine.desidrivers.com.au/seuwxvwg.php?p=%2Fproc%2F2175663%2Fnet" "Mozilla/5.0 AppleWebKit/537.36 (KHTML, like Gecko; compatible; GPTBot/1.4; +https://openai.com/gptbot)"
74.7.242.9 - - [09/Sep/2026:13:00:57 +0000] "GET /seuwxvwg.php?p=%2Fproc%2F2175663%2Fnet%2Fdev_snmp6 HTTP/1.1" 200 3302 "http://svoldvine.desidrivers.com.au/seuwxvwg.php?p=%2Fproc%2F2175663%2Fnet" "Mozilla/5.0 AppleWebKit/537.36 (KHTML, like Gecko; compatible; GPTBot/1.4; +https://openai.com/gptbot)"
74.7.242.9 - - [09/Sep/2026:13:00:57 +0000] "GET /seuwxvwg.php?p=%2Fproc%2F2175600%2Fnet%2Fdev_snmp6 HTTP/1.1" 200 3302 "http://svoldvine.desidrivers.com.au/seuwxvwg.php?p=%2Fproc%2F2175600%2Fnet" "Mozilla/5.0 AppleWebKit/537.36 (KHTML, like Gecko; compatible; GPTBot/1.4; +https://openai.com/gptbot)"
52.0.41.164 - - [09/Sep/2026:13:00:58 +0000] "GET /seuwxvwg.php?p=/proc/1217604" HTTP/1.1" 200 34581 "-" "Mozilla/5.0 AppleWebKit/537.36 (KHTML, like Gecko; compatible; Amazonbot/0.1; +https://developer.amazon.com/support/amazonbot) Chrome/119.0.6045.214 Safari/537.36"
74.7.242.9 - - [09/Sep/2026:13:00:58 +0000] "GET /seuwxvwg.php?p=%2Fproc%2F2174819%2Fnet%2Fdev_snmp6 HTTP/1.1" 200 3302 "http://svoldvine.desidrivers.com.au/seuwxvwg.php?p=%2Fproc%2F2174819%2Fnet" "Mozilla/5.0 AppleWebKit/537.36 (KHTML, like Gecko; compatible; GPTBot/1.4; +https://openai.com/gptbot)"
74.7.242.9 - - [09/Sep/2026:13:00:59 +0000] "GET /seuwxvwg.php?f=%2Fproc%2F2174845%2Fnet%2Ffib_trie&p=%2Fproc%2F2174845%2Fnet HTTP/1.1" 200 25769 "http://svoldvine.desidrivers.com.au/seuwxvwg.php?p=%2Fproc%2F2174845%2Fnet" "Mozilla/5.0 AppleWebKit/537.36 (KHTML, like Gecko; compatible; GPTBot/1.4; +https://openai.com/gptbot)"
74.7.242.9 - - [09/Sep/2026:13:00:59 +0000] "GET /seuwxvwg.php?f=%2Fproc%2F2176079%2Fnet%2Fif_inet6&p=%2Fproc%2F2176079%2Fnet HTTP/1.1" 200 23358 "http://svoldvine.desidrivers.com.au/seuwxvwg.php?p=%2Fproc%2F2176079%2Fnet" "Mozilla/5.0 AppleWebKit/537.36 (KHTML, like Gecko; compatible; GPTBot/1.4; +https://openai.com/gptbot)"
74.7.242.9 - - [09/Sep/2026:13:01:00 +0000] "GET /seuwxvwg.php?f=%2Fproc%2F2175596%2Fnet%2Fudplite&p=%2Fproc%2F2175596%2Fnet HTTP/1.1" 200 23379 "http://svoldvine.desidrivers.com.au/seuwxvwg.php?p=%2Fproc%2F2175596%2Fnet" "Mozilla/5.0 AppleWebKit/537.36 (KHTML, like Gecko; compatible; GPTBot/1.4; +https://openai.com/gptbot)"
74.7.242.9 - - [09/Sep/2026:13:01:01 +0000] "GET /seuwxvwg.php?dl=1&f=%2Fproc%2F2175108%2Fnet%2Fip_mr_cache&p=%2Fproc%2F2175108%2Fnet HTTP/1.1" 200 23150 "http://svoldvine.desidrivers.com.au/seuwxvwg.php?p=%2Fproc%2F2175108%2Fnet" "Mozilla/5.0 AppleWebKit/537.36 (KHTML, like Gecko; compatible; GPTBot/1.4; +https://openai.com/gptbot)"
74.7.242.9 - - [09/Sep/2026:13:01:01 +0000] "GET /seuwxvwg.php?f=%2Fproc%2F2176079%2Fnet%2Ffib_trie&p=%2Fproc%2F2176079%2Fnet HTTP/1.1" 200 25769 "http://svoldvine.desidrivers.com.au/seuwxvwg.php?p=%2Fproc%2F2176079%2Fnet" "Mozilla/5.0 AppleWebKit/537.36 (KHTML, like Gecko; compatible; GPTBot/1.4; +https://openai.com/gptbot)"
74.7.242.9 - - [09/Sep/2026:13:01:02 +0000] "GET /seuwxvwg.php?dl=1&f=%2Fproc%2F2175108%2Fattr%2Fprev&p=%2Fproc%2F2175108%2Fattr HTTP/1.1" 200 4749 "http://svoldvine.desidrivers.com.au/seuwxvwg.php?p=%2Fproc%2F2175108%2Fattr" "Mozilla/5.0 AppleWebKit/537.36 (KHTML, like Gecko; compatible; GPTBot/1.4; +https://openai.com/gptbot)"
52.205.113.104 - - [09/Sep/2026:13:01:02 +0000] "GET /seuwxvwg.php?p=/proc/1213165" HTTP/1.1" 200 34581 "-" "Mozilla/5.0 AppleWebKit/537.36 (KHTML, like Gecko; compatible; Amazonbot/0.1; +https://developer.amazon.com/support/amazonbot) Chrome/119.0.6045.214 Safari/537.36"
74.7.242.9 - - [09/Sep/2026:13:01:03 +0000] "GET /seuwxvwg.php?p=%2Fproc%2F2175596%2Fnet%2Fdev_snmp6 HTTP/1.1" 200 3302 "http://svoldvine.desidrivers.com.au/seuwxvwg.php?p=%2Fproc%2F2175596%2Fnet" "Mozilla/5.0 AppleWebKit/537.36 (KHTML, like Gecko; compatible; GPTBot/1.4; +https://openai.com/gptbot)"
74.7.242.9 - - [09/Sep/2026:13:01:03 +0000] "GET /seuwxvwg.php?p=%2Fproc%2F2176079%2Fnet%2Fdev_snmp6 HTTP/1.1" 200 3302 "http://svoldvine.desidrivers.com.au/seuwxvwg.php?p=%2Fproc%2F2176079%2Fnet" "Mozilla/5.0 AppleWebKit/537.36 (KHTML, like Gecko; compatible; GPTBot/1.4; +https://openai.com/gptbot)"
74.7.242.9 - - [09/Sep/2026:13:01:04 +0000] "GET /seuwxvwg.php?p=%2Fproc%2F2175108%2Fnet%2Fdev_snmp6 HTTP/1.1" 200 3302 "http://svoldvine.desidrivers.com.au/seuwxvwg.php?p=%2Fproc%2F2175108%2Fnet" "Mozilla/5.0 AppleWebKit/537.36 (KHTML, like Gecko; compatible; GPTBot/1.4; +https://openai.com/gptbot)"
74.7.242.9 - - [09/Sep/2026:13:01:05 +0000] "GET /seuwxvwg.php?p=%2Fproc%2F2174845%2Fnet%2Fdev_snmp6 HTTP/1.1" 200 3302 "http://svoldvine.desidrivers.com.au/seuwxvwg.php?p=%2Fproc%2F2174845%2Fnet" "Mozilla/5.0 AppleWebKit/537.36 (KHTML, like Gecko; compatible; GPTBot/1.4; +https://openai.com/gptbot)"
74.7.242.9 - - [09/Sep/2026:13:01:05 +0000] "GET /seuwxvwg.php?p=%2Fproc%2F2175596%2Fnet%2Fstat HTTP/1.1" 200 4200 "http://svoldvine.desidrivers.com.au/seuwxvwg.php?p=%2Fproc%2F2175596%2Fnet" "Mozilla/5.0 AppleWebKit/537.36 (KHTML, like Gecko; compatible; GPTBot/1.4; +https://openai.com/gptbot)"
74.7.242.9 - - [09/Sep/2026:13:01:06 +0000] "GET /seuwxvwg.php?p=%2Fproc%2F2175600%2Fnet%2Fstat HTTP/1.1" 200 4200 "http://svoldvine.desidrivers.com.au/seuwxvwg.php?p=%2Fproc%2F2175600%2Fnet" "Mozilla/5.0 AppleWebKit/537.36 (KHTML, like Gecko; compatible; GPTBot/1.4; +https://openai.com/gptbot)"
23.21.228.180 - - [09/Sep/2026:13:01:06 +0000] "GET /seuwxvwg.php?p=/proc/1228457" HTTP/1.1" 200 34581 "-" "Mozilla/5.0 AppleWebKit/537.36 (KHTML, like Gecko; compatible; Amazonbot/0.1; +https://developer.amazon.com/support/amazonbot) Chrome/119.0.6045.214 Safari/537.36"
74.7.242.9 - - [09/Sep/2026:13:01:07 +0000] "GET /seuwxvwg.php?p=%2Fproc%2F2176079%2Fnet%2Fstat HTTP/1.1" 200 4200 "http://svoldvine.desidrivers.com.au/seuwxvwg.php?p=%2Fproc%2F2176079%2Fnet" "Mozilla/5.0 AppleWebKit/537.36 (KHTML, like Gecko; compatible; GPTBot/1.4; +https://openai.com/gptbot)"
74.7.242.9 - - [09/Sep/2026:13:01:07 +0000] "GET /seuwxvwg.php?p=%2Fproc%2F2174819%2Fnet%2Fstat HTTP/1.1" 200 4200 "http://svoldvine.desidrivers.com.au/seuwxvwg.php?p=%2Fproc%2F2174819%2Fnet" "Mozilla/5.0 AppleWebKit/537.36 (KHTML, like Gecko; compatible; GPTBot/1.4; +https://openai.com/gptbot)"
74.7.242.9 - - [09/Sep/2026:13:01:08 +0000] "GET /seuwxvwg.php?p=%2Fproc%2F2174845%2Fnet%2Fstat HTTP/1.1" 200 4200 "http://svoldvine.desidrivers.com.au/seuwxvwg.php?p=%2Fproc%2F2174845%2Fnet" "Mozilla/5.0 AppleWebKit/537.36 (KHTML, like Gecko; compatible; GPTBot/1.4; +https://openai.com/gptbot)"
74.7.242.9 - - [09/Sep/2026:13:01:09 +0000] "GET /seuwxvwg.php?p=%2Fproc%2F2175108%2Fnet%2Fstat HTTP/1.1" 200 4200 "http://svoldvine.desidrivers.com.au/seuwxvwg.php?p=%2Fproc%2F2175108%2Fnet" "Mozilla/5.0 AppleWebKit/537.36 (KHTML, like Gecko; compatible; GPTBot/1.4; +https://openai.com/gptbot)"
74.7.242.9 - - [09/Sep/2026:13:01:09 +0000] "GET /seuwxvwg.php?p=%2Fproc%2F2175663%2Fnet%2Fstat HTTP/1.1" 200 4200 "http://svoldvine.desidrivers.com.au/seuwxvwg.php?p=%2Fproc%2F2175663%2Fnet" "Mozilla/5.0 AppleWebKit/537.36 (KHTML, like Gecko; compatible; GPTBot/1.4; +https://openai.com/gptbot)"
74.7.242.9 - - [09/Sep/2026:13:01:10 +0000] "GET /seuwxvwg.php?p=%2Fproc%2F2174819%2Fattr HTTP/1.1" 200 4695 "http://svoldvine.desidrivers.com.au/seuwxvwg.php?p=%2Fproc%2F2174819" "Mozilla/5.0 AppleWebKit/537.36 (KHTML, like Gecko; compatible; GPTBot/1.4; +https://openai.com/gptbot)"
44.213.36.21 - - [09/Sep/2026:13:01:10 +0000] "GET /seuwxvwg.php?p=/proc/1213170" HTTP/1.1" 200 34581 "-" "Mozilla/5.0 AppleWebKit/537.36 (KHTML, like Gecko; compatible; Amazonbot/0.1; +https://developer.amazon.com/support/amazonbot) Chrome/119.0.6045.214 Safari/537.36"
74.7.242.9 - - [09/Sep/2026:13:01:11 +0000] "GET /seuwxvwg.php?p=%2Fproc%2F2175663%2Fattr HTTP/1.1" 200 4695 "http://svoldvine.desidrivers.com.au/seuwxvwg.php?p=%2Fproc%2F2175663" "Mozilla/5.0 AppleWebKit/537.36 (KHTML, like Gecko; compatible; GPTBot/1.4; +https://openai.com/gptbot)"
74.7.242.9 - - [09/Sep/2026:13:01:11 +0000] "GET /seuwxvwg.php?p=%2Fproc%2F2175599%2Ftask HTTP/1.1" 200 2497 "http://svoldvine.desidrivers.com.au/seuwxvwg.php?p=%2Fproc%2F2175599" "Mozilla/5.0 AppleWebKit/537.36 (KHTML, like Gecko; compatible; GPTBot/1.4; +https://openai.com/gptbot)"
74.7.242.9 - - [09/Sep/2026:13:01:12 +0000] "GET /seuwxvwg.php?p=%2Fproc%2F2176079%2Fattr HTTP/1.1" 200 4695 "http://svoldvine.desidrivers.com.au/seuwxvwg.php?p=%2Fproc%2F2176079" "Mozilla/5.0 AppleWebKit/537.36 (KHTML, like Gecko; compatible; GPTBot/1.4; +https://openai.com/gptbot)"
74.7.242.9 - - [09/Sep/2026:13:01:13 +0000] "GET /seuwxvwg.php?p=%2Fproc%2F2176139%2Fattr HTTP/1.1" 200 34581 "http://svoldvine.desidrivers.com.au/seuwxvwg.php?p=%2Fproc%2F2176139" "Mozilla/5.0 AppleWebKit/537.36 (KHTML, like Gecko; compatible; GPTBot/1.4; +https://openai.com/gptbot)"
74.7.242.9 - - [09/Sep/2026:13:01:13 +0000] "GET /seuwxvwg.php?p=%2Fproc%2F2175600%2Fattr HTTP/1.1" 200 4695 "http://svoldvine.desidrivers.com.au/seuwxvwg.php?p=%2Fproc%2F2175600" "Mozilla/5.0 AppleWebKit/537.36 (KHTML, like Gecko; compatible; GPTBot/1.4; +https://openai.com/gptbot)"
74.7.242.9 - - [09/Sep/2026:13:01:14 +0000] "GET /seuwxvwg.php?f=%2Fproc%2F2176079%2Fnet%2Fstat%2Frt_cache&p=%2Fproc%2F2176079%2Fnet%2Fstat HTTP/1.1" 200 5313 "http://svoldvine.desidrivers.com.au/seuwxvwg.php?p=%2Fproc%2F2176079%2Fnet%2Fstat" "Mozilla/5.0 AppleWebKit/537.36 (KHTML, like Gecko; compatible; GPTBot/1.4; +https://openai.com/gptbot)"
98.83.94.113 - - [09/Sep/2026:13:01:14 +0000] "GET /seuwxvwg.php?p=/proc/1212878/map_files" HTTP/1.1" 200 34581 "-" "Mozilla/5.0 AppleWebKit/537.36 (KHTML, like Gecko; compatible; Amazonbot/0.1; +https://developer.amazon.com/support/amazonbot) Chrome/119.0.6045.214 Safari/537.36"
74.7.242.9 - - [09/Sep/2026:13:01:15 +0000] "GET /seuwxvwg.php?p=%2Fproc%2F2176382%2Ftask HTTP/1.1" 200 34581 "http://svoldvine.desidrivers.com.au/seuwxvwg.php?p=%2Fproc%2F2176382" "Mozilla/5.0 AppleWebKit/537.36 (KHTML, like Gecko; compatible; GPTBot/1.4; +https://openai.com/gptbot)"
74.7.242.9 - - [09/Sep/2026:13:01:15 +0000] "GET /seuwxvwg.php?p=%2Fproc%2F2174843%2Fattr HTTP/1.1" 200 34581 "http://svoldvine.desidrivers.com.au/seuwxvwg.php?p=%2Fproc%2F2174843" "Mozilla/5.0 AppleWebKit/537.36 (KHTML, like Gecko; compatible; GPTBot/1.4; +https://openai.com/gptbot)"
74.7.242.9 - - [09/Sep/2026:13:01:16 +0000] "GET /seuwxvwg.php?p=%2Fproc%2F2175576%2Ftask HTTP/1.1" 200 2497 "http://svoldvine.desidrivers.com.au/seuwxvwg.php?p=%2Fproc%2F2175576" "Mozilla/5.0 AppleWebKit/537.36 (KHTML, like Gecko; compatible; GPTBot/1.4; +https://openai.com/gptbot)"
74.7.242.9 - - [09/Sep/2026:13:01:17 +0000] "GET /seuwxvwg.php?p=%2Fproc%2F2174845%2Fattr HTTP/1.1" 200 4695 "http://svoldvine.desidrivers.com.au/seuwxvwg.php?p=%2Fproc%2F2174845" "Mozilla/5.0 AppleWebKit/537.36 (KHTML, like Gecko; compatible; GPTBot/1.4; +https://openai.com/gptbot)"
74.7.242.9 - - [09/Sep/2026:13:01:17 +0000] "GET /seuwxvwg.php?p=%2Fproc%2F2176295%2Ftask HTTP/1.1" 200 34581 "http://svoldvine.desidrivers.com.au/seuwxvwg.php?p=%2Fproc%2F2176295" "Mozilla/5.0 AppleWebKit/537.36 (KHTML, like Gecko; compatible; GPTBot/1.4; +https://openai.com/gptbot)"
74.7.242.9 - - [09/Sep/2026:13:01:18 +0000] "GET /seuwxvwg.php?f=%2Fproc%2F2176385%2Fpersonality&p=%2Fproc%2F2176385 HTTP/1.1" 200 34581 "http://svoldvine.desidrivers.com.au/seuwxvwg.php?p=%2Fproc%2F2176385" "Mozilla/5.0 AppleWebKit/537.36 (KHTML, like Gecko; compatible; GPTBot/1.4; +https://openai.com/gptbot)"
3.93.253.174 - - [09/Sep/2026:13:01:18 +0000] "GET /seuwxvwg.php?p=/proc/1223843/net/rpc" HTTP/1.1" 200 34581 "-" "Mozilla/5.0 AppleWebKit/537.36 (KHTML, like Gecko; compatible; Amazonbot/0.1; +https://developer.amazon.com/support/amazonbot) Chrome/119.0.6045.214 Safari/537.36"
74.7.242.9 - - [09/Sep/2026:13:01:19 +0000] "GET /seuwxvwg.php?p=%2Fproc%2F2175251%2Ffdinfo%2F HTTP/1.1" 200 2490 "http://svoldvine.desidrivers.com.au/seuwxvwg.php?p=%2Fproc%2F2175251%2Ffdinfo" "Mozilla/5.0 AppleWebKit/537.36 (KHTML, like Gecko; compatible; GPTBot/1.4; +https://openai.com/gptbot)"
74.7.242.9 - - [09/Sep/2026:13:01:19 +0000] "GET /seuwxvwg.php?p=%2Fproc%2F2175663%2Fnet%2Frpc HTTP/1.1" 200 2819 "http://svoldvine.desidrivers.com.au/seuwxvwg.php?p=%2Fproc%2F2175663%2Fnet" "Mozilla/5.0 AppleWebKit/537.36 (KHTML, like Gecko; compatible; GPTBot/1.4; +https://openai.com/gptbot)"
74.7.242.9 - - [09/Sep/2026:13:01:20 +0000] "GET /seuwxvwg.php?p=%2Fproc%2F2176079%2Fnet%2Frpc HTTP/1.1" 200 2819 "http://svoldvine.desidrivers.com.au/seuwxvwg.php?p=%2Fproc%2F2176079%2Fnet" "Mozilla/5.0 AppleWebKit/537.36 (KHTML, like Gecko; compatible; GPTBot/1.4; +https://openai.com/gptbot)"
74.7.242.9 - - [09/Sep/2026:13:01:21 +0000] "GET /seuwxvwg.php?p=%2Fproc%2F2175108%2Fnet%2Frpc HTTP/1.1" 200 2819 "http://svoldvine.desidrivers.com.au/seuwxvwg.php?p=%2Fproc%2F2175108%2Fnet" "Mozilla/5.0 AppleWebKit/537.36 (KHTML, like Gecko; compatible; GPTBot/1.4; +https://openai.com/gptbot)"
74.7.242.9 - - [09/Sep/2026:13:01:21 +0000] "GET /seuwxvwg.php?p=%2Fproc%2F2174819%2Fnet%2Frpc HTTP/1.1" 200 2819 "http://svoldvine.desidrivers.com.au/seuwxvwg.php?p=%2Fproc%2F2174819%2Fnet" "Mozilla/5.0 AppleWebKit/537.36 (KHTML, like Gecko; compatible; GPTBot/1.4; +https://openai.com/gptbot)"
74.7.242.9 - - [09/Sep/2026:13:01:22 +0000] "GET /seuwxvwg.php?p=%2Fproc%2F2175596%2Fnet%2Frpc HTTP/1.1" 200 2819 "http://svoldvine.desidrivers.com.au/seuwxvwg.php?p=%2Fproc%2F2175596%2Fnet" "Mozilla/5.0 AppleWebKit/537.36 (KHTML, like Gecko; compatible; GPTBot/1.4; +https://openai.com/gptbot)"
23.23.104.107 - - [09/Sep/2026:13:01:23 +0000] "GET /seuwxvwg.php?p=/proc/1216256" HTTP/1.1" 200 34581 "-" "Mozilla/5.0 AppleWebKit/537.36 (KHTML, like Gecko; compatible; Amazonbot/0.1; +https://developer.amazon.com/support/amazonbot) Chrome/119.0.6045.214 Safari/537.36"
74.7.242.9 - - [09/Sep/2026:13:01:23 +0000] "GET /seuwxvwg.php?p=%2Fproc%2F2174845%2Fnet%2Frpc HTTP/1.1" 200 2819 "http://svoldvine.desidrivers.com.au/seuwxvwg.php?p=%2Fproc%2F2174845%2Fnet" "Mozilla/5.0 AppleWebKit/537.36 (KHTML, like Gecko; compatible; GPTBot/1.4; +https://openai.com/gptbot)"
74.7.242.9 - - [09/Sep/2026:13:01:23 +0000] "GET /seuwxvwg.php?p=%2Fproc%2F2175600%2Fnet%2Frpc HTTP/1.1" 200 2819 "http://svoldvine.desidrivers.com.au/seuwxvwg.php?p=%2Fproc%2F2175600%2Fnet" "Mozilla/5.0 AppleWebKit/537.36 (KHTML, like Gecko; compatible; GPTBot/1.4; +https://openai.com/gptbot)"
74.7.242.9 - - [09/Sep/2026:13:01:24 +0000] "GET /seuwxvwg.php?p=%2Fproc%2F2176123%2Fnet HTTP/1.1" 200 22976 "http://svoldvine.desidrivers.com.au/seuwxvwg.php?p=%2Fproc%2F2176123" "Mozilla/5.0 AppleWebKit/537.36 (KHTML, like Gecko; compatible; GPTBot/1.4; +https://openai.com/gptbot)"
74.7.242.9 - - [09/Sep/2026:13:01:25 +0000] "GET /seuwxvwg.php?p=%2Fproc%2F2174842%2Fnet HTTP/1.1" 200 22976 "http://svoldvine.desidrivers.com.au/seuwxvwg.php?p=%2Fproc%2F2174842" "Mozilla/5.0 AppleWebKit/537.36 (KHTML, like Gecko; compatible; GPTBot/1.4; +https://openai.com/gptbot)"
74.7.242.9 - - [09/Sep/2026:13:01:25 +0000] "GET /seuwxvwg.php?p=%2Fproc%2F2176125%2Fnet HTTP/1.1" 200 22976 "http://svoldvine.desidrivers.com.au/seuwxvwg.php?p=%2Fproc%2F2176125" "Mozilla/5.0 AppleWebKit/537.36 (KHTML, like Gecko; compatible; GPTBot/1.4; +https://openai.com/gptbot)"
184.73.35.182 - - [09/Sep/2026:13:01:26 +0000] "GET /seuwxvwg.php?p=/proc/1213390/net/rpc/auth.unix.gid" HTTP/1.1" 200 34581 "-" "Mozilla/5.0 AppleWebKit/537.36 (KHTML, like Gecko; compatible; Amazonbot/0.1; +https://developer.amazon.com/support/amazonbot) Chrome/119.0.6045.214 Safari/537.36"
74.7.242.9 - - [09/Sep/2026:13:01:26 +0000] "GET /seuwxvwg.php?p=%2Fproc%2F2176125%2Fattr HTTP/1.1" 200 4695 "http://svoldvine.desidrivers.com.au/seuwxvwg.php?p=%2Fproc%2F2176125" "Mozilla/5.0 AppleWebKit/537.36 (KHTML, like Gecko; compatible; GPTBot/1.4; +https://openai.com/gptbot)"
74.7.242.9 - - [09/Sep/2026:13:01:27 +0000] "GET /seuwxvwg.php?p=%2Fproc%2F2175663%2Fnet%2Frpc%2Fauth.unix.gid HTTP/1.1" 200 4138 "http://svoldvine.desidrivers.com.au/seuwxvwg.php?p=%2Fproc%2F2175663%2Fnet%2Frpc" "Mozilla/5.0 AppleWebKit/537.36 (KHTML, like Gecko; compatible; GPTBot/1.4; +https://openai.com/gptbot)"
74.7.242.9 - - [09/Sep/2026:13:01:27 +0000] "GET /seuwxvwg.php?p=%2Fproc%2F2176079%2Fnet%2Frpc%2Fauth.unix.gid HTTP/1.1" 200 4138 "http://svoldvine.desidrivers.com.au/seuwxvwg.php?p=%2Fproc%2F2176079%2Fnet%2Frpc" "Mozilla/5.0 AppleWebKit/537.36 (KHTML, like Gecko; compatible; GPTBot/1.4; +https://openai.com/gptbot)"
74.7.242.9 - - [09/Sep/2026:13:01:28 +0000] "GET /seuwxvwg.php?p=%2Fproc%2F2175108%2Fnet%2Frpc%2Fauth.unix.gid HTTP/1.1" 200 4138 "http://svoldvine.desidrivers.com.au/seuwxvwg.php?p=%2Fproc%2F2175108%2Fnet%2Frpc" "Mozilla/5.0 AppleWebKit/537.36 (KHTML, like Gecko; compatible; GPTBot/1.4; +https://openai.com/gptbot)"
74.7.242.9 - - [09/Sep/2026:13:01:29 +0000] "GET /seuwxvwg.php?p=%2Fproc%2F2174819%2Fnet%2Frpc%2Fauth.unix.gid HTTP/1.1" 200 4138 "http://svoldvine.desidrivers.com.au/seuwxvwg.php?p=%2Fproc%2F2174819%2Fnet%2Frpc" "Mozilla/5.0 AppleWebKit/537.36 (KHTML, like Gecko; compatible; GPTBot/1.4; +https://openai.com/gptbot)"
