/var/log/apache2/domlogs/desid573
NameSizeModeActions
book.familycab.com.au-ssl_log2308870640editdlrm
bookings.perthdesignateddrivers.com.au11820640editdlrm
bookings.perthdesignateddrivers.com.au-ssl_log649620640editdlrm
cf.desidrivers.com.au149530640editdlrm
cf.desidrivers.com.au-ssl_log00640editdlrm
desidrivers.com.au19050640editdlrm
desidrivers.com.au-ssl_log3879760640editdlrm
familycab.desidrivers.com.au36310640editdlrm
familycab.desidrivers.com.au-ssl_log504620640editdlrm
kufc.desidrivers.com.au50746060640editdlrm
kufc.desidrivers.com.au-ssl_log52299240640editdlrm
magicride.desidrivers.com.au35140640editdlrm
magicride.desidrivers.com.au-ssl_log32740640editdlrm
new.perthdesignateddrivers.com.au283603440640editdlrm
new.perthdesignateddrivers.com.au-ssl_log2046480640editdlrm
olivercann.desidrivers.com.au15840640editdlrm
olivercann.desidrivers.com.au-ssl_log136020640editdlrm
ov.desidrivers.com.au84880990640editdlrm
ov.desidrivers.com.au-ssl_log5120640editdlrm
p.desidrivers.com.au27050640editdlrm
p.desidrivers.com.au-ssl_log450230640editdlrm
perthdesignateddrivers.desidrivers.com.au518985490640editdlrm
perthdesignateddrivers.desidrivers.com.au-ssl_log220486040640editdlrm
phewl.desidrivers.com.au84433060640editdlrm
phewl.desidrivers.com.au-ssl_log132060640editdlrm
svoldvine.desidrivers.com.au82113820640editdlrm
svoldvine.desidrivers.com.au-ssl_log33480640editdlrm
verde.desidrivers.com.au59696840640editdlrm
verde.desidrivers.com.au-ssl_log65472620640editdlrm
verdebotanicals.desidrivers.com.au10500640editdlrm
verdebotanicals.desidrivers.com.au-ssl_log1373790640editdlrm
verdenaturopathy.desidrivers.com.au93230640editdlrm
verdenaturopathy.desidrivers.com.au-ssl_log5883740640editdlrm
Edit: /var/log/apache2/domlogs/desid573/verdenaturopathy.desidrivers.com.au-ssl_log (588374B)
66.102.134.111 - - [09/Sep/2026:12:07:34 +0000] "POST /wp-cron.php?doing_wp_cron=1788955654.5084249973297119140625 HTTP/1.1" 200 - "-" "WordPress/7.1; https://verdenaturopathy.com.au"
44.218.6.93 - - [09/Sep/2026:12:07:33 +0000] "GET /?p=809" HTTP/1.1" 301 - "-" "Mozilla/5.0 AppleWebKit/537.36 (KHTML, like Gecko; compatible; Amazonbot/0.1; +https://developer.amazon.com/support/amazonbot) Chrome/119.0.6045.214 Safari/537.36"
98.84.131.195 - - [09/Sep/2026:12:07:35 +0000] "GET /2026/05/18/new-online-casino-for-australia-player/?quot HTTP/1.1" 200 220937 "-" "Mozilla/5.0 AppleWebKit/537.36 (KHTML, like Gecko; compatible; Amazonbot/0.1; +https://developer.amazon.com/support/amazonbot) Chrome/119.0.6045.214 Safari/537.36"
34.194.233.48 - - [09/Sep/2026:12:07:37 +0000] "GET /?p=948" HTTP/1.1" 301 - "-" "Mozilla/5.0 AppleWebKit/537.36 (KHTML, like Gecko; compatible; Amazonbot/0.1; +https://developer.amazon.com/support/amazonbot) Chrome/119.0.6045.214 Safari/537.36"
44.207.252.58 - - [09/Sep/2026:12:07:38 +0000] "GET /2026/05/18/casino-online-co-australia/?quot HTTP/1.1" 200 220307 "-" "Mozilla/5.0 AppleWebKit/537.36 (KHTML, like Gecko; compatible; Amazonbot/0.1; +https://developer.amazon.com/support/amazonbot) Chrome/119.0.6045.214 Safari/537.36"
103.134.180.96 - - [09/Sep/2026:12:07:39 +0000] "POST /xmlrpc.php HTTP/1.1" 200 403 "-" "Jetpack/12.0; WordPress/6.3; http://site58577170.com"
44.197.76.210 - - [09/Sep/2026:12:07:42 +0000] "GET /?p=757 HTTP/1.1" 301 - "-" "Mozilla/5.0 AppleWebKit/537.36 (KHTML, like Gecko; compatible; Amazonbot/0.1; +https://developer.amazon.com/support/amazonbot) Chrome/119.0.6045.214 Safari/537.36"
3.225.45.252 - - [09/Sep/2026:12:07:43 +0000] "GET /2026/05/18/mainz-casino-bonus-codes-2026/ HTTP/1.1" 200 220810 "-" "Mozilla/5.0 AppleWebKit/537.36 (KHTML, like Gecko; compatible; Amazonbot/0.1; +https://developer.amazon.com/support/amazonbot) Chrome/119.0.6045.214 Safari/537.36"
98.82.40.168 - - [09/Sep/2026:12:07:45 +0000] "GET /?p=1462" HTTP/1.1" 301 - "-" "Mozilla/5.0 AppleWebKit/537.36 (KHTML, like Gecko; compatible; Amazonbot/0.1; +https://developer.amazon.com/support/amazonbot) Chrome/119.0.6045.214 Safari/537.36"
3.221.156.96 - - [09/Sep/2026:12:07:46 +0000] "GET /2026/05/18/new-club-casino/?quot HTTP/1.1" 200 220533 "-" "Mozilla/5.0 AppleWebKit/537.36 (KHTML, like Gecko; compatible; Amazonbot/0.1; +https://developer.amazon.com/support/amazonbot) Chrome/119.0.6045.214 Safari/537.36"
54.84.102.81 - - [09/Sep/2026:12:07:49 +0000] "GET /?lt&p=1569 HTTP/1.1" 301 - "-" "Mozilla/5.0 AppleWebKit/537.36 (KHTML, like Gecko; compatible; Amazonbot/0.1; +https://developer.amazon.com/support/amazonbot) Chrome/119.0.6045.214 Safari/537.36"
54.84.102.81 - - [09/Sep/2026:12:07:50 +0000] "GET /2026/05/18/big-win-777-casino/?lt HTTP/1.1" 200 220646 "-" "Mozilla/5.0 AppleWebKit/537.36 (KHTML, like Gecko; compatible; Amazonbot/0.1; +https://developer.amazon.com/support/amazonbot) Chrome/119.0.6045.214 Safari/537.36"
103.134.180.96 - - [09/Sep/2026:12:07:51 +0000] "POST /xmlrpc.php HTTP/1.1" 200 403 "-" "WordPress.com; https://wordpress.com"
18.205.213.231 - - [09/Sep/2026:12:07:54 +0000] "GET /?p=1557 HTTP/1.1" 301 - "-" "Mozilla/5.0 AppleWebKit/537.36 (KHTML, like Gecko; compatible; Amazonbot/0.1; +https://developer.amazon.com/support/amazonbot) Chrome/119.0.6045.214 Safari/537.36"
35.174.253.85 - - [09/Sep/2026:12:07:55 +0000] "GET /2026/05/18/palace-spin-casino/ HTTP/1.1" 200 220320 "-" "Mozilla/5.0 AppleWebKit/537.36 (KHTML, like Gecko; compatible; Amazonbot/0.1; +https://developer.amazon.com/support/amazonbot) Chrome/119.0.6045.214 Safari/537.36"
52.70.138.176 - - [09/Sep/2026:12:07:58 +0000] "GET /?p=1436 HTTP/1.1" 301 - "-" "Mozilla/5.0 AppleWebKit/537.36 (KHTML, like Gecko; compatible; Amazonbot/0.1; +https://developer.amazon.com/support/amazonbot) Chrome/119.0.6045.214 Safari/537.36"
35.153.86.200 - - [09/Sep/2026:12:07:59 +0000] "GET /2026/05/18/konami-pokies-australia/ HTTP/1.1" 200 220081 "-" "Mozilla/5.0 AppleWebKit/537.36 (KHTML, like Gecko; compatible; Amazonbot/0.1; +https://developer.amazon.com/support/amazonbot) Chrome/119.0.6045.214 Safari/537.36"
34.239.197.197 - - [09/Sep/2026:12:08:01 +0000] "GET /?p=654 HTTP/1.1" 301 - "-" "Mozilla/5.0 AppleWebKit/537.36 (KHTML, like Gecko; compatible; Amazonbot/0.1; +https://developer.amazon.com/support/amazonbot) Chrome/119.0.6045.214 Safari/537.36"
23.21.175.228 - - [09/Sep/2026:12:08:02 +0000] "GET /2026/05/18/whatsapp-pokies-australia-facebook/ HTTP/1.1" 200 220329 "-" "Mozilla/5.0 AppleWebKit/537.36 (KHTML, like Gecko; compatible; Amazonbot/0.1; +https://developer.amazon.com/support/amazonbot) Chrome/119.0.6045.214 Safari/537.36"
103.134.180.96 - - [09/Sep/2026:12:08:02 +0000] "POST /xmlrpc.php HTTP/1.1" 200 403 "-" "WordPress.com; https://wordpress.com"
23.21.175.228 - - [09/Sep/2026:12:08:05 +0000] "GET /?p=663" HTTP/1.1" 301 - "-" "Mozilla/5.0 AppleWebKit/537.36 (KHTML, like Gecko; compatible; Amazonbot/0.1; +https://developer.amazon.com/support/amazonbot) Chrome/119.0.6045.214 Safari/537.36"
18.211.148.239 - - [09/Sep/2026:12:08:06 +0000] "GET /2026/05/18/lucky-hippo-casino-promo-codes/?quot HTTP/1.1" 200 220748 "-" "Mozilla/5.0 AppleWebKit/537.36 (KHTML, like Gecko; compatible; Amazonbot/0.1; +https://developer.amazon.com/support/amazonbot) Chrome/119.0.6045.214 Safari/537.36"
3.210.114.189 - - [09/Sep/2026:12:08:10 +0000] "GET /?p=865 HTTP/1.1" 301 - "-" "Mozilla/5.0 AppleWebKit/537.36 (KHTML, like Gecko; compatible; Amazonbot/0.1; +https://developer.amazon.com/support/amazonbot) Chrome/119.0.6045.214 Safari/537.36"
3.218.103.254 - - [09/Sep/2026:12:08:10 +0000] "GET /2026/05/18/trupial-inn-casino-review-and-free-chips-bonus/ HTTP/1.1" 200 220134 "-" "Mozilla/5.0 AppleWebKit/537.36 (KHTML, like Gecko; compatible; Amazonbot/0.1; +https://developer.amazon.com/support/amazonbot) Chrome/119.0.6045.214 Safari/537.36"
34.193.2.57 - - [09/Sep/2026:12:08:13 +0000] "GET /?lt&p=836 HTTP/1.1" 301 - "-" "Mozilla/5.0 AppleWebKit/537.36 (KHTML, like Gecko; compatible; Amazonbot/0.1; +https://developer.amazon.com/support/amazonbot) Chrome/119.0.6045.214 Safari/537.36"
103.134.180.96 - - [09/Sep/2026:12:08:14 +0000] "POST /xmlrpc.php HTTP/1.1" 200 403 "-" "WordPress.com; https://wordpress.com"
18.204.89.56 - - [09/Sep/2026:12:08:14 +0000] "GET /2026/05/18/free-bet-casino-no-deposit/?lt HTTP/1.1" 200 219668 "-" "Mozilla/5.0 AppleWebKit/537.36 (KHTML, like Gecko; compatible; Amazonbot/0.1; +https://developer.amazon.com/support/amazonbot) Chrome/119.0.6045.214 Safari/537.36"
34.234.197.175 - - [09/Sep/2026:12:08:17 +0000] "GET /?p=735" HTTP/1.1" 301 - "-" "Mozilla/5.0 AppleWebKit/537.36 (KHTML, like Gecko; compatible; Amazonbot/0.1; +https://developer.amazon.com/support/amazonbot) Chrome/119.0.6045.214 Safari/537.36"
34.234.197.175 - - [09/Sep/2026:12:08:18 +0000] "GET /2026/05/18/lucky-lucky-casino/?quot HTTP/1.1" 200 220603 "-" "Mozilla/5.0 AppleWebKit/537.36 (KHTML, like Gecko; compatible; Amazonbot/0.1; +https://developer.amazon.com/support/amazonbot) Chrome/119.0.6045.214 Safari/537.36"
34.206.193.60 - - [09/Sep/2026:12:08:21 +0000] "GET /?p=1681" HTTP/1.1" 301 - "-" "Mozilla/5.0 AppleWebKit/537.36 (KHTML, like Gecko; compatible; Amazonbot/0.1; +https://developer.amazon.com/support/amazonbot) Chrome/119.0.6045.214 Safari/537.36"
66.102.134.111 - - [09/Sep/2026:12:08:23 +0000] "POST /wp-cron.php?doing_wp_cron=1788955703.0381410121917724609375 HTTP/1.1" 200 - "-" "WordPress/7.1; https://verdenaturopathy.com.au"
52.2.4.213 - - [09/Sep/2026:12:08:22 +0000] "GET /2026/08/17/no-deposit-bonus-casino-australia-2026/?quot HTTP/1.1" 200 237212 "-" "Mozilla/5.0 AppleWebKit/537.36 (KHTML, like Gecko; compatible; Amazonbot/0.1; +https://developer.amazon.com/support/amazonbot) Chrome/119.0.6045.214 Safari/537.36"
18.204.152.114 - - [09/Sep/2026:12:08:25 +0000] "GET /?p=948 HTTP/1.1" 301 - "-" "Mozilla/5.0 AppleWebKit/537.36 (KHTML, like Gecko; compatible; Amazonbot/0.1; +https://developer.amazon.com/support/amazonbot) Chrome/119.0.6045.214 Safari/537.36"
103.134.180.96 - - [09/Sep/2026:12:08:25 +0000] "POST /xmlrpc.php HTTP/1.1" 200 403 "-" "Jetpack/13.0; WordPress/6.2; http://site98116070.com"
52.204.174.139 - - [09/Sep/2026:12:08:26 +0000] "GET /2026/05/18/casino-online-co-australia/ HTTP/1.1" 200 220307 "-" "Mozilla/5.0 AppleWebKit/537.36 (KHTML, like Gecko; compatible; Amazonbot/0.1; +https://developer.amazon.com/support/amazonbot) Chrome/119.0.6045.214 Safari/537.36"
184.73.239.35 - - [09/Sep/2026:12:08:29 +0000] "GET /favicon.ico HTTP/1.1" 302 - "-" "Mozilla/5.0 AppleWebKit/537.36 (KHTML, like Gecko; compatible; Amazonbot/0.1; +https://developer.amazon.com/support/amazonbot) Chrome/119.0.6045.214 Safari/537.36"
52.204.81.148 - - [09/Sep/2026:12:08:33 +0000] "GET /layout_type-sitemap.xml HTTP/1.1" 404 220168 "-" "Mozilla/5.0 AppleWebKit/537.36 (KHTML, like Gecko; compatible; Amazonbot/0.1; +https://developer.amazon.com/support/amazonbot) Chrome/119.0.6045.214 Safari/537.36"
103.134.180.96 - - [09/Sep/2026:12:08:37 +0000] "POST /xmlrpc.php HTTP/1.1" 200 403 "-" "Jetpack/12.5; WordPress/6.4; http://site34318257.com"
3.213.85.234 - - [09/Sep/2026:12:08:38 +0000] "GET /2026/page/31/ HTTP/1.1" 404 220168 "-" "Mozilla/5.0 AppleWebKit/537.36 (KHTML, like Gecko; compatible; Amazonbot/0.1; +https://developer.amazon.com/support/amazonbot) Chrome/119.0.6045.214 Safari/537.36"
52.44.148.203 - - [09/Sep/2026:12:08:41 +0000] "GET /2026/page/29/ HTTP/1.1" 404 220168 "-" "Mozilla/5.0 AppleWebKit/537.36 (KHTML, like Gecko; compatible; Amazonbot/0.1; +https://developer.amazon.com/support/amazonbot) Chrome/119.0.6045.214 Safari/537.36"
3.211.105.134 - - [09/Sep/2026:12:08:45 +0000] "GET /2026/05/18/sydney-australia-casino/ HTTP/1.1" 200 220517 "-" "Mozilla/5.0 AppleWebKit/537.36 (KHTML, like Gecko; compatible; Amazonbot/0.1; +https://developer.amazon.com/support/amazonbot) Chrome/119.0.6045.214 Safari/537.36"
103.134.180.96 - - [09/Sep/2026:12:08:48 +0000] "POST /xmlrpc.php HTTP/1.1" 200 403 "-" "Jetpack by WordPress.com"
3.222.190.107 - - [09/Sep/2026:12:08:50 +0000] "GET /?author=8 HTTP/1.1" 404 220168 "-" "Mozilla/5.0 AppleWebKit/537.36 (KHTML, like Gecko; compatible; Amazonbot/0.1; +https://developer.amazon.com/support/amazonbot) Chrome/119.0.6045.214 Safari/537.36"
54.91.122.193 - - [09/Sep/2026:12:08:54 +0000] "GET /2026/05/18/huge-casino-review/ HTTP/1.1" 200 219792 "-" "Mozilla/5.0 AppleWebKit/537.36 (KHTML, like Gecko; compatible; Amazonbot/0.1; +https://developer.amazon.com/support/amazonbot) Chrome/119.0.6045.214 Safari/537.36"
34.101.124.123 - - [09/Sep/2026:12:08:55 +0000] "GET /.git/config HTTP/1.1" 404 8192 "-" "Mozilla/5.0 (Windows NT 10.0; Win64; x64) AppleWebKit/537.36 (KHTML, like Gecko) Chrome/128.0.0.0 Safari/537.36"
54.84.93.8 - - [09/Sep/2026:12:08:57 +0000] "GET /2026/05/page/116/ HTTP/1.1" 404 220168 "-" "Mozilla/5.0 AppleWebKit/537.36 (KHTML, like Gecko; compatible; Amazonbot/0.1; +https://developer.amazon.com/support/amazonbot) Chrome/119.0.6045.214 Safari/537.36"
103.134.180.96 - - [09/Sep/2026:12:08:59 +0000] "POST /xmlrpc.php HTTP/1.1" 200 403 "-" "Jetpack by WordPress.com (Jetpack 12.5; WordPress 6.2)"
31.56.209.224 - - [09/Sep/2026:12:09:00 +0000] "GET / HTTP/1.1" 200 343828 "-" "Mozilla/5.0 (compatible; Googlebot/2.1; +http://www.google.com/bot.html)"
103.134.180.96 - - [09/Sep/2026:12:09:10 +0000] "POST /xmlrpc.php HTTP/1.1" 200 403 "-" "Jetpack by WordPress.com"
103.134.180.96 - - [09/Sep/2026:12:09:21 +0000] "POST /xmlrpc.php HTTP/1.1" 200 403 "-" "Jetpack by WordPress.com"
103.134.180.96 - - [09/Sep/2026:12:09:33 +0000] "POST /xmlrpc.php HTTP/1.1" 200 403 "-" "Jetpack by WordPress.com (Jetpack 12.0; WordPress 6.2)"
103.134.180.96 - - [09/Sep/2026:12:09:44 +0000] "POST /xmlrpc.php HTTP/1.1" 200 403 "-" "Jetpack by WordPress.com (Jetpack 12.5; WordPress 6.1)"
103.134.180.96 - - [09/Sep/2026:12:09:55 +0000] "POST /xmlrpc.php HTTP/1.1" 200 403 "-" "Jetpack/12.1; WordPress/6.2; http://site54033084.com"
103.134.180.96 - - [09/Sep/2026:12:10:06 +0000] "POST /xmlrpc.php HTTP/1.1" 200 403 "-" "Jetpack by WordPress.com (Jetpack 12.0; WordPress 6.1)"
103.134.180.96 - - [09/Sep/2026:12:10:17 +0000] "POST /xmlrpc.php HTTP/1.1" 200 403 "-" "WordPress.com; https://wordpress.com"
103.134.180.96 - - [09/Sep/2026:12:10:28 +0000] "POST /xmlrpc.php HTTP/1.1" 200 403 "-" "Jetpack by WordPress.com"
103.134.180.96 - - [09/Sep/2026:12:10:39 +0000] "POST /xmlrpc.php HTTP/1.1" 200 403 "-" "Jetpack by WordPress.com"
103.134.180.96 - - [09/Sep/2026:12:10:50 +0000] "POST /xmlrpc.php HTTP/1.1" 200 403 "-" "Jetpack by WordPress.com"
103.134.180.96 - - [09/Sep/2026:12:11:02 +0000] "POST /xmlrpc.php HTTP/1.1" 200 403 "-" "Jetpack/13.0; WordPress/6.2; http://site43913211.com"
103.134.180.96 - - [09/Sep/2026:12:11:13 +0000] "POST /xmlrpc.php HTTP/1.1" 200 403 "-" "WordPress.com; https://wordpress.com"
103.134.180.96 - - [09/Sep/2026:12:11:25 +0000] "POST /xmlrpc.php HTTP/1.1" 200 403 "-" "WordPress.com; https://wordpress.com"
103.134.180.96 - - [09/Sep/2026:12:11:36 +0000] "POST /xmlrpc.php HTTP/1.1" 200 403 "-" "Jetpack by WordPress.com (Jetpack 13.0; WordPress 6.3)"
66.102.134.111 - - [09/Sep/2026:12:22:07 +0000] "POST /wp-cron.php?doing_wp_cron=1788956527.9077649116516113281250 HTTP/1.1" 200 - "-" "WordPress/7.1; https://verdenaturopathy.com.au"
118.69.31.252 - - [09/Sep/2026:12:22:07 +0000] "GET /safe-online-casino-australia-2026/ HTTP/1.1" 301 - "https://verdenaturopathy.com.au/" "Mozilla/5.0 (Macintosh; Intel Mac OS X 10.15; rv:137.0) Gecko/20100101 Firefox/137.0"
66.102.134.111 - - [09/Sep/2026:12:22:26 +0000] "POST /wp-cron.php?doing_wp_cron=1788956546.7559831142425537109375 HTTP/1.1" 200 - "-" "WordPress/7.1; https://verdenaturopathy.com.au"
118.69.31.252 - - [09/Sep/2026:12:22:24 +0000] "GET /2026/08/17/safe-online-casino-australia-2026/ HTTP/1.1" 200 876 "https://verdenaturopathy.com.au/safe-online-casino-australia-2026/" "Mozilla/5.0 (Macintosh; Intel Mac OS X 10.15; rv:137.0) Gecko/20100101 Firefox/137.0"
114.119.129.7 - - [09/Sep/2026:12:23:32 +0000] "GET /?p=967 HTTP/1.1" 301 - "https://verdenaturopathy.com.au/?p=1107" "Mozilla/5.0 (Linux; Android 7.0;) AppleWebKit/537.36 (HTML, like Gecko) Mobile Safari/537.36 (compatible; PetalBot;+https://webmaster.petalsearch.com/site/petalbot)"
114.119.129.7 - - [09/Sep/2026:12:23:34 +0000] "GET /2026/05/18/betwin360-casino-review-and-free-chips-bonus/ HTTP/1.1" 200 221733 "https://verdenaturopathy.com.au/?p=1107" "Mozilla/5.0 (Linux; Android 7.0;) AppleWebKit/537.36 (HTML, like Gecko) Mobile Safari/537.36 (compatible; PetalBot;+https://webmaster.petalsearch.com/site/petalbot)"
114.119.129.7 - - [09/Sep/2026:12:24:55 +0000] "GET /?p=553 HTTP/1.1" 301 - "https://verdenaturopathy.com.au/?p=1340" "Mozilla/5.0 (Linux; Android 7.0;) AppleWebKit/537.36 (HTML, like Gecko) Mobile Safari/537.36 (compatible; PetalBot;+https://webmaster.petalsearch.com/site/petalbot)"
114.119.129.7 - - [09/Sep/2026:12:24:57 +0000] "GET /2026/05/18/betive-casino-no-deposit-bonus-codes-for-free-spins-2026/ HTTP/1.1" 200 220850 "https://verdenaturopathy.com.au/?p=1340" "Mozilla/5.0 (Linux; Android 7.0;) AppleWebKit/537.36 (HTML, like Gecko) Mobile Safari/537.36 (compatible; PetalBot;+https://webmaster.petalsearch.com/site/petalbot)"
103.208.233.253 - - [09/Sep/2026:12:25:26 +0000] "POST /xmlrpc.php HTTP/1.1" 200 403 "-" "Jetpack by WordPress.com"
52.167.144.25 - - [09/Sep/2026:12:26:41 +0000] "GET /2026/05/18/n1bet-casino-online/ HTTP/1.1" 200 220433 "-" "Mozilla/5.0 AppleWebKit/537.36 (KHTML, like Gecko; compatible; bingbot/2.0; +http://www.bing.com/bingbot.htm) Chrome/116.0.1938.76 Safari/537.36"
66.102.134.111 - - [09/Sep/2026:12:30:18 +0000] "POST /wp-cron.php?doing_wp_cron=1788957018.8841838836669921875000 HTTP/1.1" 200 - "-" "WordPress/7.1; https://verdenaturopathy.com.au"
103.97.46.118 - - [09/Sep/2026:12:30:18 +0000] "POST /xmlrpc.php HTTP/1.1" 200 403 "-" "Jetpack by WordPress.com (Jetpack 13.0; WordPress 6.1)"
103.97.46.118 - - [09/Sep/2026:12:30:28 +0000] "POST /xmlrpc.php HTTP/1.1" 200 403 "-" "Jetpack/12.1; WordPress/6.2; http://site21192033.com"
103.97.46.118 - - [09/Sep/2026:12:30:38 +0000] "POST /xmlrpc.php HTTP/1.1" 200 403 "-" "WordPress.com; https://wordpress.com"
103.97.46.118 - - [09/Sep/2026:12:30:49 +0000] "POST /xmlrpc.php HTTP/1.1" 200 403 "-" "Jetpack/12.0; WordPress/6.3; http://site76932299.com"
103.97.46.118 - - [09/Sep/2026:12:31:00 +0000] "POST /xmlrpc.php HTTP/1.1" 200 403 "-" "Jetpack by WordPress.com (Jetpack 12.5; WordPress 6.1)"
103.97.46.118 - - [09/Sep/2026:12:31:10 +0000] "POST /xmlrpc.php HTTP/1.1" 200 403 "-" "Jetpack/13.0; WordPress/6.2; http://site73016982.com"
103.97.46.118 - - [09/Sep/2026:12:31:21 +0000] "POST /xmlrpc.php HTTP/1.1" 200 403 "-" "Jetpack by WordPress.com (Jetpack 12.0; WordPress 6.4)"
103.97.46.118 - - [09/Sep/2026:12:31:32 +0000] "POST /xmlrpc.php HTTP/1.1" 200 403 "-" "Jetpack/12.5; WordPress/6.3; http://site70089718.com"
103.208.233.253 - - [09/Sep/2026:12:31:33 +0000] "POST /xmlrpc.php HTTP/1.1" 200 403 "-" "Jetpack/13.0; WordPress/6.4; http://site30798071.com"
103.97.46.118 - - [09/Sep/2026:12:31:43 +0000] "POST /xmlrpc.php HTTP/1.1" 200 403 "-" "WordPress.com; https://wordpress.com"
103.97.46.118 - - [09/Sep/2026:12:31:53 +0000] "POST /xmlrpc.php HTTP/1.1" 200 403 "-" "Jetpack/12.0; WordPress/6.2; http://site56313138.com"
103.97.46.118 - - [09/Sep/2026:12:32:04 +0000] "POST /xmlrpc.php HTTP/1.1" 200 403 "-" "WordPress.com; https://wordpress.com"
66.102.134.111 - - [09/Sep/2026:12:32:15 +0000] "POST /wp-cron.php?doing_wp_cron=1788957135.7028009891510009765625 HTTP/1.1" 200 - "-" "WordPress/7.1; https://verdenaturopathy.com.au"
103.97.46.118 - - [09/Sep/2026:12:32:15 +0000] "POST /xmlrpc.php HTTP/1.1" 200 403 "-" "WordPress.com; https://wordpress.com"
103.97.46.118 - - [09/Sep/2026:12:32:25 +0000] "POST /xmlrpc.php HTTP/1.1" 200 403 "-" "Jetpack/12.1; WordPress/6.2; http://site24423003.com"
103.97.46.118 - - [09/Sep/2026:12:32:36 +0000] "POST /xmlrpc.php HTTP/1.1" 200 403 "-" "WordPress.com; https://wordpress.com"
103.97.46.118 - - [09/Sep/2026:12:32:47 +0000] "POST /xmlrpc.php HTTP/1.1" 200 403 "-" "WordPress.com; https://wordpress.com"
103.97.46.118 - - [09/Sep/2026:12:32:57 +0000] "POST /xmlrpc.php HTTP/1.1" 200 403 "-" "Jetpack/12.1; WordPress/6.3; http://site20730851.com"
103.97.46.118 - - [09/Sep/2026:12:33:08 +0000] "POST /xmlrpc.php HTTP/1.1" 200 403 "-" "WordPress.com; https://wordpress.com"
103.97.46.118 - - [09/Sep/2026:12:33:19 +0000] "POST /xmlrpc.php HTTP/1.1" 200 403 "-" "WordPress.com; https://wordpress.com"
103.97.46.118 - - [09/Sep/2026:12:33:29 +0000] "POST /xmlrpc.php HTTP/1.1" 200 403 "-" "Jetpack by WordPress.com (Jetpack 12.5; WordPress 6.2)"
103.97.46.118 - - [09/Sep/2026:12:33:40 +0000] "POST /xmlrpc.php HTTP/1.1" 200 403 "-" "Jetpack by WordPress.com"
66.102.134.111 - - [09/Sep/2026:12:33:51 +0000] "POST /wp-cron.php?doing_wp_cron=1788957231.5301370620727539062500 HTTP/1.1" 200 - "-" "WordPress/7.1; https://verdenaturopathy.com.au"
103.97.46.118 - - [09/Sep/2026:12:33:50 +0000] "POST /xmlrpc.php HTTP/1.1" 200 403 "-" "Jetpack by WordPress.com"
103.97.46.118 - - [09/Sep/2026:12:34:01 +0000] "POST /xmlrpc.php HTTP/1.1" 200 403 "-" "Jetpack by WordPress.com"
103.97.46.118 - - [09/Sep/2026:12:34:12 +0000] "POST /xmlrpc.php HTTP/1.1" 200 403 "-" "Jetpack/13.0; WordPress/6.3; http://site94277706.com"
103.97.46.118 - - [09/Sep/2026:12:34:22 +0000] "POST /xmlrpc.php HTTP/1.1" 200 403 "-" "Jetpack by WordPress.com (Jetpack 12.1; WordPress 6.2)"
103.97.46.118 - - [09/Sep/2026:12:34:33 +0000] "POST /xmlrpc.php HTTP/1.1" 200 403 "-" "Jetpack/12.0; WordPress/6.4; http://site96635231.com"
103.97.46.118 - - [09/Sep/2026:12:34:43 +0000] "POST /xmlrpc.php HTTP/1.1" 200 403 "-" "Jetpack/13.0; WordPress/6.1; http://site76451367.com"
103.97.46.118 - - [09/Sep/2026:12:34:54 +0000] "POST /xmlrpc.php HTTP/1.1" 200 403 "-" "Jetpack by WordPress.com"
103.97.46.118 - - [09/Sep/2026:12:35:05 +0000] "POST /xmlrpc.php HTTP/1.1" 200 403 "-" "Jetpack by WordPress.com (Jetpack 12.0; WordPress 6.1)"
103.97.46.118 - - [09/Sep/2026:12:35:15 +0000] "POST /xmlrpc.php HTTP/1.1" 200 403 "-" "Jetpack/13.0; WordPress/6.1; http://site76287787.com"
107.21.1.152 - - [09/Sep/2026:12:35:21 +0000] "GET / HTTP/1.1" 301 - "-" "Mozilla/5.0 (Windows NT 10.0; Win64; x64) AppleWebKit/537.36 (KHTML, like Gecko) Chrome/146.0.0.0 Safari/537.36"
107.21.1.152 - - [09/Sep/2026:12:35:22 +0000] "GET / HTTP/1.1" 200 343836 "-" "Mozilla/5.0 (Windows NT 10.0; Win64; x64) AppleWebKit/537.36 (KHTML, like Gecko) Chrome/146.0.0.0 Safari/537.36"
103.97.46.118 - - [09/Sep/2026:12:35:26 +0000] "POST /xmlrpc.php HTTP/1.1" 200 403 "-" "WordPress.com; https://wordpress.com"
103.97.46.118 - - [09/Sep/2026:12:35:37 +0000] "POST /xmlrpc.php HTTP/1.1" 200 403 "-" "Jetpack/13.0; WordPress/6.2; http://site23946119.com"
103.97.46.118 - - [09/Sep/2026:12:35:47 +0000] "POST /xmlrpc.php HTTP/1.1" 200 403 "-" "WordPress.com; https://wordpress.com"
103.97.46.118 - - [09/Sep/2026:12:35:58 +0000] "POST /xmlrpc.php HTTP/1.1" 200 403 "-" "Jetpack by WordPress.com"
103.97.46.118 - - [09/Sep/2026:12:36:09 +0000] "POST /xmlrpc.php HTTP/1.1" 200 403 "-" "Jetpack/12.1; WordPress/6.4; http://site17509188.com"
103.97.46.118 - - [09/Sep/2026:12:36:20 +0000] "POST /xmlrpc.php HTTP/1.1" 200 403 "-" "Jetpack by WordPress.com (Jetpack 12.0; WordPress 6.1)"
103.97.46.118 - - [09/Sep/2026:12:36:30 +0000] "POST /xmlrpc.php HTTP/1.1" 200 403 "-" "Jetpack by WordPress.com (Jetpack 12.1; WordPress 6.2)"
103.97.46.118 - - [09/Sep/2026:12:36:41 +0000] "POST /xmlrpc.php HTTP/1.1" 200 403 "-" "Jetpack/13.0; WordPress/6.3; http://site87098694.com"
103.97.46.118 - - [09/Sep/2026:12:36:51 +0000] "POST /xmlrpc.php HTTP/1.1" 200 403 "-" "Jetpack by WordPress.com (Jetpack 12.0; WordPress 6.2)"
103.97.46.118 - - [09/Sep/2026:12:37:02 +0000] "POST /xmlrpc.php HTTP/1.1" 200 403 "-" "Jetpack by WordPress.com (Jetpack 13.0; WordPress 6.3)"
103.97.46.118 - - [09/Sep/2026:12:37:13 +0000] "POST /xmlrpc.php HTTP/1.1" 200 403 "-" "Jetpack by WordPress.com (Jetpack 12.0; WordPress 6.3)"
103.97.46.118 - - [09/Sep/2026:12:37:24 +0000] "POST /xmlrpc.php HTTP/1.1" 200 403 "-" "Jetpack by WordPress.com (Jetpack 12.5; WordPress 6.4)"
66.102.134.111 - - [09/Sep/2026:12:37:35 +0000] "POST /wp-cron.php?doing_wp_cron=1788957455.2741539478302001953125 HTTP/1.1" 200 - "-" "WordPress/7.1; https://verdenaturopathy.com.au"
103.97.46.118 - - [09/Sep/2026:12:37:34 +0000] "POST /xmlrpc.php HTTP/1.1" 200 403 "-" "Jetpack by WordPress.com (Jetpack 13.0; WordPress 6.1)"
103.97.46.118 - - [09/Sep/2026:12:37:45 +0000] "POST /xmlrpc.php HTTP/1.1" 200 403 "-" "Jetpack by WordPress.com"
103.97.46.118 - - [09/Sep/2026:12:37:55 +0000] "POST /xmlrpc.php HTTP/1.1" 200 403 "-" "Jetpack/13.0; WordPress/6.2; http://site90751291.com"
103.97.46.118 - - [09/Sep/2026:12:38:06 +0000] "POST /xmlrpc.php HTTP/1.1" 200 403 "-" "WordPress.com; https://wordpress.com"
103.97.46.118 - - [09/Sep/2026:12:38:17 +0000] "POST /xmlrpc.php HTTP/1.1" 200 403 "-" "Jetpack/13.0; WordPress/6.2; http://site38035282.com"
103.97.46.118 - - [09/Sep/2026:12:38:28 +0000] "POST /xmlrpc.php HTTP/1.1" 200 403 "-" "WordPress.com; https://wordpress.com"
216.73.216.174 - - [09/Sep/2026:12:38:31 +0000] "GET /robots.txt HTTP/1.1" 200 310 "-" "Mozilla/5.0 AppleWebKit/537.36 (KHTML, like Gecko; compatible; ClaudeBot/1.0; +claudebot@anthropic.com)"
216.73.216.174 - - [09/Sep/2026:12:38:31 +0000] "GET /sitemap2.xml HTTP/1.1" 200 209070 "-" "Mozilla/5.0 AppleWebKit/537.36 (KHTML, like Gecko; compatible; ClaudeBot/1.0; +claudebot@anthropic.com)"
103.97.46.118 - - [09/Sep/2026:12:38:38 +0000] "POST /xmlrpc.php HTTP/1.1" 200 403 "-" "Jetpack/13.0; WordPress/6.2; http://site54669113.com"
103.97.46.118 - - [09/Sep/2026:12:38:49 +0000] "POST /xmlrpc.php HTTP/1.1" 200 403 "-" "WordPress.com; https://wordpress.com"
103.97.46.118 - - [09/Sep/2026:12:38:59 +0000] "POST /xmlrpc.php HTTP/1.1" 200 403 "-" "Jetpack by WordPress.com (Jetpack 12.0; WordPress 6.1)"
197.211.52.8 - - [09/Sep/2026:12:39:03 +0000] "POST /xmlrpc.php HTTP/1.1" 200 403 "-" "Jetpack by WordPress.com"
103.97.46.118 - - [09/Sep/2026:12:39:10 +0000] "POST /xmlrpc.php HTTP/1.1" 200 403 "-" "WordPress.com; https://wordpress.com"
197.211.52.8 - - [09/Sep/2026:12:39:13 +0000] "POST /xmlrpc.php HTTP/1.1" 200 403 "-" "Jetpack/13.0; WordPress/6.2; http://site76450421.com"
103.97.46.118 - - [09/Sep/2026:12:39:21 +0000] "POST /xmlrpc.php HTTP/1.1" 200 403 "-" "Jetpack/13.0; WordPress/6.3; http://site41833739.com"
197.211.52.8 - - [09/Sep/2026:12:39:23 +0000] "POST /xmlrpc.php HTTP/1.1" 200 403 "-" "WordPress.com; https://wordpress.com"
103.97.46.118 - - [09/Sep/2026:12:39:31 +0000] "POST /xmlrpc.php HTTP/1.1" 200 403 "-" "Jetpack by WordPress.com"
103.97.46.118 - - [09/Sep/2026:12:39:42 +0000] "POST /xmlrpc.php HTTP/1.1" 200 403 "-" "Jetpack/12.0; WordPress/6.2; http://site35253810.com"
197.211.52.8 - - [09/Sep/2026:12:39:46 +0000] "POST /xmlrpc.php HTTP/1.1" 200 403 "-" "WordPress.com; https://wordpress.com"
103.97.46.118 - - [09/Sep/2026:12:39:53 +0000] "POST /xmlrpc.php HTTP/1.1" 200 403 "-" "Jetpack/12.0; WordPress/6.3; http://site28664520.com"
197.211.52.8 - - [09/Sep/2026:12:39:55 +0000] "POST /xmlrpc.php HTTP/1.1" 200 403 "-" "WordPress.com; https://wordpress.com"
103.97.46.118 - - [09/Sep/2026:12:40:05 +0000] "POST /xmlrpc.php HTTP/1.1" 200 403 "-" "Jetpack/12.1; WordPress/6.1; http://site64595543.com"
103.97.46.118 - - [09/Sep/2026:12:40:14 +0000] "POST /xmlrpc.php HTTP/1.1" 200 403 "-" "Jetpack by WordPress.com (Jetpack 13.0; WordPress 6.4)"
103.97.46.118 - - [09/Sep/2026:12:40:25 +0000] "POST /xmlrpc.php HTTP/1.1" 200 403 "-" "Jetpack by WordPress.com"
103.97.46.118 - - [09/Sep/2026:12:40:35 +0000] "POST /xmlrpc.php HTTP/1.1" 200 403 "-" "WordPress.com; https://wordpress.com"
197.211.52.8 - - [09/Sep/2026:12:40:37 +0000] "POST /xmlrpc.php HTTP/1.1" 200 403 "-" "Jetpack by WordPress.com"
103.97.46.118 - - [09/Sep/2026:12:40:46 +0000] "POST /xmlrpc.php HTTP/1.1" 200 403 "-" "WordPress.com; https://wordpress.com"
197.211.52.8 - - [09/Sep/2026:12:40:48 +0000] "POST /xmlrpc.php HTTP/1.1" 200 403 "-" "WordPress.com; https://wordpress.com"
103.97.46.118 - - [09/Sep/2026:12:40:57 +0000] "POST /xmlrpc.php HTTP/1.1" 200 403 "-" "Jetpack by WordPress.com"
197.211.52.8 - - [09/Sep/2026:12:40:58 +0000] "POST /xmlrpc.php HTTP/1.1" 200 403 "-" "Jetpack by WordPress.com (Jetpack 13.0; WordPress 6.2)"
103.97.46.118 - - [09/Sep/2026:12:41:08 +0000] "POST /xmlrpc.php HTTP/1.1" 200 403 "-" "Jetpack/13.0; WordPress/6.2; http://site62895339.com"
197.211.52.8 - - [09/Sep/2026:12:41:09 +0000] "POST /xmlrpc.php HTTP/1.1" 200 403 "-" "Jetpack by WordPress.com"
103.97.46.118 - - [09/Sep/2026:12:41:18 +0000] "POST /xmlrpc.php HTTP/1.1" 200 403 "-" "Jetpack by WordPress.com (Jetpack 13.0; WordPress 6.3)"
197.211.52.8 - - [09/Sep/2026:12:41:19 +0000] "POST /xmlrpc.php HTTP/1.1" 200 403 "-" "Jetpack/13.0; WordPress/6.2; http://site21476973.com"
103.97.46.118 - - [09/Sep/2026:12:41:29 +0000] "POST /xmlrpc.php HTTP/1.1" 200 403 "-" "Jetpack by WordPress.com (Jetpack 12.5; WordPress 6.1)"
197.211.52.8 - - [09/Sep/2026:12:41:30 +0000] "POST /xmlrpc.php HTTP/1.1" 200 403 "-" "WordPress.com; https://wordpress.com"
103.97.46.118 - - [09/Sep/2026:12:41:39 +0000] "POST /xmlrpc.php HTTP/1.1" 200 403 "-" "Jetpack by WordPress.com (Jetpack 12.5; WordPress 6.1)"
103.97.46.118 - - [09/Sep/2026:12:41:50 +0000] "POST /xmlrpc.php HTTP/1.1" 200 403 "-" "Jetpack by WordPress.com (Jetpack 12.1; WordPress 6.1)"
103.97.46.118 - - [09/Sep/2026:12:42:01 +0000] "POST /xmlrpc.php HTTP/1.1" 200 403 "-" "Jetpack by WordPress.com (Jetpack 12.1; WordPress 6.2)"
197.211.52.8 - - [09/Sep/2026:12:42:02 +0000] "POST /xmlrpc.php HTTP/1.1" 200 403 "-" "Jetpack by WordPress.com"
103.97.46.118 - - [09/Sep/2026:12:42:11 +0000] "POST /xmlrpc.php HTTP/1.1" 200 403 "-" "Jetpack by WordPress.com"
103.97.46.118 - - [09/Sep/2026:12:42:22 +0000] "POST /xmlrpc.php HTTP/1.1" 200 403 "-" "Jetpack by WordPress.com"
197.211.52.8 - - [09/Sep/2026:12:42:23 +0000] "POST /xmlrpc.php HTTP/1.1" 200 403 "-" "Jetpack/13.0; WordPress/6.3; http://site52971688.com"
103.97.46.118 - - [09/Sep/2026:12:42:33 +0000] "POST /xmlrpc.php HTTP/1.1" 200 403 "-" "Jetpack by WordPress.com (Jetpack 12.0; WordPress 6.3)"
103.97.46.118 - - [09/Sep/2026:12:42:43 +0000] "POST /xmlrpc.php HTTP/1.1" 200 403 "-" "Jetpack by WordPress.com"
197.211.52.8 - - [09/Sep/2026:12:42:43 +0000] "POST /xmlrpc.php HTTP/1.1" 200 403 "-" "WordPress.com; https://wordpress.com"
103.97.46.118 - - [09/Sep/2026:12:42:54 +0000] "POST /xmlrpc.php HTTP/1.1" 200 403 "-" "Jetpack by WordPress.com"
197.211.52.8 - - [09/Sep/2026:12:42:55 +0000] "POST /xmlrpc.php HTTP/1.1" 200 403 "-" "Jetpack by WordPress.com"
103.97.46.118 - - [09/Sep/2026:12:43:05 +0000] "POST /xmlrpc.php HTTP/1.1" 200 403 "-" "Jetpack by WordPress.com (Jetpack 12.0; WordPress 6.3)"
197.211.52.8 - - [09/Sep/2026:12:43:06 +0000] "POST /xmlrpc.php HTTP/1.1" 200 403 "-" "Jetpack/13.0; WordPress/6.1; http://site63626534.com"
103.97.46.118 - - [09/Sep/2026:12:43:16 +0000] "POST /xmlrpc.php HTTP/1.1" 200 403 "-" "WordPress.com; https://wordpress.com"
197.211.52.8 - - [09/Sep/2026:12:43:26 +0000] "POST /xmlrpc.php HTTP/1.1" 200 403 "-" "Jetpack by WordPress.com (Jetpack 12.1; WordPress 6.3)"
103.97.46.118 - - [09/Sep/2026:12:43:26 +0000] "POST /xmlrpc.php HTTP/1.1" 200 403 "-" "Jetpack by WordPress.com"
103.97.46.118 - - [09/Sep/2026:12:43:37 +0000] "POST /xmlrpc.php HTTP/1.1" 200 403 "-" "Jetpack/13.0; WordPress/6.3; http://site66632628.com"
197.211.52.8 - - [09/Sep/2026:12:43:47 +0000] "POST /xmlrpc.php HTTP/1.1" 200 403 "-" "WordPress.com; https://wordpress.com"
103.97.46.118 - - [09/Sep/2026:12:43:48 +0000] "POST /xmlrpc.php HTTP/1.1" 200 403 "-" "Jetpack/12.5; WordPress/6.2; http://site28622490.com"
103.97.46.118 - - [09/Sep/2026:12:43:58 +0000] "POST /xmlrpc.php HTTP/1.1" 200 403 "-" "WordPress.com; https://wordpress.com"
197.211.52.8 - - [09/Sep/2026:12:44:01 +0000] "POST /xmlrpc.php HTTP/1.1" 200 403 "-" "Jetpack/12.5; WordPress/6.2; http://site12652018.com"
103.97.46.118 - - [09/Sep/2026:12:44:09 +0000] "POST /xmlrpc.php HTTP/1.1" 200 403 "-" "WordPress.com; https://wordpress.com"
103.97.46.118 - - [09/Sep/2026:12:44:20 +0000] "POST /xmlrpc.php HTTP/1.1" 200 403 "-" "Jetpack/13.0; WordPress/6.2; http://site55695804.com"
103.97.46.118 - - [09/Sep/2026:12:44:31 +0000] "POST /xmlrpc.php HTTP/1.1" 200 403 "-" "Jetpack by WordPress.com (Jetpack 12.5; WordPress 6.4)"
103.97.46.118 - - [09/Sep/2026:12:44:41 +0000] "POST /xmlrpc.php HTTP/1.1" 200 403 "-" "WordPress.com; https://wordpress.com"
197.211.52.8 - - [09/Sep/2026:12:44:46 +0000] "POST /xmlrpc.php HTTP/1.1" 200 403 "-" "Jetpack/12.5; WordPress/6.4; http://site46904708.com"
103.97.46.118 - - [09/Sep/2026:12:44:52 +0000] "POST /xmlrpc.php HTTP/1.1" 200 403 "-" "WordPress.com; https://wordpress.com"
197.211.52.8 - - [09/Sep/2026:12:45:02 +0000] "POST /xmlrpc.php HTTP/1.1" 200 403 "-" "WordPress.com; https://wordpress.com"
103.97.46.118 - - [09/Sep/2026:12:45:03 +0000] "POST /xmlrpc.php HTTP/1.1" 200 403 "-" "Jetpack by WordPress.com (Jetpack 12.1; WordPress 6.1)"
197.211.52.8 - - [09/Sep/2026:12:45:12 +0000] "POST /xmlrpc.php HTTP/1.1" 200 403 "-" "Jetpack/12.1; WordPress/6.4; http://site40828973.com"
103.97.46.118 - - [09/Sep/2026:12:45:13 +0000] "POST /xmlrpc.php HTTP/1.1" 200 403 "-" "Jetpack by WordPress.com (Jetpack 12.5; WordPress 6.2)"
197.211.52.8 - - [09/Sep/2026:12:45:23 +0000] "POST /xmlrpc.php HTTP/1.1" 200 403 "-" "WordPress.com; https://wordpress.com"
103.97.46.118 - - [09/Sep/2026:12:45:24 +0000] "POST /xmlrpc.php HTTP/1.1" 200 403 "-" "WordPress.com; https://wordpress.com"
66.102.134.111 - - [09/Sep/2026:12:45:35 +0000] "POST /wp-cron.php?doing_wp_cron=1788957935.8427519798278808593750 HTTP/1.1" 200 - "-" "WordPress/7.1; https://verdenaturopathy.com.au"
103.97.46.118 - - [09/Sep/2026:12:45:34 +0000] "POST /xmlrpc.php HTTP/1.1" 200 403 "-" "Jetpack by WordPress.com (Jetpack 12.0; WordPress 6.1)"
103.97.46.118 - - [09/Sep/2026:12:45:45 +0000] "POST /xmlrpc.php HTTP/1.1" 200 403 "-" "Jetpack/12.0; WordPress/6.1; http://site31754678.com"
103.97.46.118 - - [09/Sep/2026:12:45:56 +0000] "POST /xmlrpc.php HTTP/1.1" 200 403 "-" "Jetpack by WordPress.com"
197.211.52.8 - - [09/Sep/2026:12:46:00 +0000] "POST /xmlrpc.php HTTP/1.1" 200 403 "-" "WordPress.com; https://wordpress.com"
66.102.134.111 - - [09/Sep/2026:12:46:02 +0000] "GET /?et_check_mod_pagespeed=on HTTP/1.1" 200 20 "-" "WordPress/7.1; https://verdenaturopathy.com.au"
114.119.131.246 - - [09/Sep/2026:12:46:01 +0000] "GET /?p=1229 HTTP/1.1" 301 - "https://verdenaturopathy.com.au/?p=1360" "Mozilla/5.0 (Linux; Android 7.0;) AppleWebKit/537.36 (HTML, like Gecko) Mobile Safari/537.36 (compatible; PetalBot;+https://webmaster.petalsearch.com/site/petalbot)"
114.119.131.246 - - [09/Sep/2026:12:46:03 +0000] "GET /2026/05/18/link-slot-e-wallet/ HTTP/1.1" 200 220173 "https://verdenaturopathy.com.au/?p=1360" "Mozilla/5.0 (Linux; Android 7.0;) AppleWebKit/537.36 (HTML, like Gecko) Mobile Safari/537.36 (compatible; PetalBot;+https://webmaster.petalsearch.com/site/petalbot)"
103.97.46.118 - - [09/Sep/2026:12:46:07 +0000] "POST /xmlrpc.php HTTP/1.1" 200 403 "-" "WordPress.com; https://wordpress.com"
197.211.52.8 - - [09/Sep/2026:12:46:09 +0000] "POST /xmlrpc.php HTTP/1.1" 200 403 "-" "WordPress.com; https://wordpress.com"
103.97.46.118 - - [09/Sep/2026:12:46:17 +0000] "POST /xmlrpc.php HTTP/1.1" 200 403 "-" "Jetpack/12.0; WordPress/6.1; http://site54113414.com"
197.211.52.8 - - [09/Sep/2026:12:46:18 +0000] "POST /xmlrpc.php HTTP/1.1" 200 403 "-" "WordPress.com; https://wordpress.com"
103.97.46.118 - - [09/Sep/2026:12:46:28 +0000] "POST /xmlrpc.php HTTP/1.1" 200 403 "-" "WordPress.com; https://wordpress.com"
197.211.52.8 - - [09/Sep/2026:12:46:30 +0000] "POST /xmlrpc.php HTTP/1.1" 200 403 "-" "Jetpack/12.0; WordPress/6.2; http://site67626126.com"
103.97.46.118 - - [09/Sep/2026:12:46:38 +0000] "POST /xmlrpc.php HTTP/1.1" 200 403 "-" "Jetpack by WordPress.com (Jetpack 12.0; WordPress 6.4)"
103.97.46.118 - - [09/Sep/2026:12:46:49 +0000] "POST /xmlrpc.php HTTP/1.1" 200 403 "-" "Jetpack/12.0; WordPress/6.4; http://site79532309.com"
197.211.52.8 - - [09/Sep/2026:12:47:00 +0000] "POST /xmlrpc.php HTTP/1.1" 200 403 "-" "Jetpack by WordPress.com (Jetpack 12.5; WordPress 6.2)"
103.97.46.118 - - [09/Sep/2026:12:47:00 +0000] "POST /xmlrpc.php HTTP/1.1" 200 403 "-" "Jetpack by WordPress.com"
197.211.52.8 - - [09/Sep/2026:12:47:10 +0000] "POST /xmlrpc.php HTTP/1.1" 200 403 "-" "Jetpack by WordPress.com"
103.97.46.118 - - [09/Sep/2026:12:47:10 +0000] "POST /xmlrpc.php HTTP/1.1" 200 403 "-" "Jetpack/13.0; WordPress/6.1; http://site48548608.com"
197.211.52.8 - - [09/Sep/2026:12:47:20 +0000] "POST /xmlrpc.php HTTP/1.1" 200 403 "-" "Jetpack by WordPress.com (Jetpack 12.0; WordPress 6.3)"
103.97.46.118 - - [09/Sep/2026:12:47:21 +0000] "POST /xmlrpc.php HTTP/1.1" 200 403 "-" "Jetpack by WordPress.com"
114.119.152.70 - - [09/Sep/2026:12:47:25 +0000] "GET /2026/05/18/cagnes-sur-mer-casino-no-deposit-bonus-codes-for-free-spins-2026/ HTTP/1.1" 200 221013 "https://verdenaturopathy.com.au/2026/05/page/120/" "Mozilla/5.0 (Linux; Android 7.0;) AppleWebKit/537.36 (HTML, like Gecko) Mobile Safari/537.36 (compatible; PetalBot;+https://webmaster.petalsearch.com/site/petalbot)"
197.211.52.8 - - [09/Sep/2026:12:47:31 +0000] "POST /xmlrpc.php HTTP/1.1" 200 403 "-" "Jetpack by WordPress.com (Jetpack 12.0; WordPress 6.1)"
66.102.134.111 - - [09/Sep/2026:12:47:33 +0000] "POST /wp-cron.php?doing_wp_cron=1788958053.1879971027374267578125 HTTP/1.1" 200 - "-" "WordPress/7.1; https://verdenaturopathy.com.au"
103.97.46.118 - - [09/Sep/2026:12:47:32 +0000] "POST /xmlrpc.php HTTP/1.1" 200 403 "-" "Jetpack/12.1; WordPress/6.2; http://site72439651.com"
197.211.52.8 - - [09/Sep/2026:12:47:41 +0000] "POST /xmlrpc.php HTTP/1.1" 200 403 "-" "Jetpack by WordPress.com (Jetpack 12.1; WordPress 6.4)"
103.97.46.118 - - [09/Sep/2026:12:47:43 +0000] "POST /xmlrpc.php HTTP/1.1" 200 403 "-" "Jetpack/12.5; WordPress/6.1; http://site17609962.com"
103.97.46.118 - - [09/Sep/2026:12:47:53 +0000] "POST /xmlrpc.php HTTP/1.1" 200 403 "-" "Jetpack/12.5; WordPress/6.3; http://site30456544.com"
103.97.46.118 - - [09/Sep/2026:12:48:04 +0000] "POST /xmlrpc.php HTTP/1.1" 200 403 "-" "Jetpack by WordPress.com"
103.97.46.118 - - [09/Sep/2026:12:48:14 +0000] "POST /xmlrpc.php HTTP/1.1" 200 403 "-" "WordPress.com; https://wordpress.com"
197.211.52.8 - - [09/Sep/2026:12:48:25 +0000] "POST /xmlrpc.php HTTP/1.1" 200 403 "-" "Jetpack/13.0; WordPress/6.1; http://site93711453.com"
103.97.46.118 - - [09/Sep/2026:12:48:25 +0000] "POST /xmlrpc.php HTTP/1.1" 200 403 "-" "Jetpack by WordPress.com (Jetpack 12.0; WordPress 6.4)"
197.211.52.8 - - [09/Sep/2026:12:48:34 +0000] "POST /xmlrpc.php HTTP/1.1" 200 403 "-" "Jetpack by WordPress.com (Jetpack 13.0; WordPress 6.1)"
103.97.46.118 - - [09/Sep/2026:12:48:36 +0000] "POST /xmlrpc.php HTTP/1.1" 200 403 "-" "WordPress.com; https://wordpress.com"
197.211.52.8 - - [09/Sep/2026:12:48:46 +0000] "POST /xmlrpc.php HTTP/1.1" 200 403 "-" "Jetpack by WordPress.com"
103.97.46.118 - - [09/Sep/2026:12:48:47 +0000] "POST /xmlrpc.php HTTP/1.1" 200 403 "-" "Jetpack by WordPress.com (Jetpack 12.1; WordPress 6.1)"
103.97.46.118 - - [09/Sep/2026:12:48:57 +0000] "POST /xmlrpc.php HTTP/1.1" 200 403 "-" "WordPress.com; https://wordpress.com"
103.97.46.118 - - [09/Sep/2026:12:49:08 +0000] "POST /xmlrpc.php HTTP/1.1" 200 403 "-" "WordPress.com; https://wordpress.com"
197.211.52.8 - - [09/Sep/2026:12:49:16 +0000] "POST /xmlrpc.php HTTP/1.1" 200 403 "-" "Jetpack by WordPress.com (Jetpack 12.5; WordPress 6.2)"
103.97.46.118 - - [09/Sep/2026:12:49:19 +0000] "POST /xmlrpc.php HTTP/1.1" 200 403 "-" "Jetpack/12.5; WordPress/6.2; http://site89555771.com"
66.102.134.111 - - [09/Sep/2026:12:49:27 +0000] "POST /site3/wp-cron.php?doing_wp_cron=1788958167.5153789520263671875000 HTTP/1.1" 200 - "-" "WordPress/7.1; https://verdenaturopathy.com.au/site3"
52.200.251.20 - - [09/Sep/2026:12:49:25 +0000] "GET /site3/?p=202 HTTP/1.1" 404 50891 "-" "Mozilla/5.0 AppleWebKit/537.36 (KHTML, like Gecko; compatible; Amazonbot/0.1; +https://developer.amazon.com/support/amazonbot) Chrome/119.0.6045.214 Safari/537.36"
44.193.115.232 - - [09/Sep/2026:12:49:29 +0000] "GET /?p=536 HTTP/1.1" 301 - "-" "Mozilla/5.0 AppleWebKit/537.36 (KHTML, like Gecko; compatible; Amazonbot/0.1; +https://developer.amazon.com/support/amazonbot) Chrome/119.0.6045.214 Safari/537.36"
103.97.46.118 - - [09/Sep/2026:12:49:29 +0000] "POST /xmlrpc.php HTTP/1.1" 200 403 "-" "Jetpack by WordPress.com"
44.193.115.232 - - [09/Sep/2026:12:49:30 +0000] "GET /2026/05/18/how-to-win-slots-machine/ HTTP/1.1" 200 220778 "-" "Mozilla/5.0 AppleWebKit/537.36 (KHTML, like Gecko; compatible; Amazonbot/0.1; +https://developer.amazon.com/support/amazonbot) Chrome/119.0.6045.214 Safari/537.36"
52.21.62.139 - - [09/Sep/2026:12:49:33 +0000] "GET /site3/?p=360 HTTP/1.1" 404 50891 "-" "Mozilla/5.0 AppleWebKit/537.36 (KHTML, like Gecko; compatible; Amazonbot/0.1; +https://developer.amazon.com/support/amazonbot) Chrome/119.0.6045.214 Safari/537.36"
52.71.203.206 - - [09/Sep/2026:12:49:37 +0000] "GET /site3/?p=207 HTTP/1.1" 404 50891 "-" "Mozilla/5.0 AppleWebKit/537.36 (KHTML, like Gecko; compatible; Amazonbot/0.1; +https://developer.amazon.com/support/amazonbot) Chrome/119.0.6045.214 Safari/537.36"
103.97.46.118 - - [09/Sep/2026:12:49:40 +0000] "POST /xmlrpc.php HTTP/1.1" 200 403 "-" "Jetpack by WordPress.com"
3.219.81.66 - - [09/Sep/2026:12:49:41 +0000] "GET /site3/?p=294 HTTP/1.1" 404 50891 "-" "Mozilla/5.0 AppleWebKit/537.36 (KHTML, like Gecko; compatible; Amazonbot/0.1; +https://developer.amazon.com/support/amazonbot) Chrome/119.0.6045.214 Safari/537.36"
3.221.156.96 - - [09/Sep/2026:12:49:45 +0000] "GET /?lt&p=600 HTTP/1.1" 301 - "-" "Mozilla/5.0 AppleWebKit/537.36 (KHTML, like Gecko; compatible; Amazonbot/0.1; +https://developer.amazon.com/support/amazonbot) Chrome/119.0.6045.214 Safari/537.36"
98.82.40.168 - - [09/Sep/2026:12:49:46 +0000] "GET /2026/05/18/pokies-slots-free-play/?lt HTTP/1.1" 200 220731 "-" "Mozilla/5.0 AppleWebKit/537.36 (KHTML, like Gecko; compatible; Amazonbot/0.1; +https://developer.amazon.com/support/amazonbot) Chrome/119.0.6045.214 Safari/537.36"
197.211.52.8 - - [09/Sep/2026:12:49:48 +0000] "POST /xmlrpc.php HTTP/1.1" 200 403 "-" "Jetpack by WordPress.com (Jetpack 12.1; WordPress 6.2)"
18.214.186.220 - - [09/Sep/2026:12:49:49 +0000] "GET /?p=429 HTTP/1.1" 404 220168 "-" "Mozilla/5.0 AppleWebKit/537.36 (KHTML, like Gecko; compatible; Amazonbot/0.1; +https://developer.amazon.com/support/amazonbot) Chrome/119.0.6045.214 Safari/537.36"
103.97.46.118 - - [09/Sep/2026:12:49:51 +0000] "POST /xmlrpc.php HTTP/1.1" 200 403 "-" "WordPress.com; https://wordpress.com"
107.22.208.39 - - [09/Sep/2026:12:49:53 +0000] "GET /?p=1444 HTTP/1.1" 301 - "-" "Mozilla/5.0 AppleWebKit/537.36 (KHTML, like Gecko; compatible; Amazonbot/0.1; +https://developer.amazon.com/support/amazonbot) Chrome/119.0.6045.214 Safari/537.36"
107.22.208.39 - - [09/Sep/2026:12:49:54 +0000] "GET /2026/05/18/play-casino-online-for-real-money/ HTTP/1.1" 200 220887 "-" "Mozilla/5.0 AppleWebKit/537.36 (KHTML, like Gecko; compatible; Amazonbot/0.1; +https://developer.amazon.com/support/amazonbot) Chrome/119.0.6045.214 Safari/537.36"
23.21.250.48 - - [09/Sep/2026:12:49:57 +0000] "GET /?lt&p=1615 HTTP/1.1" 301 - "-" "Mozilla/5.0 AppleWebKit/537.36 (KHTML, like Gecko; compatible; Amazonbot/0.1; +https://developer.amazon.com/support/amazonbot) Chrome/119.0.6045.214 Safari/537.36"
98.82.59.253 - - [09/Sep/2026:12:49:58 +0000] "GET /2026/05/18/pinnacle-casino-bonus-codes-2026/?lt HTTP/1.1" 200 220715 "-" "Mozilla/5.0 AppleWebKit/537.36 (KHTML, like Gecko; compatible; Amazonbot/0.1; +https://developer.amazon.com/support/amazonbot) Chrome/119.0.6045.214 Safari/537.36"
197.211.52.8 - - [09/Sep/2026:12:49:59 +0000] "POST /xmlrpc.php HTTP/1.1" 200 403 "-" "WordPress.com; https://wordpress.com"
103.97.46.118 - - [09/Sep/2026:12:50:01 +0000] "POST /xmlrpc.php HTTP/1.1" 200 403 "-" "Jetpack by WordPress.com (Jetpack 12.5; WordPress 6.4)"
100.24.149.244 - - [09/Sep/2026:12:50:01 +0000] "GET /site3/?p=482 HTTP/1.1" 404 50891 "-" "Mozilla/5.0 AppleWebKit/537.36 (KHTML, like Gecko; compatible; Amazonbot/0.1; +https://developer.amazon.com/support/amazonbot) Chrome/119.0.6045.214 Safari/537.36"
34.233.219.155 - - [09/Sep/2026:12:50:05 +0000] "GET /?lt&p=1032 HTTP/1.1" 301 - "-" "Mozilla/5.0 AppleWebKit/537.36 (KHTML, like Gecko; compatible; Amazonbot/0.1; +https://developer.amazon.com/support/amazonbot) Chrome/119.0.6045.214 Safari/537.36"
98.80.130.239 - - [09/Sep/2026:12:50:06 +0000] "GET /2026/05/18/australia-online-gambling-law-changes/?lt HTTP/1.1" 200 220134 "-" "Mozilla/5.0 AppleWebKit/537.36 (KHTML, like Gecko; compatible; Amazonbot/0.1; +https://developer.amazon.com/support/amazonbot) Chrome/119.0.6045.214 Safari/537.36"
66.102.134.111 - - [09/Sep/2026:12:50:10 +0000] "POST /site2/wp-cron.php?doing_wp_cron=1788958210.3299129009246826171875 HTTP/1.1" 200 - "-" "WordPress/7.1; https://verdenaturopathy.com.au/site2"
54.198.33.233 - - [09/Sep/2026:12:50:09 +0000] "GET /site2/index.php/2025/10/22/navigation/ HTTP/1.1" 404 58382 "-" "Mozilla/5.0 AppleWebKit/537.36 (KHTML, like Gecko; compatible; Amazonbot/0.1; +https://developer.amazon.com/support/amazonbot) Chrome/119.0.6045.214 Safari/537.36"
197.211.52.8 - - [09/Sep/2026:12:50:09 +0000] "POST /xmlrpc.php HTTP/1.1" 200 403 "-" "Jetpack/12.5; WordPress/6.1; http://site98269051.com"
103.97.46.118 - - [09/Sep/2026:12:50:12 +0000] "POST /xmlrpc.php HTTP/1.1" 200 403 "-" "Jetpack/12.0; WordPress/6.4; http://site32347799.com"
157.55.39.9 - - [09/Sep/2026:12:50:12 +0000] "GET /2026/05/18/golden-dragon-casino-fish-game/ HTTP/1.1" 200 220465 "-" "Mozilla/5.0 AppleWebKit/537.36 (KHTML, like Gecko; compatible; bingbot/2.0; +http://www.bing.com/bingbot.htm) Chrome/116.0.1938.76 Safari/537.36"
34.231.118.144 - - [09/Sep/2026:12:50:14 +0000] "GET /?p=1101" HTTP/1.1" 301 - "-" "Mozilla/5.0 AppleWebKit/537.36 (KHTML, like Gecko; compatible; Amazonbot/0.1; +https://developer.amazon.com/support/amazonbot) Chrome/119.0.6045.214 Safari/537.36"
184.73.167.217 - - [09/Sep/2026:12:50:15 +0000] "GET /2026/05/18/lucky7even-online-casino/?quot HTTP/1.1" 200 220170 "-" "Mozilla/5.0 AppleWebKit/537.36 (KHTML, like Gecko; compatible; Amazonbot/0.1; +https://developer.amazon.com/support/amazonbot) Chrome/119.0.6045.214 Safari/537.36"
44.195.50.71 - - [09/Sep/2026:12:50:17 +0000] "GET /?lt&p=1123 HTTP/1.1" 301 - "-" "Mozilla/5.0 AppleWebKit/537.36 (KHTML, like Gecko; compatible; Amazonbot/0.1; +https://developer.amazon.com/support/amazonbot) Chrome/119.0.6045.214 Safari/537.36"
54.210.155.69 - - [09/Sep/2026:12:50:18 +0000] "GET /2026/05/18/inclave-online-casinos/?lt HTTP/1.1" 200 219825 "-" "Mozilla/5.0 AppleWebKit/537.36 (KHTML, like Gecko; compatible; Amazonbot/0.1; +https://developer.amazon.com/support/amazonbot) Chrome/119.0.6045.214 Safari/537.36"
52.70.123.241 - - [09/Sep/2026:12:50:21 +0000] "GET /?p=1379 HTTP/1.1" 301 - "-" "Mozilla/5.0 AppleWebKit/537.36 (KHTML, like Gecko; compatible; Amazonbot/0.1; +https://developer.amazon.com/support/amazonbot) Chrome/119.0.6045.214 Safari/537.36"
35.171.117.160 - - [09/Sep/2026:12:50:22 +0000] "GET /2026/05/18/7bit-casino-login-app-sign-up/ HTTP/1.1" 200 220257 "-" "Mozilla/5.0 AppleWebKit/537.36 (KHTML, like Gecko; compatible; Amazonbot/0.1; +https://developer.amazon.com/support/amazonbot) Chrome/119.0.6045.214 Safari/537.36"
103.97.46.118 - - [09/Sep/2026:12:50:22 +0000] "POST /xmlrpc.php HTTP/1.1" 200 403 "-" "WordPress.com; https://wordpress.com"
52.54.15.103 - - [09/Sep/2026:12:50:25 +0000] "GET /?lt&p=1202 HTTP/1.1" 301 - "-" "Mozilla/5.0 AppleWebKit/537.36 (KHTML, like Gecko; compatible; Amazonbot/0.1; +https://developer.amazon.com/support/amazonbot) Chrome/119.0.6045.214 Safari/537.36"
98.82.39.241 - - [09/Sep/2026:12:50:26 +0000] "GET /2026/05/18/australia-online-gambling-stocks/?lt HTTP/1.1" 200 220601 "-" "Mozilla/5.0 AppleWebKit/537.36 (KHTML, like Gecko; compatible; Amazonbot/0.1; +https://developer.amazon.com/support/amazonbot) Chrome/119.0.6045.214 Safari/537.36"
106.222.233.56 - - [09/Sep/2026:12:50:26 +0000] "POST /xmlrpc.php HTTP/1.1" 200 403 "-" "WordPress.com; https://wordpress.com"
44.223.232.55 - - [09/Sep/2026:12:50:29 +0000] "GET /?p=376 HTTP/1.1" 404 220168 "-" "Mozilla/5.0 AppleWebKit/537.36 (KHTML, like Gecko; compatible; Amazonbot/0.1; +https://developer.amazon.com/support/amazonbot) Chrome/119.0.6045.214 Safari/537.36"
197.211.52.8 - - [09/Sep/2026:12:50:32 +0000] "POST /xmlrpc.php HTTP/1.1" 200 403 "-" "Jetpack by WordPress.com (Jetpack 12.0; WordPress 6.4)"
54.209.100.30 - - [09/Sep/2026:12:50:33 +0000] "GET /?p=728" HTTP/1.1" 301 - "-" "Mozilla/5.0 AppleWebKit/537.36 (KHTML, like Gecko; compatible; Amazonbot/0.1; +https://developer.amazon.com/support/amazonbot) Chrome/119.0.6045.214 Safari/537.36"
103.97.46.118 - - [09/Sep/2026:12:50:33 +0000] "POST /xmlrpc.php HTTP/1.1" 200 403 "-" "Jetpack/12.1; WordPress/6.4; http://site30556676.com"
3.221.222.168 - - [09/Sep/2026:12:50:34 +0000] "GET /2026/05/18/crazy-fox-casino/?quot HTTP/1.1" 200 220466 "-" "Mozilla/5.0 AppleWebKit/537.36 (KHTML, like Gecko; compatible; Amazonbot/0.1; +https://developer.amazon.com/support/amazonbot) Chrome/119.0.6045.214 Safari/537.36"
106.222.233.56 - - [09/Sep/2026:12:50:36 +0000] "POST /xmlrpc.php HTTP/1.1" 200 403 "-" "Jetpack/12.1; WordPress/6.4; http://site53863024.com"
52.70.209.13 - - [09/Sep/2026:12:50:38 +0000] "GET /?lt&p=530 HTTP/1.1" 301 - "-" "Mozilla/5.0 AppleWebKit/537.36 (KHTML, like Gecko; compatible; Amazonbot/0.1; +https://developer.amazon.com/support/amazonbot) Chrome/119.0.6045.214 Safari/537.36"
